Jul 30 11:50:32.767292 np0000006122 nova-scheduler[93484]: DEBUG cotyledon.oslo_config_glue [-] oslo_messaging_rabbit.rabbit_quorum_delivery_limit = 0 {{(pid=93484) log_opt_values /opt/stack/data/venv/lib/python3.12/site-packages/oslo_config/cfg.py:3253}}
Jul 30 11:50:32.767292 np0000006122 nova-scheduler[93484]: DEBUG cotyledon.oslo_config_glue [-] oslo_messaging_rabbit.rabbit_quorum_max_memory_bytes = 0 {{(pid=93484) log_opt_values /opt/stack/data/venv/lib/python3.12/site-packages/oslo_config/cfg.py:3253}}
Jul 30 11:50:32.767292 np0000006122 nova-scheduler[93484]: DEBUG cotyledon.oslo_config_glue [-] oslo_messaging_rabbit.rabbit_quorum_max_memory_length = 0 {{(pid=93484) log_opt_values /opt/stack/data/venv/lib/python3.12/site-packages/oslo_config/cfg.py:3253}}
Jul 30 11:50:32.767292 np0000006122 nova-scheduler[93484]: DEBUG cotyledon.oslo_config_glue [-] oslo_messaging_rabbit.rabbit_quorum_queue = False {{(pid=93484) log_opt_values /opt/stack/data/venv/lib/python3.12/site-packages/oslo_config/cfg.py:3253}}
Jul 30 11:50:32.767292 np0000006122 nova-scheduler[93484]: DEBUG cotyledon.oslo_config_glue [-] oslo_messaging_rabbit.rabbit_retry_backoff = 2 {{(pid=93484) log_opt_values /opt/stack/data/venv/lib/python3.12/site-packages/oslo_config/cfg.py:3253}}
Jul 30 11:50:32.767292 np0000006122 nova-scheduler[93484]: DEBUG cotyledon.oslo_config_glue [-] oslo_messaging_rabbit.rabbit_retry_interval = 1 {{(pid=93484) log_opt_values /opt/stack/data/venv/lib/python3.12/site-packages/oslo_config/cfg.py:3253}}
Jul 30 11:50:32.767292 np0000006122 nova-scheduler[93484]: DEBUG cotyledon.oslo_config_glue [-] oslo_messaging_rabbit.rabbit_stream_fanout = False {{(pid=93484) log_opt_values /opt/stack/data/venv/lib/python3.12/site-packages/oslo_config/cfg.py:3253}}
Jul 30 11:50:32.767499 np0000006122 nova-scheduler[93484]: DEBUG cotyledon.oslo_config_glue [-] oslo_messaging_rabbit.rabbit_transient_queues_ttl = 1800 {{(pid=93484) log_opt_values /opt/stack/data/venv/lib/python3.12/site-packages/oslo_config/cfg.py:3253}}
Jul 30 11:50:32.767499 np0000006122 nova-scheduler[93484]: DEBUG cotyledon.oslo_config_glue [-] oslo_messaging_rabbit.rabbit_transient_quorum_queue = False {{(pid=93484) log_opt_values /opt/stack/data/venv/lib/python3.12/site-packages/oslo_config/cfg.py:3253}}
Jul 30 11:50:32.767499 np0000006122 nova-scheduler[93484]: DEBUG cotyledon.oslo_config_glue [-] oslo_messaging_rabbit.rpc_conn_pool_size = 30 {{(pid=93484) log_opt_values /opt/stack/data/venv/lib/python3.12/site-packages/oslo_config/cfg.py:3253}}
Jul 30 11:50:32.767499 np0000006122 nova-scheduler[93484]: DEBUG cotyledon.oslo_config_glue [-] oslo_messaging_rabbit.ssl = False {{(pid=93484) log_opt_values /opt/stack/data/venv/lib/python3.12/site-packages/oslo_config/cfg.py:3253}}
Jul 30 11:50:32.767499 np0000006122 nova-scheduler[93484]: DEBUG cotyledon.oslo_config_glue [-] oslo_messaging_rabbit.ssl_ca_file = {{(pid=93484) log_opt_values /opt/stack/data/venv/lib/python3.12/site-packages/oslo_config/cfg.py:3253}}
Jul 30 11:50:32.767499 np0000006122 nova-scheduler[93484]: DEBUG cotyledon.oslo_config_glue [-] oslo_messaging_rabbit.ssl_cert_file = {{(pid=93484) log_opt_values /opt/stack/data/venv/lib/python3.12/site-packages/oslo_config/cfg.py:3253}}
Jul 30 11:50:32.767499 np0000006122 nova-scheduler[93484]: DEBUG cotyledon.oslo_config_glue [-] oslo_messaging_rabbit.ssl_enforce_fips_mode = False {{(pid=93484) log_opt_values /opt/stack/data/venv/lib/python3.12/site-packages/oslo_config/cfg.py:3253}}
Jul 30 11:50:32.767499 np0000006122 nova-scheduler[93484]: DEBUG cotyledon.oslo_config_glue [-] oslo_messaging_rabbit.ssl_enforce_hostname_verification = True {{(pid=93484) log_opt_values /opt/stack/data/venv/lib/python3.12/site-packages/oslo_config/cfg.py:3253}}
Jul 30 11:50:32.767499 np0000006122 nova-scheduler[93484]: DEBUG cotyledon.oslo_config_glue [-] oslo_messaging_rabbit.ssl_key_file = {{(pid=93484) log_opt_values /opt/stack/data/venv/lib/python3.12/site-packages/oslo_config/cfg.py:3253}}
Jul 30 11:50:32.767686 np0000006122 nova-scheduler[93484]: DEBUG cotyledon.oslo_config_glue [-] oslo_messaging_rabbit.ssl_version = {{(pid=93484) log_opt_values /opt/stack/data/venv/lib/python3.12/site-packages/oslo_config/cfg.py:3253}}
Jul 30 11:50:32.767686 np0000006122 nova-scheduler[93484]: DEBUG cotyledon.oslo_config_glue [-] oslo_messaging_rabbit.use_queue_manager = False {{(pid=93484) log_opt_values /opt/stack/data/venv/lib/python3.12/site-packages/oslo_config/cfg.py:3253}}
Jul 30 11:50:32.767686 np0000006122 nova-scheduler[93484]: DEBUG cotyledon.oslo_config_glue [-] oslo_messaging_notifications.driver = ['messagingv2'] {{(pid=93484) log_opt_values /opt/stack/data/venv/lib/python3.12/site-packages/oslo_config/cfg.py:3253}}
Jul 30 11:50:32.767686 np0000006122 nova-scheduler[93484]: DEBUG cotyledon.oslo_config_glue [-] oslo_messaging_notifications.retry = -1 {{(pid=93484) log_opt_values /opt/stack/data/venv/lib/python3.12/site-packages/oslo_config/cfg.py:3253}}
Jul 30 11:50:32.767686 np0000006122 nova-scheduler[93484]: DEBUG cotyledon.oslo_config_glue [-] oslo_messaging_notifications.topics = ['notifications'] {{(pid=93484) log_opt_values /opt/stack/data/venv/lib/python3.12/site-packages/oslo_config/cfg.py:3253}}
Jul 30 11:50:32.767686 np0000006122 nova-scheduler[93484]: DEBUG cotyledon.oslo_config_glue [-] oslo_messaging_notifications.transport_url = **** {{(pid=93484) log_opt_values /opt/stack/data/venv/lib/python3.12/site-packages/oslo_config/cfg.py:3253}}
Jul 30 11:50:32.767686 np0000006122 nova-scheduler[93484]: DEBUG cotyledon.oslo_config_glue [-] oslo_limit.auth_section = None {{(pid=93484) log_opt_values /opt/stack/data/venv/lib/python3.12/site-packages/oslo_config/cfg.py:3253}}
Jul 30 11:50:32.767686 np0000006122 nova-scheduler[93484]: DEBUG cotyledon.oslo_config_glue [-] oslo_limit.auth_type = None {{(pid=93484) log_opt_values /opt/stack/data/venv/lib/python3.12/site-packages/oslo_config/cfg.py:3253}}
Jul 30 11:50:32.767686 np0000006122 nova-scheduler[93484]: DEBUG cotyledon.oslo_config_glue [-] oslo_limit.cafile = None {{(pid=93484) log_opt_values /opt/stack/data/venv/lib/python3.12/site-packages/oslo_config/cfg.py:3253}}
Jul 30 11:50:32.767882 np0000006122 nova-scheduler[93484]: DEBUG cotyledon.oslo_config_glue [-] oslo_limit.certfile = None {{(pid=93484) log_opt_values /opt/stack/data/venv/lib/python3.12/site-packages/oslo_config/cfg.py:3253}}
Jul 30 11:50:32.767882 np0000006122 nova-scheduler[93484]: DEBUG cotyledon.oslo_config_glue [-] oslo_limit.collect_timing = False {{(pid=93484) log_opt_values /opt/stack/data/venv/lib/python3.12/site-packages/oslo_config/cfg.py:3253}}
Jul 30 11:50:32.767882 np0000006122 nova-scheduler[93484]: DEBUG cotyledon.oslo_config_glue [-] oslo_limit.connect_retries = None {{(pid=93484) log_opt_values /opt/stack/data/venv/lib/python3.12/site-packages/oslo_config/cfg.py:3253}}
Jul 30 11:50:32.767882 np0000006122 nova-scheduler[93484]: DEBUG cotyledon.oslo_config_glue [-] oslo_limit.connect_retry_delay = None {{(pid=93484) log_opt_values /opt/stack/data/venv/lib/python3.12/site-packages/oslo_config/cfg.py:3253}}
Jul 30 11:50:32.767882 np0000006122 nova-scheduler[93484]: DEBUG cotyledon.oslo_config_glue [-] oslo_limit.endpoint_id = None {{(pid=93484) log_opt_values /opt/stack/data/venv/lib/python3.12/site-packages/oslo_config/cfg.py:3253}}
Jul 30 11:50:32.767882 np0000006122 nova-scheduler[93484]: DEBUG cotyledon.oslo_config_glue [-] oslo_limit.endpoint_interface = public {{(pid=93484) log_opt_values /opt/stack/data/venv/lib/python3.12/site-packages/oslo_config/cfg.py:3253}}
Jul 30 11:50:32.767882 np0000006122 nova-scheduler[93484]: DEBUG cotyledon.oslo_config_glue [-] oslo_limit.endpoint_override = None {{(pid=93484) log_opt_values /opt/stack/data/venv/lib/python3.12/site-packages/oslo_config/cfg.py:3253}}
Jul 30 11:50:32.767882 np0000006122 nova-scheduler[93484]: DEBUG cotyledon.oslo_config_glue [-] oslo_limit.endpoint_region_name = None {{(pid=93484) log_opt_values /opt/stack/data/venv/lib/python3.12/site-packages/oslo_config/cfg.py:3253}}
Jul 30 11:50:32.767882 np0000006122 nova-scheduler[93484]: DEBUG cotyledon.oslo_config_glue [-] oslo_limit.endpoint_service_name = None {{(pid=93484) log_opt_values /opt/stack/data/venv/lib/python3.12/site-packages/oslo_config/cfg.py:3253}}
Jul 30 11:50:32.768082 np0000006122 nova-scheduler[93484]: DEBUG cotyledon.oslo_config_glue [-] oslo_limit.endpoint_service_type = None {{(pid=93484) log_opt_values /opt/stack/data/venv/lib/python3.12/site-packages/oslo_config/cfg.py:3253}}
Jul 30 11:50:32.768082 np0000006122 nova-scheduler[93484]: DEBUG cotyledon.oslo_config_glue [-] oslo_limit.insecure = False {{(pid=93484) log_opt_values /opt/stack/data/venv/lib/python3.12/site-packages/oslo_config/cfg.py:3253}}
Jul 30 11:50:32.768082 np0000006122 nova-scheduler[93484]: DEBUG cotyledon.oslo_config_glue [-] oslo_limit.keyfile = None {{(pid=93484) log_opt_values /opt/stack/data/venv/lib/python3.12/site-packages/oslo_config/cfg.py:3253}}
Jul 30 11:50:32.768082 np0000006122 nova-scheduler[93484]: DEBUG cotyledon.oslo_config_glue [-] oslo_limit.max_version = None {{(pid=93484) log_opt_values /opt/stack/data/venv/lib/python3.12/site-packages/oslo_config/cfg.py:3253}}
Jul 30 11:50:32.768082 np0000006122 nova-scheduler[93484]: DEBUG cotyledon.oslo_config_glue [-] oslo_limit.min_version = None {{(pid=93484) log_opt_values /opt/stack/data/venv/lib/python3.12/site-packages/oslo_config/cfg.py:3253}}
Jul 30 11:50:32.768082 np0000006122 nova-scheduler[93484]: DEBUG cotyledon.oslo_config_glue [-] oslo_limit.region_name = None {{(pid=93484) log_opt_values /opt/stack/data/venv/lib/python3.12/site-packages/oslo_config/cfg.py:3253}}
Jul 30 11:50:32.768082 np0000006122 nova-scheduler[93484]: DEBUG cotyledon.oslo_config_glue [-] oslo_limit.retriable_status_codes = None {{(pid=93484) log_opt_values /opt/stack/data/venv/lib/python3.12/site-packages/oslo_config/cfg.py:3253}}
Jul 30 11:50:32.768082 np0000006122 nova-scheduler[93484]: DEBUG cotyledon.oslo_config_glue [-] oslo_limit.service_name = None {{(pid=93484) log_opt_values /opt/stack/data/venv/lib/python3.12/site-packages/oslo_config/cfg.py:3253}}
Jul 30 11:50:32.768082 np0000006122 nova-scheduler[93484]: DEBUG cotyledon.oslo_config_glue [-] oslo_limit.service_type = None {{(pid=93484) log_opt_values /opt/stack/data/venv/lib/python3.12/site-packages/oslo_config/cfg.py:3253}}
Jul 30 11:50:32.768235 np0000006122 nova-scheduler[93484]: DEBUG cotyledon.oslo_config_glue [-] oslo_limit.split_loggers = False {{(pid=93484) log_opt_values /opt/stack/data/venv/lib/python3.12/site-packages/oslo_config/cfg.py:3253}}
Jul 30 11:50:32.768235 np0000006122 nova-scheduler[93484]: DEBUG cotyledon.oslo_config_glue [-] oslo_limit.status_code_retries = None {{(pid=93484) log_opt_values /opt/stack/data/venv/lib/python3.12/site-packages/oslo_config/cfg.py:3253}}
Jul 30 11:50:32.768235 np0000006122 nova-scheduler[93484]: DEBUG cotyledon.oslo_config_glue [-] oslo_limit.status_code_retry_delay = None {{(pid=93484) log_opt_values /opt/stack/data/venv/lib/python3.12/site-packages/oslo_config/cfg.py:3253}}
Jul 30 11:50:32.768235 np0000006122 nova-scheduler[93484]: DEBUG cotyledon.oslo_config_glue [-] oslo_limit.timeout = None {{(pid=93484) log_opt_values /opt/stack/data/venv/lib/python3.12/site-packages/oslo_config/cfg.py:3253}}
Jul 30 11:50:32.768235 np0000006122 nova-scheduler[93484]: DEBUG cotyledon.oslo_config_glue [-] oslo_limit.valid_interfaces = None {{(pid=93484) log_opt_values /opt/stack/data/venv/lib/python3.12/site-packages/oslo_config/cfg.py:3253}}
Jul 30 11:50:32.768235 np0000006122 nova-scheduler[93484]: DEBUG cotyledon.oslo_config_glue [-] oslo_limit.version = None {{(pid=93484) log_opt_values /opt/stack/data/venv/lib/python3.12/site-packages/oslo_config/cfg.py:3253}}
Jul 30 11:50:32.768235 np0000006122 nova-scheduler[93484]: DEBUG cotyledon.oslo_config_glue [-] oslo_reports.file_event_handler = None {{(pid=93484) log_opt_values /opt/stack/data/venv/lib/python3.12/site-packages/oslo_config/cfg.py:3253}}
Jul 30 11:50:32.768235 np0000006122 nova-scheduler[93484]: DEBUG cotyledon.oslo_config_glue [-] oslo_reports.file_event_handler_interval = 1 {{(pid=93484) log_opt_values /opt/stack/data/venv/lib/python3.12/site-packages/oslo_config/cfg.py:3253}}
Jul 30 11:50:32.768235 np0000006122 nova-scheduler[93484]: DEBUG cotyledon.oslo_config_glue [-] oslo_reports.log_dir = None {{(pid=93484) log_opt_values /opt/stack/data/venv/lib/python3.12/site-packages/oslo_config/cfg.py:3253}}
Jul 30 11:50:32.768425 np0000006122 nova-scheduler[93484]: DEBUG cotyledon.oslo_config_glue [-] ******************************************************************************** {{(pid=93484) log_opt_values /opt/stack/data/venv/lib/python3.12/site-packages/oslo_config/cfg.py:3260}}
Jul 30 11:50:32.768425 np0000006122 nova-scheduler[93484]: DEBUG cotyledon._service_worker [-] Run service ServiceWrapper(2) [93484] {{(pid=93484) wait_forever /opt/stack/data/venv/lib/python3.12/site-packages/cotyledon/_service_worker.py:218}}
Jul 30 11:50:32.768425 np0000006122 nova-scheduler[93484]: INFO nova.service [-] Starting scheduler node (version 33.1.0)
Jul 30 11:50:32.768425 np0000006122 nova-scheduler[93484]: INFO dbcounter [None req-aa75604d-2d5e-4bb5-9bf8-e60cc5060742 None None] Registered counter for database nova_cell0
Jul 30 11:50:32.780069 np0000006122 nova-scheduler[93482]: DEBUG oslo_db.sqlalchemy.engines [None req-57e4ea3e-17f2-488f-a535-47b851e4b4d4 None None] MySQL server mode set to STRICT_TRANS_TABLES,STRICT_ALL_TABLES,NO_ZERO_IN_DATE,NO_ZERO_DATE,ERROR_FOR_DIVISION_BY_ZERO,TRADITIONAL,NO_ENGINE_SUBSTITUTION {{(pid=93482) _check_effective_sql_mode /opt/stack/data/venv/lib/python3.12/site-packages/oslo_db/sqlalchemy/engines.py:325}}
Jul 30 11:50:32.783467 np0000006122 nova-scheduler[93461]: DEBUG oslo_db.sqlalchemy.engines [None req-740cea1c-03ba-4756-b514-0c23156344e5 None None] MySQL server mode set to STRICT_TRANS_TABLES,STRICT_ALL_TABLES,NO_ZERO_IN_DATE,NO_ZERO_DATE,ERROR_FOR_DIVISION_BY_ZERO,TRADITIONAL,NO_ENGINE_SUBSTITUTION {{(pid=93461) _check_effective_sql_mode /opt/stack/data/venv/lib/python3.12/site-packages/oslo_db/sqlalchemy/engines.py:325}}
Jul 30 11:50:32.789649 np0000006122 nova-scheduler[93482]: DEBUG dbcounter [-] [93482] Writer thread running {{(pid=93482) stat_writer /opt/stack/data/venv/lib/python3.12/site-packages/dbcounter.py:102}}
Jul 30 11:50:32.794045 np0000006122 nova-scheduler[93461]: DEBUG dbcounter [-] [93461] Writer thread running {{(pid=93461) stat_writer /opt/stack/data/venv/lib/python3.12/site-packages/dbcounter.py:102}}
Jul 30 11:50:32.801588 np0000006122 nova-scheduler[93484]: DEBUG oslo_db.sqlalchemy.engines [None req-aa75604d-2d5e-4bb5-9bf8-e60cc5060742 None None] MySQL server mode set to STRICT_TRANS_TABLES,STRICT_ALL_TABLES,NO_ZERO_IN_DATE,NO_ZERO_DATE,ERROR_FOR_DIVISION_BY_ZERO,TRADITIONAL,NO_ENGINE_SUBSTITUTION {{(pid=93484) _check_effective_sql_mode /opt/stack/data/venv/lib/python3.12/site-packages/oslo_db/sqlalchemy/engines.py:325}}
Jul 30 11:50:32.807774 np0000006122 nova-scheduler[93482]: DEBUG nova.service [None req-57e4ea3e-17f2-488f-a535-47b851e4b4d4 None None] Creating RPC server for service: nova-scheduler on topic: scheduler {{(pid=93482) start /opt/stack/nova/nova/service.py:196}}
Jul 30 11:50:32.811853 np0000006122 nova-scheduler[93461]: DEBUG nova.service [None req-740cea1c-03ba-4756-b514-0c23156344e5 None None] Creating RPC server for service: nova-scheduler on topic: scheduler {{(pid=93461) start /opt/stack/nova/nova/service.py:196}}
Jul 30 11:50:32.812404 np0000006122 nova-scheduler[93484]: DEBUG dbcounter [-] [93484] Writer thread running {{(pid=93484) stat_writer /opt/stack/data/venv/lib/python3.12/site-packages/dbcounter.py:102}}
Jul 30 11:50:32.816156 np0000006122 nova-scheduler[93484]: DEBUG nova.service [None req-aa75604d-2d5e-4bb5-9bf8-e60cc5060742 None None] Creating RPC server for service: nova-scheduler on topic: scheduler {{(pid=93484) start /opt/stack/nova/nova/service.py:196}}
Jul 30 11:50:32.832246 np0000006122 nova-scheduler[93461]: DEBUG nova.service [None req-740cea1c-03ba-4756-b514-0c23156344e5 None None] Join ServiceGroup membership for this service scheduler {{(pid=93461) start /opt/stack/nova/nova/service.py:222}}
Jul 30 11:50:32.832486 np0000006122 nova-scheduler[93482]: DEBUG nova.service [None req-57e4ea3e-17f2-488f-a535-47b851e4b4d4 None None] Join ServiceGroup membership for this service scheduler {{(pid=93482) start /opt/stack/nova/nova/service.py:222}}
Jul 30 11:50:32.832615 np0000006122 nova-scheduler[93461]: DEBUG nova.servicegroup.drivers.db [None req-740cea1c-03ba-4756-b514-0c23156344e5 None None] DB_Driver: join new ServiceGroup member np0000006122 to the scheduler group, service = {{(pid=93461) join /opt/stack/nova/nova/servicegroup/drivers/db.py:44}}
Jul 30 11:50:32.832696 np0000006122 nova-scheduler[93482]: DEBUG nova.servicegroup.drivers.db [None req-57e4ea3e-17f2-488f-a535-47b851e4b4d4 None None] DB_Driver: join new ServiceGroup member np0000006122 to the scheduler group, service = {{(pid=93482) join /opt/stack/nova/nova/servicegroup/drivers/db.py:44}}
Jul 30 11:50:32.846891 np0000006122 nova-scheduler[93484]: DEBUG nova.service [None req-aa75604d-2d5e-4bb5-9bf8-e60cc5060742 None None] Join ServiceGroup membership for this service scheduler {{(pid=93484) start /opt/stack/nova/nova/service.py:222}}
Jul 30 11:50:32.847228 np0000006122 nova-scheduler[93484]: DEBUG nova.servicegroup.drivers.db [None req-aa75604d-2d5e-4bb5-9bf8-e60cc5060742 None None] DB_Driver: join new ServiceGroup member np0000006122 to the scheduler group, service = {{(pid=93484) join /opt/stack/nova/nova/servicegroup/drivers/db.py:44}}
Jul 30 11:50:37.856651 np0000006122 nova-scheduler[93461]: DEBUG oslo.service.backend._threading.loopingcall [-] Fixed interval looping call 'nova.servicegroup.drivers.db.DbDriver._report_state' sleeping for 119.98 seconds {{(pid=93461) _run_loop /opt/stack/data/venv/lib/python3.12/site-packages/oslo_service/backend/_threading/loopingcall.py:125}}
Jul 30 11:50:37.857714 np0000006122 nova-scheduler[93482]: DEBUG oslo.service.backend._threading.loopingcall [-] Fixed interval looping call 'nova.servicegroup.drivers.db.DbDriver._report_state' sleeping for 119.98 seconds {{(pid=93482) _run_loop /opt/stack/data/venv/lib/python3.12/site-packages/oslo_service/backend/_threading/loopingcall.py:125}}
Jul 30 11:50:37.860760 np0000006122 nova-scheduler[93484]: DEBUG oslo.service.backend._threading.loopingcall [-] Fixed interval looping call 'nova.servicegroup.drivers.db.DbDriver._report_state' sleeping for 119.99 seconds {{(pid=93484) _run_loop /opt/stack/data/venv/lib/python3.12/site-packages/oslo_service/backend/_threading/loopingcall.py:125}}
Jul 30 11:50:38.849869 np0000006122 nova-scheduler[93484]: DEBUG oslo.service.backend._threading.loopingcall [None req-1dae3595-8a38-4b73-8445-93fc9a37541d None None] Dynamic interval looping call 'nova.service.Service.periodic_tasks' sleeping for 60.00 seconds {{(pid=93484) _run_loop /opt/stack/data/venv/lib/python3.12/site-packages/oslo_service/backend/_threading/loopingcall.py:125}}
Jul 30 11:50:41.402347 np0000006122 nova-scheduler[92228]: DEBUG dbcounter [-] [92228] Writing DB stats nova_api:SELECT=3 {{(pid=92228) stat_writer /opt/stack/data/venv/lib/python3.12/site-packages/dbcounter.py:115}}
Jul 30 11:50:41.539095 np0000006122 nova-scheduler[92228]: DEBUG dbcounter [-] [92228] Writing DB stats nova_cell0:SELECT=1 {{(pid=92228) stat_writer /opt/stack/data/venv/lib/python3.12/site-packages/dbcounter.py:115}}
Jul 30 11:50:41.545131 np0000006122 nova-scheduler[92228]: DEBUG dbcounter [-] [92228] Writing DB stats nova_cell1:SELECT=1 {{(pid=92228) stat_writer /opt/stack/data/venv/lib/python3.12/site-packages/dbcounter.py:115}}
Jul 30 11:50:47.834760 np0000006122 nova-scheduler[93482]: DEBUG oslo.service.backend._threading.loopingcall [None req-4738863d-692f-462a-ab92-b11924c36b33 None None] Dynamic interval looping call 'nova.service.Service.periodic_tasks' sleeping for 60.00 seconds {{(pid=93482) _run_loop /opt/stack/data/venv/lib/python3.12/site-packages/oslo_service/backend/_threading/loopingcall.py:125}}
Jul 30 11:50:47.848483 np0000006122 nova-scheduler[93461]: DEBUG dbcounter [-] [93461] Writing DB stats nova_cell0:SELECT=5,nova_cell0:INSERT=1,nova_cell0:UPDATE=1 {{(pid=93461) stat_writer /opt/stack/data/venv/lib/python3.12/site-packages/dbcounter.py:115}}
Jul 30 11:50:47.851149 np0000006122 nova-scheduler[93482]: DEBUG dbcounter [-] [93482] Writing DB stats nova_cell0:SELECT=4,nova_cell0:INSERT=1,nova_cell0:UPDATE=1 {{(pid=93482) stat_writer /opt/stack/data/venv/lib/python3.12/site-packages/dbcounter.py:115}}
Jul 30 11:50:47.857663 np0000006122 nova-scheduler[93484]: DEBUG dbcounter [-] [93484] Writing DB stats nova_cell0:SELECT=3 {{(pid=93484) stat_writer /opt/stack/data/venv/lib/python3.12/site-packages/dbcounter.py:115}}
Jul 30 11:51:04.834977 np0000006122 nova-scheduler[93461]: DEBUG oslo.service.backend._threading.loopingcall [None req-cbb96ce2-5360-4950-818c-dce735d0cf09 None None] Dynamic interval looping call 'nova.service.Service.periodic_tasks' sleeping for 60.00 seconds {{(pid=93461) _run_loop /opt/stack/data/venv/lib/python3.12/site-packages/oslo_service/backend/_threading/loopingcall.py:125}}
Jul 30 11:51:38.850306 np0000006122 nova-scheduler[93484]: DEBUG oslo.service.backend._threading.loopingcall [None req-1dae3595-8a38-4b73-8445-93fc9a37541d None None] Dynamic interval looping call 'nova.service.Service.periodic_tasks' sleeping for 60.00 seconds {{(pid=93484) _run_loop /opt/stack/data/venv/lib/python3.12/site-packages/oslo_service/backend/_threading/loopingcall.py:125}}
Jul 30 11:51:47.835184 np0000006122 nova-scheduler[93482]: DEBUG oslo.service.backend._threading.loopingcall [None req-4738863d-692f-462a-ab92-b11924c36b33 None None] Dynamic interval looping call 'nova.service.Service.periodic_tasks' sleeping for 60.00 seconds {{(pid=93482) _run_loop /opt/stack/data/venv/lib/python3.12/site-packages/oslo_service/backend/_threading/loopingcall.py:125}}
Jul 30 11:52:04.835502 np0000006122 nova-scheduler[93461]: DEBUG oslo.service.backend._threading.loopingcall [None req-cbb96ce2-5360-4950-818c-dce735d0cf09 None None] Dynamic interval looping call 'nova.service.Service.periodic_tasks' sleeping for 60.00 seconds {{(pid=93461) _run_loop /opt/stack/data/venv/lib/python3.12/site-packages/oslo_service/backend/_threading/loopingcall.py:125}}
Jul 30 11:52:37.848919 np0000006122 nova-scheduler[93461]: DEBUG oslo.service.backend._threading.loopingcall [-] Fixed interval looping call 'nova.servicegroup.drivers.db.DbDriver._report_state' sleeping for 119.99 seconds {{(pid=93461) _run_loop /opt/stack/data/venv/lib/python3.12/site-packages/oslo_service/backend/_threading/loopingcall.py:125}}
Jul 30 11:52:37.849400 np0000006122 nova-scheduler[93482]: DEBUG oslo.service.backend._threading.loopingcall [-] Fixed interval looping call 'nova.servicegroup.drivers.db.DbDriver._report_state' sleeping for 119.99 seconds {{(pid=93482) _run_loop /opt/stack/data/venv/lib/python3.12/site-packages/oslo_service/backend/_threading/loopingcall.py:125}}
Jul 30 11:52:37.854048 np0000006122 nova-scheduler[93484]: DEBUG oslo.service.backend._threading.loopingcall [-] Fixed interval looping call 'nova.servicegroup.drivers.db.DbDriver._report_state' sleeping for 120.00 seconds {{(pid=93484) _run_loop /opt/stack/data/venv/lib/python3.12/site-packages/oslo_service/backend/_threading/loopingcall.py:125}}
Jul 30 11:52:38.850835 np0000006122 nova-scheduler[93484]: DEBUG oslo.service.backend._threading.loopingcall [None req-1dae3595-8a38-4b73-8445-93fc9a37541d None None] Dynamic interval looping call 'nova.service.Service.periodic_tasks' sleeping for 60.00 seconds {{(pid=93484) _run_loop /opt/stack/data/venv/lib/python3.12/site-packages/oslo_service/backend/_threading/loopingcall.py:125}}
Jul 30 11:52:47.836059 np0000006122 nova-scheduler[93482]: DEBUG oslo.service.backend._threading.loopingcall [None req-4738863d-692f-462a-ab92-b11924c36b33 None None] Dynamic interval looping call 'nova.service.Service.periodic_tasks' sleeping for 60.00 seconds {{(pid=93482) _run_loop /opt/stack/data/venv/lib/python3.12/site-packages/oslo_service/backend/_threading/loopingcall.py:125}}
Jul 30 11:52:47.844618 np0000006122 nova-scheduler[93461]: DEBUG dbcounter [-] [93461] Writing DB stats nova_cell0:SELECT=1,nova_cell0:UPDATE=1 {{(pid=93461) stat_writer /opt/stack/data/venv/lib/python3.12/site-packages/dbcounter.py:115}}
Jul 30 11:52:47.845646 np0000006122 nova-scheduler[93482]: DEBUG dbcounter [-] [93482] Writing DB stats nova_cell0:SELECT=1,nova_cell0:UPDATE=1 {{(pid=93482) stat_writer /opt/stack/data/venv/lib/python3.12/site-packages/dbcounter.py:115}}
Jul 30 11:52:47.852622 np0000006122 nova-scheduler[93484]: DEBUG dbcounter [-] [93484] Writing DB stats nova_cell0:SELECT=1 {{(pid=93484) stat_writer /opt/stack/data/venv/lib/python3.12/site-packages/dbcounter.py:115}}
Jul 30 11:53:02.386015 np0000006122 nova-scheduler[93461]: DEBUG nova.scheduler.manager [None req-d978693d-591e-4fee-aeb0-8a4217961131 tempest-DeleteServersTestJSON-1572007883 tempest-DeleteServersTestJSON-1572007883-project-member] Starting to schedule for instances: ['fc7f7d65-6507-461a-bcbc-42eab08e6e1c'] {{(pid=93461) select_destinations /opt/stack/nova/nova/scheduler/manager.py:209}}
Jul 30 11:53:02.386718 np0000006122 nova-scheduler[93461]: DEBUG nova.scheduler.request_filter [None req-d978693d-591e-4fee-aeb0-8a4217961131 tempest-DeleteServersTestJSON-1572007883 tempest-DeleteServersTestJSON-1572007883-project-member] compute_status_filter request filter added forbidden trait COMPUTE_STATUS_DISABLED {{(pid=93461) compute_status_filter /opt/stack/nova/nova/scheduler/request_filter.py:253}}
Jul 30 11:53:02.387605 np0000006122 nova-scheduler[93461]: DEBUG nova.scheduler.request_filter [None req-d978693d-591e-4fee-aeb0-8a4217961131 tempest-DeleteServersTestJSON-1572007883 tempest-DeleteServersTestJSON-1572007883-project-member] Request filter 'compute_status_filter' took 0.0 seconds {{(pid=93461) wrapper /opt/stack/nova/nova/scheduler/request_filter.py:46}}
Jul 30 11:53:02.387605 np0000006122 nova-scheduler[93461]: DEBUG nova.scheduler.request_filter [None req-d978693d-591e-4fee-aeb0-8a4217961131 tempest-DeleteServersTestJSON-1572007883 tempest-DeleteServersTestJSON-1572007883-project-member] Request filter 'accelerators_filter' took 0.0 seconds {{(pid=93461) wrapper /opt/stack/nova/nova/scheduler/request_filter.py:46}}
Jul 30 11:53:02.387605 np0000006122 nova-scheduler[93461]: DEBUG nova.scheduler.request_filter [None req-d978693d-591e-4fee-aeb0-8a4217961131 tempest-DeleteServersTestJSON-1572007883 tempest-DeleteServersTestJSON-1572007883-project-member] Request filter 'packed_virtqueue_filter' took 0.0 seconds {{(pid=93461) wrapper /opt/stack/nova/nova/scheduler/request_filter.py:46}}
Jul 30 11:53:02.387605 np0000006122 nova-scheduler[93461]: DEBUG nova.scheduler.request_filter [None req-d978693d-591e-4fee-aeb0-8a4217961131 tempest-DeleteServersTestJSON-1572007883 tempest-DeleteServersTestJSON-1572007883-project-member] Request filter 'remote_managed_ports_filter' took 0.0 seconds {{(pid=93461) wrapper /opt/stack/nova/nova/scheduler/request_filter.py:46}}
Jul 30 11:53:02.387888 np0000006122 nova-scheduler[93461]: DEBUG nova.scheduler.request_filter [None req-d978693d-591e-4fee-aeb0-8a4217961131 tempest-DeleteServersTestJSON-1572007883 tempest-DeleteServersTestJSON-1572007883-project-member] ephemeral_encryption_filter skipped {{(pid=93461) ephemeral_encryption_filter /opt/stack/nova/nova/scheduler/request_filter.py:426}}
Jul 30 11:53:02.388234 np0000006122 nova-scheduler[93461]: DEBUG nova.scheduler.request_filter [None req-d978693d-591e-4fee-aeb0-8a4217961131 tempest-DeleteServersTestJSON-1572007883 tempest-DeleteServersTestJSON-1572007883-project-member] virtio_sound_filter skipped {{(pid=93461) virtio_sound_filter /opt/stack/nova/nova/scheduler/request_filter.py:460}}
Jul 30 11:53:02.388234 np0000006122 nova-scheduler[93461]: DEBUG nova.scheduler.request_filter [None req-d978693d-591e-4fee-aeb0-8a4217961131 tempest-DeleteServersTestJSON-1572007883 tempest-DeleteServersTestJSON-1572007883-project-member] tpm_secret_security_filter skipped {{(pid=93461) tpm_secret_security_filter /opt/stack/nova/nova/scheduler/request_filter.py:477}}
Jul 30 11:53:02.834812 np0000006122 nova-scheduler[93461]: INFO nova.utils [None req-d978693d-591e-4fee-aeb0-8a4217961131 tempest-DeleteServersTestJSON-1572007883 tempest-DeleteServersTestJSON-1572007883-project-member] The cell worker thread pool ForkProcess-1.cell_worker is initialized
Jul 30 11:53:02.834949 np0000006122 nova-scheduler[93461]: DEBUG oslo_concurrency.lockutils [None req-d978693d-591e-4fee-aeb0-8a4217961131 tempest-DeleteServersTestJSON-1572007883 tempest-DeleteServersTestJSON-1572007883-project-member] Acquiring lock "717928c8-0bd6-4c48-a019-cd01c8bafe38" by "nova.context.set_target_cell..get_or_set_cached_cell_and_set_connections" {{(pid=93461) inner /opt/stack/data/venv/lib/python3.12/site-packages/oslo_concurrency/lockutils.py:512}}
Jul 30 11:53:02.835143 np0000006122 nova-scheduler[93461]: DEBUG oslo_concurrency.lockutils [None req-d978693d-591e-4fee-aeb0-8a4217961131 tempest-DeleteServersTestJSON-1572007883 tempest-DeleteServersTestJSON-1572007883-project-member] Lock "717928c8-0bd6-4c48-a019-cd01c8bafe38" acquired by "nova.context.set_target_cell..get_or_set_cached_cell_and_set_connections" :: waited 0.000s {{(pid=93461) inner /opt/stack/data/venv/lib/python3.12/site-packages/oslo_concurrency/lockutils.py:525}}
Jul 30 11:53:02.836424 np0000006122 nova-scheduler[93461]: DEBUG oslo_concurrency.lockutils [None req-d978693d-591e-4fee-aeb0-8a4217961131 tempest-DeleteServersTestJSON-1572007883 tempest-DeleteServersTestJSON-1572007883-project-member] Lock "717928c8-0bd6-4c48-a019-cd01c8bafe38" "released" by "nova.context.set_target_cell..get_or_set_cached_cell_and_set_connections" :: held 0.001s {{(pid=93461) inner /opt/stack/data/venv/lib/python3.12/site-packages/oslo_concurrency/lockutils.py:544}}
Jul 30 11:53:02.839880 np0000006122 nova-scheduler[93461]: INFO dbcounter [None req-d978693d-591e-4fee-aeb0-8a4217961131 tempest-DeleteServersTestJSON-1572007883 tempest-DeleteServersTestJSON-1572007883-project-member] Registered counter for database nova_cell1
Jul 30 11:53:02.879913 np0000006122 nova-scheduler[93461]: DEBUG oslo_db.sqlalchemy.engines [None req-d978693d-591e-4fee-aeb0-8a4217961131 tempest-DeleteServersTestJSON-1572007883 tempest-DeleteServersTestJSON-1572007883-project-member] MySQL server mode set to STRICT_TRANS_TABLES,STRICT_ALL_TABLES,NO_ZERO_IN_DATE,NO_ZERO_DATE,ERROR_FOR_DIVISION_BY_ZERO,TRADITIONAL,NO_ENGINE_SUBSTITUTION {{(pid=93461) _check_effective_sql_mode /opt/stack/data/venv/lib/python3.12/site-packages/oslo_db/sqlalchemy/engines.py:325}}
Jul 30 11:53:02.885436 np0000006122 nova-scheduler[93461]: DEBUG dbcounter [-] [93461] Writer thread running {{(pid=93461) stat_writer /opt/stack/data/venv/lib/python3.12/site-packages/dbcounter.py:102}}
Jul 30 11:53:02.903208 np0000006122 nova-scheduler[93461]: DEBUG oslo_db.sqlalchemy.engines [None req-d978693d-591e-4fee-aeb0-8a4217961131 tempest-DeleteServersTestJSON-1572007883 tempest-DeleteServersTestJSON-1572007883-project-member] Parent process 92228 forked (93461) with an open database connection, which is being discarded and recreated. {{(pid=93461) checkout /opt/stack/data/venv/lib/python3.12/site-packages/oslo_db/sqlalchemy/engines.py:402}}
Jul 30 11:53:02.949846 np0000006122 nova-scheduler[93461]: DEBUG dbcounter [-] [93461] Writer thread running {{(pid=93461) stat_writer /opt/stack/data/venv/lib/python3.12/site-packages/dbcounter.py:102}}
Jul 30 11:53:02.954137 np0000006122 nova-scheduler[93461]: DEBUG oslo_concurrency.lockutils [None req-d978693d-591e-4fee-aeb0-8a4217961131 tempest-DeleteServersTestJSON-1572007883 tempest-DeleteServersTestJSON-1572007883-project-member] Acquiring lock "717928c8-0bd6-4c48-a019-cd01c8bafe38" by "nova.context.set_target_cell..get_or_set_cached_cell_and_set_connections" {{(pid=93461) inner /opt/stack/data/venv/lib/python3.12/site-packages/oslo_concurrency/lockutils.py:512}}
Jul 30 11:53:02.954279 np0000006122 nova-scheduler[93461]: DEBUG oslo_concurrency.lockutils [None req-d978693d-591e-4fee-aeb0-8a4217961131 tempest-DeleteServersTestJSON-1572007883 tempest-DeleteServersTestJSON-1572007883-project-member] Lock "717928c8-0bd6-4c48-a019-cd01c8bafe38" acquired by "nova.context.set_target_cell..get_or_set_cached_cell_and_set_connections" :: waited 0.000s {{(pid=93461) inner /opt/stack/data/venv/lib/python3.12/site-packages/oslo_concurrency/lockutils.py:525}}
Jul 30 11:53:02.954498 np0000006122 nova-scheduler[93461]: DEBUG oslo_concurrency.lockutils [None req-d978693d-591e-4fee-aeb0-8a4217961131 tempest-DeleteServersTestJSON-1572007883 tempest-DeleteServersTestJSON-1572007883-project-member] Lock "717928c8-0bd6-4c48-a019-cd01c8bafe38" "released" by "nova.context.set_target_cell..get_or_set_cached_cell_and_set_connections" :: held 0.000s {{(pid=93461) inner /opt/stack/data/venv/lib/python3.12/site-packages/oslo_concurrency/lockutils.py:544}}
Jul 30 11:53:02.957393 np0000006122 nova-scheduler[93461]: DEBUG oslo_concurrency.lockutils [None req-d978693d-591e-4fee-aeb0-8a4217961131 tempest-DeleteServersTestJSON-1572007883 tempest-DeleteServersTestJSON-1572007883-project-member] Acquiring lock "np0000006122-np0000006122" by "nova.scheduler.host_manager.HostState.update.._locked_update" {{(pid=93461) inner /opt/stack/data/venv/lib/python3.12/site-packages/oslo_concurrency/lockutils.py:512}}
Jul 30 11:53:02.957757 np0000006122 nova-scheduler[93461]: DEBUG oslo_concurrency.lockutils [None req-d978693d-591e-4fee-aeb0-8a4217961131 tempest-DeleteServersTestJSON-1572007883 tempest-DeleteServersTestJSON-1572007883-project-member] Lock "np0000006122-np0000006122" acquired by "nova.scheduler.host_manager.HostState.update.._locked_update" :: waited 0.000s {{(pid=93461) inner /opt/stack/data/venv/lib/python3.12/site-packages/oslo_concurrency/lockutils.py:525}}
Jul 30 11:53:02.958448 np0000006122 nova-scheduler[93461]: DEBUG nova.scheduler.host_manager [None req-d978693d-591e-4fee-aeb0-8a4217961131 tempest-DeleteServersTestJSON-1572007883 tempest-DeleteServersTestJSON-1572007883-project-member] Update host state from compute node: ComputeNode(cpu_allocation_ratio=4.0,cpu_info='{"arch": "x86_64", "model": "EPYC-Milan", "vendor": "AMD", "topology": {"cells": 1, "sockets": 16, "cores": 1, "threads": 1}, "maxphysaddr": {"mode": "emulate", "bits": 40}, "features": ["fpu", "bmi2", "nrip-save", "fxsr", "gds-no", "vpclmulqdq", "fsrm", "ssse3", "mce", "rdrand", "invpcid", "bmi1", "sse2", "null-sel-clr-base", "sse", "mds-no", "cmov", "mmx", "arch-capabilities", "stibp-always-on", "3dnowprefetch", "pause-filter", "xsaveopt", "popcnt", "arat", "pge", "tsc_adjust", "xsave", "de", "amd-stibp", "clflushopt", "adx", "amd-psfd", "mca", "tsc-scale", "apic", "svm", "misalignsse", "pclmuldq", "pschange-mc-no", "xsavec", "perfctr_core", "pku", "fsgsbase", "cx16", "rdctl-no", "f16c", "rdseed", "vme", "sep", "lbrv", "pcid", "tsc-deadline", "aes", "nx", "lm", "mmxext", "flushbyasid", "cmp_legacy", "pse", "avx", "hypervisor", "cr8legacy", "virt-ssbd", "stibp", "sse4.2", "ibrs", "clflush", "umip", "pfthreshold", "sse4.1", "pdpe1gb", "mtrr", "fma", "lahf_lm", "sha-ni", "sse4a", "no-nested-data-bp", "lfence-always-serializing", "avx2", "pat", "abm", "clwb", "pse36", "skip-l1dfl-vmentry", "ssbd", "x2apic", "tsc", "spec-ctrl", "rdtscp", "movbe", "smap", "wbnoinvd", "xsaveerptr", "v-vmsave-vmload", "topoext", "osvw", "erms", "vaes", "xgetbv1", "vmcb-clean", "vgif", "syscall", "pae", "svme-addr-chk", "rdpid", "xsaves", "amd-ssbd", "smep", "fxsr_opt", "npt", "pni", "ibpb", "msr", "cx8", "clzero"]}',created_at=2026-07-30T11:50:53Z,current_workload=0,deleted=False,deleted_at=None,disk_allocation_ratio=1.0,disk_available_least=73,free_disk_gb=95,free_ram_mb=62765,host='np0000006122',host_ip=10.4.3.180,hypervisor_hostname='np0000006122',hypervisor_type='QEMU',hypervisor_version=8002002,id=1,local_gb=95,local_gb_used=0,mapped=1,memory_mb=63277,memory_mb_used=512,metrics='[]',numa_topology='{"nova_object.name": "NUMATopology", "nova_object.namespace": "nova", "nova_object.version": "1.2", "nova_object.data": {"cells": [{"nova_object.name": "NUMACell", "nova_object.namespace": "nova", "nova_object.version": "1.5", "nova_object.data": {"id": 0, "cpuset": [0, 1, 2, 3, 4, 5, 6, 7, 8, 9, 10, 11, 12, 13, 14, 15], "pcpuset": [0, 1, 2, 3, 4, 5, 6, 7, 8, 9, 10, 11, 12, 13, 14, 15], "memory": 63277, "cpu_usage": 0, "memory_usage": 0, "pinned_cpus": [], "siblings": [[6], [12], [2], [15], [5], [11], [8], [14], [4], [1], [7], [10], [0], [13], [3], [9]], "mempages": [{"nova_object.name": "NUMAPagesTopology", "nova_object.namespace": "nova", "nova_object.version": "1.1", "nova_object.data": {"size_kb": 4, "total": 16177928, "used": 0, "reserved": 0}, "nova_object.changes": ["reserved", "total", "size_kb", "used"]}, {"nova_object.name": "NUMAPagesTopology", "nova_object.namespace": "nova", "nova_object.version": "1.1", "nova_object.data": {"size_kb": 2048, "total": 41, "used": 0, "reserved": 0}, "nova_object.changes": ["reserved", "total", "size_kb", "used"]}, {"nova_object.name": "NUMAPagesTopology", "nova_object.namespace": "nova", "nova_object.version": "1.1", "nova_object.data": {"size_kb": 1048576, "total": 0, "used": 0, "reserved": 0}, "nova_object.changes": ["reserved", "total", "size_kb", "used"]}], "network_metadata": {"nova_object.name": "NetworkMetadata", "nova_object.namespace": "nova", "nova_object.version": "1.0", "nova_object.data": {"physnets": [], "tunneled": false}, "nova_object.changes": ["tunneled", "physnets"]}, "socket": null}, "nova_object.changes": ["cpu_usage", "pcpuset", "siblings", "mempages", "cpuset", "memory", "pinned_cpus", "id", "memory_usage", "socket", "network_metadata"]}]}, "nova_object.changes": ["cells"]}',pci_device_pools=PciDevicePoolList,ram_allocation_ratio=1.0,running_vms=0,service_id=2,stats={failed_builds='0',uptime=' 11:52:42 up 13 min, 2 users, load average: 1.32, 1.25, 0.73
Jul 30 11:53:02.958448 np0000006122 nova-scheduler[93461]: '},supported_hv_specs=[HVSpec,HVSpec,HVSpec,HVSpec,HVSpec,HVSpec,HVSpec,HVSpec,HVSpec,HVSpec,HVSpec,HVSpec,HVSpec,HVSpec,HVSpec,HVSpec,HVSpec,HVSpec,HVSpec,HVSpec,HVSpec,HVSpec,HVSpec,HVSpec,HVSpec],updated_at=2026-07-30T11:52:43Z,uuid=2d9bfa71-24aa-4d86-a906-15c0e8548366,vcpus=16,vcpus_used=0) {{(pid=93461) _locked_update /opt/stack/nova/nova/scheduler/host_manager.py:168}}
Jul 30 11:53:02.959155 np0000006122 nova-scheduler[93461]: DEBUG nova.scheduler.host_manager [None req-d978693d-591e-4fee-aeb0-8a4217961131 tempest-DeleteServersTestJSON-1572007883 tempest-DeleteServersTestJSON-1572007883-project-member] Update host state with aggregates: [] {{(pid=93461) _locked_update /opt/stack/nova/nova/scheduler/host_manager.py:171}}
Jul 30 11:53:02.959397 np0000006122 nova-scheduler[93461]: DEBUG nova.scheduler.host_manager [None req-d978693d-591e-4fee-aeb0-8a4217961131 tempest-DeleteServersTestJSON-1572007883 tempest-DeleteServersTestJSON-1572007883-project-member] Update host state with service dict: {'id': 2, 'uuid': '4188a231-76a0-49c2-b1d1-bfd79d5a8249', 'host': 'np0000006122', 'binary': 'nova-compute', 'topic': 'compute', 'report_count': 2, 'disabled': False, 'disabled_reason': None, 'last_seen_up': datetime.datetime(2026, 7, 30, 11, 53, tzinfo=datetime.timezone.utc), 'forced_down': False, 'version': 72, 'created_at': datetime.datetime(2026, 7, 30, 11, 50, 53, tzinfo=datetime.timezone.utc), 'updated_at': datetime.datetime(2026, 7, 30, 11, 53, tzinfo=datetime.timezone.utc), 'deleted_at': None, 'deleted': False} {{(pid=93461) _locked_update /opt/stack/nova/nova/scheduler/host_manager.py:174}}
Jul 30 11:53:02.959397 np0000006122 nova-scheduler[93461]: DEBUG nova.scheduler.host_manager [None req-d978693d-591e-4fee-aeb0-8a4217961131 tempest-DeleteServersTestJSON-1572007883 tempest-DeleteServersTestJSON-1572007883-project-member] Update host state with instances: [] {{(pid=93461) _locked_update /opt/stack/nova/nova/scheduler/host_manager.py:177}}
Jul 30 11:53:02.959662 np0000006122 nova-scheduler[93461]: DEBUG oslo_concurrency.lockutils [None req-d978693d-591e-4fee-aeb0-8a4217961131 tempest-DeleteServersTestJSON-1572007883 tempest-DeleteServersTestJSON-1572007883-project-member] Lock "np0000006122-np0000006122" "released" by "nova.scheduler.host_manager.HostState.update.._locked_update" :: held 0.002s {{(pid=93461) inner /opt/stack/data/venv/lib/python3.12/site-packages/oslo_concurrency/lockutils.py:544}}
Jul 30 11:53:02.959997 np0000006122 nova-scheduler[93461]: DEBUG nova.filters [None req-d978693d-591e-4fee-aeb0-8a4217961131 tempest-DeleteServersTestJSON-1572007883 tempest-DeleteServersTestJSON-1572007883-project-member] Starting with 1 host(s) {{(pid=93461) get_filtered_objects /opt/stack/nova/nova/filters.py:70}}
Jul 30 11:53:02.960286 np0000006122 nova-scheduler[93461]: DEBUG nova.filters [None req-d978693d-591e-4fee-aeb0-8a4217961131 tempest-DeleteServersTestJSON-1572007883 tempest-DeleteServersTestJSON-1572007883-project-member] Filter ComputeFilter returned 1 host(s) {{(pid=93461) get_filtered_objects /opt/stack/nova/nova/filters.py:102}}
Jul 30 11:53:02.960355 np0000006122 nova-scheduler[93461]: DEBUG nova.filters [None req-d978693d-591e-4fee-aeb0-8a4217961131 tempest-DeleteServersTestJSON-1572007883 tempest-DeleteServersTestJSON-1572007883-project-member] Filter ComputeCapabilitiesFilter returned 1 host(s) {{(pid=93461) get_filtered_objects /opt/stack/nova/nova/filters.py:102}}
Jul 30 11:53:02.960551 np0000006122 nova-scheduler[93461]: DEBUG nova.filters [None req-d978693d-591e-4fee-aeb0-8a4217961131 tempest-DeleteServersTestJSON-1572007883 tempest-DeleteServersTestJSON-1572007883-project-member] Filter ImagePropertiesFilter returned 1 host(s) {{(pid=93461) get_filtered_objects /opt/stack/nova/nova/filters.py:102}}
Jul 30 11:53:02.960669 np0000006122 nova-scheduler[93461]: DEBUG nova.filters [None req-d978693d-591e-4fee-aeb0-8a4217961131 tempest-DeleteServersTestJSON-1572007883 tempest-DeleteServersTestJSON-1572007883-project-member] Filter ServerGroupAntiAffinityFilter returned 1 host(s) {{(pid=93461) get_filtered_objects /opt/stack/nova/nova/filters.py:102}}
Jul 30 11:53:02.960774 np0000006122 nova-scheduler[93461]: DEBUG nova.filters [None req-d978693d-591e-4fee-aeb0-8a4217961131 tempest-DeleteServersTestJSON-1572007883 tempest-DeleteServersTestJSON-1572007883-project-member] Filter ServerGroupAffinityFilter returned 1 host(s) {{(pid=93461) get_filtered_objects /opt/stack/nova/nova/filters.py:102}}
Jul 30 11:53:02.961329 np0000006122 nova-scheduler[93461]: DEBUG nova.filters [None req-d978693d-591e-4fee-aeb0-8a4217961131 tempest-DeleteServersTestJSON-1572007883 tempest-DeleteServersTestJSON-1572007883-project-member] Filter SameHostFilter returned 1 host(s) {{(pid=93461) get_filtered_objects /opt/stack/nova/nova/filters.py:102}}
Jul 30 11:53:02.961329 np0000006122 nova-scheduler[93461]: DEBUG nova.filters [None req-d978693d-591e-4fee-aeb0-8a4217961131 tempest-DeleteServersTestJSON-1572007883 tempest-DeleteServersTestJSON-1572007883-project-member] Filter DifferentHostFilter returned 1 host(s) {{(pid=93461) get_filtered_objects /opt/stack/nova/nova/filters.py:102}}
Jul 30 11:53:02.961438 np0000006122 nova-scheduler[93461]: DEBUG nova.scheduler.manager [None req-d978693d-591e-4fee-aeb0-8a4217961131 tempest-DeleteServersTestJSON-1572007883 tempest-DeleteServersTestJSON-1572007883-project-member] Filtered [(np0000006122, np0000006122) ram: 62765MB disk: 74752MB io_ops: 0 instances: 0, allocation_candidates: 1] {{(pid=93461) _get_sorted_hosts /opt/stack/nova/nova/scheduler/manager.py:742}}
Jul 30 11:53:02.961572 np0000006122 nova-scheduler[93461]: DEBUG nova.scheduler.manager [None req-d978693d-591e-4fee-aeb0-8a4217961131 tempest-DeleteServersTestJSON-1572007883 tempest-DeleteServersTestJSON-1572007883-project-member] Weighed [WeighedHost [host: (np0000006122, np0000006122) ram: 62765MB disk: 74752MB io_ops: 0 instances: 0, allocation_candidates: 1, weight: 0.0]] {{(pid=93461) _get_sorted_hosts /opt/stack/nova/nova/scheduler/manager.py:764}}
Jul 30 11:53:02.961735 np0000006122 nova-scheduler[93461]: DEBUG nova.scheduler.utils [None req-d978693d-591e-4fee-aeb0-8a4217961131 tempest-DeleteServersTestJSON-1572007883 tempest-DeleteServersTestJSON-1572007883-project-member] Attempting to claim resources in the placement API for instance fc7f7d65-6507-461a-bcbc-42eab08e6e1c {{(pid=93461) claim_resources /opt/stack/nova/nova/scheduler/utils.py:1345}}
Jul 30 11:53:03.105526 np0000006122 nova-scheduler[93461]: DEBUG nova.scheduler.manager [None req-d978693d-591e-4fee-aeb0-8a4217961131 tempest-DeleteServersTestJSON-1572007883 tempest-DeleteServersTestJSON-1572007883-project-member] [instance: fc7f7d65-6507-461a-bcbc-42eab08e6e1c] Selected host: (np0000006122, np0000006122) ram: 62765MB disk: 74752MB io_ops: 0 instances: 0, allocation_candidates: 1 {{(pid=93461) _consume_selected_host /opt/stack/nova/nova/scheduler/manager.py:624}}
Jul 30 11:53:03.106173 np0000006122 nova-scheduler[93461]: DEBUG oslo_concurrency.lockutils [None req-d978693d-591e-4fee-aeb0-8a4217961131 tempest-DeleteServersTestJSON-1572007883 tempest-DeleteServersTestJSON-1572007883-project-member] Acquiring lock "np0000006122-np0000006122" by "nova.scheduler.host_manager.HostState.consume_from_request.._locked" {{(pid=93461) inner /opt/stack/data/venv/lib/python3.12/site-packages/oslo_concurrency/lockutils.py:512}}
Jul 30 11:53:03.106358 np0000006122 nova-scheduler[93461]: DEBUG oslo_concurrency.lockutils [None req-d978693d-591e-4fee-aeb0-8a4217961131 tempest-DeleteServersTestJSON-1572007883 tempest-DeleteServersTestJSON-1572007883-project-member] Lock "np0000006122-np0000006122" acquired by "nova.scheduler.host_manager.HostState.consume_from_request.._locked" :: waited 0.000s {{(pid=93461) inner /opt/stack/data/venv/lib/python3.12/site-packages/oslo_concurrency/lockutils.py:525}}
Jul 30 11:53:03.106558 np0000006122 nova-scheduler[93461]: DEBUG oslo_concurrency.lockutils [None req-d978693d-591e-4fee-aeb0-8a4217961131 tempest-DeleteServersTestJSON-1572007883 tempest-DeleteServersTestJSON-1572007883-project-member] Lock "np0000006122-np0000006122" "released" by "nova.scheduler.host_manager.HostState.consume_from_request.._locked" :: held 0.000s {{(pid=93461) inner /opt/stack/data/venv/lib/python3.12/site-packages/oslo_concurrency/lockutils.py:544}}
Jul 30 11:53:04.836167 np0000006122 nova-scheduler[93461]: DEBUG oslo.service.backend._threading.loopingcall [None req-cbb96ce2-5360-4950-818c-dce735d0cf09 None None] Dynamic interval looping call 'nova.service.Service.periodic_tasks' sleeping for 60.00 seconds {{(pid=93461) _run_loop /opt/stack/data/venv/lib/python3.12/site-packages/oslo_service/backend/_threading/loopingcall.py:125}}
Jul 30 11:53:05.487711 np0000006122 nova-scheduler[93482]: DEBUG nova.scheduler.manager [None req-2dcb1348-3b5b-458b-9505-e683ff722183 tempest-ServerStableDeviceRescueTest-2123110144 tempest-ServerStableDeviceRescueTest-2123110144-project-member] Starting to schedule for instances: ['a8c601f2-df40-49ee-a15d-5201bbd8d8d9'] {{(pid=93482) select_destinations /opt/stack/nova/nova/scheduler/manager.py:209}}
Jul 30 11:53:05.488234 np0000006122 nova-scheduler[93482]: DEBUG nova.scheduler.request_filter [None req-2dcb1348-3b5b-458b-9505-e683ff722183 tempest-ServerStableDeviceRescueTest-2123110144 tempest-ServerStableDeviceRescueTest-2123110144-project-member] compute_status_filter request filter added forbidden trait COMPUTE_STATUS_DISABLED {{(pid=93482) compute_status_filter /opt/stack/nova/nova/scheduler/request_filter.py:253}}
Jul 30 11:53:05.488354 np0000006122 nova-scheduler[93482]: DEBUG nova.scheduler.request_filter [None req-2dcb1348-3b5b-458b-9505-e683ff722183 tempest-ServerStableDeviceRescueTest-2123110144 tempest-ServerStableDeviceRescueTest-2123110144-project-member] Request filter 'compute_status_filter' took 0.0 seconds {{(pid=93482) wrapper /opt/stack/nova/nova/scheduler/request_filter.py:46}}
Jul 30 11:53:05.488543 np0000006122 nova-scheduler[93482]: DEBUG nova.scheduler.request_filter [None req-2dcb1348-3b5b-458b-9505-e683ff722183 tempest-ServerStableDeviceRescueTest-2123110144 tempest-ServerStableDeviceRescueTest-2123110144-project-member] Request filter 'accelerators_filter' took 0.0 seconds {{(pid=93482) wrapper /opt/stack/nova/nova/scheduler/request_filter.py:46}}
Jul 30 11:53:05.488828 np0000006122 nova-scheduler[93482]: DEBUG nova.scheduler.request_filter [None req-2dcb1348-3b5b-458b-9505-e683ff722183 tempest-ServerStableDeviceRescueTest-2123110144 tempest-ServerStableDeviceRescueTest-2123110144-project-member] Request filter 'packed_virtqueue_filter' took 0.0 seconds {{(pid=93482) wrapper /opt/stack/nova/nova/scheduler/request_filter.py:46}}
Jul 30 11:53:05.489110 np0000006122 nova-scheduler[93482]: DEBUG nova.scheduler.request_filter [None req-2dcb1348-3b5b-458b-9505-e683ff722183 tempest-ServerStableDeviceRescueTest-2123110144 tempest-ServerStableDeviceRescueTest-2123110144-project-member] Request filter 'remote_managed_ports_filter' took 0.0 seconds {{(pid=93482) wrapper /opt/stack/nova/nova/scheduler/request_filter.py:46}}
Jul 30 11:53:05.489248 np0000006122 nova-scheduler[93482]: DEBUG nova.scheduler.request_filter [None req-2dcb1348-3b5b-458b-9505-e683ff722183 tempest-ServerStableDeviceRescueTest-2123110144 tempest-ServerStableDeviceRescueTest-2123110144-project-member] ephemeral_encryption_filter skipped {{(pid=93482) ephemeral_encryption_filter /opt/stack/nova/nova/scheduler/request_filter.py:426}}
