Jul 31 04:29:45.915503 np0000006176 nova-conductor[99182]: DEBUG cotyledon.oslo_config_glue [-] workarounds.disable_fallback_pcpu_query = False {{(pid=99182) log_opt_values /opt/stack/data/venv/lib/python3.12/site-packages/oslo_config/cfg.py:3253}}
Jul 31 04:29:45.915717 np0000006176 nova-conductor[99182]: DEBUG cotyledon.oslo_config_glue [-] workarounds.disable_group_policy_check_upcall = False {{(pid=99182) log_opt_values /opt/stack/data/venv/lib/python3.12/site-packages/oslo_config/cfg.py:3253}}
Jul 31 04:29:45.915717 np0000006176 nova-conductor[99182]: DEBUG cotyledon.oslo_config_glue [-] workarounds.disable_libvirt_livesnapshot = False {{(pid=99182) log_opt_values /opt/stack/data/venv/lib/python3.12/site-packages/oslo_config/cfg.py:3253}}
Jul 31 04:29:45.915717 np0000006176 nova-conductor[99182]: DEBUG cotyledon.oslo_config_glue [-] workarounds.disable_rootwrap = False {{(pid=99182) log_opt_values /opt/stack/data/venv/lib/python3.12/site-packages/oslo_config/cfg.py:3253}}
Jul 31 04:29:45.915717 np0000006176 nova-conductor[99182]: DEBUG cotyledon.oslo_config_glue [-] workarounds.enable_numa_live_migration = False {{(pid=99182) log_opt_values /opt/stack/data/venv/lib/python3.12/site-packages/oslo_config/cfg.py:3253}}
Jul 31 04:29:45.915717 np0000006176 nova-conductor[99182]: DEBUG cotyledon.oslo_config_glue [-] workarounds.enable_qemu_monitor_announce_self = False {{(pid=99182) log_opt_values /opt/stack/data/venv/lib/python3.12/site-packages/oslo_config/cfg.py:3253}}
Jul 31 04:29:45.915717 np0000006176 nova-conductor[99182]: DEBUG cotyledon.oslo_config_glue [-] workarounds.ensure_libvirt_rbd_instance_dir_cleanup = False {{(pid=99182) log_opt_values /opt/stack/data/venv/lib/python3.12/site-packages/oslo_config/cfg.py:3253}}
Jul 31 04:29:45.915717 np0000006176 nova-conductor[99182]: DEBUG cotyledon.oslo_config_glue [-] workarounds.handle_virt_lifecycle_events = True {{(pid=99182) log_opt_values /opt/stack/data/venv/lib/python3.12/site-packages/oslo_config/cfg.py:3253}}
Jul 31 04:29:45.915717 np0000006176 nova-conductor[99182]: DEBUG cotyledon.oslo_config_glue [-] workarounds.libvirt_disable_apic = False {{(pid=99182) log_opt_values /opt/stack/data/venv/lib/python3.12/site-packages/oslo_config/cfg.py:3253}}
Jul 31 04:29:45.915717 np0000006176 nova-conductor[99182]: DEBUG cotyledon.oslo_config_glue [-] workarounds.never_download_image_if_on_rbd = False {{(pid=99182) log_opt_values /opt/stack/data/venv/lib/python3.12/site-packages/oslo_config/cfg.py:3253}}
Jul 31 04:29:45.915929 np0000006176 nova-conductor[99182]: DEBUG cotyledon.oslo_config_glue [-] workarounds.qemu_monitor_announce_self_count = 3 {{(pid=99182) log_opt_values /opt/stack/data/venv/lib/python3.12/site-packages/oslo_config/cfg.py:3253}}
Jul 31 04:29:45.915929 np0000006176 nova-conductor[99182]: DEBUG cotyledon.oslo_config_glue [-] workarounds.qemu_monitor_announce_self_interval = 1 {{(pid=99182) log_opt_values /opt/stack/data/venv/lib/python3.12/site-packages/oslo_config/cfg.py:3253}}
Jul 31 04:29:45.915929 np0000006176 nova-conductor[99182]: DEBUG cotyledon.oslo_config_glue [-] workarounds.reserve_disk_resource_for_image_cache = False {{(pid=99182) log_opt_values /opt/stack/data/venv/lib/python3.12/site-packages/oslo_config/cfg.py:3253}}
Jul 31 04:29:45.915929 np0000006176 nova-conductor[99182]: DEBUG cotyledon.oslo_config_glue [-] workarounds.skip_cpu_compare_at_startup = False {{(pid=99182) log_opt_values /opt/stack/data/venv/lib/python3.12/site-packages/oslo_config/cfg.py:3253}}
Jul 31 04:29:45.915929 np0000006176 nova-conductor[99182]: DEBUG cotyledon.oslo_config_glue [-] workarounds.skip_cpu_compare_on_dest = False {{(pid=99182) log_opt_values /opt/stack/data/venv/lib/python3.12/site-packages/oslo_config/cfg.py:3253}}
Jul 31 04:29:45.915929 np0000006176 nova-conductor[99182]: DEBUG cotyledon.oslo_config_glue [-] workarounds.skip_hypervisor_version_check_on_lm = False {{(pid=99182) log_opt_values /opt/stack/data/venv/lib/python3.12/site-packages/oslo_config/cfg.py:3253}}
Jul 31 04:29:45.915929 np0000006176 nova-conductor[99182]: DEBUG cotyledon.oslo_config_glue [-] workarounds.skip_reserve_in_use_ironic_nodes = False {{(pid=99182) log_opt_values /opt/stack/data/venv/lib/python3.12/site-packages/oslo_config/cfg.py:3253}}
Jul 31 04:29:45.915929 np0000006176 nova-conductor[99182]: DEBUG cotyledon.oslo_config_glue [-] workarounds.unified_limits_count_pcpu_as_vcpu = False {{(pid=99182) log_opt_values /opt/stack/data/venv/lib/python3.12/site-packages/oslo_config/cfg.py:3253}}
Jul 31 04:29:45.916114 np0000006176 nova-conductor[99182]: DEBUG cotyledon.oslo_config_glue [-] workarounds.wait_for_vif_plugged_event_during_hard_reboot = [] {{(pid=99182) log_opt_values /opt/stack/data/venv/lib/python3.12/site-packages/oslo_config/cfg.py:3253}}
Jul 31 04:29:45.916114 np0000006176 nova-conductor[99182]: DEBUG cotyledon.oslo_config_glue [-] wsgi.api_paste_config = /etc/nova/api-paste.ini {{(pid=99182) log_opt_values /opt/stack/data/venv/lib/python3.12/site-packages/oslo_config/cfg.py:3253}}
Jul 31 04:29:45.916114 np0000006176 nova-conductor[99182]: DEBUG cotyledon.oslo_config_glue [-] wsgi.secure_proxy_ssl_header = None {{(pid=99182) log_opt_values /opt/stack/data/venv/lib/python3.12/site-packages/oslo_config/cfg.py:3253}}
Jul 31 04:29:45.916114 np0000006176 nova-conductor[99182]: DEBUG cotyledon.oslo_config_glue [-] zvm.ca_file = None {{(pid=99182) log_opt_values /opt/stack/data/venv/lib/python3.12/site-packages/oslo_config/cfg.py:3253}}
Jul 31 04:29:45.916114 np0000006176 nova-conductor[99182]: DEBUG cotyledon.oslo_config_glue [-] zvm.cloud_connector_url = None {{(pid=99182) log_opt_values /opt/stack/data/venv/lib/python3.12/site-packages/oslo_config/cfg.py:3253}}
Jul 31 04:29:45.916114 np0000006176 nova-conductor[99182]: DEBUG cotyledon.oslo_config_glue [-] zvm.image_tmp_path = /opt/stack/data/nova/images {{(pid=99182) log_opt_values /opt/stack/data/venv/lib/python3.12/site-packages/oslo_config/cfg.py:3253}}
Jul 31 04:29:45.916114 np0000006176 nova-conductor[99182]: DEBUG cotyledon.oslo_config_glue [-] zvm.reachable_timeout = 300 {{(pid=99182) log_opt_values /opt/stack/data/venv/lib/python3.12/site-packages/oslo_config/cfg.py:3253}}
Jul 31 04:29:45.916114 np0000006176 nova-conductor[99182]: DEBUG cotyledon.oslo_config_glue [-] oslo_versionedobjects.fatal_exception_format_errors = False {{(pid=99182) log_opt_values /opt/stack/data/venv/lib/python3.12/site-packages/oslo_config/cfg.py:3253}}
Jul 31 04:29:45.916114 np0000006176 nova-conductor[99182]: DEBUG cotyledon.oslo_config_glue [-] oslo_middleware.http_basic_auth_user_file = /etc/htpasswd {{(pid=99182) log_opt_values /opt/stack/data/venv/lib/python3.12/site-packages/oslo_config/cfg.py:3253}}
Jul 31 04:29:45.916338 np0000006176 nova-conductor[99182]: DEBUG cotyledon.oslo_config_glue [-] profiler.connection_string = messaging:// {{(pid=99182) log_opt_values /opt/stack/data/venv/lib/python3.12/site-packages/oslo_config/cfg.py:3253}}
Jul 31 04:29:45.916338 np0000006176 nova-conductor[99182]: DEBUG cotyledon.oslo_config_glue [-] profiler.enabled = False {{(pid=99182) log_opt_values /opt/stack/data/venv/lib/python3.12/site-packages/oslo_config/cfg.py:3253}}
Jul 31 04:29:45.916338 np0000006176 nova-conductor[99182]: DEBUG cotyledon.oslo_config_glue [-] profiler.es_doc_type = notification {{(pid=99182) log_opt_values /opt/stack/data/venv/lib/python3.12/site-packages/oslo_config/cfg.py:3253}}
Jul 31 04:29:45.916338 np0000006176 nova-conductor[99182]: DEBUG cotyledon.oslo_config_glue [-] profiler.es_scroll_size = 10000 {{(pid=99182) log_opt_values /opt/stack/data/venv/lib/python3.12/site-packages/oslo_config/cfg.py:3253}}
Jul 31 04:29:45.916338 np0000006176 nova-conductor[99182]: DEBUG cotyledon.oslo_config_glue [-] profiler.es_scroll_time = 2m {{(pid=99182) log_opt_values /opt/stack/data/venv/lib/python3.12/site-packages/oslo_config/cfg.py:3253}}
Jul 31 04:29:45.916338 np0000006176 nova-conductor[99182]: DEBUG cotyledon.oslo_config_glue [-] profiler.filter_error_trace = False {{(pid=99182) log_opt_values /opt/stack/data/venv/lib/python3.12/site-packages/oslo_config/cfg.py:3253}}
Jul 31 04:29:45.916338 np0000006176 nova-conductor[99182]: DEBUG cotyledon.oslo_config_glue [-] profiler.hmac_keys = **** {{(pid=99182) log_opt_values /opt/stack/data/venv/lib/python3.12/site-packages/oslo_config/cfg.py:3253}}
Jul 31 04:29:45.916338 np0000006176 nova-conductor[99182]: DEBUG cotyledon.oslo_config_glue [-] profiler.sentinel_service_name = mymaster {{(pid=99182) log_opt_values /opt/stack/data/venv/lib/python3.12/site-packages/oslo_config/cfg.py:3253}}
Jul 31 04:29:45.916338 np0000006176 nova-conductor[99182]: DEBUG cotyledon.oslo_config_glue [-] profiler.socket_timeout = 0.1 {{(pid=99182) log_opt_values /opt/stack/data/venv/lib/python3.12/site-packages/oslo_config/cfg.py:3253}}
Jul 31 04:29:45.916564 np0000006176 nova-conductor[99182]: DEBUG cotyledon.oslo_config_glue [-] profiler.trace_requests = False {{(pid=99182) log_opt_values /opt/stack/data/venv/lib/python3.12/site-packages/oslo_config/cfg.py:3253}}
Jul 31 04:29:45.916564 np0000006176 nova-conductor[99182]: DEBUG cotyledon.oslo_config_glue [-] profiler.trace_sqlalchemy = False {{(pid=99182) log_opt_values /opt/stack/data/venv/lib/python3.12/site-packages/oslo_config/cfg.py:3253}}
Jul 31 04:29:45.916564 np0000006176 nova-conductor[99182]: DEBUG cotyledon.oslo_config_glue [-] profiler_jaeger.process_tags = {} {{(pid=99182) log_opt_values /opt/stack/data/venv/lib/python3.12/site-packages/oslo_config/cfg.py:3253}}
Jul 31 04:29:45.916564 np0000006176 nova-conductor[99182]: DEBUG cotyledon.oslo_config_glue [-] profiler_jaeger.service_name_prefix = None {{(pid=99182) log_opt_values /opt/stack/data/venv/lib/python3.12/site-packages/oslo_config/cfg.py:3253}}
Jul 31 04:29:45.916564 np0000006176 nova-conductor[99182]: DEBUG cotyledon.oslo_config_glue [-] profiler_otlp.service_name_prefix = None {{(pid=99182) log_opt_values /opt/stack/data/venv/lib/python3.12/site-packages/oslo_config/cfg.py:3253}}
Jul 31 04:29:45.916564 np0000006176 nova-conductor[99182]: DEBUG cotyledon.oslo_config_glue [-] oslo_messaging_rabbit.amqp_auto_delete = False {{(pid=99182) log_opt_values /opt/stack/data/venv/lib/python3.12/site-packages/oslo_config/cfg.py:3253}}
Jul 31 04:29:45.916564 np0000006176 nova-conductor[99182]: DEBUG cotyledon.oslo_config_glue [-] oslo_messaging_rabbit.amqp_durable_queues = False {{(pid=99182) log_opt_values /opt/stack/data/venv/lib/python3.12/site-packages/oslo_config/cfg.py:3253}}
Jul 31 04:29:45.916564 np0000006176 nova-conductor[99182]: DEBUG cotyledon.oslo_config_glue [-] oslo_messaging_rabbit.conn_pool_min_size = 2 {{(pid=99182) log_opt_values /opt/stack/data/venv/lib/python3.12/site-packages/oslo_config/cfg.py:3253}}
Jul 31 04:29:45.916771 np0000006176 nova-conductor[99177]: INFO dbcounter [None req-ddbd2814-03e1-4eb0-a231-9597071a1256 None None] Registered counter for database nova_cell0
Jul 31 04:29:45.916812 np0000006176 nova-conductor[99182]: DEBUG cotyledon.oslo_config_glue [-] oslo_messaging_rabbit.conn_pool_ttl = 1200 {{(pid=99182) log_opt_values /opt/stack/data/venv/lib/python3.12/site-packages/oslo_config/cfg.py:3253}}
Jul 31 04:29:45.916812 np0000006176 nova-conductor[99182]: DEBUG cotyledon.oslo_config_glue [-] oslo_messaging_rabbit.direct_mandatory_flag = True {{(pid=99182) log_opt_values /opt/stack/data/venv/lib/python3.12/site-packages/oslo_config/cfg.py:3253}}
Jul 31 04:29:45.916812 np0000006176 nova-conductor[99182]: DEBUG cotyledon.oslo_config_glue [-] oslo_messaging_rabbit.enable_cancel_on_failover = False {{(pid=99182) log_opt_values /opt/stack/data/venv/lib/python3.12/site-packages/oslo_config/cfg.py:3253}}
Jul 31 04:29:45.916812 np0000006176 nova-conductor[99182]: DEBUG cotyledon.oslo_config_glue [-] oslo_messaging_rabbit.heartbeat_rate = 3 {{(pid=99182) log_opt_values /opt/stack/data/venv/lib/python3.12/site-packages/oslo_config/cfg.py:3253}}
Jul 31 04:29:45.916902 np0000006176 nova-conductor[99165]: DEBUG oslo_db.sqlalchemy.engines [None req-a1b9fe42-ce96-4a22-bc0a-b69fc75861be None None] MySQL server mode set to STRICT_TRANS_TABLES,STRICT_ALL_TABLES,NO_ZERO_IN_DATE,NO_ZERO_DATE,ERROR_FOR_DIVISION_BY_ZERO,TRADITIONAL,NO_ENGINE_SUBSTITUTION {{(pid=99165) _check_effective_sql_mode /opt/stack/data/venv/lib/python3.12/site-packages/oslo_db/sqlalchemy/engines.py:325}}
Jul 31 04:29:45.916932 np0000006176 nova-conductor[99182]: DEBUG cotyledon.oslo_config_glue [-] oslo_messaging_rabbit.heartbeat_timeout_threshold = 60 {{(pid=99182) log_opt_values /opt/stack/data/venv/lib/python3.12/site-packages/oslo_config/cfg.py:3253}}
Jul 31 04:29:45.916932 np0000006176 nova-conductor[99182]: DEBUG cotyledon.oslo_config_glue [-] oslo_messaging_rabbit.hostname = np0000006176 {{(pid=99182) log_opt_values /opt/stack/data/venv/lib/python3.12/site-packages/oslo_config/cfg.py:3253}}
Jul 31 04:29:45.916932 np0000006176 nova-conductor[99182]: DEBUG cotyledon.oslo_config_glue [-] oslo_messaging_rabbit.kombu_compression = None {{(pid=99182) log_opt_values /opt/stack/data/venv/lib/python3.12/site-packages/oslo_config/cfg.py:3253}}
Jul 31 04:29:45.916932 np0000006176 nova-conductor[99182]: DEBUG cotyledon.oslo_config_glue [-] oslo_messaging_rabbit.kombu_failover_strategy = round-robin {{(pid=99182) log_opt_values /opt/stack/data/venv/lib/python3.12/site-packages/oslo_config/cfg.py:3253}}
Jul 31 04:29:45.916932 np0000006176 nova-conductor[99182]: DEBUG cotyledon.oslo_config_glue [-] oslo_messaging_rabbit.kombu_missing_consumer_retry_timeout = 60 {{(pid=99182) log_opt_values /opt/stack/data/venv/lib/python3.12/site-packages/oslo_config/cfg.py:3253}}
Jul 31 04:29:45.916932 np0000006176 nova-conductor[99182]: DEBUG cotyledon.oslo_config_glue [-] oslo_messaging_rabbit.kombu_reconnect_delay = 1.0 {{(pid=99182) log_opt_values /opt/stack/data/venv/lib/python3.12/site-packages/oslo_config/cfg.py:3253}}
Jul 31 04:29:45.916932 np0000006176 nova-conductor[99182]: DEBUG cotyledon.oslo_config_glue [-] oslo_messaging_rabbit.kombu_reconnect_splay = 0.0 {{(pid=99182) log_opt_values /opt/stack/data/venv/lib/python3.12/site-packages/oslo_config/cfg.py:3253}}
Jul 31 04:29:45.916932 np0000006176 nova-conductor[99182]: DEBUG cotyledon.oslo_config_glue [-] oslo_messaging_rabbit.processname = nova-conductor {{(pid=99182) log_opt_values /opt/stack/data/venv/lib/python3.12/site-packages/oslo_config/cfg.py:3253}}
Jul 31 04:29:45.916932 np0000006176 nova-conductor[99182]: DEBUG cotyledon.oslo_config_glue [-] oslo_messaging_rabbit.rabbit_ha_queues = False {{(pid=99182) log_opt_values /opt/stack/data/venv/lib/python3.12/site-packages/oslo_config/cfg.py:3253}}
Jul 31 04:29:45.917241 np0000006176 nova-conductor[99182]: DEBUG cotyledon.oslo_config_glue [-] oslo_messaging_rabbit.rabbit_interval_max = 30 {{(pid=99182) log_opt_values /opt/stack/data/venv/lib/python3.12/site-packages/oslo_config/cfg.py:3253}}
Jul 31 04:29:45.917241 np0000006176 nova-conductor[99182]: DEBUG cotyledon.oslo_config_glue [-] oslo_messaging_rabbit.rabbit_login_method = AMQPLAIN {{(pid=99182) log_opt_values /opt/stack/data/venv/lib/python3.12/site-packages/oslo_config/cfg.py:3253}}
Jul 31 04:29:45.917241 np0000006176 nova-conductor[99182]: DEBUG cotyledon.oslo_config_glue [-] oslo_messaging_rabbit.rabbit_qos_prefetch_count = 0 {{(pid=99182) log_opt_values /opt/stack/data/venv/lib/python3.12/site-packages/oslo_config/cfg.py:3253}}
Jul 31 04:29:45.917241 np0000006176 nova-conductor[99182]: DEBUG cotyledon.oslo_config_glue [-] oslo_messaging_rabbit.rabbit_quorum_delivery_limit = 0 {{(pid=99182) log_opt_values /opt/stack/data/venv/lib/python3.12/site-packages/oslo_config/cfg.py:3253}}
Jul 31 04:29:45.917241 np0000006176 nova-conductor[99182]: DEBUG cotyledon.oslo_config_glue [-] oslo_messaging_rabbit.rabbit_quorum_max_memory_bytes = 0 {{(pid=99182) log_opt_values /opt/stack/data/venv/lib/python3.12/site-packages/oslo_config/cfg.py:3253}}
Jul 31 04:29:45.917241 np0000006176 nova-conductor[99182]: DEBUG cotyledon.oslo_config_glue [-] oslo_messaging_rabbit.rabbit_quorum_max_memory_length = 0 {{(pid=99182) log_opt_values /opt/stack/data/venv/lib/python3.12/site-packages/oslo_config/cfg.py:3253}}
Jul 31 04:29:45.917241 np0000006176 nova-conductor[99182]: DEBUG cotyledon.oslo_config_glue [-] oslo_messaging_rabbit.rabbit_quorum_queue = False {{(pid=99182) log_opt_values /opt/stack/data/venv/lib/python3.12/site-packages/oslo_config/cfg.py:3253}}
Jul 31 04:29:45.917241 np0000006176 nova-conductor[99182]: DEBUG cotyledon.oslo_config_glue [-] oslo_messaging_rabbit.rabbit_retry_backoff = 2 {{(pid=99182) log_opt_values /opt/stack/data/venv/lib/python3.12/site-packages/oslo_config/cfg.py:3253}}
Jul 31 04:29:45.917241 np0000006176 nova-conductor[99182]: DEBUG cotyledon.oslo_config_glue [-] oslo_messaging_rabbit.rabbit_retry_interval = 1 {{(pid=99182) log_opt_values /opt/stack/data/venv/lib/python3.12/site-packages/oslo_config/cfg.py:3253}}
Jul 31 04:29:45.917848 np0000006176 nova-conductor[99172]: INFO dbcounter [None req-82ea38c5-00d6-47bf-a256-de49c1255393 None None] Registered counter for database nova_cell0
Jul 31 04:29:45.917877 np0000006176 nova-conductor[99182]: DEBUG cotyledon.oslo_config_glue [-] oslo_messaging_rabbit.rabbit_stream_fanout = False {{(pid=99182) log_opt_values /opt/stack/data/venv/lib/python3.12/site-packages/oslo_config/cfg.py:3253}}
Jul 31 04:29:45.917877 np0000006176 nova-conductor[99182]: DEBUG cotyledon.oslo_config_glue [-] oslo_messaging_rabbit.rabbit_transient_queues_ttl = 1800 {{(pid=99182) log_opt_values /opt/stack/data/venv/lib/python3.12/site-packages/oslo_config/cfg.py:3253}}
Jul 31 04:29:45.917877 np0000006176 nova-conductor[99182]: DEBUG cotyledon.oslo_config_glue [-] oslo_messaging_rabbit.rabbit_transient_quorum_queue = False {{(pid=99182) log_opt_values /opt/stack/data/venv/lib/python3.12/site-packages/oslo_config/cfg.py:3253}}
Jul 31 04:29:45.917877 np0000006176 nova-conductor[99182]: DEBUG cotyledon.oslo_config_glue [-] oslo_messaging_rabbit.rpc_conn_pool_size = 30 {{(pid=99182) log_opt_values /opt/stack/data/venv/lib/python3.12/site-packages/oslo_config/cfg.py:3253}}
Jul 31 04:29:45.917877 np0000006176 nova-conductor[99182]: DEBUG cotyledon.oslo_config_glue [-] oslo_messaging_rabbit.ssl = False {{(pid=99182) log_opt_values /opt/stack/data/venv/lib/python3.12/site-packages/oslo_config/cfg.py:3253}}
Jul 31 04:29:45.917877 np0000006176 nova-conductor[99182]: DEBUG cotyledon.oslo_config_glue [-] oslo_messaging_rabbit.ssl_ca_file = {{(pid=99182) log_opt_values /opt/stack/data/venv/lib/python3.12/site-packages/oslo_config/cfg.py:3253}}
Jul 31 04:29:45.917877 np0000006176 nova-conductor[99182]: DEBUG cotyledon.oslo_config_glue [-] oslo_messaging_rabbit.ssl_cert_file = {{(pid=99182) log_opt_values /opt/stack/data/venv/lib/python3.12/site-packages/oslo_config/cfg.py:3253}}
Jul 31 04:29:45.917877 np0000006176 nova-conductor[99182]: DEBUG cotyledon.oslo_config_glue [-] oslo_messaging_rabbit.ssl_enforce_fips_mode = False {{(pid=99182) log_opt_values /opt/stack/data/venv/lib/python3.12/site-packages/oslo_config/cfg.py:3253}}
Jul 31 04:29:45.917877 np0000006176 nova-conductor[99182]: DEBUG cotyledon.oslo_config_glue [-] oslo_messaging_rabbit.ssl_enforce_hostname_verification = True {{(pid=99182) log_opt_values /opt/stack/data/venv/lib/python3.12/site-packages/oslo_config/cfg.py:3253}}
Jul 31 04:29:45.918084 np0000006176 nova-conductor[99182]: DEBUG cotyledon.oslo_config_glue [-] oslo_messaging_rabbit.ssl_key_file = {{(pid=99182) log_opt_values /opt/stack/data/venv/lib/python3.12/site-packages/oslo_config/cfg.py:3253}}
Jul 31 04:29:45.918084 np0000006176 nova-conductor[99182]: DEBUG cotyledon.oslo_config_glue [-] oslo_messaging_rabbit.ssl_version = {{(pid=99182) log_opt_values /opt/stack/data/venv/lib/python3.12/site-packages/oslo_config/cfg.py:3253}}
Jul 31 04:29:45.918084 np0000006176 nova-conductor[99182]: DEBUG cotyledon.oslo_config_glue [-] oslo_messaging_rabbit.use_queue_manager = False {{(pid=99182) log_opt_values /opt/stack/data/venv/lib/python3.12/site-packages/oslo_config/cfg.py:3253}}
Jul 31 04:29:45.918084 np0000006176 nova-conductor[99182]: DEBUG cotyledon.oslo_config_glue [-] oslo_messaging_notifications.driver = ['messagingv2'] {{(pid=99182) log_opt_values /opt/stack/data/venv/lib/python3.12/site-packages/oslo_config/cfg.py:3253}}
Jul 31 04:29:45.918084 np0000006176 nova-conductor[99182]: DEBUG cotyledon.oslo_config_glue [-] oslo_messaging_notifications.retry = -1 {{(pid=99182) log_opt_values /opt/stack/data/venv/lib/python3.12/site-packages/oslo_config/cfg.py:3253}}
Jul 31 04:29:45.918084 np0000006176 nova-conductor[99182]: DEBUG cotyledon.oslo_config_glue [-] oslo_messaging_notifications.topics = ['notifications'] {{(pid=99182) log_opt_values /opt/stack/data/venv/lib/python3.12/site-packages/oslo_config/cfg.py:3253}}
Jul 31 04:29:45.918084 np0000006176 nova-conductor[99182]: DEBUG cotyledon.oslo_config_glue [-] oslo_messaging_notifications.transport_url = **** {{(pid=99182) log_opt_values /opt/stack/data/venv/lib/python3.12/site-packages/oslo_config/cfg.py:3253}}
Jul 31 04:29:45.918084 np0000006176 nova-conductor[99182]: DEBUG cotyledon.oslo_config_glue [-] oslo_limit.auth_section = None {{(pid=99182) log_opt_values /opt/stack/data/venv/lib/python3.12/site-packages/oslo_config/cfg.py:3253}}
Jul 31 04:29:45.918084 np0000006176 nova-conductor[99182]: DEBUG cotyledon.oslo_config_glue [-] oslo_limit.auth_type = None {{(pid=99182) log_opt_values /opt/stack/data/venv/lib/python3.12/site-packages/oslo_config/cfg.py:3253}}
Jul 31 04:29:45.918299 np0000006176 nova-conductor[99182]: DEBUG cotyledon.oslo_config_glue [-] oslo_limit.cafile = None {{(pid=99182) log_opt_values /opt/stack/data/venv/lib/python3.12/site-packages/oslo_config/cfg.py:3253}}
Jul 31 04:29:45.918299 np0000006176 nova-conductor[99182]: DEBUG cotyledon.oslo_config_glue [-] oslo_limit.certfile = None {{(pid=99182) log_opt_values /opt/stack/data/venv/lib/python3.12/site-packages/oslo_config/cfg.py:3253}}
Jul 31 04:29:45.918299 np0000006176 nova-conductor[99182]: DEBUG cotyledon.oslo_config_glue [-] oslo_limit.collect_timing = False {{(pid=99182) log_opt_values /opt/stack/data/venv/lib/python3.12/site-packages/oslo_config/cfg.py:3253}}
Jul 31 04:29:45.918299 np0000006176 nova-conductor[99182]: DEBUG cotyledon.oslo_config_glue [-] oslo_limit.connect_retries = None {{(pid=99182) log_opt_values /opt/stack/data/venv/lib/python3.12/site-packages/oslo_config/cfg.py:3253}}
Jul 31 04:29:45.918299 np0000006176 nova-conductor[99182]: DEBUG cotyledon.oslo_config_glue [-] oslo_limit.connect_retry_delay = None {{(pid=99182) log_opt_values /opt/stack/data/venv/lib/python3.12/site-packages/oslo_config/cfg.py:3253}}
Jul 31 04:29:45.918299 np0000006176 nova-conductor[99182]: DEBUG cotyledon.oslo_config_glue [-] oslo_limit.endpoint_id = None {{(pid=99182) log_opt_values /opt/stack/data/venv/lib/python3.12/site-packages/oslo_config/cfg.py:3253}}
Jul 31 04:29:45.918299 np0000006176 nova-conductor[99182]: DEBUG cotyledon.oslo_config_glue [-] oslo_limit.endpoint_interface = public {{(pid=99182) log_opt_values /opt/stack/data/venv/lib/python3.12/site-packages/oslo_config/cfg.py:3253}}
Jul 31 04:29:45.918299 np0000006176 nova-conductor[99182]: DEBUG cotyledon.oslo_config_glue [-] oslo_limit.endpoint_override = None {{(pid=99182) log_opt_values /opt/stack/data/venv/lib/python3.12/site-packages/oslo_config/cfg.py:3253}}
Jul 31 04:29:45.918299 np0000006176 nova-conductor[99182]: DEBUG cotyledon.oslo_config_glue [-] oslo_limit.endpoint_region_name = None {{(pid=99182) log_opt_values /opt/stack/data/venv/lib/python3.12/site-packages/oslo_config/cfg.py:3253}}
Jul 31 04:29:45.918480 np0000006176 nova-conductor[99182]: DEBUG cotyledon.oslo_config_glue [-] oslo_limit.endpoint_service_name = None {{(pid=99182) log_opt_values /opt/stack/data/venv/lib/python3.12/site-packages/oslo_config/cfg.py:3253}}
Jul 31 04:29:45.918480 np0000006176 nova-conductor[99182]: DEBUG cotyledon.oslo_config_glue [-] oslo_limit.endpoint_service_type = None {{(pid=99182) log_opt_values /opt/stack/data/venv/lib/python3.12/site-packages/oslo_config/cfg.py:3253}}
Jul 31 04:29:45.918480 np0000006176 nova-conductor[99182]: DEBUG cotyledon.oslo_config_glue [-] oslo_limit.insecure = False {{(pid=99182) log_opt_values /opt/stack/data/venv/lib/python3.12/site-packages/oslo_config/cfg.py:3253}}
Jul 31 04:29:45.918480 np0000006176 nova-conductor[99182]: DEBUG cotyledon.oslo_config_glue [-] oslo_limit.keyfile = None {{(pid=99182) log_opt_values /opt/stack/data/venv/lib/python3.12/site-packages/oslo_config/cfg.py:3253}}
Jul 31 04:29:45.918480 np0000006176 nova-conductor[99182]: DEBUG cotyledon.oslo_config_glue [-] oslo_limit.max_version = None {{(pid=99182) log_opt_values /opt/stack/data/venv/lib/python3.12/site-packages/oslo_config/cfg.py:3253}}
Jul 31 04:29:45.918480 np0000006176 nova-conductor[99182]: DEBUG cotyledon.oslo_config_glue [-] oslo_limit.min_version = None {{(pid=99182) log_opt_values /opt/stack/data/venv/lib/python3.12/site-packages/oslo_config/cfg.py:3253}}
Jul 31 04:29:45.918480 np0000006176 nova-conductor[99182]: DEBUG cotyledon.oslo_config_glue [-] oslo_limit.region_name = None {{(pid=99182) log_opt_values /opt/stack/data/venv/lib/python3.12/site-packages/oslo_config/cfg.py:3253}}
Jul 31 04:29:45.918480 np0000006176 nova-conductor[99182]: DEBUG cotyledon.oslo_config_glue [-] oslo_limit.retriable_status_codes = None {{(pid=99182) log_opt_values /opt/stack/data/venv/lib/python3.12/site-packages/oslo_config/cfg.py:3253}}
Jul 31 04:29:45.918480 np0000006176 nova-conductor[99182]: DEBUG cotyledon.oslo_config_glue [-] oslo_limit.service_name = None {{(pid=99182) log_opt_values /opt/stack/data/venv/lib/python3.12/site-packages/oslo_config/cfg.py:3253}}
Jul 31 04:29:45.918666 np0000006176 nova-conductor[99182]: DEBUG cotyledon.oslo_config_glue [-] oslo_limit.service_type = None {{(pid=99182) log_opt_values /opt/stack/data/venv/lib/python3.12/site-packages/oslo_config/cfg.py:3253}}
Jul 31 04:29:45.918666 np0000006176 nova-conductor[99182]: DEBUG cotyledon.oslo_config_glue [-] oslo_limit.split_loggers = False {{(pid=99182) log_opt_values /opt/stack/data/venv/lib/python3.12/site-packages/oslo_config/cfg.py:3253}}
Jul 31 04:29:45.918666 np0000006176 nova-conductor[99182]: DEBUG cotyledon.oslo_config_glue [-] oslo_limit.status_code_retries = None {{(pid=99182) log_opt_values /opt/stack/data/venv/lib/python3.12/site-packages/oslo_config/cfg.py:3253}}
Jul 31 04:29:45.918666 np0000006176 nova-conductor[99182]: DEBUG cotyledon.oslo_config_glue [-] oslo_limit.status_code_retry_delay = None {{(pid=99182) log_opt_values /opt/stack/data/venv/lib/python3.12/site-packages/oslo_config/cfg.py:3253}}
Jul 31 04:29:45.918666 np0000006176 nova-conductor[99182]: DEBUG cotyledon.oslo_config_glue [-] oslo_limit.timeout = None {{(pid=99182) log_opt_values /opt/stack/data/venv/lib/python3.12/site-packages/oslo_config/cfg.py:3253}}
Jul 31 04:29:45.918666 np0000006176 nova-conductor[99182]: DEBUG cotyledon.oslo_config_glue [-] oslo_limit.valid_interfaces = None {{(pid=99182) log_opt_values /opt/stack/data/venv/lib/python3.12/site-packages/oslo_config/cfg.py:3253}}
Jul 31 04:29:45.918666 np0000006176 nova-conductor[99182]: DEBUG cotyledon.oslo_config_glue [-] oslo_limit.version = None {{(pid=99182) log_opt_values /opt/stack/data/venv/lib/python3.12/site-packages/oslo_config/cfg.py:3253}}
Jul 31 04:29:45.918666 np0000006176 nova-conductor[99182]: DEBUG cotyledon.oslo_config_glue [-] oslo_reports.file_event_handler = None {{(pid=99182) log_opt_values /opt/stack/data/venv/lib/python3.12/site-packages/oslo_config/cfg.py:3253}}
Jul 31 04:29:45.918666 np0000006176 nova-conductor[99182]: DEBUG cotyledon.oslo_config_glue [-] oslo_reports.file_event_handler_interval = 1 {{(pid=99182) log_opt_values /opt/stack/data/venv/lib/python3.12/site-packages/oslo_config/cfg.py:3253}}
Jul 31 04:29:45.918841 np0000006176 nova-conductor[99182]: DEBUG cotyledon.oslo_config_glue [-] oslo_reports.log_dir = None {{(pid=99182) log_opt_values /opt/stack/data/venv/lib/python3.12/site-packages/oslo_config/cfg.py:3253}}
Jul 31 04:29:45.918841 np0000006176 nova-conductor[99182]: DEBUG cotyledon.oslo_config_glue [-] ******************************************************************************** {{(pid=99182) log_opt_values /opt/stack/data/venv/lib/python3.12/site-packages/oslo_config/cfg.py:3260}}
Jul 31 04:29:45.918841 np0000006176 nova-conductor[99182]: DEBUG cotyledon._service_worker [-] Run service ServiceWrapper(3) [99182] {{(pid=99182) wait_forever /opt/stack/data/venv/lib/python3.12/site-packages/cotyledon/_service_worker.py:218}}
Jul 31 04:29:45.918841 np0000006176 nova-conductor[99182]: INFO nova.service [-] Starting conductor node (version 33.1.0)
Jul 31 04:29:45.918841 np0000006176 nova-conductor[99182]: INFO dbcounter [None req-a43eff83-0801-4e27-b69d-4aea95846b21 None None] Registered counter for database nova_cell0
Jul 31 04:29:45.918940 np0000006176 nova-conductor[99165]: DEBUG dbcounter [-] [99165] Writer thread running {{(pid=99165) stat_writer /opt/stack/data/venv/lib/python3.12/site-packages/dbcounter.py:102}}
Jul 31 04:29:45.918940 np0000006176 nova-conductor[99165]: DEBUG nova.service [None req-a1b9fe42-ce96-4a22-bc0a-b69fc75861be None None] Creating RPC server for service: nova-conductor on topic: conductor {{(pid=99165) start /opt/stack/nova/nova/service.py:196}}
Jul 31 04:29:45.918989 np0000006176 nova-conductor[99172]: DEBUG oslo_db.sqlalchemy.engines [None req-82ea38c5-00d6-47bf-a256-de49c1255393 None None] MySQL server mode set to STRICT_TRANS_TABLES,STRICT_ALL_TABLES,NO_ZERO_IN_DATE,NO_ZERO_DATE,ERROR_FOR_DIVISION_BY_ZERO,TRADITIONAL,NO_ENGINE_SUBSTITUTION {{(pid=99172) _check_effective_sql_mode /opt/stack/data/venv/lib/python3.12/site-packages/oslo_db/sqlalchemy/engines.py:325}}
Jul 31 04:29:45.919013 np0000006176 nova-conductor[99182]: DEBUG oslo_db.sqlalchemy.engines [None req-a43eff83-0801-4e27-b69d-4aea95846b21 None None] MySQL server mode set to STRICT_TRANS_TABLES,STRICT_ALL_TABLES,NO_ZERO_IN_DATE,NO_ZERO_DATE,ERROR_FOR_DIVISION_BY_ZERO,TRADITIONAL,NO_ENGINE_SUBSTITUTION {{(pid=99182) _check_effective_sql_mode /opt/stack/data/venv/lib/python3.12/site-packages/oslo_db/sqlalchemy/engines.py:325}}
Jul 31 04:29:45.919056 np0000006176 nova-conductor[99177]: DEBUG oslo_db.sqlalchemy.engines [None req-ddbd2814-03e1-4eb0-a231-9597071a1256 None None] MySQL server mode set to STRICT_TRANS_TABLES,STRICT_ALL_TABLES,NO_ZERO_IN_DATE,NO_ZERO_DATE,ERROR_FOR_DIVISION_BY_ZERO,TRADITIONAL,NO_ENGINE_SUBSTITUTION {{(pid=99177) _check_effective_sql_mode /opt/stack/data/venv/lib/python3.12/site-packages/oslo_db/sqlalchemy/engines.py:325}}
Jul 31 04:29:45.919914 np0000006176 nova-conductor[99172]: DEBUG dbcounter [-] [99172] Writer thread running {{(pid=99172) stat_writer /opt/stack/data/venv/lib/python3.12/site-packages/dbcounter.py:102}}
Jul 31 04:29:45.923314 np0000006176 nova-conductor[99172]: DEBUG nova.service [None req-82ea38c5-00d6-47bf-a256-de49c1255393 None None] Creating RPC server for service: nova-conductor on topic: conductor {{(pid=99172) start /opt/stack/nova/nova/service.py:196}}
Jul 31 04:29:45.924169 np0000006176 nova-conductor[99182]: DEBUG dbcounter [-] [99182] Writer thread running {{(pid=99182) stat_writer /opt/stack/data/venv/lib/python3.12/site-packages/dbcounter.py:102}}
Jul 31 04:29:45.927560 np0000006176 nova-conductor[99182]: DEBUG nova.service [None req-a43eff83-0801-4e27-b69d-4aea95846b21 None None] Creating RPC server for service: nova-conductor on topic: conductor {{(pid=99182) start /opt/stack/nova/nova/service.py:196}}
Jul 31 04:29:45.928255 np0000006176 nova-conductor[99177]: DEBUG dbcounter [-] [99177] Writer thread running {{(pid=99177) stat_writer /opt/stack/data/venv/lib/python3.12/site-packages/dbcounter.py:102}}
Jul 31 04:29:45.928631 np0000006176 nova-conductor[99165]: DEBUG nova.service [None req-a1b9fe42-ce96-4a22-bc0a-b69fc75861be None None] Join ServiceGroup membership for this service conductor {{(pid=99165) start /opt/stack/nova/nova/service.py:222}}
Jul 31 04:29:45.928861 np0000006176 nova-conductor[99165]: DEBUG nova.servicegroup.drivers.db [None req-a1b9fe42-ce96-4a22-bc0a-b69fc75861be None None] DB_Driver: join new ServiceGroup member np0000006176 to the conductor group, service = {{(pid=99165) join /opt/stack/nova/nova/servicegroup/drivers/db.py:44}}
Jul 31 04:29:45.931620 np0000006176 nova-conductor[99177]: DEBUG nova.service [None req-ddbd2814-03e1-4eb0-a231-9597071a1256 None None] Creating RPC server for service: nova-conductor on topic: conductor {{(pid=99177) start /opt/stack/nova/nova/service.py:196}}
Jul 31 04:29:45.944125 np0000006176 nova-conductor[99172]: DEBUG nova.service [None req-82ea38c5-00d6-47bf-a256-de49c1255393 None None] Join ServiceGroup membership for this service conductor {{(pid=99172) start /opt/stack/nova/nova/service.py:222}}
Jul 31 04:29:45.944392 np0000006176 nova-conductor[99172]: DEBUG nova.servicegroup.drivers.db [None req-82ea38c5-00d6-47bf-a256-de49c1255393 None None] DB_Driver: join new ServiceGroup member np0000006176 to the conductor group, service = {{(pid=99172) join /opt/stack/nova/nova/servicegroup/drivers/db.py:44}}
Jul 31 04:29:45.946595 np0000006176 nova-conductor[99182]: DEBUG nova.service [None req-a43eff83-0801-4e27-b69d-4aea95846b21 None None] Join ServiceGroup membership for this service conductor {{(pid=99182) start /opt/stack/nova/nova/service.py:222}}
Jul 31 04:29:45.946864 np0000006176 nova-conductor[99182]: DEBUG nova.servicegroup.drivers.db [None req-a43eff83-0801-4e27-b69d-4aea95846b21 None None] DB_Driver: join new ServiceGroup member np0000006176 to the conductor group, service = {{(pid=99182) join /opt/stack/nova/nova/servicegroup/drivers/db.py:44}}
Jul 31 04:29:45.949956 np0000006176 nova-conductor[99177]: DEBUG nova.service [None req-ddbd2814-03e1-4eb0-a231-9597071a1256 None None] Join ServiceGroup membership for this service conductor {{(pid=99177) start /opt/stack/nova/nova/service.py:222}}
Jul 31 04:29:45.950133 np0000006176 nova-conductor[99177]: DEBUG nova.servicegroup.drivers.db [None req-ddbd2814-03e1-4eb0-a231-9597071a1256 None None] DB_Driver: join new ServiceGroup member np0000006176 to the conductor group, service = {{(pid=99177) join /opt/stack/nova/nova/servicegroup/drivers/db.py:44}}
Jul 31 04:29:50.943341 np0000006176 nova-conductor[99165]: DEBUG oslo.service.backend._threading.loopingcall [-] Fixed interval looping call 'nova.servicegroup.drivers.db.DbDriver._report_state' sleeping for 119.99 seconds {{(pid=99165) _run_loop /opt/stack/data/venv/lib/python3.12/site-packages/oslo_service/backend/_threading/loopingcall.py:125}}
Jul 31 04:29:50.953877 np0000006176 nova-conductor[99172]: DEBUG oslo.service.backend._threading.loopingcall [-] Fixed interval looping call 'nova.servicegroup.drivers.db.DbDriver._report_state' sleeping for 119.99 seconds {{(pid=99172) _run_loop /opt/stack/data/venv/lib/python3.12/site-packages/oslo_service/backend/_threading/loopingcall.py:125}}
Jul 31 04:29:50.960424 np0000006176 nova-conductor[99182]: DEBUG oslo.service.backend._threading.loopingcall [-] Fixed interval looping call 'nova.servicegroup.drivers.db.DbDriver._report_state' sleeping for 119.99 seconds {{(pid=99182) _run_loop /opt/stack/data/venv/lib/python3.12/site-packages/oslo_service/backend/_threading/loopingcall.py:125}}
Jul 31 04:29:50.962947 np0000006176 nova-conductor[99177]: DEBUG oslo.service.backend._threading.loopingcall [-] Fixed interval looping call 'nova.servicegroup.drivers.db.DbDriver._report_state' sleeping for 119.99 seconds {{(pid=99177) _run_loop /opt/stack/data/venv/lib/python3.12/site-packages/oslo_service/backend/_threading/loopingcall.py:125}}
Jul 31 04:29:54.473147 np0000006176 nova-conductor[97655]: DEBUG dbcounter [-] [97655] Writing DB stats nova_api:SELECT=1 {{(pid=97655) stat_writer /opt/stack/data/venv/lib/python3.12/site-packages/dbcounter.py:115}}
Jul 31 04:29:54.610236 np0000006176 nova-conductor[97655]: DEBUG dbcounter [-] [97655] Writing DB stats nova_cell1:SELECT=1 {{(pid=97655) stat_writer /opt/stack/data/venv/lib/python3.12/site-packages/dbcounter.py:115}}
Jul 31 04:29:54.613550 np0000006176 nova-conductor[97655]: DEBUG dbcounter [-] [97655] Writing DB stats nova_cell0:SELECT=1 {{(pid=97655) stat_writer /opt/stack/data/venv/lib/python3.12/site-packages/dbcounter.py:115}}
Jul 31 04:30:00.939458 np0000006176 nova-conductor[99165]: DEBUG dbcounter [-] [99165] Writing DB stats nova_cell0:SELECT=4,nova_cell0:INSERT=1,nova_cell0:UPDATE=1 {{(pid=99165) stat_writer /opt/stack/data/venv/lib/python3.12/site-packages/dbcounter.py:115}}
Jul 31 04:30:00.951511 np0000006176 nova-conductor[99172]: DEBUG dbcounter [-] [99172] Writing DB stats nova_cell0:SELECT=3 {{(pid=99172) stat_writer /opt/stack/data/venv/lib/python3.12/site-packages/dbcounter.py:115}}
Jul 31 04:30:00.957619 np0000006176 nova-conductor[99182]: DEBUG dbcounter [-] [99182] Writing DB stats nova_cell0:SELECT=3 {{(pid=99182) stat_writer /opt/stack/data/venv/lib/python3.12/site-packages/dbcounter.py:115}}
Jul 31 04:30:00.959542 np0000006176 nova-conductor[99177]: DEBUG dbcounter [-] [99177] Writing DB stats nova_cell0:SELECT=3 {{(pid=99177) stat_writer /opt/stack/data/venv/lib/python3.12/site-packages/dbcounter.py:115}}
Jul 31 04:30:05.930669 np0000006176 nova-conductor[99165]: DEBUG oslo.service.backend._threading.loopingcall [None req-4b595607-f1b4-42a1-8a6e-f903097b3afc None None] Dynamic interval looping call 'nova.service.Service.periodic_tasks' sleeping for 60.00 seconds {{(pid=99165) _run_loop /opt/stack/data/venv/lib/python3.12/site-packages/oslo_service/backend/_threading/loopingcall.py:125}}
Jul 31 04:30:15.952076 np0000006176 nova-conductor[99177]: DEBUG oslo.service.backend._threading.loopingcall [None req-23a6a390-4bde-400d-b4b3-0f9419a76995 None None] Dynamic interval looping call 'nova.service.Service.periodic_tasks' sleeping for 60.00 seconds {{(pid=99177) _run_loop /opt/stack/data/venv/lib/python3.12/site-packages/oslo_service/backend/_threading/loopingcall.py:125}}
Jul 31 04:30:26.948912 np0000006176 nova-conductor[99182]: DEBUG oslo.service.backend._threading.loopingcall [None req-c01358eb-48c9-44f0-b2f8-432fcf18d163 None None] Dynamic interval looping call 'nova.service.Service.periodic_tasks' sleeping for 60.00 seconds {{(pid=99182) _run_loop /opt/stack/data/venv/lib/python3.12/site-packages/oslo_service/backend/_threading/loopingcall.py:125}}
Jul 31 04:30:41.946439 np0000006176 nova-conductor[99172]: DEBUG oslo.service.backend._threading.loopingcall [None req-dbbd677b-202d-40b1-9412-4f3ce41e8de3 None None] Dynamic interval looping call 'nova.service.Service.periodic_tasks' sleeping for 60.00 seconds {{(pid=99172) _run_loop /opt/stack/data/venv/lib/python3.12/site-packages/oslo_service/backend/_threading/loopingcall.py:125}}
Jul 31 04:31:05.931093 np0000006176 nova-conductor[99165]: DEBUG oslo.service.backend._threading.loopingcall [None req-4b595607-f1b4-42a1-8a6e-f903097b3afc None None] Dynamic interval looping call 'nova.service.Service.periodic_tasks' sleeping for 60.00 seconds {{(pid=99165) _run_loop /opt/stack/data/venv/lib/python3.12/site-packages/oslo_service/backend/_threading/loopingcall.py:125}}
Jul 31 04:31:15.952530 np0000006176 nova-conductor[99177]: DEBUG oslo.service.backend._threading.loopingcall [None req-23a6a390-4bde-400d-b4b3-0f9419a76995 None None] Dynamic interval looping call 'nova.service.Service.periodic_tasks' sleeping for 60.00 seconds {{(pid=99177) _run_loop /opt/stack/data/venv/lib/python3.12/site-packages/oslo_service/backend/_threading/loopingcall.py:125}}
Jul 31 04:31:26.949484 np0000006176 nova-conductor[99182]: DEBUG oslo.service.backend._threading.loopingcall [None req-c01358eb-48c9-44f0-b2f8-432fcf18d163 None None] Dynamic interval looping call 'nova.service.Service.periodic_tasks' sleeping for 60.00 seconds {{(pid=99182) _run_loop /opt/stack/data/venv/lib/python3.12/site-packages/oslo_service/backend/_threading/loopingcall.py:125}}
Jul 31 04:31:41.947054 np0000006176 nova-conductor[99172]: DEBUG oslo.service.backend._threading.loopingcall [None req-dbbd677b-202d-40b1-9412-4f3ce41e8de3 None None] Dynamic interval looping call 'nova.service.Service.periodic_tasks' sleeping for 60.00 seconds {{(pid=99172) _run_loop /opt/stack/data/venv/lib/python3.12/site-packages/oslo_service/backend/_threading/loopingcall.py:125}}
Jul 31 04:31:50.942586 np0000006176 nova-conductor[99165]: DEBUG oslo.service.backend._threading.loopingcall [-] Fixed interval looping call 'nova.servicegroup.drivers.db.DbDriver._report_state' sleeping for 119.99 seconds {{(pid=99165) _run_loop /opt/stack/data/venv/lib/python3.12/site-packages/oslo_service/backend/_threading/loopingcall.py:125}}
Jul 31 04:31:50.948119 np0000006176 nova-conductor[99172]: DEBUG oslo.service.backend._threading.loopingcall [-] Fixed interval looping call 'nova.servicegroup.drivers.db.DbDriver._report_state' sleeping for 120.00 seconds {{(pid=99172) _run_loop /opt/stack/data/venv/lib/python3.12/site-packages/oslo_service/backend/_threading/loopingcall.py:125}}
Jul 31 04:31:50.954812 np0000006176 nova-conductor[99182]: DEBUG oslo.service.backend._threading.loopingcall [-] Fixed interval looping call 'nova.servicegroup.drivers.db.DbDriver._report_state' sleeping for 120.00 seconds {{(pid=99182) _run_loop /opt/stack/data/venv/lib/python3.12/site-packages/oslo_service/backend/_threading/loopingcall.py:125}}
Jul 31 04:31:50.957012 np0000006176 nova-conductor[99177]: DEBUG oslo.service.backend._threading.loopingcall [-] Fixed interval looping call 'nova.servicegroup.drivers.db.DbDriver._report_state' sleeping for 120.00 seconds {{(pid=99177) _run_loop /opt/stack/data/venv/lib/python3.12/site-packages/oslo_service/backend/_threading/loopingcall.py:125}}
Jul 31 04:31:57.880446 np0000006176 nova-conductor[99165]: DEBUG oslo_db.sqlalchemy.engines [None req-0c42e20a-66a5-42f0-9b5a-925e1a7c1590 tempest-ServerActionsTestOtherA-344855953 tempest-ServerActionsTestOtherA-344855953-project-member] Parent process 97655 forked (99165) with an open database connection, which is being discarded and recreated. {{(pid=99165) checkout /opt/stack/data/venv/lib/python3.12/site-packages/oslo_db/sqlalchemy/engines.py:402}}
Jul 31 04:31:57.928179 np0000006176 nova-conductor[99165]: DEBUG dbcounter [-] [99165] Writer thread running {{(pid=99165) stat_writer /opt/stack/data/venv/lib/python3.12/site-packages/dbcounter.py:102}}
Jul 31 04:31:59.215668 np0000006176 nova-conductor[99165]: DEBUG nova.conductor.manager [None req-0c42e20a-66a5-42f0-9b5a-925e1a7c1590 tempest-ServerActionsTestOtherA-344855953 tempest-ServerActionsTestOtherA-344855953-project-member] Took 1.28 seconds to select destinations for 1 instance(s). {{(pid=99165) _schedule_instances /opt/stack/nova/nova/conductor/manager.py:968}}
Jul 31 04:31:59.259507 np0000006176 nova-conductor[99165]: DEBUG oslo_concurrency.lockutils [None req-0c42e20a-66a5-42f0-9b5a-925e1a7c1590 tempest-ServerActionsTestOtherA-344855953 tempest-ServerActionsTestOtherA-344855953-project-member] Acquiring lock "ef01910c-49a7-4360-8f27-3f761d24ed70" by "nova.context.set_target_cell..get_or_set_cached_cell_and_set_connections" {{(pid=99165) inner /opt/stack/data/venv/lib/python3.12/site-packages/oslo_concurrency/lockutils.py:512}}
Jul 31 04:31:59.259849 np0000006176 nova-conductor[99165]: DEBUG oslo_concurrency.lockutils [None req-0c42e20a-66a5-42f0-9b5a-925e1a7c1590 tempest-ServerActionsTestOtherA-344855953 tempest-ServerActionsTestOtherA-344855953-project-member] Lock "ef01910c-49a7-4360-8f27-3f761d24ed70" acquired by "nova.context.set_target_cell..get_or_set_cached_cell_and_set_connections" :: waited 0.001s {{(pid=99165) inner /opt/stack/data/venv/lib/python3.12/site-packages/oslo_concurrency/lockutils.py:525}}
Jul 31 04:31:59.261657 np0000006176 nova-conductor[99165]: DEBUG oslo_concurrency.lockutils [None req-0c42e20a-66a5-42f0-9b5a-925e1a7c1590 tempest-ServerActionsTestOtherA-344855953 tempest-ServerActionsTestOtherA-344855953-project-member] Lock "ef01910c-49a7-4360-8f27-3f761d24ed70" "released" by "nova.context.set_target_cell..get_or_set_cached_cell_and_set_connections" :: held 0.002s {{(pid=99165) inner /opt/stack/data/venv/lib/python3.12/site-packages/oslo_concurrency/lockutils.py:544}}
Jul 31 04:31:59.265699 np0000006176 nova-conductor[99165]: INFO dbcounter [None req-0c42e20a-66a5-42f0-9b5a-925e1a7c1590 tempest-ServerActionsTestOtherA-344855953 tempest-ServerActionsTestOtherA-344855953-project-member] Registered counter for database nova_cell1
Jul 31 04:31:59.315144 np0000006176 nova-conductor[99165]: DEBUG oslo_db.sqlalchemy.engines [None req-0c42e20a-66a5-42f0-9b5a-925e1a7c1590 tempest-ServerActionsTestOtherA-344855953 tempest-ServerActionsTestOtherA-344855953-project-member] MySQL server mode set to STRICT_TRANS_TABLES,STRICT_ALL_TABLES,NO_ZERO_IN_DATE,NO_ZERO_DATE,ERROR_FOR_DIVISION_BY_ZERO,TRADITIONAL,NO_ENGINE_SUBSTITUTION {{(pid=99165) _check_effective_sql_mode /opt/stack/data/venv/lib/python3.12/site-packages/oslo_db/sqlalchemy/engines.py:325}}
Jul 31 04:31:59.324617 np0000006176 nova-conductor[99165]: DEBUG dbcounter [-] [99165] Writer thread running {{(pid=99165) stat_writer /opt/stack/data/venv/lib/python3.12/site-packages/dbcounter.py:102}}
Jul 31 04:31:59.406002 np0000006176 nova-conductor[99165]: INFO nova.utils [None req-0c42e20a-66a5-42f0-9b5a-925e1a7c1590 tempest-ServerActionsTestOtherA-344855953 tempest-ServerActionsTestOtherA-344855953-project-member] The cell worker thread pool ForkProcess-1.cell_worker is initialized
Jul 31 04:31:59.406491 np0000006176 nova-conductor[99165]: DEBUG oslo_concurrency.lockutils [None req-0c42e20a-66a5-42f0-9b5a-925e1a7c1590 tempest-ServerActionsTestOtherA-344855953 tempest-ServerActionsTestOtherA-344855953-project-member] Acquiring lock "00000000-0000-0000-0000-000000000000" by "nova.context.set_target_cell..get_or_set_cached_cell_and_set_connections" {{(pid=99165) inner /opt/stack/data/venv/lib/python3.12/site-packages/oslo_concurrency/lockutils.py:512}}
Jul 31 04:31:59.406637 np0000006176 nova-conductor[99165]: DEBUG oslo_concurrency.lockutils [None req-0c42e20a-66a5-42f0-9b5a-925e1a7c1590 tempest-ServerActionsTestOtherA-344855953 tempest-ServerActionsTestOtherA-344855953-project-member] Lock "00000000-0000-0000-0000-000000000000" acquired by "nova.context.set_target_cell..get_or_set_cached_cell_and_set_connections" :: waited 0.000s {{(pid=99165) inner /opt/stack/data/venv/lib/python3.12/site-packages/oslo_concurrency/lockutils.py:525}}
Jul 31 04:31:59.407082 np0000006176 nova-conductor[99165]: DEBUG oslo_concurrency.lockutils [None req-0c42e20a-66a5-42f0-9b5a-925e1a7c1590 tempest-ServerActionsTestOtherA-344855953 tempest-ServerActionsTestOtherA-344855953-project-member] Lock "00000000-0000-0000-0000-000000000000" "released" by "nova.context.set_target_cell..get_or_set_cached_cell_and_set_connections" :: held 0.000s {{(pid=99165) inner /opt/stack/data/venv/lib/python3.12/site-packages/oslo_concurrency/lockutils.py:544}}
Jul 31 04:31:59.407767 np0000006176 nova-conductor[99165]: DEBUG oslo_concurrency.lockutils [None req-0c42e20a-66a5-42f0-9b5a-925e1a7c1590 tempest-ServerActionsTestOtherA-344855953 tempest-ServerActionsTestOtherA-344855953-project-member] Acquiring lock "ef01910c-49a7-4360-8f27-3f761d24ed70" by "nova.context.set_target_cell..get_or_set_cached_cell_and_set_connections" {{(pid=99165) inner /opt/stack/data/venv/lib/python3.12/site-packages/oslo_concurrency/lockutils.py:512}}
Jul 31 04:31:59.407962 np0000006176 nova-conductor[99165]: DEBUG oslo_concurrency.lockutils [None req-0c42e20a-66a5-42f0-9b5a-925e1a7c1590 tempest-ServerActionsTestOtherA-344855953 tempest-ServerActionsTestOtherA-344855953-project-member] Lock "ef01910c-49a7-4360-8f27-3f761d24ed70" acquired by "nova.context.set_target_cell..get_or_set_cached_cell_and_set_connections" :: waited 0.000s {{(pid=99165) inner /opt/stack/data/venv/lib/python3.12/site-packages/oslo_concurrency/lockutils.py:525}}
Jul 31 04:31:59.409406 np0000006176 nova-conductor[99165]: DEBUG oslo_concurrency.lockutils [None req-0c42e20a-66a5-42f0-9b5a-925e1a7c1590 tempest-ServerActionsTestOtherA-344855953 tempest-ServerActionsTestOtherA-344855953-project-member] Lock "ef01910c-49a7-4360-8f27-3f761d24ed70" "released" by "nova.context.set_target_cell..get_or_set_cached_cell_and_set_connections" :: held 0.001s {{(pid=99165) inner /opt/stack/data/venv/lib/python3.12/site-packages/oslo_concurrency/lockutils.py:544}}
Jul 31 04:31:59.410023 np0000006176 nova-conductor[99165]: INFO dbcounter [None req-0c42e20a-66a5-42f0-9b5a-925e1a7c1590 tempest-ServerActionsTestOtherA-344855953 tempest-ServerActionsTestOtherA-344855953-project-member] Registered counter for database nova_cell0
Jul 31 04:31:59.477245 np0000006176 nova-conductor[99165]: DEBUG oslo_db.sqlalchemy.engines [None req-0c42e20a-66a5-42f0-9b5a-925e1a7c1590 tempest-ServerActionsTestOtherA-344855953 tempest-ServerActionsTestOtherA-344855953-project-member] MySQL server mode set to STRICT_TRANS_TABLES,STRICT_ALL_TABLES,NO_ZERO_IN_DATE,NO_ZERO_DATE,ERROR_FOR_DIVISION_BY_ZERO,TRADITIONAL,NO_ENGINE_SUBSTITUTION {{(pid=99165) _check_effective_sql_mode /opt/stack/data/venv/lib/python3.12/site-packages/oslo_db/sqlalchemy/engines.py:325}}
Jul 31 04:31:59.486444 np0000006176 nova-conductor[99165]: DEBUG dbcounter [-] [99165] Writer thread running {{(pid=99165) stat_writer /opt/stack/data/venv/lib/python3.12/site-packages/dbcounter.py:102}}
Jul 31 04:31:59.507178 np0000006176 nova-conductor[99165]: DEBUG nova.quota [None req-0c42e20a-66a5-42f0-9b5a-925e1a7c1590 tempest-ServerActionsTestOtherA-344855953 tempest-ServerActionsTestOtherA-344855953-project-member] Getting quotas for project 673c85001c22443088195d095b63f16b. Resources: {'instances', 'cores', 'ram'} {{(pid=99165) _get_quotas /opt/stack/nova/nova/quota.py:389}}
