May 13 22:17:59.749354 np0000000732 neutron-periodic-workers[88548]: DEBUG cotyledon.oslo_config_glue [-] ovn.broadcast_arps_to_all_routers = True {{(pid=88548) log_opt_values /opt/stack/data/venv/lib/python3.12/site-packages/oslo_config/cfg.py:3006}}
May 13 22:17:59.749414 np0000000732 neutron-periodic-workers[88548]: DEBUG cotyledon.oslo_config_glue [-] ovn.dhcp_default_lease_time = 43200 {{(pid=88548) log_opt_values /opt/stack/data/venv/lib/python3.12/site-packages/oslo_config/cfg.py:3006}}
May 13 22:17:59.749458 np0000000732 neutron-periodic-workers[88548]: DEBUG cotyledon.oslo_config_glue [-] ovn.disable_ovn_dhcp_for_baremetal_ports = False {{(pid=88548) log_opt_values /opt/stack/data/venv/lib/python3.12/site-packages/oslo_config/cfg.py:3006}}
May 13 22:17:59.749519 np0000000732 neutron-periodic-workers[88548]: DEBUG cotyledon.oslo_config_glue [-] ovn.dns_records_ovn_owned = False {{(pid=88548) log_opt_values /opt/stack/data/venv/lib/python3.12/site-packages/oslo_config/cfg.py:3006}}
May 13 22:17:59.749564 np0000000732 neutron-periodic-workers[88548]: DEBUG cotyledon.oslo_config_glue [-] ovn.dns_servers = [] {{(pid=88548) log_opt_values /opt/stack/data/venv/lib/python3.12/site-packages/oslo_config/cfg.py:3006}}
May 13 22:17:59.749601 np0000000732 neutron-periodic-workers[88548]: DEBUG cotyledon.oslo_config_glue [-] ovn.enable_distributed_floating_ip = False {{(pid=88548) log_opt_values /opt/stack/data/venv/lib/python3.12/site-packages/oslo_config/cfg.py:3006}}
May 13 22:17:59.749639 np0000000732 neutron-periodic-workers[88548]: DEBUG cotyledon.oslo_config_glue [-] ovn.fdb_age_threshold = 300 {{(pid=88548) log_opt_values /opt/stack/data/venv/lib/python3.12/site-packages/oslo_config/cfg.py:3006}}
May 13 22:17:59.749689 np0000000732 neutron-periodic-workers[88548]: DEBUG cotyledon.oslo_config_glue [-] ovn.ha_failover_strategy = normal {{(pid=88548) log_opt_values /opt/stack/data/venv/lib/python3.12/site-packages/oslo_config/cfg.py:3006}}
May 13 22:17:59.749716 np0000000732 neutron-periodic-workers[88548]: DEBUG cotyledon.oslo_config_glue [-] ovn.live_migration_activation_strategy = rarp {{(pid=88548) log_opt_values /opt/stack/data/venv/lib/python3.12/site-packages/oslo_config/cfg.py:3006}}
May 13 22:17:59.749754 np0000000732 neutron-periodic-workers[88548]: DEBUG cotyledon.oslo_config_glue [-] ovn.localnet_learn_fdb = False {{(pid=88548) log_opt_values /opt/stack/data/venv/lib/python3.12/site-packages/oslo_config/cfg.py:3006}}
May 13 22:17:59.749781 np0000000732 neutron-periodic-workers[88548]: DEBUG cotyledon.oslo_config_glue [-] ovn.mac_binding_age_threshold = 300 {{(pid=88548) log_opt_values /opt/stack/data/venv/lib/python3.12/site-packages/oslo_config/cfg.py:3006}}
May 13 22:17:59.749855 np0000000732 neutron-periodic-workers[88548]: DEBUG cotyledon.oslo_config_glue [-] ovn.neutron_sync_mode = log {{(pid=88548) log_opt_values /opt/stack/data/venv/lib/python3.12/site-packages/oslo_config/cfg.py:3006}}
May 13 22:17:59.749909 np0000000732 neutron-periodic-workers[88548]: DEBUG cotyledon.oslo_config_glue [-] ovn.ovn_dhcp4_global_options = {} {{(pid=88548) log_opt_values /opt/stack/data/venv/lib/python3.12/site-packages/oslo_config/cfg.py:3006}}
May 13 22:17:59.749951 np0000000732 neutron-periodic-workers[88548]: DEBUG cotyledon.oslo_config_glue [-] ovn.ovn_dhcp6_global_options = {} {{(pid=88548) log_opt_values /opt/stack/data/venv/lib/python3.12/site-packages/oslo_config/cfg.py:3006}}
May 13 22:17:59.749995 np0000000732 neutron-periodic-workers[88548]: DEBUG cotyledon.oslo_config_glue [-] ovn.ovn_l3_scheduler = leastloaded {{(pid=88548) log_opt_values /opt/stack/data/venv/lib/python3.12/site-packages/oslo_config/cfg.py:3006}}
May 13 22:17:59.750034 np0000000732 neutron-periodic-workers[88548]: DEBUG cotyledon.oslo_config_glue [-] ovn.ovn_metadata_enabled = True {{(pid=88548) log_opt_values /opt/stack/data/venv/lib/python3.12/site-packages/oslo_config/cfg.py:3006}}
May 13 22:17:59.750077 np0000000732 neutron-periodic-workers[88548]: DEBUG cotyledon.oslo_config_glue [-] ovn.ovn_nb_ca_cert = /opt/stack/data/CA/int-ca/ca-chain.pem {{(pid=88548) log_opt_values /opt/stack/data/venv/lib/python3.12/site-packages/oslo_config/cfg.py:3006}}
May 13 22:17:59.750120 np0000000732 neutron-periodic-workers[88548]: DEBUG cotyledon.oslo_config_glue [-] ovn.ovn_nb_certificate = /opt/stack/data/CA/int-ca/devstack-cert.crt {{(pid=88548) log_opt_values /opt/stack/data/venv/lib/python3.12/site-packages/oslo_config/cfg.py:3006}}
May 13 22:17:59.750150 np0000000732 neutron-periodic-workers[88548]: DEBUG cotyledon.oslo_config_glue [-] ovn.ovn_nb_connection = ['ssl:10.4.3.59:6641'] {{(pid=88548) log_opt_values /opt/stack/data/venv/lib/python3.12/site-packages/oslo_config/cfg.py:3006}}
May 13 22:17:59.750197 np0000000732 neutron-periodic-workers[88548]: DEBUG cotyledon.oslo_config_glue [-] ovn.ovn_nb_private_key = /opt/stack/data/CA/int-ca/private/devstack-cert.key {{(pid=88548) log_opt_values /opt/stack/data/venv/lib/python3.12/site-packages/oslo_config/cfg.py:3006}}
May 13 22:17:59.750237 np0000000732 neutron-periodic-workers[88548]: DEBUG cotyledon.oslo_config_glue [-] ovn.ovn_router_indirect_snat = False {{(pid=88548) log_opt_values /opt/stack/data/venv/lib/python3.12/site-packages/oslo_config/cfg.py:3006}}
May 13 22:17:59.750261 np0000000732 neutron-periodic-workers[88548]: DEBUG cotyledon.oslo_config_glue [-] ovn.ovn_sb_ca_cert = /opt/stack/data/CA/int-ca/ca-chain.pem {{(pid=88548) log_opt_values /opt/stack/data/venv/lib/python3.12/site-packages/oslo_config/cfg.py:3006}}
May 13 22:17:59.750431 np0000000732 neutron-periodic-workers[88548]: DEBUG cotyledon.oslo_config_glue [-] ovn.ovn_sb_certificate = /opt/stack/data/CA/int-ca/devstack-cert.crt {{(pid=88548) log_opt_values /opt/stack/data/venv/lib/python3.12/site-packages/oslo_config/cfg.py:3006}}
May 13 22:17:59.750474 np0000000732 neutron-periodic-workers[88548]: DEBUG cotyledon.oslo_config_glue [-] ovn.ovn_sb_connection = ['ssl:10.4.3.59:6642'] {{(pid=88548) log_opt_values /opt/stack/data/venv/lib/python3.12/site-packages/oslo_config/cfg.py:3006}}
May 13 22:17:59.750516 np0000000732 neutron-periodic-workers[88548]: DEBUG cotyledon.oslo_config_glue [-] ovn.ovn_sb_private_key = /opt/stack/data/CA/int-ca/private/devstack-cert.key {{(pid=88548) log_opt_values /opt/stack/data/venv/lib/python3.12/site-packages/oslo_config/cfg.py:3006}}
May 13 22:17:59.750553 np0000000732 neutron-periodic-workers[88548]: DEBUG cotyledon.oslo_config_glue [-] ovn.ovs_create_tap = False {{(pid=88548) log_opt_values /opt/stack/data/venv/lib/python3.12/site-packages/oslo_config/cfg.py:3006}}
May 13 22:17:59.750588 np0000000732 neutron-periodic-workers[88548]: DEBUG cotyledon.oslo_config_glue [-] ovn.ovsdb_connection_timeout = 180 {{(pid=88548) log_opt_values /opt/stack/data/venv/lib/python3.12/site-packages/oslo_config/cfg.py:3006}}
May 13 22:17:59.750622 np0000000732 neutron-periodic-workers[88548]: DEBUG cotyledon.oslo_config_glue [-] ovn.ovsdb_log_level = INFO {{(pid=88548) log_opt_values /opt/stack/data/venv/lib/python3.12/site-packages/oslo_config/cfg.py:3006}}
May 13 22:17:59.750661 np0000000732 neutron-periodic-workers[88548]: DEBUG cotyledon.oslo_config_glue [-] ovn.ovsdb_probe_interval = 60000 {{(pid=88548) log_opt_values /opt/stack/data/venv/lib/python3.12/site-packages/oslo_config/cfg.py:3006}}
May 13 22:17:59.750703 np0000000732 neutron-periodic-workers[88548]: DEBUG cotyledon.oslo_config_glue [-] ovn.ovsdb_retry_max_interval = 180 {{(pid=88548) log_opt_values /opt/stack/data/venv/lib/python3.12/site-packages/oslo_config/cfg.py:3006}}
May 13 22:17:59.750746 np0000000732 neutron-periodic-workers[88548]: DEBUG cotyledon.oslo_config_glue [-] ovn.stateless_nat_enabled = False {{(pid=88548) log_opt_values /opt/stack/data/venv/lib/python3.12/site-packages/oslo_config/cfg.py:3006}}
May 13 22:17:59.750802 np0000000732 neutron-periodic-workers[88548]: DEBUG cotyledon.oslo_config_glue [-] ovn.vhost_sock_dir = /var/run/openvswitch {{(pid=88548) log_opt_values /opt/stack/data/venv/lib/python3.12/site-packages/oslo_config/cfg.py:3006}}
May 13 22:17:59.750883 np0000000732 neutron-periodic-workers[88548]: DEBUG cotyledon.oslo_config_glue [-] OVS.bridge_mac_table_size = 50000 {{(pid=88548) log_opt_values /opt/stack/data/venv/lib/python3.12/site-packages/oslo_config/cfg.py:3006}}
May 13 22:17:59.750939 np0000000732 neutron-periodic-workers[88548]: DEBUG cotyledon.oslo_config_glue [-] OVS.igmp_flood = False {{(pid=88548) log_opt_values /opt/stack/data/venv/lib/python3.12/site-packages/oslo_config/cfg.py:3006}}
May 13 22:17:59.750985 np0000000732 neutron-periodic-workers[88548]: DEBUG cotyledon.oslo_config_glue [-] OVS.igmp_flood_reports = True {{(pid=88548) log_opt_values /opt/stack/data/venv/lib/python3.12/site-packages/oslo_config/cfg.py:3006}}
May 13 22:17:59.751031 np0000000732 neutron-periodic-workers[88548]: DEBUG cotyledon.oslo_config_glue [-] OVS.igmp_flood_unregistered = False {{(pid=88548) log_opt_values /opt/stack/data/venv/lib/python3.12/site-packages/oslo_config/cfg.py:3006}}
May 13 22:17:59.751063 np0000000732 neutron-periodic-workers[88548]: DEBUG cotyledon.oslo_config_glue [-] OVS.igmp_snooping_enable = False {{(pid=88548) log_opt_values /opt/stack/data/venv/lib/python3.12/site-packages/oslo_config/cfg.py:3006}}
May 13 22:17:59.751101 np0000000732 neutron-periodic-workers[88548]: DEBUG cotyledon.oslo_config_glue [-] OVS.ovsdb_timeout = 10 {{(pid=88548) log_opt_values /opt/stack/data/venv/lib/python3.12/site-packages/oslo_config/cfg.py:3006}}
May 13 22:17:59.751422 np0000000732 neutron-periodic-workers[88548]: DEBUG cotyledon.oslo_config_glue [-] ovn_nb_global.fdb_removal_limit = 0 {{(pid=88548) log_opt_values /opt/stack/data/venv/lib/python3.12/site-packages/oslo_config/cfg.py:3006}}
May 13 22:17:59.751494 np0000000732 neutron-periodic-workers[88548]: DEBUG cotyledon.oslo_config_glue [-] ovn_nb_global.ignore_lsp_down = False {{(pid=88548) log_opt_values /opt/stack/data/venv/lib/python3.12/site-packages/oslo_config/cfg.py:3006}}
May 13 22:17:59.751557 np0000000732 neutron-periodic-workers[88548]: DEBUG cotyledon.oslo_config_glue [-] ovn_nb_global.mac_binding_removal_limit = 0 {{(pid=88548) log_opt_values /opt/stack/data/venv/lib/python3.12/site-packages/oslo_config/cfg.py:3006}}
May 13 22:17:59.751601 np0000000732 neutron-periodic-workers[88548]: DEBUG cotyledon.oslo_config_glue [-] ******************************************************************************** {{(pid=88548) log_opt_values /opt/stack/data/venv/lib/python3.12/site-packages/oslo_config/cfg.py:3013}}
May 13 22:17:59.751759 np0000000732 neutron-periodic-workers[88548]: DEBUG cotyledon._service_worker [-] Run service ServiceWrapper(0) [88548] {{(pid=88548) wait_forever /opt/stack/data/venv/lib/python3.12/site-packages/cotyledon/_service_worker.py:218}}
May 13 22:18:09.414165 np0000000732 neutron-periodic-workers[87639]: DEBUG dbcounter [-] [87639] Writing DB stats neutron:SELECT=4 {{(pid=87639) stat_writer /opt/stack/data/venv/lib/python3.12/site-packages/dbcounter.py:115}}
May 13 22:18:37.714946 np0000000732 neutron-periodic-workers[88524]: DEBUG oslo_db.sqlalchemy.engines [None req-b7cfabc0-07b0-4b9d-80db-73d0b7affe8f None None] Parent process 87639 forked (88524) with an open database connection, which is being discarded and recreated. {{(pid=88524) checkout /opt/stack/data/venv/lib/python3.12/site-packages/oslo_db/sqlalchemy/engines.py:402}}
May 13 22:18:37.722335 np0000000732 neutron-periodic-workers[88524]: DEBUG dbcounter [-] [88524] Writer thread running {{(pid=88524) stat_writer /opt/stack/data/venv/lib/python3.12/site-packages/dbcounter.py:102}}
May 13 22:18:37.725345 np0000000732 neutron-periodic-workers[88524]: DEBUG neutron.db.agents_db [None req-b7cfabc0-07b0-4b9d-80db-73d0b7affe8f None None] Agent healthcheck: found 0 active agents {{(pid=88524) agent_health_check /opt/stack/neutron/neutron/db/agents_db.py:322}}
May 13 22:18:37.725541 np0000000732 neutron-periodic-workers[88524]: DEBUG oslo.service.backend._threading.loopingcall [None req-b7cfabc0-07b0-4b9d-80db-73d0b7affe8f None None] Fixed interval looping call 'neutron.plugins.ml2.plugin.AgentDbMixin.agent_health_check' sleeping for 36.98 seconds {{(pid=88524) _run_loop /opt/stack/data/venv/lib/python3.12/site-packages/oslo_service/backend/_threading/loopingcall.py:125}}
May 13 22:18:47.722797 np0000000732 neutron-periodic-workers[88524]: DEBUG dbcounter [-] [88524] Writing DB stats neutron:SELECT=1 {{(pid=88524) stat_writer /opt/stack/data/venv/lib/python3.12/site-packages/dbcounter.py:115}}
May 13 22:18:49.697944 np0000000732 neutron-periodic-workers[88516]: DEBUG dbcounter [-] [88516] Writer thread running {{(pid=88516) stat_writer /opt/stack/data/venv/lib/python3.12/site-packages/dbcounter.py:102}}
May 13 22:18:49.707343 np0000000732 neutron-periodic-workers[88516]: DEBUG oslo.service.backend._threading.loopingcall [None req-27c9395a-919c-4bef-a490-f24bdff524af None None] Fixed interval looping call 'neutron.plugins.ml2.plugin.DhcpAgentSchedulerDbMixin.remove_networks_from_down_agents' sleeping for 36.98 seconds {{(pid=88516) _run_loop /opt/stack/data/venv/lib/python3.12/site-packages/oslo_service/backend/_threading/loopingcall.py:125}}
May 13 22:18:59.705993 np0000000732 neutron-periodic-workers[88516]: DEBUG dbcounter [-] [88516] Writing DB stats neutron:SELECT=3 {{(pid=88516) stat_writer /opt/stack/data/venv/lib/python3.12/site-packages/dbcounter.py:115}}
May 13 22:19:14.709643 np0000000732 neutron-periodic-workers[88524]: DEBUG neutron.db.agents_db [None req-b7cfabc0-07b0-4b9d-80db-73d0b7affe8f None None] Agent healthcheck: found 0 active agents {{(pid=88524) agent_health_check /opt/stack/neutron/neutron/db/agents_db.py:322}}
May 13 22:19:14.710182 np0000000732 neutron-periodic-workers[88524]: DEBUG oslo.service.backend._threading.loopingcall [None req-b7cfabc0-07b0-4b9d-80db-73d0b7affe8f None None] Fixed interval looping call 'neutron.plugins.ml2.plugin.AgentDbMixin.agent_health_check' sleeping for 37.00 seconds {{(pid=88524) _run_loop /opt/stack/data/venv/lib/python3.12/site-packages/oslo_service/backend/_threading/loopingcall.py:125}}
May 13 22:19:24.707690 np0000000732 neutron-periodic-workers[88524]: DEBUG dbcounter [-] [88524] Writing DB stats neutron:SELECT=1 {{(pid=88524) stat_writer /opt/stack/data/venv/lib/python3.12/site-packages/dbcounter.py:115}}
May 13 22:19:26.693657 np0000000732 neutron-periodic-workers[88516]: DEBUG oslo.service.backend._threading.loopingcall [None req-27c9395a-919c-4bef-a490-f24bdff524af None None] Fixed interval looping call 'neutron.plugins.ml2.plugin.DhcpAgentSchedulerDbMixin.remove_networks_from_down_agents' sleeping for 36.99 seconds {{(pid=88516) _run_loop /opt/stack/data/venv/lib/python3.12/site-packages/oslo_service/backend/_threading/loopingcall.py:125}}
May 13 22:19:36.693063 np0000000732 neutron-periodic-workers[88516]: DEBUG dbcounter [-] [88516] Writing DB stats neutron:SELECT=3 {{(pid=88516) stat_writer /opt/stack/data/venv/lib/python3.12/site-packages/dbcounter.py:115}}
May 13 22:19:51.713658 np0000000732 neutron-periodic-workers[88524]: DEBUG neutron.db.agents_db [None req-b7cfabc0-07b0-4b9d-80db-73d0b7affe8f None None] Agent healthcheck: found 0 active agents {{(pid=88524) agent_health_check /opt/stack/neutron/neutron/db/agents_db.py:322}}
May 13 22:19:51.714122 np0000000732 neutron-periodic-workers[88524]: DEBUG oslo.service.backend._threading.loopingcall [None req-b7cfabc0-07b0-4b9d-80db-73d0b7affe8f None None] Fixed interval looping call 'neutron.plugins.ml2.plugin.AgentDbMixin.agent_health_check' sleeping for 37.00 seconds {{(pid=88524) _run_loop /opt/stack/data/venv/lib/python3.12/site-packages/oslo_service/backend/_threading/loopingcall.py:125}}
May 13 22:19:59.726250 np0000000732 neutron-periodic-workers[88538]: DEBUG dbcounter [-] [88538] Writer thread running {{(pid=88538) stat_writer /opt/stack/data/venv/lib/python3.12/site-packages/dbcounter.py:102}}
May 13 22:19:59.727595 np0000000732 neutron-periodic-workers[88538]: DEBUG oslo.service.backend._threading.loopingcall [None req-723afa60-9912-4f3a-b91b-7f0c2cd549dc None None] Fixed interval looping call 'neutron.db.quota.driver_nolock.DbQuotaNoLockDriver._remove_expired_reservations' sleeping for 119.99 seconds {{(pid=88538) _run_loop /opt/stack/data/venv/lib/python3.12/site-packages/oslo_service/backend/_threading/loopingcall.py:125}}
May 13 22:20:01.712440 np0000000732 neutron-periodic-workers[88524]: DEBUG dbcounter [-] [88524] Writing DB stats neutron:SELECT=1 {{(pid=88524) stat_writer /opt/stack/data/venv/lib/python3.12/site-packages/dbcounter.py:115}}
May 13 22:20:03.689560 np0000000732 neutron-periodic-workers[88516]: DEBUG oslo.service.backend._threading.loopingcall [None req-27c9395a-919c-4bef-a490-f24bdff524af None None] Fixed interval looping call 'neutron.plugins.ml2.plugin.DhcpAgentSchedulerDbMixin.remove_networks_from_down_agents' sleeping for 36.99 seconds {{(pid=88516) _run_loop /opt/stack/data/venv/lib/python3.12/site-packages/oslo_service/backend/_threading/loopingcall.py:125}}
May 13 22:20:09.726777 np0000000732 neutron-periodic-workers[88538]: DEBUG dbcounter [-] [88538] Writing DB stats neutron:DELETE=1 {{(pid=88538) stat_writer /opt/stack/data/venv/lib/python3.12/site-packages/dbcounter.py:115}}
May 13 22:20:13.688919 np0000000732 neutron-periodic-workers[88516]: DEBUG dbcounter [-] [88516] Writing DB stats neutron:SELECT=3 {{(pid=88516) stat_writer /opt/stack/data/venv/lib/python3.12/site-packages/dbcounter.py:115}}
May 13 22:20:20.776417 np0000000732 neutron-periodic-workers[88548]: DEBUG dbcounter [-] [88548] Writer thread running {{(pid=88548) stat_writer /opt/stack/data/venv/lib/python3.12/site-packages/dbcounter.py:102}}
May 13 22:20:20.786433 np0000000732 neutron-periodic-workers[88548]: DEBUG oslo.service.backend._threading.loopingcall [None req-dbc4ea16-9e0b-4740-9ee6-c5c1ce0ff043 None None] Fixed interval looping call 'neutron.services.ovn_l3.plugin.L3_NAT_dbonly_mixin._clean_garbage' sleeping for 299.97 seconds {{(pid=88548) _run_loop /opt/stack/data/venv/lib/python3.12/site-packages/oslo_service/backend/_threading/loopingcall.py:125}}
May 13 22:20:28.717194 np0000000732 neutron-periodic-workers[88524]: DEBUG neutron.db.agents_db [None req-b7cfabc0-07b0-4b9d-80db-73d0b7affe8f None None] Agent healthcheck: found 0 active agents {{(pid=88524) agent_health_check /opt/stack/neutron/neutron/db/agents_db.py:322}}
May 13 22:20:28.717638 np0000000732 neutron-periodic-workers[88524]: DEBUG oslo.service.backend._threading.loopingcall [None req-b7cfabc0-07b0-4b9d-80db-73d0b7affe8f None None] Fixed interval looping call 'neutron.plugins.ml2.plugin.AgentDbMixin.agent_health_check' sleeping for 37.00 seconds {{(pid=88524) _run_loop /opt/stack/data/venv/lib/python3.12/site-packages/oslo_service/backend/_threading/loopingcall.py:125}}
May 13 22:20:30.776855 np0000000732 neutron-periodic-workers[88548]: DEBUG dbcounter [-] [88548] Writing DB stats neutron:SELECT=1 {{(pid=88548) stat_writer /opt/stack/data/venv/lib/python3.12/site-packages/dbcounter.py:115}}
May 13 22:20:38.716724 np0000000732 neutron-periodic-workers[88524]: DEBUG dbcounter [-] [88524] Writing DB stats neutron:SELECT=1 {{(pid=88524) stat_writer /opt/stack/data/venv/lib/python3.12/site-packages/dbcounter.py:115}}
May 13 22:20:40.685780 np0000000732 neutron-periodic-workers[88516]: DEBUG oslo.service.backend._threading.loopingcall [None req-27c9395a-919c-4bef-a490-f24bdff524af None None] Fixed interval looping call 'neutron.plugins.ml2.plugin.DhcpAgentSchedulerDbMixin.remove_networks_from_down_agents' sleeping for 36.99 seconds {{(pid=88516) _run_loop /opt/stack/data/venv/lib/python3.12/site-packages/oslo_service/backend/_threading/loopingcall.py:125}}
May 13 22:20:50.684898 np0000000732 neutron-periodic-workers[88516]: DEBUG dbcounter [-] [88516] Writing DB stats neutron:SELECT=3 {{(pid=88516) stat_writer /opt/stack/data/venv/lib/python3.12/site-packages/dbcounter.py:115}}
May 13 22:21:05.723918 np0000000732 neutron-periodic-workers[88524]: DEBUG neutron.db.agents_db [None req-b7cfabc0-07b0-4b9d-80db-73d0b7affe8f None None] Agent healthcheck: found 0 active agents {{(pid=88524) agent_health_check /opt/stack/neutron/neutron/db/agents_db.py:322}}
May 13 22:21:05.724486 np0000000732 neutron-periodic-workers[88524]: DEBUG oslo.service.backend._threading.loopingcall [None req-b7cfabc0-07b0-4b9d-80db-73d0b7affe8f None None] Fixed interval looping call 'neutron.plugins.ml2.plugin.AgentDbMixin.agent_health_check' sleeping for 36.99 seconds {{(pid=88524) _run_loop /opt/stack/data/venv/lib/python3.12/site-packages/oslo_service/backend/_threading/loopingcall.py:125}}
May 13 22:21:15.723524 np0000000732 neutron-periodic-workers[88524]: DEBUG dbcounter [-] [88524] Writing DB stats neutron:SELECT=1 {{(pid=88524) stat_writer /opt/stack/data/venv/lib/python3.12/site-packages/dbcounter.py:115}}
May 13 22:21:17.684260 np0000000732 neutron-periodic-workers[88516]: DEBUG oslo.service.backend._threading.loopingcall [None req-27c9395a-919c-4bef-a490-f24bdff524af None None] Fixed interval looping call 'neutron.plugins.ml2.plugin.DhcpAgentSchedulerDbMixin.remove_networks_from_down_agents' sleeping for 36.99 seconds {{(pid=88516) _run_loop /opt/stack/data/venv/lib/python3.12/site-packages/oslo_service/backend/_threading/loopingcall.py:125}}
May 13 22:21:27.682435 np0000000732 neutron-periodic-workers[88516]: DEBUG dbcounter [-] [88516] Writing DB stats neutron:SELECT=3 {{(pid=88516) stat_writer /opt/stack/data/venv/lib/python3.12/site-packages/dbcounter.py:115}}
May 13 22:21:42.718354 np0000000732 neutron-periodic-workers[88524]: DEBUG neutron.db.agents_db [None req-b7cfabc0-07b0-4b9d-80db-73d0b7affe8f None None] Agent healthcheck: found 0 active agents {{(pid=88524) agent_health_check /opt/stack/neutron/neutron/db/agents_db.py:322}}
May 13 22:21:42.718814 np0000000732 neutron-periodic-workers[88524]: DEBUG oslo.service.backend._threading.loopingcall [None req-b7cfabc0-07b0-4b9d-80db-73d0b7affe8f None None] Fixed interval looping call 'neutron.plugins.ml2.plugin.AgentDbMixin.agent_health_check' sleeping for 37.00 seconds {{(pid=88524) _run_loop /opt/stack/data/venv/lib/python3.12/site-packages/oslo_service/backend/_threading/loopingcall.py:125}}
May 13 22:21:52.717127 np0000000732 neutron-periodic-workers[88524]: DEBUG dbcounter [-] [88524] Writing DB stats neutron:SELECT=1 {{(pid=88524) stat_writer /opt/stack/data/venv/lib/python3.12/site-packages/dbcounter.py:115}}
May 13 22:21:54.689210 np0000000732 neutron-periodic-workers[88516]: DEBUG oslo.service.backend._threading.loopingcall [None req-27c9395a-919c-4bef-a490-f24bdff524af None None] Fixed interval looping call 'neutron.plugins.ml2.plugin.DhcpAgentSchedulerDbMixin.remove_networks_from_down_agents' sleeping for 36.99 seconds {{(pid=88516) _run_loop /opt/stack/data/venv/lib/python3.12/site-packages/oslo_service/backend/_threading/loopingcall.py:125}}
May 13 22:21:59.721763 np0000000732 neutron-periodic-workers[88538]: DEBUG oslo.service.backend._threading.loopingcall [None req-723afa60-9912-4f3a-b91b-7f0c2cd549dc None None] Fixed interval looping call 'neutron.db.quota.driver_nolock.DbQuotaNoLockDriver._remove_expired_reservations' sleeping for 120.00 seconds {{(pid=88538) _run_loop /opt/stack/data/venv/lib/python3.12/site-packages/oslo_service/backend/_threading/loopingcall.py:125}}
May 13 22:22:04.685282 np0000000732 neutron-periodic-workers[88516]: DEBUG dbcounter [-] [88516] Writing DB stats neutron:SELECT=3 {{(pid=88516) stat_writer /opt/stack/data/venv/lib/python3.12/site-packages/dbcounter.py:115}}
May 13 22:22:09.720652 np0000000732 neutron-periodic-workers[88538]: DEBUG dbcounter [-] [88538] Writing DB stats neutron:DELETE=1 {{(pid=88538) stat_writer /opt/stack/data/venv/lib/python3.12/site-packages/dbcounter.py:115}}
May 13 22:22:19.722648 np0000000732 neutron-periodic-workers[88524]: DEBUG neutron.db.agents_db [None req-b7cfabc0-07b0-4b9d-80db-73d0b7affe8f None None] Agent healthcheck: found 0 active agents {{(pid=88524) agent_health_check /opt/stack/neutron/neutron/db/agents_db.py:322}}
May 13 22:22:19.723220 np0000000732 neutron-periodic-workers[88524]: DEBUG oslo.service.backend._threading.loopingcall [None req-b7cfabc0-07b0-4b9d-80db-73d0b7affe8f None None] Fixed interval looping call 'neutron.plugins.ml2.plugin.AgentDbMixin.agent_health_check' sleeping for 37.00 seconds {{(pid=88524) _run_loop /opt/stack/data/venv/lib/python3.12/site-packages/oslo_service/backend/_threading/loopingcall.py:125}}
May 13 22:22:29.723632 np0000000732 neutron-periodic-workers[88524]: DEBUG dbcounter [-] [88524] Writing DB stats neutron:SELECT=1 {{(pid=88524) stat_writer /opt/stack/data/venv/lib/python3.12/site-packages/dbcounter.py:115}}
May 13 22:22:31.688275 np0000000732 neutron-periodic-workers[88516]: DEBUG oslo.service.backend._threading.loopingcall [None req-27c9395a-919c-4bef-a490-f24bdff524af None None] Fixed interval looping call 'neutron.plugins.ml2.plugin.DhcpAgentSchedulerDbMixin.remove_networks_from_down_agents' sleeping for 36.99 seconds {{(pid=88516) _run_loop /opt/stack/data/venv/lib/python3.12/site-packages/oslo_service/backend/_threading/loopingcall.py:125}}
May 13 22:22:41.689673 np0000000732 neutron-periodic-workers[88516]: DEBUG dbcounter [-] [88516] Writing DB stats neutron:SELECT=3 {{(pid=88516) stat_writer /opt/stack/data/venv/lib/python3.12/site-packages/dbcounter.py:115}}
May 13 22:22:56.738590 np0000000732 neutron-periodic-workers[88524]: DEBUG neutron.db.agents_db [None req-b7cfabc0-07b0-4b9d-80db-73d0b7affe8f None None] Agent healthcheck: found 0 active agents {{(pid=88524) agent_health_check /opt/stack/neutron/neutron/db/agents_db.py:322}}
May 13 22:22:56.739256 np0000000732 neutron-periodic-workers[88524]: DEBUG oslo.service.backend._threading.loopingcall [None req-b7cfabc0-07b0-4b9d-80db-73d0b7affe8f None None] Fixed interval looping call 'neutron.plugins.ml2.plugin.AgentDbMixin.agent_health_check' sleeping for 36.99 seconds {{(pid=88524) _run_loop /opt/stack/data/venv/lib/python3.12/site-packages/oslo_service/backend/_threading/loopingcall.py:125}}
May 13 22:23:06.732868 np0000000732 neutron-periodic-workers[88524]: DEBUG dbcounter [-] [88524] Writing DB stats neutron:SELECT=1 {{(pid=88524) stat_writer /opt/stack/data/venv/lib/python3.12/site-packages/dbcounter.py:115}}
May 13 22:23:08.697987 np0000000732 neutron-periodic-workers[88516]: DEBUG oslo.service.backend._threading.loopingcall [None req-27c9395a-919c-4bef-a490-f24bdff524af None None] Fixed interval looping call 'neutron.plugins.ml2.plugin.DhcpAgentSchedulerDbMixin.remove_networks_from_down_agents' sleeping for 36.98 seconds {{(pid=88516) _run_loop /opt/stack/data/venv/lib/python3.12/site-packages/oslo_service/backend/_threading/loopingcall.py:125}}
May 13 22:23:18.694988 np0000000732 neutron-periodic-workers[88516]: DEBUG dbcounter [-] [88516] Writing DB stats neutron:SELECT=3 {{(pid=88516) stat_writer /opt/stack/data/venv/lib/python3.12/site-packages/dbcounter.py:115}}
May 13 22:23:33.732160 np0000000732 neutron-periodic-workers[88524]: DEBUG neutron.db.agents_db [None req-b7cfabc0-07b0-4b9d-80db-73d0b7affe8f None None] Agent healthcheck: found 0 active agents {{(pid=88524) agent_health_check /opt/stack/neutron/neutron/db/agents_db.py:322}}
May 13 22:23:33.732564 np0000000732 neutron-periodic-workers[88524]: DEBUG oslo.service.backend._threading.loopingcall [None req-b7cfabc0-07b0-4b9d-80db-73d0b7affe8f None None] Fixed interval looping call 'neutron.plugins.ml2.plugin.AgentDbMixin.agent_health_check' sleeping for 37.00 seconds {{(pid=88524) _run_loop /opt/stack/data/venv/lib/python3.12/site-packages/oslo_service/backend/_threading/loopingcall.py:125}}
May 13 22:23:43.731023 np0000000732 neutron-periodic-workers[88524]: DEBUG dbcounter [-] [88524] Writing DB stats neutron:SELECT=1 {{(pid=88524) stat_writer /opt/stack/data/venv/lib/python3.12/site-packages/dbcounter.py:115}}
May 13 22:23:45.696307 np0000000732 neutron-periodic-workers[88516]: DEBUG oslo.service.backend._threading.loopingcall [None req-27c9395a-919c-4bef-a490-f24bdff524af None None] Fixed interval looping call 'neutron.plugins.ml2.plugin.DhcpAgentSchedulerDbMixin.remove_networks_from_down_agents' sleeping for 36.98 seconds {{(pid=88516) _run_loop /opt/stack/data/venv/lib/python3.12/site-packages/oslo_service/backend/_threading/loopingcall.py:125}}
May 13 22:23:55.693046 np0000000732 neutron-periodic-workers[88516]: DEBUG dbcounter [-] [88516] Writing DB stats neutron:SELECT=3 {{(pid=88516) stat_writer /opt/stack/data/venv/lib/python3.12/site-packages/dbcounter.py:115}}
May 13 22:23:59.729402 np0000000732 neutron-periodic-workers[88538]: DEBUG oslo.service.backend._threading.loopingcall [None req-723afa60-9912-4f3a-b91b-7f0c2cd549dc None None] Fixed interval looping call 'neutron.db.quota.driver_nolock.DbQuotaNoLockDriver._remove_expired_reservations' sleeping for 119.99 seconds {{(pid=88538) _run_loop /opt/stack/data/venv/lib/python3.12/site-packages/oslo_service/backend/_threading/loopingcall.py:125}}
May 13 22:24:09.730969 np0000000732 neutron-periodic-workers[88538]: DEBUG dbcounter [-] [88538] Writing DB stats neutron:DELETE=1 {{(pid=88538) stat_writer /opt/stack/data/venv/lib/python3.12/site-packages/dbcounter.py:115}}
May 13 22:24:10.742253 np0000000732 neutron-periodic-workers[88524]: DEBUG neutron.db.agents_db [None req-b7cfabc0-07b0-4b9d-80db-73d0b7affe8f None None] Agent healthcheck: found 0 active agents {{(pid=88524) agent_health_check /opt/stack/neutron/neutron/db/agents_db.py:322}}
May 13 22:24:10.742253 np0000000732 neutron-periodic-workers[88524]: DEBUG oslo.service.backend._threading.loopingcall [None req-b7cfabc0-07b0-4b9d-80db-73d0b7affe8f None None] Fixed interval looping call 'neutron.plugins.ml2.plugin.AgentDbMixin.agent_health_check' sleeping for 36.99 seconds {{(pid=88524) _run_loop /opt/stack/data/venv/lib/python3.12/site-packages/oslo_service/backend/_threading/loopingcall.py:125}}
May 13 22:24:20.736504 np0000000732 neutron-periodic-workers[88524]: DEBUG dbcounter [-] [88524] Writing DB stats neutron:SELECT=1 {{(pid=88524) stat_writer /opt/stack/data/venv/lib/python3.12/site-packages/dbcounter.py:115}}
May 13 22:24:22.693449 np0000000732 neutron-periodic-workers[88516]: DEBUG oslo.service.backend._threading.loopingcall [None req-27c9395a-919c-4bef-a490-f24bdff524af None None] Fixed interval looping call 'neutron.plugins.ml2.plugin.DhcpAgentSchedulerDbMixin.remove_networks_from_down_agents' sleeping for 36.98 seconds {{(pid=88516) _run_loop /opt/stack/data/venv/lib/python3.12/site-packages/oslo_service/backend/_threading/loopingcall.py:125}}
May 13 22:24:32.691319 np0000000732 neutron-periodic-workers[88516]: DEBUG dbcounter [-] [88516] Writing DB stats neutron:SELECT=3 {{(pid=88516) stat_writer /opt/stack/data/venv/lib/python3.12/site-packages/dbcounter.py:115}}
May 13 22:24:47.737166 np0000000732 neutron-periodic-workers[88524]: DEBUG neutron.db.agents_db [None req-b7cfabc0-07b0-4b9d-80db-73d0b7affe8f None None] Agent healthcheck: found 0 active agents {{(pid=88524) agent_health_check /opt/stack/neutron/neutron/db/agents_db.py:322}}
May 13 22:24:47.737166 np0000000732 neutron-periodic-workers[88524]: DEBUG oslo.service.backend._threading.loopingcall [None req-b7cfabc0-07b0-4b9d-80db-73d0b7affe8f None None] Fixed interval looping call 'neutron.plugins.ml2.plugin.AgentDbMixin.agent_health_check' sleeping for 37.00 seconds {{(pid=88524) _run_loop /opt/stack/data/venv/lib/python3.12/site-packages/oslo_service/backend/_threading/loopingcall.py:125}}
May 13 22:24:57.735172 np0000000732 neutron-periodic-workers[88524]: DEBUG dbcounter [-] [88524] Writing DB stats neutron:SELECT=1 {{(pid=88524) stat_writer /opt/stack/data/venv/lib/python3.12/site-packages/dbcounter.py:115}}
May 13 22:24:59.690085 np0000000732 neutron-periodic-workers[88516]: DEBUG oslo.service.backend._threading.loopingcall [None req-27c9395a-919c-4bef-a490-f24bdff524af None None] Fixed interval looping call 'neutron.plugins.ml2.plugin.DhcpAgentSchedulerDbMixin.remove_networks_from_down_agents' sleeping for 36.99 seconds {{(pid=88516) _run_loop /opt/stack/data/venv/lib/python3.12/site-packages/oslo_service/backend/_threading/loopingcall.py:125}}
May 13 22:25:09.688260 np0000000732 neutron-periodic-workers[88516]: DEBUG dbcounter [-] [88516] Writing DB stats neutron:SELECT=3 {{(pid=88516) stat_writer /opt/stack/data/venv/lib/python3.12/site-packages/dbcounter.py:115}}
May 13 22:25:20.768534 np0000000732 neutron-periodic-workers[88548]: DEBUG oslo.service.backend._threading.loopingcall [None req-dbc4ea16-9e0b-4740-9ee6-c5c1ce0ff043 None None] Fixed interval looping call 'neutron.services.ovn_l3.plugin.L3_NAT_dbonly_mixin._clean_garbage' sleeping for 299.99 seconds {{(pid=88548) _run_loop /opt/stack/data/venv/lib/python3.12/site-packages/oslo_service/backend/_threading/loopingcall.py:125}}
May 13 22:25:24.741765 np0000000732 neutron-periodic-workers[88524]: DEBUG neutron.db.agents_db [None req-b7cfabc0-07b0-4b9d-80db-73d0b7affe8f None None] Agent healthcheck: found 0 active agents {{(pid=88524) agent_health_check /opt/stack/neutron/neutron/db/agents_db.py:322}}
May 13 22:25:24.742195 np0000000732 neutron-periodic-workers[88524]: DEBUG oslo.service.backend._threading.loopingcall [None req-b7cfabc0-07b0-4b9d-80db-73d0b7affe8f None None] Fixed interval looping call 'neutron.plugins.ml2.plugin.AgentDbMixin.agent_health_check' sleeping for 37.00 seconds {{(pid=88524) _run_loop /opt/stack/data/venv/lib/python3.12/site-packages/oslo_service/backend/_threading/loopingcall.py:125}}
May 13 22:25:30.760707 np0000000732 neutron-periodic-workers[88548]: DEBUG dbcounter [-] [88548] Writing DB stats neutron:SELECT=1 {{(pid=88548) stat_writer /opt/stack/data/venv/lib/python3.12/site-packages/dbcounter.py:115}}
May 13 22:25:34.740880 np0000000732 neutron-periodic-workers[88524]: DEBUG dbcounter [-] [88524] Writing DB stats neutron:SELECT=1 {{(pid=88524) stat_writer /opt/stack/data/venv/lib/python3.12/site-packages/dbcounter.py:115}}
May 13 22:25:36.688449 np0000000732 neutron-periodic-workers[88516]: DEBUG oslo.service.backend._threading.loopingcall [None req-27c9395a-919c-4bef-a490-f24bdff524af None None] Fixed interval looping call 'neutron.plugins.ml2.plugin.DhcpAgentSchedulerDbMixin.remove_networks_from_down_agents' sleeping for 36.99 seconds {{(pid=88516) _run_loop /opt/stack/data/venv/lib/python3.12/site-packages/oslo_service/backend/_threading/loopingcall.py:125}}
May 13 22:25:46.687288 np0000000732 neutron-periodic-workers[88516]: DEBUG dbcounter [-] [88516] Writing DB stats neutron:SELECT=3 {{(pid=88516) stat_writer /opt/stack/data/venv/lib/python3.12/site-packages/dbcounter.py:115}}
May 13 22:25:59.730792 np0000000732 neutron-periodic-workers[88538]: DEBUG oslo.service.backend._threading.loopingcall [None req-723afa60-9912-4f3a-b91b-7f0c2cd549dc None None] Fixed interval looping call 'neutron.db.quota.driver_nolock.DbQuotaNoLockDriver._remove_expired_reservations' sleeping for 119.99 seconds {{(pid=88538) _run_loop /opt/stack/data/venv/lib/python3.12/site-packages/oslo_service/backend/_threading/loopingcall.py:125}}
May 13 22:26:01.745926 np0000000732 neutron-periodic-workers[88524]: DEBUG neutron.db.agents_db [None req-b7cfabc0-07b0-4b9d-80db-73d0b7affe8f None None] Agent healthcheck: found 0 active agents {{(pid=88524) agent_health_check /opt/stack/neutron/neutron/db/agents_db.py:322}}
May 13 22:26:01.745926 np0000000732 neutron-periodic-workers[88524]: DEBUG oslo.service.backend._threading.loopingcall [None req-b7cfabc0-07b0-4b9d-80db-73d0b7affe8f None None] Fixed interval looping call 'neutron.plugins.ml2.plugin.AgentDbMixin.agent_health_check' sleeping for 37.00 seconds {{(pid=88524) _run_loop /opt/stack/data/venv/lib/python3.12/site-packages/oslo_service/backend/_threading/loopingcall.py:125}}
May 13 22:26:09.727982 np0000000732 neutron-periodic-workers[88538]: DEBUG dbcounter [-] [88538] Writing DB stats neutron:DELETE=1 {{(pid=88538) stat_writer /opt/stack/data/venv/lib/python3.12/site-packages/dbcounter.py:115}}
May 13 22:26:11.746510 np0000000732 neutron-periodic-workers[88524]: DEBUG dbcounter [-] [88524] Writing DB stats neutron:SELECT=1 {{(pid=88524) stat_writer /opt/stack/data/venv/lib/python3.12/site-packages/dbcounter.py:115}}
May 13 22:26:13.697931 np0000000732 neutron-periodic-workers[88516]: DEBUG oslo.service.backend._threading.loopingcall [None req-27c9395a-919c-4bef-a490-f24bdff524af None None] Fixed interval looping call 'neutron.plugins.ml2.plugin.DhcpAgentSchedulerDbMixin.remove_networks_from_down_agents' sleeping for 36.98 seconds {{(pid=88516) _run_loop /opt/stack/data/venv/lib/python3.12/site-packages/oslo_service/backend/_threading/loopingcall.py:125}}
May 13 22:26:23.696681 np0000000732 neutron-periodic-workers[88516]: DEBUG dbcounter [-] [88516] Writing DB stats neutron:SELECT=3 {{(pid=88516) stat_writer /opt/stack/data/venv/lib/python3.12/site-packages/dbcounter.py:115}}
May 13 22:26:38.752729 np0000000732 neutron-periodic-workers[88524]: DEBUG neutron.db.agents_db [None req-b7cfabc0-07b0-4b9d-80db-73d0b7affe8f None None] Agent healthcheck: found 0 active agents {{(pid=88524) agent_health_check /opt/stack/neutron/neutron/db/agents_db.py:322}}
May 13 22:26:38.753281 np0000000732 neutron-periodic-workers[88524]: DEBUG oslo.service.backend._threading.loopingcall [None req-b7cfabc0-07b0-4b9d-80db-73d0b7affe8f None None] Fixed interval looping call 'neutron.plugins.ml2.plugin.AgentDbMixin.agent_health_check' sleeping for 36.99 seconds {{(pid=88524) _run_loop /opt/stack/data/venv/lib/python3.12/site-packages/oslo_service/backend/_threading/loopingcall.py:125}}
May 13 22:26:48.751910 np0000000732 neutron-periodic-workers[88524]: DEBUG dbcounter [-] [88524] Writing DB stats neutron:SELECT=1 {{(pid=88524) stat_writer /opt/stack/data/venv/lib/python3.12/site-packages/dbcounter.py:115}}
May 13 22:26:50.687592 np0000000732 neutron-periodic-workers[88516]: DEBUG oslo.service.backend._threading.loopingcall [None req-27c9395a-919c-4bef-a490-f24bdff524af None None] Fixed interval looping call 'neutron.plugins.ml2.plugin.DhcpAgentSchedulerDbMixin.remove_networks_from_down_agents' sleeping for 36.99 seconds {{(pid=88516) _run_loop /opt/stack/data/venv/lib/python3.12/site-packages/oslo_service/backend/_threading/loopingcall.py:125}}
May 13 22:27:00.685645 np0000000732 neutron-periodic-workers[88516]: DEBUG dbcounter [-] [88516] Writing DB stats neutron:SELECT=3 {{(pid=88516) stat_writer /opt/stack/data/venv/lib/python3.12/site-packages/dbcounter.py:115}}
May 13 22:27:15.761251 np0000000732 neutron-periodic-workers[88524]: DEBUG neutron.db.agents_db [None req-b7cfabc0-07b0-4b9d-80db-73d0b7affe8f None None] Agent healthcheck: found 0 active agents {{(pid=88524) agent_health_check /opt/stack/neutron/neutron/db/agents_db.py:322}}
May 13 22:27:15.761251 np0000000732 neutron-periodic-workers[88524]: DEBUG oslo.service.backend._threading.loopingcall [None req-b7cfabc0-07b0-4b9d-80db-73d0b7affe8f None None] Fixed interval looping call 'neutron.plugins.ml2.plugin.AgentDbMixin.agent_health_check' sleeping for 36.98 seconds {{(pid=88524) _run_loop /opt/stack/data/venv/lib/python3.12/site-packages/oslo_service/backend/_threading/loopingcall.py:125}}
May 13 22:27:25.760044 np0000000732 neutron-periodic-workers[88524]: DEBUG dbcounter [-] [88524] Writing DB stats neutron:SELECT=1 {{(pid=88524) stat_writer /opt/stack/data/venv/lib/python3.12/site-packages/dbcounter.py:115}}
May 13 22:27:27.696717 np0000000732 neutron-periodic-workers[88516]: DEBUG oslo.service.backend._threading.loopingcall [None req-27c9395a-919c-4bef-a490-f24bdff524af None None] Fixed interval looping call 'neutron.plugins.ml2.plugin.DhcpAgentSchedulerDbMixin.remove_networks_from_down_agents' sleeping for 36.99 seconds {{(pid=88516) _run_loop /opt/stack/data/venv/lib/python3.12/site-packages/oslo_service/backend/_threading/loopingcall.py:125}}
May 13 22:27:37.695045 np0000000732 neutron-periodic-workers[88516]: DEBUG dbcounter [-] [88516] Writing DB stats neutron:SELECT=3 {{(pid=88516) stat_writer /opt/stack/data/venv/lib/python3.12/site-packages/dbcounter.py:115}}
May 13 22:27:52.754089 np0000000732 neutron-periodic-workers[88524]: DEBUG neutron.db.agents_db [None req-b7cfabc0-07b0-4b9d-80db-73d0b7affe8f None None] Agent healthcheck: found 0 active agents {{(pid=88524) agent_health_check /opt/stack/neutron/neutron/db/agents_db.py:322}}
May 13 22:27:52.755195 np0000000732 neutron-periodic-workers[88524]: DEBUG oslo.service.backend._threading.loopingcall [None req-b7cfabc0-07b0-4b9d-80db-73d0b7affe8f None None] Fixed interval looping call 'neutron.plugins.ml2.plugin.AgentDbMixin.agent_health_check' sleeping for 36.99 seconds {{(pid=88524) _run_loop /opt/stack/data/venv/lib/python3.12/site-packages/oslo_service/backend/_threading/loopingcall.py:125}}
May 13 22:27:59.725316 np0000000732 neutron-periodic-workers[88538]: DEBUG oslo.service.backend._threading.loopingcall [None req-723afa60-9912-4f3a-b91b-7f0c2cd549dc None None] Fixed interval looping call 'neutron.db.quota.driver_nolock.DbQuotaNoLockDriver._remove_expired_reservations' sleeping for 120.00 seconds {{(pid=88538) _run_loop /opt/stack/data/venv/lib/python3.12/site-packages/oslo_service/backend/_threading/loopingcall.py:125}}
May 13 22:28:02.747184 np0000000732 neutron-periodic-workers[88524]: DEBUG dbcounter [-] [88524] Writing DB stats neutron:SELECT=1 {{(pid=88524) stat_writer /opt/stack/data/venv/lib/python3.12/site-packages/dbcounter.py:115}}
May 13 22:28:04.697243 np0000000732 neutron-periodic-workers[88516]: DEBUG oslo.service.backend._threading.loopingcall [None req-27c9395a-919c-4bef-a490-f24bdff524af None None] Fixed interval looping call 'neutron.plugins.ml2.plugin.DhcpAgentSchedulerDbMixin.remove_networks_from_down_agents' sleeping for 36.99 seconds {{(pid=88516) _run_loop /opt/stack/data/venv/lib/python3.12/site-packages/oslo_service/backend/_threading/loopingcall.py:125}}
May 13 22:28:09.723560 np0000000732 neutron-periodic-workers[88538]: DEBUG dbcounter [-] [88538] Writing DB stats neutron:DELETE=1 {{(pid=88538) stat_writer /opt/stack/data/venv/lib/python3.12/site-packages/dbcounter.py:115}}
May 13 22:28:14.696511 np0000000732 neutron-periodic-workers[88516]: DEBUG dbcounter [-] [88516] Writing DB stats neutron:SELECT=3 {{(pid=88516) stat_writer /opt/stack/data/venv/lib/python3.12/site-packages/dbcounter.py:115}}
May 13 22:28:29.750085 np0000000732 neutron-periodic-workers[88524]: DEBUG neutron.db.agents_db [None req-b7cfabc0-07b0-4b9d-80db-73d0b7affe8f None None] Agent healthcheck: found 0 active agents {{(pid=88524) agent_health_check /opt/stack/neutron/neutron/db/agents_db.py:322}}
May 13 22:28:29.750562 np0000000732 neutron-periodic-workers[88524]: DEBUG oslo.service.backend._threading.loopingcall [None req-b7cfabc0-07b0-4b9d-80db-73d0b7affe8f None None] Fixed interval looping call 'neutron.plugins.ml2.plugin.AgentDbMixin.agent_health_check' sleeping for 36.99 seconds {{(pid=88524) _run_loop /opt/stack/data/venv/lib/python3.12/site-packages/oslo_service/backend/_threading/loopingcall.py:125}}
May 13 22:28:39.748206 np0000000732 neutron-periodic-workers[88524]: DEBUG dbcounter [-] [88524] Writing DB stats neutron:SELECT=1 {{(pid=88524) stat_writer /opt/stack/data/venv/lib/python3.12/site-packages/dbcounter.py:115}}
May 13 22:28:41.700746 np0000000732 neutron-periodic-workers[88516]: DEBUG oslo.service.backend._threading.loopingcall [None req-27c9395a-919c-4bef-a490-f24bdff524af None None] Fixed interval looping call 'neutron.plugins.ml2.plugin.DhcpAgentSchedulerDbMixin.remove_networks_from_down_agents' sleeping for 36.99 seconds {{(pid=88516) _run_loop /opt/stack/data/venv/lib/python3.12/site-packages/oslo_service/backend/_threading/loopingcall.py:125}}
May 13 22:28:51.701857 np0000000732 neutron-periodic-workers[88516]: DEBUG dbcounter [-] [88516] Writing DB stats neutron:SELECT=3 {{(pid=88516) stat_writer /opt/stack/data/venv/lib/python3.12/site-packages/dbcounter.py:115}}
May 13 22:29:06.743583 np0000000732 neutron-periodic-workers[88524]: DEBUG neutron.db.agents_db [None req-b7cfabc0-07b0-4b9d-80db-73d0b7affe8f None None] Agent healthcheck: found 0 active agents {{(pid=88524) agent_health_check /opt/stack/neutron/neutron/db/agents_db.py:322}}
May 13 22:29:06.744027 np0000000732 neutron-periodic-workers[88524]: DEBUG oslo.service.backend._threading.loopingcall [None req-b7cfabc0-07b0-4b9d-80db-73d0b7affe8f None None] Fixed interval looping call 'neutron.plugins.ml2.plugin.AgentDbMixin.agent_health_check' sleeping for 37.00 seconds {{(pid=88524) _run_loop /opt/stack/data/venv/lib/python3.12/site-packages/oslo_service/backend/_threading/loopingcall.py:125}}
May 13 22:29:16.742499 np0000000732 neutron-periodic-workers[88524]: DEBUG dbcounter [-] [88524] Writing DB stats neutron:SELECT=1 {{(pid=88524) stat_writer /opt/stack/data/venv/lib/python3.12/site-packages/dbcounter.py:115}}
May 13 22:29:18.698569 np0000000732 neutron-periodic-workers[88516]: DEBUG oslo.service.backend._threading.loopingcall [None req-27c9395a-919c-4bef-a490-f24bdff524af None None] Fixed interval looping call 'neutron.plugins.ml2.plugin.DhcpAgentSchedulerDbMixin.remove_networks_from_down_agents' sleeping for 36.99 seconds {{(pid=88516) _run_loop /opt/stack/data/venv/lib/python3.12/site-packages/oslo_service/backend/_threading/loopingcall.py:125}}
May 13 22:29:28.697298 np0000000732 neutron-periodic-workers[88516]: DEBUG dbcounter [-] [88516] Writing DB stats neutron:SELECT=3 {{(pid=88516) stat_writer /opt/stack/data/venv/lib/python3.12/site-packages/dbcounter.py:115}}
May 13 22:29:43.747381 np0000000732 neutron-periodic-workers[88524]: DEBUG neutron.db.agents_db [None req-b7cfabc0-07b0-4b9d-80db-73d0b7affe8f None None] Agent healthcheck: found 0 active agents {{(pid=88524) agent_health_check /opt/stack/neutron/neutron/db/agents_db.py:322}}
May 13 22:29:43.747784 np0000000732 neutron-periodic-workers[88524]: DEBUG oslo.service.backend._threading.loopingcall [None req-b7cfabc0-07b0-4b9d-80db-73d0b7affe8f None None] Fixed interval looping call 'neutron.plugins.ml2.plugin.AgentDbMixin.agent_health_check' sleeping for 37.00 seconds {{(pid=88524) _run_loop /opt/stack/data/venv/lib/python3.12/site-packages/oslo_service/backend/_threading/loopingcall.py:125}}
May 13 22:29:53.746366 np0000000732 neutron-periodic-workers[88524]: DEBUG dbcounter [-] [88524] Writing DB stats neutron:SELECT=1 {{(pid=88524) stat_writer /opt/stack/data/venv/lib/python3.12/site-packages/dbcounter.py:115}}
May 13 22:29:55.696110 np0000000732 neutron-periodic-workers[88516]: DEBUG oslo.service.backend._threading.loopingcall [None req-27c9395a-919c-4bef-a490-f24bdff524af None None] Fixed interval looping call 'neutron.plugins.ml2.plugin.DhcpAgentSchedulerDbMixin.remove_networks_from_down_agents' sleeping for 36.99 seconds {{(pid=88516) _run_loop /opt/stack/data/venv/lib/python3.12/site-packages/oslo_service/backend/_threading/loopingcall.py:125}}
May 13 22:29:59.730013 np0000000732 neutron-periodic-workers[88538]: DEBUG oslo.service.backend._threading.loopingcall [None req-723afa60-9912-4f3a-b91b-7f0c2cd549dc None None] Fixed interval looping call 'neutron.db.quota.driver_nolock.DbQuotaNoLockDriver._remove_expired_reservations' sleeping for 120.00 seconds {{(pid=88538) _run_loop /opt/stack/data/venv/lib/python3.12/site-packages/oslo_service/backend/_threading/loopingcall.py:125}}
May 13 22:30:05.695055 np0000000732 neutron-periodic-workers[88516]: DEBUG dbcounter [-] [88516] Writing DB stats neutron:SELECT=3 {{(pid=88516) stat_writer /opt/stack/data/venv/lib/python3.12/site-packages/dbcounter.py:115}}
May 13 22:30:09.728459 np0000000732 neutron-periodic-workers[88538]: DEBUG dbcounter [-] [88538] Writing DB stats neutron:DELETE=1 {{(pid=88538) stat_writer /opt/stack/data/venv/lib/python3.12/site-packages/dbcounter.py:115}}
May 13 22:30:20.754247 np0000000732 neutron-periodic-workers[88524]: DEBUG neutron.db.agents_db [None req-b7cfabc0-07b0-4b9d-80db-73d0b7affe8f None None] Agent healthcheck: found 0 active agents {{(pid=88524) agent_health_check /opt/stack/neutron/neutron/db/agents_db.py:322}}
May 13 22:30:20.754825 np0000000732 neutron-periodic-workers[88524]: DEBUG oslo.service.backend._threading.loopingcall [None req-b7cfabc0-07b0-4b9d-80db-73d0b7affe8f None None] Fixed interval looping call 'neutron.plugins.ml2.plugin.AgentDbMixin.agent_health_check' sleeping for 36.99 seconds {{(pid=88524) _run_loop /opt/stack/data/venv/lib/python3.12/site-packages/oslo_service/backend/_threading/loopingcall.py:125}}
May 13 22:30:20.768173 np0000000732 neutron-periodic-workers[88548]: DEBUG oslo.service.backend._threading.loopingcall [None req-dbc4ea16-9e0b-4740-9ee6-c5c1ce0ff043 None None] Fixed interval looping call 'neutron.services.ovn_l3.plugin.L3_NAT_dbonly_mixin._clean_garbage' sleeping for 299.99 seconds {{(pid=88548) _run_loop /opt/stack/data/venv/lib/python3.12/site-packages/oslo_service/backend/_threading/loopingcall.py:125}}
May 13 22:30:30.751882 np0000000732 neutron-periodic-workers[88524]: DEBUG dbcounter [-] [88524] Writing DB stats neutron:SELECT=1 {{(pid=88524) stat_writer /opt/stack/data/venv/lib/python3.12/site-packages/dbcounter.py:115}}
May 13 22:30:30.760522 np0000000732 neutron-periodic-workers[88548]: DEBUG dbcounter [-] [88548] Writing DB stats neutron:SELECT=1 {{(pid=88548) stat_writer /opt/stack/data/venv/lib/python3.12/site-packages/dbcounter.py:115}}
May 13 22:30:32.705742 np0000000732 neutron-periodic-workers[88516]: DEBUG oslo.service.backend._threading.loopingcall [None req-27c9395a-919c-4bef-a490-f24bdff524af None None] Fixed interval looping call 'neutron.plugins.ml2.plugin.DhcpAgentSchedulerDbMixin.remove_networks_from_down_agents' sleeping for 36.98 seconds {{(pid=88516) _run_loop /opt/stack/data/venv/lib/python3.12/site-packages/oslo_service/backend/_threading/loopingcall.py:125}}
