Jul 24 05:04:07.617068 np0000005804 devstack@g-api.service[103042]: DEBUG glance.api.middleware.version_negotiation [None req-00ea81df-be11-4fc2-b34c-532d46bf4a78 tempest-ImageDependencyTests-620367814 tempest-ImageDependencyTests-620367814-project-member] new path /v2/images/efc11f63-31f0-4d97-8852-7decf2b08d43 {{(pid=103042) process_request /opt/stack/glance/glance/api/middleware/version_negotiation.py:70}}
Jul 24 05:04:07.619086 np0000005804 devstack@g-api.service[103043]: DEBUG glance.api.middleware.version_negotiation [None req-00ea81df-be11-4fc2-b34c-532d46bf4a78 tempest-ImageDependencyTests-620367814 tempest-ImageDependencyTests-620367814-project-member] Determining version of request: GET /v2/images/ac8eeb82-3d23-4577-8c0a-795020bf16ca Accept: application/json {{(pid=103043) process_request /opt/stack/glance/glance/api/middleware/version_negotiation.py:44}}
Jul 24 05:04:07.619086 np0000005804 devstack@g-api.service[103043]: DEBUG glance.api.middleware.version_negotiation [None req-00ea81df-be11-4fc2-b34c-532d46bf4a78 tempest-ImageDependencyTests-620367814 tempest-ImageDependencyTests-620367814-project-member] Using url versioning {{(pid=103043) process_request /opt/stack/glance/glance/api/middleware/version_negotiation.py:57}}
Jul 24 05:04:07.619456 np0000005804 devstack@g-api.service[103043]: DEBUG glance.api.middleware.version_negotiation [None req-00ea81df-be11-4fc2-b34c-532d46bf4a78 tempest-ImageDependencyTests-620367814 tempest-ImageDependencyTests-620367814-project-member] Matched version: v2 {{(pid=103043) process_request /opt/stack/glance/glance/api/middleware/version_negotiation.py:69}}
Jul 24 05:04:07.619456 np0000005804 devstack@g-api.service[103043]: DEBUG glance.api.middleware.version_negotiation [None req-00ea81df-be11-4fc2-b34c-532d46bf4a78 tempest-ImageDependencyTests-620367814 tempest-ImageDependencyTests-620367814-project-member] new path /v2/images/ac8eeb82-3d23-4577-8c0a-795020bf16ca {{(pid=103043) process_request /opt/stack/glance/glance/api/middleware/version_negotiation.py:70}}
Jul 24 05:04:07.634702 np0000005804 devstack@g-api.service[103042]: [pid: 103042|app: 0|req: 64/247] 127.0.0.1 () {44 vars in 1115 bytes} [Fri Jul 24 05:04:07 2026] GET /v2/images/efc11f63-31f0-4d97-8852-7decf2b08d43 => generated 1044 bytes in 19 msecs (HTTP/1.1 200) 4 headers in 158 bytes (1 switches on core 0)
Jul 24 05:04:07.638998 np0000005804 devstack@g-api.service[103043]: [pid: 103043|app: 0|req: 63/248] 127.0.0.1 () {40 vars in 838 bytes} [Fri Jul 24 05:04:07 2026] GET /v2/images/ac8eeb82-3d23-4577-8c0a-795020bf16ca => generated 1761 bytes in 20 msecs (HTTP/1.1 200) 4 headers in 158 bytes (1 switches on core 0)
Jul 24 05:04:07.658166 np0000005804 devstack@g-api.service[103045]: DEBUG glance.api.middleware.version_negotiation [None req-00ea81df-be11-4fc2-b34c-532d46bf4a78 tempest-ImageDependencyTests-620367814 tempest-ImageDependencyTests-620367814-project-member] Determining version of request: GET /v2/schemas/image Accept: */* {{(pid=103045) process_request /opt/stack/glance/glance/api/middleware/version_negotiation.py:44}}
Jul 24 05:04:07.658166 np0000005804 devstack@g-api.service[103045]: DEBUG glance.api.middleware.version_negotiation [None req-00ea81df-be11-4fc2-b34c-532d46bf4a78 tempest-ImageDependencyTests-620367814 tempest-ImageDependencyTests-620367814-project-member] Using url versioning {{(pid=103045) process_request /opt/stack/glance/glance/api/middleware/version_negotiation.py:57}}
Jul 24 05:04:07.658166 np0000005804 devstack@g-api.service[103045]: DEBUG glance.api.middleware.version_negotiation [None req-00ea81df-be11-4fc2-b34c-532d46bf4a78 tempest-ImageDependencyTests-620367814 tempest-ImageDependencyTests-620367814-project-member] Matched version: v2 {{(pid=103045) process_request /opt/stack/glance/glance/api/middleware/version_negotiation.py:69}}
Jul 24 05:04:07.658166 np0000005804 devstack@g-api.service[103045]: DEBUG glance.api.middleware.version_negotiation [None req-00ea81df-be11-4fc2-b34c-532d46bf4a78 tempest-ImageDependencyTests-620367814 tempest-ImageDependencyTests-620367814-project-member] new path /v2/schemas/image {{(pid=103045) process_request /opt/stack/glance/glance/api/middleware/version_negotiation.py:70}}
Jul 24 05:04:07.667782 np0000005804 devstack@g-api.service[103045]: [pid: 103045|app: 0|req: 65/249] 127.0.0.1 () {44 vars in 1055 bytes} [Fri Jul 24 05:04:07 2026] GET /v2/schemas/image => generated 6083 bytes in 8 msecs (HTTP/1.1 200) 4 headers in 158 bytes (1 switches on core 0)
Jul 24 05:04:07.682557 np0000005804 devstack@g-api.service[103044]: DEBUG glance.api.middleware.version_negotiation [None req-761b7c75-0c4e-46f6-b02b-c7074425f4ab tempest-ImageDependencyTests-620367814 tempest-ImageDependencyTests-620367814-project-member] Determining version of request: GET /v2/schemas/image Accept: */* {{(pid=103044) process_request /opt/stack/glance/glance/api/middleware/version_negotiation.py:44}}
Jul 24 05:04:07.682557 np0000005804 devstack@g-api.service[103044]: DEBUG glance.api.middleware.version_negotiation [None req-761b7c75-0c4e-46f6-b02b-c7074425f4ab tempest-ImageDependencyTests-620367814 tempest-ImageDependencyTests-620367814-project-member] Using url versioning {{(pid=103044) process_request /opt/stack/glance/glance/api/middleware/version_negotiation.py:57}}
Jul 24 05:04:07.682557 np0000005804 devstack@g-api.service[103044]: DEBUG glance.api.middleware.version_negotiation [None req-761b7c75-0c4e-46f6-b02b-c7074425f4ab tempest-ImageDependencyTests-620367814 tempest-ImageDependencyTests-620367814-project-member] Matched version: v2 {{(pid=103044) process_request /opt/stack/glance/glance/api/middleware/version_negotiation.py:69}}
Jul 24 05:04:07.682557 np0000005804 devstack@g-api.service[103044]: DEBUG glance.api.middleware.version_negotiation [None req-761b7c75-0c4e-46f6-b02b-c7074425f4ab tempest-ImageDependencyTests-620367814 tempest-ImageDependencyTests-620367814-project-member] new path /v2/schemas/image {{(pid=103044) process_request /opt/stack/glance/glance/api/middleware/version_negotiation.py:70}}
Jul 24 05:04:07.691636 np0000005804 devstack@g-api.service[103044]: [pid: 103044|app: 0|req: 58/250] 127.0.0.1 () {44 vars in 1055 bytes} [Fri Jul 24 05:04:07 2026] GET /v2/schemas/image => generated 6083 bytes in 9 msecs (HTTP/1.1 200) 4 headers in 158 bytes (1 switches on core 0)
Jul 24 05:04:07.715157 np0000005804 devstack@g-api.service[103042]: DEBUG glance.api.middleware.version_negotiation [None req-205f2de5-a8d1-4827-a085-b3f09c6f0402 tempest-ServerActionsV293TestJSON-1134951637 tempest-ServerActionsV293TestJSON-1134951637-project-member] Determining version of request: GET /v2/images/efc11f63-31f0-4d97-8852-7decf2b08d43 Accept: */* {{(pid=103042) process_request /opt/stack/glance/glance/api/middleware/version_negotiation.py:44}}
Jul 24 05:04:07.715324 np0000005804 devstack@g-api.service[103042]: DEBUG glance.api.middleware.version_negotiation [None req-205f2de5-a8d1-4827-a085-b3f09c6f0402 tempest-ServerActionsV293TestJSON-1134951637 tempest-ServerActionsV293TestJSON-1134951637-project-member] Using url versioning {{(pid=103042) process_request /opt/stack/glance/glance/api/middleware/version_negotiation.py:57}}
Jul 24 05:04:07.716130 np0000005804 devstack@g-api.service[103042]: DEBUG glance.api.middleware.version_negotiation [None req-205f2de5-a8d1-4827-a085-b3f09c6f0402 tempest-ServerActionsV293TestJSON-1134951637 tempest-ServerActionsV293TestJSON-1134951637-project-member] Matched version: v2 {{(pid=103042) process_request /opt/stack/glance/glance/api/middleware/version_negotiation.py:69}}
Jul 24 05:04:07.716130 np0000005804 devstack@g-api.service[103042]: DEBUG glance.api.middleware.version_negotiation [None req-205f2de5-a8d1-4827-a085-b3f09c6f0402 tempest-ServerActionsV293TestJSON-1134951637 tempest-ServerActionsV293TestJSON-1134951637-project-member] new path /v2/images/efc11f63-31f0-4d97-8852-7decf2b08d43 {{(pid=103042) process_request /opt/stack/glance/glance/api/middleware/version_negotiation.py:70}}
Jul 24 05:04:07.716435 np0000005804 devstack@g-api.service[103043]: DEBUG glance.api.middleware.version_negotiation [None req-e3b0845b-5730-4c9d-a5e2-c4a67462d607 tempest-ImageDependencyTests-620367814 tempest-ImageDependencyTests-620367814-project-member] Determining version of request: DELETE /v2/images/66ce6607-a0fe-40ed-8aa1-fe3905a4a7e1 Accept: application/json {{(pid=103043) process_request /opt/stack/glance/glance/api/middleware/version_negotiation.py:44}}
Jul 24 05:04:07.716435 np0000005804 devstack@g-api.service[103043]: DEBUG glance.api.middleware.version_negotiation [None req-e3b0845b-5730-4c9d-a5e2-c4a67462d607 tempest-ImageDependencyTests-620367814 tempest-ImageDependencyTests-620367814-project-member] Using url versioning {{(pid=103043) process_request /opt/stack/glance/glance/api/middleware/version_negotiation.py:57}}
Jul 24 05:04:07.716822 np0000005804 devstack@g-api.service[103043]: DEBUG glance.api.middleware.version_negotiation [None req-e3b0845b-5730-4c9d-a5e2-c4a67462d607 tempest-ImageDependencyTests-620367814 tempest-ImageDependencyTests-620367814-project-member] Matched version: v2 {{(pid=103043) process_request /opt/stack/glance/glance/api/middleware/version_negotiation.py:69}}
Jul 24 05:04:07.717214 np0000005804 devstack@g-api.service[103043]: DEBUG glance.api.middleware.version_negotiation [None req-e3b0845b-5730-4c9d-a5e2-c4a67462d607 tempest-ImageDependencyTests-620367814 tempest-ImageDependencyTests-620367814-project-member] new path /v2/images/66ce6607-a0fe-40ed-8aa1-fe3905a4a7e1 {{(pid=103043) process_request /opt/stack/glance/glance/api/middleware/version_negotiation.py:70}}
Jul 24 05:04:07.734387 np0000005804 devstack@g-api.service[103042]: [pid: 103042|app: 0|req: 65/251] 127.0.0.1 () {44 vars in 1115 bytes} [Fri Jul 24 05:04:07 2026] GET /v2/images/efc11f63-31f0-4d97-8852-7decf2b08d43 => generated 1044 bytes in 19 msecs (HTTP/1.1 200) 4 headers in 158 bytes (1 switches on core 0)
Jul 24 05:04:07.734490 np0000005804 devstack@g-api.service[103043]: WARNING glance.api.v2.images [None req-791152bc-1565-4fa2-ace8-6ed0e0c89a39 tempest-ImageDependencyTests-620367814 tempest-ImageDependencyTests-620367814-project-member] After upload to backend, deletion of staged image data has failed because it cannot be found at /tmp/staging//66ce6607-a0fe-40ed-8aa1-fe3905a4a7e1
Jul 24 05:04:07.736019 np0000005804 devstack@g-api.service[103043]: DEBUG glance_store.backend [None req-791152bc-1565-4fa2-ace8-6ed0e0c89a39 tempest-ImageDependencyTests-620367814 tempest-ImageDependencyTests-620367814-project-member] Attempting to import store swift {{(pid=103043) _load_store /opt/stack/data/venv/lib/python3.12/site-packages/glance_store/backend.py:215}}
Jul 24 05:04:07.738123 np0000005804 devstack@g-api.service[103043]: DEBUG glance_store.capabilities [None req-791152bc-1565-4fa2-ace8-6ed0e0c89a39 tempest-ImageDependencyTests-620367814 tempest-ImageDependencyTests-620367814-project-member] Store glance_store._drivers.swift.store.SingleTenantStore doesn't support updating dynamic storage capabilities. Please overwrite 'update_capabilities' method of the store to implement updating logics if needed. {{(pid=103043) update_capabilities /opt/stack/data/venv/lib/python3.12/site-packages/glance_store/capabilities.py:91}}
Jul 24 05:04:07.738967 np0000005804 devstack@g-api.service[103043]: DEBUG glance_store.driver [None req-791152bc-1565-4fa2-ace8-6ed0e0c89a39 tempest-ImageDependencyTests-620367814 tempest-ImageDependencyTests-620367814-project-member] Late loading location class glance_store._drivers.swift.store.StoreLocation {{(pid=103043) get_store_location_class /opt/stack/data/venv/lib/python3.12/site-packages/glance_store/driver.py:134}}
Jul 24 05:04:07.738967 np0000005804 devstack@g-api.service[103043]: DEBUG glance_store.location [None req-791152bc-1565-4fa2-ace8-6ed0e0c89a39 tempest-ImageDependencyTests-620367814 tempest-ImageDependencyTests-620367814-project-member] Registering scheme swift+https with {'store': , 'location_class': , 'store_entry': 'swift'} {{(pid=103043) register_scheme_map /opt/stack/data/venv/lib/python3.12/site-packages/glance_store/location.py:146}}
Jul 24 05:04:07.738967 np0000005804 devstack@g-api.service[103043]: DEBUG glance_store.location [None req-791152bc-1565-4fa2-ace8-6ed0e0c89a39 tempest-ImageDependencyTests-620367814 tempest-ImageDependencyTests-620367814-project-member] Registering scheme swift+https with {'store': , 'location_class': , 'store_entry': 'swift'} {{(pid=103043) register_scheme_map /opt/stack/data/venv/lib/python3.12/site-packages/glance_store/location.py:146}}
Jul 24 05:04:07.738967 np0000005804 devstack@g-api.service[103043]: DEBUG glance_store.location [None req-791152bc-1565-4fa2-ace8-6ed0e0c89a39 tempest-ImageDependencyTests-620367814 tempest-ImageDependencyTests-620367814-project-member] Registering scheme swift with {'store': , 'location_class': , 'store_entry': 'swift'} {{(pid=103043) register_scheme_map /opt/stack/data/venv/lib/python3.12/site-packages/glance_store/location.py:146}}
Jul 24 05:04:07.739706 np0000005804 devstack@g-api.service[103043]: DEBUG glance_store.location [None req-791152bc-1565-4fa2-ace8-6ed0e0c89a39 tempest-ImageDependencyTests-620367814 tempest-ImageDependencyTests-620367814-project-member] Registering scheme swift+https with {'store': , 'location_class': , 'store_entry': 'swift'} {{(pid=103043) register_scheme_map /opt/stack/data/venv/lib/python3.12/site-packages/glance_store/location.py:146}}
Jul 24 05:04:07.739706 np0000005804 devstack@g-api.service[103043]: DEBUG glance_store.location [None req-791152bc-1565-4fa2-ace8-6ed0e0c89a39 tempest-ImageDependencyTests-620367814 tempest-ImageDependencyTests-620367814-project-member] Registering scheme swift with {'store': , 'location_class': , 'store_entry': 'swift'} {{(pid=103043) register_scheme_map /opt/stack/data/venv/lib/python3.12/site-packages/glance_store/location.py:146}}
Jul 24 05:04:07.739706 np0000005804 devstack@g-api.service[103043]: DEBUG glance_store.location [None req-791152bc-1565-4fa2-ace8-6ed0e0c89a39 tempest-ImageDependencyTests-620367814 tempest-ImageDependencyTests-620367814-project-member] Registering scheme swift+http with {'store': , 'location_class': , 'store_entry': 'swift'} {{(pid=103043) register_scheme_map /opt/stack/data/venv/lib/python3.12/site-packages/glance_store/location.py:146}}
Jul 24 05:04:07.741922 np0000005804 devstack@g-api.service[103043]: DEBUG glance_store.location [None req-791152bc-1565-4fa2-ace8-6ed0e0c89a39 tempest-ImageDependencyTests-620367814 tempest-ImageDependencyTests-620367814-project-member] Registering scheme swift+https with {'store': , 'location_class': , 'store_entry': 'swift'} {{(pid=103043) register_scheme_map /opt/stack/data/venv/lib/python3.12/site-packages/glance_store/location.py:146}}
Jul 24 05:04:07.742059 np0000005804 devstack@g-api.service[103043]: DEBUG glance_store.location [None req-791152bc-1565-4fa2-ace8-6ed0e0c89a39 tempest-ImageDependencyTests-620367814 tempest-ImageDependencyTests-620367814-project-member] Registering scheme swift with {'store': , 'location_class': , 'store_entry': 'swift'} {{(pid=103043) register_scheme_map /opt/stack/data/venv/lib/python3.12/site-packages/glance_store/location.py:146}}
Jul 24 05:04:07.742215 np0000005804 devstack@g-api.service[103043]: DEBUG glance_store.location [None req-791152bc-1565-4fa2-ace8-6ed0e0c89a39 tempest-ImageDependencyTests-620367814 tempest-ImageDependencyTests-620367814-project-member] Registering scheme swift+http with {'store': , 'location_class': , 'store_entry': 'swift'} {{(pid=103043) register_scheme_map /opt/stack/data/venv/lib/python3.12/site-packages/glance_store/location.py:146}}
Jul 24 05:04:07.742340 np0000005804 devstack@g-api.service[103043]: DEBUG glance_store.location [None req-791152bc-1565-4fa2-ace8-6ed0e0c89a39 tempest-ImageDependencyTests-620367814 tempest-ImageDependencyTests-620367814-project-member] Registering scheme swift+config with {'store': , 'location_class': , 'store_entry': 'swift'} {{(pid=103043) register_scheme_map /opt/stack/data/venv/lib/python3.12/site-packages/glance_store/location.py:146}}
Jul 24 05:04:07.743284 np0000005804 devstack@g-api.service[103043]: DEBUG keystoneclient.auth.identity.v3.base [None req-791152bc-1565-4fa2-ace8-6ed0e0c89a39 tempest-ImageDependencyTests-620367814 tempest-ImageDependencyTests-620367814-project-member] Making authentication request to https://10.4.3.129/identity/v3/auth/tokens {{(pid=103043) get_auth_ref /opt/stack/data/venv/lib/python3.12/site-packages/keystoneclient/auth/identity/v3/base.py:185}}
Jul 24 05:04:07.751455 np0000005804 devstack@g-api.service[103045]: DEBUG glance.api.middleware.version_negotiation [None req-205f2de5-a8d1-4827-a085-b3f09c6f0402 tempest-ServerActionsV293TestJSON-1134951637 tempest-ServerActionsV293TestJSON-1134951637-project-member] Determining version of request: GET /v2/schemas/image Accept: */* {{(pid=103045) process_request /opt/stack/glance/glance/api/middleware/version_negotiation.py:44}}
Jul 24 05:04:07.751455 np0000005804 devstack@g-api.service[103045]: DEBUG glance.api.middleware.version_negotiation [None req-205f2de5-a8d1-4827-a085-b3f09c6f0402 tempest-ServerActionsV293TestJSON-1134951637 tempest-ServerActionsV293TestJSON-1134951637-project-member] Using url versioning {{(pid=103045) process_request /opt/stack/glance/glance/api/middleware/version_negotiation.py:57}}
Jul 24 05:04:07.751455 np0000005804 devstack@g-api.service[103045]: DEBUG glance.api.middleware.version_negotiation [None req-205f2de5-a8d1-4827-a085-b3f09c6f0402 tempest-ServerActionsV293TestJSON-1134951637 tempest-ServerActionsV293TestJSON-1134951637-project-member] Matched version: v2 {{(pid=103045) process_request /opt/stack/glance/glance/api/middleware/version_negotiation.py:69}}
Jul 24 05:04:07.751455 np0000005804 devstack@g-api.service[103045]: DEBUG glance.api.middleware.version_negotiation [None req-205f2de5-a8d1-4827-a085-b3f09c6f0402 tempest-ServerActionsV293TestJSON-1134951637 tempest-ServerActionsV293TestJSON-1134951637-project-member] new path /v2/schemas/image {{(pid=103045) process_request /opt/stack/glance/glance/api/middleware/version_negotiation.py:70}}
Jul 24 05:04:07.756789 np0000005804 devstack@g-api.service[103045]: [pid: 103045|app: 0|req: 66/252] 127.0.0.1 () {44 vars in 1055 bytes} [Fri Jul 24 05:04:07 2026] GET /v2/schemas/image => generated 6083 bytes in 8 msecs (HTTP/1.1 200) 4 headers in 158 bytes (1 switches on core 0)
Jul 24 05:04:07.772599 np0000005804 devstack@g-api.service[103044]: DEBUG glance.api.middleware.version_negotiation [None req-205f2de5-a8d1-4827-a085-b3f09c6f0402 tempest-ServerActionsV293TestJSON-1134951637 tempest-ServerActionsV293TestJSON-1134951637-project-member] Determining version of request: GET /v2/schemas/image Accept: */* {{(pid=103044) process_request /opt/stack/glance/glance/api/middleware/version_negotiation.py:44}}
Jul 24 05:04:07.772764 np0000005804 devstack@g-api.service[103044]: DEBUG glance.api.middleware.version_negotiation [None req-205f2de5-a8d1-4827-a085-b3f09c6f0402 tempest-ServerActionsV293TestJSON-1134951637 tempest-ServerActionsV293TestJSON-1134951637-project-member] Using url versioning {{(pid=103044) process_request /opt/stack/glance/glance/api/middleware/version_negotiation.py:57}}
Jul 24 05:04:07.772930 np0000005804 devstack@g-api.service[103044]: DEBUG glance.api.middleware.version_negotiation [None req-205f2de5-a8d1-4827-a085-b3f09c6f0402 tempest-ServerActionsV293TestJSON-1134951637 tempest-ServerActionsV293TestJSON-1134951637-project-member] Matched version: v2 {{(pid=103044) process_request /opt/stack/glance/glance/api/middleware/version_negotiation.py:69}}
Jul 24 05:04:07.772930 np0000005804 devstack@g-api.service[103044]: DEBUG glance.api.middleware.version_negotiation [None req-205f2de5-a8d1-4827-a085-b3f09c6f0402 tempest-ServerActionsV293TestJSON-1134951637 tempest-ServerActionsV293TestJSON-1134951637-project-member] new path /v2/schemas/image {{(pid=103044) process_request /opt/stack/glance/glance/api/middleware/version_negotiation.py:70}}
Jul 24 05:04:07.775492 np0000005804 devstack@g-api.service[103044]: [pid: 103044|app: 0|req: 59/253] 127.0.0.1 () {44 vars in 1055 bytes} [Fri Jul 24 05:04:07 2026] GET /v2/schemas/image => generated 6083 bytes in 3 msecs (HTTP/1.1 200) 4 headers in 158 bytes (1 switches on core 0)
Jul 24 05:04:07.808274 np0000005804 devstack@g-api.service[103042]: DEBUG glance.api.middleware.version_negotiation [None req-205f2de5-a8d1-4827-a085-b3f09c6f0402 tempest-ServerActionsV293TestJSON-1134951637 tempest-ServerActionsV293TestJSON-1134951637-project-member] Determining version of request: GET /v2/images/efc11f63-31f0-4d97-8852-7decf2b08d43 Accept: */* {{(pid=103042) process_request /opt/stack/glance/glance/api/middleware/version_negotiation.py:44}}
Jul 24 05:04:07.808469 np0000005804 devstack@g-api.service[103042]: DEBUG glance.api.middleware.version_negotiation [None req-205f2de5-a8d1-4827-a085-b3f09c6f0402 tempest-ServerActionsV293TestJSON-1134951637 tempest-ServerActionsV293TestJSON-1134951637-project-member] Using url versioning {{(pid=103042) process_request /opt/stack/glance/glance/api/middleware/version_negotiation.py:57}}
Jul 24 05:04:07.809158 np0000005804 devstack@g-api.service[103042]: DEBUG glance.api.middleware.version_negotiation [None req-205f2de5-a8d1-4827-a085-b3f09c6f0402 tempest-ServerActionsV293TestJSON-1134951637 tempest-ServerActionsV293TestJSON-1134951637-project-member] Matched version: v2 {{(pid=103042) process_request /opt/stack/glance/glance/api/middleware/version_negotiation.py:69}}
Jul 24 05:04:07.809158 np0000005804 devstack@g-api.service[103042]: DEBUG glance.api.middleware.version_negotiation [None req-205f2de5-a8d1-4827-a085-b3f09c6f0402 tempest-ServerActionsV293TestJSON-1134951637 tempest-ServerActionsV293TestJSON-1134951637-project-member] new path /v2/images/efc11f63-31f0-4d97-8852-7decf2b08d43 {{(pid=103042) process_request /opt/stack/glance/glance/api/middleware/version_negotiation.py:70}}
Jul 24 05:04:07.812816 np0000005804 devstack@g-api.service[103043]: DEBUG keystoneclient.auth.identity.v3.base [None req-791152bc-1565-4fa2-ace8-6ed0e0c89a39 tempest-ImageDependencyTests-620367814 tempest-ImageDependencyTests-620367814-project-member] {"token": {"methods": ["password"], "user": {"domain": {"id": "default", "name": "Default"}, "id": "8831c6e714da464b91f8d06f34fe6484", "name": "glance-swift", "password_expires_at": null}, "audit_ids": ["fjoSG6CQSXKJB1cRm4qliA"], "expires_at": "2026-07-24T06:04:07.000000Z", "issued_at": "2026-07-24T05:04:07.000000Z", "project": {"domain": {"id": "default", "name": "Default"}, "id": "d7ae83cbaacd456daf974b30f13a9bdf", "name": "service"}, "is_domain": false, "roles": [{"id": "f7fea38fab354c24a5d25edc846a2efc", "name": "ResellerAdmin"}, {"id": "f0e2d3e34fbd4811897e0074e73a6f9f", "name": "service"}], "catalog": [{"endpoints": [{"id": "d87391b100644543a9ec4b9be8f4180a", "interface": "public", "region_id": "RegionOne", "url": "https://10.4.3.129/compute/v2.1", "region": "RegionOne"}], "id": "32a6bb9b2158458aa214deb5da40933a", "type": "compute", "name": "nova"}, {"endpoints": [{"id": "1022fa1a91eb469ca47f021df12a5da2", "interface": "public", "region_id": "RegionOne", "url": "https://10.4.3.129/placement", "region": "RegionOne"}], "id": "668e4ba5bf3e49a59066de0bc3a0f18d", "type": "placement", "name": "placement"}, {"endpoints": [{"id": "e4c854bdcca34778bc2ba5104a0144e5", "interface": "public", "region_id": "RegionOne", "url": "https://10.4.3.129/compute/v2/d7ae83cbaacd456daf974b30f13a9bdf", "region": "RegionOne"}], "id": "7aa5f7d62ef941d7a776d5373a06a785", "type": "compute_legacy", "name": "nova_legacy"}, {"endpoints": [{"id": "a166799eb42444a98d75166567ad74ba", "interface": "public", "region_id": "RegionOne", "url": "https://10.4.3.129/identity", "region": "RegionOne"}], "id": "84f4915d4f464fd0807fa7b1ab1582d4", "type": "identity", "name": "keystone"}, {"endpoints": [{"id": "baf41841a69d4f10804fbeb695d2bc8c", "interface": "public", "region_id": "RegionOne", "url": "https://10.4.3.129/image", "region": "RegionOne"}], "id": "af38815520574088b6f6c07cc916b4ef", "type": "image", "name": "glance"}, {"endpoints": [{"id": "e9967971970c48e6b8eeb7c43537f0dd", "interface": "public", "region_id": "RegionOne", "url": "https://10.4.3.129/networking", "region": "RegionOne"}], "id": "ba8a0a3472744b8d8780115e5d07f5d4", "type": "network", "name": "neutron"}, {"endpoints": [{"id": "e307542e6c5c4f04908cf46b734a2f03", "interface": "admin", "region_id": "RegionOne", "url": "https://10.4.3.129:8080", "region": "RegionOne"}, {"id": "5e029b834e7f4813843c334f40c2ea2d", "interface": "public", "region_id": "RegionOne", "url": "https://10.4.3.129:8080/v1/AUTH_d7ae83cbaacd456daf974b30f13a9bdf", "region": "RegionOne"}], "id": "c3a195f01ee64dd2875019ad7303e77f", "type": "object-store", "name": "swift"}, {"endpoints": [{"id": "d631957150e2432d800b31f31b472189", "interface": "public", "region_id": "RegionOne", "url": "https://10.4.3.129/volume/v3", "region": "RegionOne"}], "id": "c3c91a968a844196a23b38c655f616a9", "type": "block-storage", "name": "cinder"}]}} {{(pid=103043) get_auth_ref /opt/stack/data/venv/lib/python3.12/site-packages/keystoneclient/auth/identity/v3/base.py:190}}
Jul 24 05:04:07.812816 np0000005804 devstack@g-api.service[103043]: DEBUG keystoneclient.httpclient [None req-791152bc-1565-4fa2-ace8-6ed0e0c89a39 tempest-ImageDependencyTests-620367814 tempest-ImageDependencyTests-620367814-project-member] Failed to find endpoint for management url admin endpoint for identity service not found {{(pid=103043) _process_management_url /opt/stack/data/venv/lib/python3.12/site-packages/keystoneclient/httpclient.py:670}}
Jul 24 05:04:07.823216 np0000005804 devstack@g-api.service[103042]: [pid: 103042|app: 0|req: 66/254] 127.0.0.1 () {44 vars in 1115 bytes} [Fri Jul 24 05:04:07 2026] GET /v2/images/efc11f63-31f0-4d97-8852-7decf2b08d43 => generated 1044 bytes in 15 msecs (HTTP/1.1 200) 4 headers in 158 bytes (1 switches on core 0)
Jul 24 05:04:07.835143 np0000005804 devstack@g-api.service[103045]: DEBUG glance.api.middleware.version_negotiation [None req-205f2de5-a8d1-4827-a085-b3f09c6f0402 tempest-ServerActionsV293TestJSON-1134951637 tempest-ServerActionsV293TestJSON-1134951637-project-member] Determining version of request: GET /v2/schemas/image Accept: */* {{(pid=103045) process_request /opt/stack/glance/glance/api/middleware/version_negotiation.py:44}}
Jul 24 05:04:07.835143 np0000005804 devstack@g-api.service[103045]: DEBUG glance.api.middleware.version_negotiation [None req-205f2de5-a8d1-4827-a085-b3f09c6f0402 tempest-ServerActionsV293TestJSON-1134951637 tempest-ServerActionsV293TestJSON-1134951637-project-member] Using url versioning {{(pid=103045) process_request /opt/stack/glance/glance/api/middleware/version_negotiation.py:57}}
Jul 24 05:04:07.835143 np0000005804 devstack@g-api.service[103045]: DEBUG glance.api.middleware.version_negotiation [None req-205f2de5-a8d1-4827-a085-b3f09c6f0402 tempest-ServerActionsV293TestJSON-1134951637 tempest-ServerActionsV293TestJSON-1134951637-project-member] Matched version: v2 {{(pid=103045) process_request /opt/stack/glance/glance/api/middleware/version_negotiation.py:69}}
Jul 24 05:04:07.835143 np0000005804 devstack@g-api.service[103045]: DEBUG glance.api.middleware.version_negotiation [None req-205f2de5-a8d1-4827-a085-b3f09c6f0402 tempest-ServerActionsV293TestJSON-1134951637 tempest-ServerActionsV293TestJSON-1134951637-project-member] new path /v2/schemas/image {{(pid=103045) process_request /opt/stack/glance/glance/api/middleware/version_negotiation.py:70}}
Jul 24 05:04:07.840428 np0000005804 devstack@g-api.service[103045]: [pid: 103045|app: 0|req: 67/255] 127.0.0.1 () {44 vars in 1055 bytes} [Fri Jul 24 05:04:07 2026] GET /v2/schemas/image => generated 6083 bytes in 7 msecs (HTTP/1.1 200) 4 headers in 158 bytes (1 switches on core 0)
Jul 24 05:04:07.865092 np0000005804 devstack@g-api.service[103043]: DEBUG swiftclient [None req-791152bc-1565-4fa2-ace8-6ed0e0c89a39 tempest-ImageDependencyTests-620367814 tempest-ImageDependencyTests-620367814-project-member] REQ: curl -i https://10.4.3.129:8080/v1/AUTH_d7ae83cbaacd456daf974b30f13a9bdf/glance/66ce6607-a0fe-40ed-8aa1-fe3905a4a7e1 -I -H "X-Auth-Token: gAAAAABqYvJHNy4q..." {{(pid=103043) http_log /opt/stack/data/venv/lib/python3.12/site-packages/swiftclient/client.py:160}}
Jul 24 05:04:07.865217 np0000005804 devstack@g-api.service[103043]: DEBUG swiftclient [None req-791152bc-1565-4fa2-ace8-6ed0e0c89a39 tempest-ImageDependencyTests-620367814 tempest-ImageDependencyTests-620367814-project-member] RESP STATUS: 200 OK {{(pid=103043) http_log /opt/stack/data/venv/lib/python3.12/site-packages/swiftclient/client.py:161}}
Jul 24 05:04:07.865679 np0000005804 devstack@g-api.service[103043]: DEBUG swiftclient [None req-791152bc-1565-4fa2-ace8-6ed0e0c89a39 tempest-ImageDependencyTests-620367814 tempest-ImageDependencyTests-620367814-project-member] RESP HEADERS: {'Date': 'Fri, 24 Jul 2026 05:04:07 GMT', 'Server': 'Apache/2.4.58 (Ubuntu)', 'Content-Type': 'application/octet-stream', 'Content-Length': '1024', 'Etag': 'c7423616450301f370f83a56149c8a97', 'Last-Modified': 'Fri, 24 Jul 2026 05:03:42 GMT', 'X-Timestamp': '1784869421.17692', 'Accept-Ranges': 'bytes', 'X-Trans-Id': 'txaedc9b2729674396aead3-006a62f247', 'X-Openstack-Request-Id': 'txaedc9b2729674396aead3-006a62f247', 'Connection': 'close'} {{(pid=103043) http_log /opt/stack/data/venv/lib/python3.12/site-packages/swiftclient/client.py:162}}
Jul 24 05:04:07.897549 np0000005804 devstack@g-api.service[103043]: DEBUG swiftclient [None req-791152bc-1565-4fa2-ace8-6ed0e0c89a39 tempest-ImageDependencyTests-620367814 tempest-ImageDependencyTests-620367814-project-member] REQ: curl -i https://10.4.3.129:8080/v1/AUTH_d7ae83cbaacd456daf974b30f13a9bdf/glance/66ce6607-a0fe-40ed-8aa1-fe3905a4a7e1 DELETE -H "X-Auth-Token: gAAAAABqYvJHNy4q..." {{(pid=103043) http_log /opt/stack/data/venv/lib/python3.12/site-packages/swiftclient/client.py:160}}
Jul 24 05:04:07.897549 np0000005804 devstack@g-api.service[103043]: DEBUG swiftclient [None req-791152bc-1565-4fa2-ace8-6ed0e0c89a39 tempest-ImageDependencyTests-620367814 tempest-ImageDependencyTests-620367814-project-member] RESP STATUS: 204 No Content {{(pid=103043) http_log /opt/stack/data/venv/lib/python3.12/site-packages/swiftclient/client.py:161}}
Jul 24 05:04:07.897731 np0000005804 devstack@g-api.service[103043]: DEBUG swiftclient [None req-791152bc-1565-4fa2-ace8-6ed0e0c89a39 tempest-ImageDependencyTests-620367814 tempest-ImageDependencyTests-620367814-project-member] RESP HEADERS: {'Date': 'Fri, 24 Jul 2026 05:04:07 GMT', 'Server': 'Apache/2.4.58 (Ubuntu)', 'Content-Type': 'text/html; charset=UTF-8', 'X-Trans-Id': 'txb53b32e36bfe42a986dbc-006a62f247', 'X-Openstack-Request-Id': 'txb53b32e36bfe42a986dbc-006a62f247', 'Connection': 'close'} {{(pid=103043) http_log /opt/stack/data/venv/lib/python3.12/site-packages/swiftclient/client.py:162}}
Jul 24 05:04:07.977024 np0000005804 devstack@g-api.service[103043]: DEBUG glance.api.middleware.cache [None req-791152bc-1565-4fa2-ace8-6ed0e0c89a39 tempest-ImageDependencyTests-620367814 tempest-ImageDependencyTests-620367814-project-member] Removing image 66ce6607-a0fe-40ed-8aa1-fe3905a4a7e1 from cache {{(pid=103043) _process_DELETE_response /opt/stack/glance/glance/api/middleware/cache.py:264}}
Jul 24 05:04:07.977240 np0000005804 devstack@g-api.service[103043]: DEBUG glance.image_cache.drivers.centralized_db [None req-791152bc-1565-4fa2-ace8-6ed0e0c89a39 tempest-ImageDependencyTests-620367814 tempest-ImageDependencyTests-620367814-project-member] Deleting image cache file '/opt/stack/data/glance/cache/66ce6607-a0fe-40ed-8aa1-fe3905a4a7e1' {{(pid=103043) delete_cached_file /opt/stack/glance/glance/image_cache/drivers/centralized_db.py:400}}
Jul 24 05:04:07.989033 np0000005804 devstack@g-api.service[103043]: [pid: 103043|app: 0|req: 64/256] 127.0.0.1 () {40 vars in 841 bytes} [Fri Jul 24 05:04:07 2026] DELETE /v2/images/66ce6607-a0fe-40ed-8aa1-fe3905a4a7e1 => generated 0 bytes in 273 msecs (HTTP/1.1 204) 4 headers in 171 bytes (1 switches on core 0)
Jul 24 05:04:08.002872 np0000005804 devstack@g-api.service[103044]: DEBUG glance.api.middleware.version_negotiation [None req-205f2de5-a8d1-4827-a085-b3f09c6f0402 tempest-ServerActionsV293TestJSON-1134951637 tempest-ServerActionsV293TestJSON-1134951637-project-member] Determining version of request: GET /v2/images/66ce6607-a0fe-40ed-8aa1-fe3905a4a7e1 Accept: application/json {{(pid=103044) process_request /opt/stack/glance/glance/api/middleware/version_negotiation.py:44}}
Jul 24 05:04:08.002872 np0000005804 devstack@g-api.service[103044]: DEBUG glance.api.middleware.version_negotiation [None req-205f2de5-a8d1-4827-a085-b3f09c6f0402 tempest-ServerActionsV293TestJSON-1134951637 tempest-ServerActionsV293TestJSON-1134951637-project-member] Using url versioning {{(pid=103044) process_request /opt/stack/glance/glance/api/middleware/version_negotiation.py:57}}
Jul 24 05:04:08.003052 np0000005804 devstack@g-api.service[103044]: DEBUG glance.api.middleware.version_negotiation [None req-205f2de5-a8d1-4827-a085-b3f09c6f0402 tempest-ServerActionsV293TestJSON-1134951637 tempest-ServerActionsV293TestJSON-1134951637-project-member] Matched version: v2 {{(pid=103044) process_request /opt/stack/glance/glance/api/middleware/version_negotiation.py:69}}
Jul 24 05:04:08.003152 np0000005804 devstack@g-api.service[103044]: DEBUG glance.api.middleware.version_negotiation [None req-205f2de5-a8d1-4827-a085-b3f09c6f0402 tempest-ServerActionsV293TestJSON-1134951637 tempest-ServerActionsV293TestJSON-1134951637-project-member] new path /v2/images/66ce6607-a0fe-40ed-8aa1-fe3905a4a7e1 {{(pid=103044) process_request /opt/stack/glance/glance/api/middleware/version_negotiation.py:70}}
Jul 24 05:04:08.008757 np0000005804 devstack@g-api.service[103044]: DEBUG glance.db.sqlalchemy.api [None req-5f65d462-367b-48b1-a9ea-b55179106112 tempest-ImageDependencyTests-620367814 tempest-ImageDependencyTests-620367814-project-member] No image found with ID 66ce6607-a0fe-40ed-8aa1-fe3905a4a7e1 {{(pid=103044) _image_get /opt/stack/glance/glance/db/sqlalchemy/api.py:303}}
Jul 24 05:04:08.010273 np0000005804 devstack@g-api.service[103044]: [pid: 103044|app: 0|req: 60/257] 127.0.0.1 () {40 vars in 838 bytes} [Fri Jul 24 05:04:08 2026] GET /v2/images/66ce6607-a0fe-40ed-8aa1-fe3905a4a7e1 => generated 139 bytes in 8 msecs (HTTP/1.1 404) 4 headers in 164 bytes (1 switches on core 0)
Jul 24 05:04:08.028835 np0000005804 devstack@g-api.service[103042]: DEBUG glance.api.middleware.version_negotiation [None req-205f2de5-a8d1-4827-a085-b3f09c6f0402 tempest-ServerActionsV293TestJSON-1134951637 tempest-ServerActionsV293TestJSON-1134951637-project-member] Determining version of request: GET /v2/images Accept: application/json {{(pid=103042) process_request /opt/stack/glance/glance/api/middleware/version_negotiation.py:44}}
Jul 24 05:04:08.028835 np0000005804 devstack@g-api.service[103042]: DEBUG glance.api.middleware.version_negotiation [None req-205f2de5-a8d1-4827-a085-b3f09c6f0402 tempest-ServerActionsV293TestJSON-1134951637 tempest-ServerActionsV293TestJSON-1134951637-project-member] Using url versioning {{(pid=103042) process_request /opt/stack/glance/glance/api/middleware/version_negotiation.py:57}}
Jul 24 05:04:08.028835 np0000005804 devstack@g-api.service[103042]: DEBUG glance.api.middleware.version_negotiation [None req-205f2de5-a8d1-4827-a085-b3f09c6f0402 tempest-ServerActionsV293TestJSON-1134951637 tempest-ServerActionsV293TestJSON-1134951637-project-member] Matched version: v2 {{(pid=103042) process_request /opt/stack/glance/glance/api/middleware/version_negotiation.py:69}}
Jul 24 05:04:08.028835 np0000005804 devstack@g-api.service[103042]: DEBUG glance.api.middleware.version_negotiation [None req-205f2de5-a8d1-4827-a085-b3f09c6f0402 tempest-ServerActionsV293TestJSON-1134951637 tempest-ServerActionsV293TestJSON-1134951637-project-member] new path /v2/images {{(pid=103042) process_request /opt/stack/glance/glance/api/middleware/version_negotiation.py:70}}
Jul 24 05:04:08.078216 np0000005804 devstack@g-api.service[103042]: [pid: 103042|app: 0|req: 67/258] 127.0.0.1 () {40 vars in 764 bytes} [Fri Jul 24 05:04:08 2026] GET /v2/images => generated 4968 bytes in 50 msecs (HTTP/1.1 200) 4 headers in 158 bytes (1 switches on core 0)
Jul 24 05:04:08.521883 np0000005804 devstack@g-api.service[103045]: DEBUG glance.api.middleware.version_negotiation [None req-205f2de5-a8d1-4827-a085-b3f09c6f0402 tempest-ServerActionsV293TestJSON-1134951637 tempest-ServerActionsV293TestJSON-1134951637-project-member] Determining version of request: GET /versions Accept: */* {{(pid=103045) process_request /opt/stack/glance/glance/api/middleware/version_negotiation.py:44}}
Jul 24 05:04:08.521883 np0000005804 devstack@g-api.service[103045]: [pid: 103045|app: 0|req: 68/259] 127.0.0.1 () {44 vars in 1039 bytes} [Fri Jul 24 05:04:08 2026] GET /versions => generated 1515 bytes in 1 msecs (HTTP/1.1 200) 3 headers in 92 bytes (1 switches on core 0)
Jul 24 05:04:08.536531 np0000005804 devstack@g-api.service[103043]: DEBUG glance.api.middleware.version_negotiation [None req-791152bc-1565-4fa2-ace8-6ed0e0c89a39 tempest-ImageDependencyTests-620367814 tempest-ImageDependencyTests-620367814-project-member] Determining version of request: GET /v2/images/efc11f63-31f0-4d97-8852-7decf2b08d43/locations Accept: */* {{(pid=103043) process_request /opt/stack/glance/glance/api/middleware/version_negotiation.py:44}}
Jul 24 05:04:08.536531 np0000005804 devstack@g-api.service[103043]: DEBUG glance.api.middleware.version_negotiation [None req-791152bc-1565-4fa2-ace8-6ed0e0c89a39 tempest-ImageDependencyTests-620367814 tempest-ImageDependencyTests-620367814-project-member] Using url versioning {{(pid=103043) process_request /opt/stack/glance/glance/api/middleware/version_negotiation.py:57}}
Jul 24 05:04:08.536531 np0000005804 devstack@g-api.service[103043]: DEBUG glance.api.middleware.version_negotiation [None req-791152bc-1565-4fa2-ace8-6ed0e0c89a39 tempest-ImageDependencyTests-620367814 tempest-ImageDependencyTests-620367814-project-member] Matched version: v2 {{(pid=103043) process_request /opt/stack/glance/glance/api/middleware/version_negotiation.py:69}}
Jul 24 05:04:08.536791 np0000005804 devstack@g-api.service[103043]: DEBUG glance.api.middleware.version_negotiation [None req-791152bc-1565-4fa2-ace8-6ed0e0c89a39 tempest-ImageDependencyTests-620367814 tempest-ImageDependencyTests-620367814-project-member] new path /v2/images/efc11f63-31f0-4d97-8852-7decf2b08d43/locations {{(pid=103043) process_request /opt/stack/glance/glance/api/middleware/version_negotiation.py:70}}
Jul 24 05:04:08.621748 np0000005804 devstack@g-api.service[103043]: [pid: 103043|app: 0|req: 65/260] 127.0.0.1 () {44 vars in 1135 bytes} [Fri Jul 24 05:04:08 2026] GET /v2/images/efc11f63-31f0-4d97-8852-7decf2b08d43/locations => generated 92 bytes in 86 msecs (HTTP/1.1 200) 4 headers in 156 bytes (1 switches on core 0)
Jul 24 05:04:08.636099 np0000005804 devstack@g-api.service[103044]: DEBUG glance.api.middleware.version_negotiation [None req-5f65d462-367b-48b1-a9ea-b55179106112 tempest-ImageDependencyTests-620367814 tempest-ImageDependencyTests-620367814-project-member] Determining version of request: GET /v2/images/efc11f63-31f0-4d97-8852-7decf2b08d43 Accept: */* {{(pid=103044) process_request /opt/stack/glance/glance/api/middleware/version_negotiation.py:44}}
Jul 24 05:04:08.636549 np0000005804 devstack@g-api.service[103044]: DEBUG glance.api.middleware.version_negotiation [None req-5f65d462-367b-48b1-a9ea-b55179106112 tempest-ImageDependencyTests-620367814 tempest-ImageDependencyTests-620367814-project-member] Using url versioning {{(pid=103044) process_request /opt/stack/glance/glance/api/middleware/version_negotiation.py:57}}
Jul 24 05:04:08.636767 np0000005804 devstack@g-api.service[103044]: DEBUG glance.api.middleware.version_negotiation [None req-5f65d462-367b-48b1-a9ea-b55179106112 tempest-ImageDependencyTests-620367814 tempest-ImageDependencyTests-620367814-project-member] Matched version: v2 {{(pid=103044) process_request /opt/stack/glance/glance/api/middleware/version_negotiation.py:69}}
Jul 24 05:04:08.636940 np0000005804 devstack@g-api.service[103044]: DEBUG glance.api.middleware.version_negotiation [None req-5f65d462-367b-48b1-a9ea-b55179106112 tempest-ImageDependencyTests-620367814 tempest-ImageDependencyTests-620367814-project-member] new path /v2/images/efc11f63-31f0-4d97-8852-7decf2b08d43 {{(pid=103044) process_request /opt/stack/glance/glance/api/middleware/version_negotiation.py:70}}
Jul 24 05:04:08.655565 np0000005804 devstack@g-api.service[103044]: [pid: 103044|app: 0|req: 61/261] 127.0.0.1 () {44 vars in 1115 bytes} [Fri Jul 24 05:04:08 2026] GET /v2/images/efc11f63-31f0-4d97-8852-7decf2b08d43 => generated 1044 bytes in 20 msecs (HTTP/1.1 200) 4 headers in 158 bytes (1 switches on core 0)
Jul 24 05:04:08.667547 np0000005804 devstack@g-api.service[103042]: DEBUG glance.api.middleware.version_negotiation [None req-6196b96f-9f16-4b81-a0b8-65dd17cc7320 tempest-ImageDependencyTests-620367814 tempest-ImageDependencyTests-620367814-project-reader] Determining version of request: GET /v2/schemas/image Accept: */* {{(pid=103042) process_request /opt/stack/glance/glance/api/middleware/version_negotiation.py:44}}
Jul 24 05:04:08.667746 np0000005804 devstack@g-api.service[103042]: DEBUG glance.api.middleware.version_negotiation [None req-6196b96f-9f16-4b81-a0b8-65dd17cc7320 tempest-ImageDependencyTests-620367814 tempest-ImageDependencyTests-620367814-project-reader] Using url versioning {{(pid=103042) process_request /opt/stack/glance/glance/api/middleware/version_negotiation.py:57}}
Jul 24 05:04:08.667805 np0000005804 devstack@g-api.service[103042]: DEBUG glance.api.middleware.version_negotiation [None req-6196b96f-9f16-4b81-a0b8-65dd17cc7320 tempest-ImageDependencyTests-620367814 tempest-ImageDependencyTests-620367814-project-reader] Matched version: v2 {{(pid=103042) process_request /opt/stack/glance/glance/api/middleware/version_negotiation.py:69}}
Jul 24 05:04:08.669117 np0000005804 devstack@g-api.service[103042]: DEBUG glance.api.middleware.version_negotiation [None req-6196b96f-9f16-4b81-a0b8-65dd17cc7320 tempest-ImageDependencyTests-620367814 tempest-ImageDependencyTests-620367814-project-reader] new path /v2/schemas/image {{(pid=103042) process_request /opt/stack/glance/glance/api/middleware/version_negotiation.py:70}}
Jul 24 05:04:08.672182 np0000005804 devstack@g-api.service[103042]: [pid: 103042|app: 0|req: 68/262] 127.0.0.1 () {44 vars in 1055 bytes} [Fri Jul 24 05:04:08 2026] GET /v2/schemas/image => generated 6083 bytes in 5 msecs (HTTP/1.1 200) 4 headers in 158 bytes (1 switches on core 0)
Jul 24 05:04:08.683908 np0000005804 devstack@g-api.service[103045]: DEBUG glance.api.middleware.version_negotiation [None req-205f2de5-a8d1-4827-a085-b3f09c6f0402 tempest-ServerActionsV293TestJSON-1134951637 tempest-ServerActionsV293TestJSON-1134951637-project-member] Determining version of request: GET /v2/schemas/image Accept: */* {{(pid=103045) process_request /opt/stack/glance/glance/api/middleware/version_negotiation.py:44}}
Jul 24 05:04:08.684317 np0000005804 devstack@g-api.service[103045]: DEBUG glance.api.middleware.version_negotiation [None req-205f2de5-a8d1-4827-a085-b3f09c6f0402 tempest-ServerActionsV293TestJSON-1134951637 tempest-ServerActionsV293TestJSON-1134951637-project-member] Using url versioning {{(pid=103045) process_request /opt/stack/glance/glance/api/middleware/version_negotiation.py:57}}
Jul 24 05:04:08.684317 np0000005804 devstack@g-api.service[103045]: DEBUG glance.api.middleware.version_negotiation [None req-205f2de5-a8d1-4827-a085-b3f09c6f0402 tempest-ServerActionsV293TestJSON-1134951637 tempest-ServerActionsV293TestJSON-1134951637-project-member] Matched version: v2 {{(pid=103045) process_request /opt/stack/glance/glance/api/middleware/version_negotiation.py:69}}
Jul 24 05:04:08.685693 np0000005804 devstack@g-api.service[103045]: DEBUG glance.api.middleware.version_negotiation [None req-205f2de5-a8d1-4827-a085-b3f09c6f0402 tempest-ServerActionsV293TestJSON-1134951637 tempest-ServerActionsV293TestJSON-1134951637-project-member] new path /v2/schemas/image {{(pid=103045) process_request /opt/stack/glance/glance/api/middleware/version_negotiation.py:70}}
Jul 24 05:04:08.686773 np0000005804 devstack@g-api.service[103045]: [pid: 103045|app: 0|req: 69/263] 127.0.0.1 () {44 vars in 1055 bytes} [Fri Jul 24 05:04:08 2026] GET /v2/schemas/image => generated 6083 bytes in 3 msecs (HTTP/1.1 200) 4 headers in 158 bytes (1 switches on core 0)
Jul 24 05:04:09.217553 np0000005804 devstack@g-api.service[103043]: DEBUG glance.api.middleware.version_negotiation [None req-205f2de5-a8d1-4827-a085-b3f09c6f0402 service glance] Determining version of request: DELETE /v2/images/ac8eeb82-3d23-4577-8c0a-795020bf16ca Accept: application/json {{(pid=103043) process_request /opt/stack/glance/glance/api/middleware/version_negotiation.py:44}}
Jul 24 05:04:09.217873 np0000005804 devstack@g-api.service[103043]: DEBUG glance.api.middleware.version_negotiation [None req-205f2de5-a8d1-4827-a085-b3f09c6f0402 service glance] Using url versioning {{(pid=103043) process_request /opt/stack/glance/glance/api/middleware/version_negotiation.py:57}}
Jul 24 05:04:09.218063 np0000005804 devstack@g-api.service[103043]: DEBUG glance.api.middleware.version_negotiation [None req-205f2de5-a8d1-4827-a085-b3f09c6f0402 service glance] Matched version: v2 {{(pid=103043) process_request /opt/stack/glance/glance/api/middleware/version_negotiation.py:69}}
Jul 24 05:04:09.218167 np0000005804 devstack@g-api.service[103043]: DEBUG glance.api.middleware.version_negotiation [None req-205f2de5-a8d1-4827-a085-b3f09c6f0402 service glance] new path /v2/images/ac8eeb82-3d23-4577-8c0a-795020bf16ca {{(pid=103043) process_request /opt/stack/glance/glance/api/middleware/version_negotiation.py:70}}
Jul 24 05:04:09.229429 np0000005804 devstack@g-api.service[103043]: WARNING glance.api.v2.images [None req-79774b43-b764-43d5-b44c-869400d49617 tempest-ImageDependencyTests-620367814 tempest-ImageDependencyTests-620367814-project-member] After upload to backend, deletion of staged image data has failed because it cannot be found at /tmp/staging//ac8eeb82-3d23-4577-8c0a-795020bf16ca
Jul 24 05:04:09.230481 np0000005804 devstack@g-api.service[103043]: DEBUG glance_store.backend [None req-79774b43-b764-43d5-b44c-869400d49617 tempest-ImageDependencyTests-620367814 tempest-ImageDependencyTests-620367814-project-member] Attempting to import store swift {{(pid=103043) _load_store /opt/stack/data/venv/lib/python3.12/site-packages/glance_store/backend.py:215}}
Jul 24 05:04:09.233173 np0000005804 devstack@g-api.service[103043]: DEBUG glance_store.capabilities [None req-79774b43-b764-43d5-b44c-869400d49617 tempest-ImageDependencyTests-620367814 tempest-ImageDependencyTests-620367814-project-member] Store glance_store._drivers.swift.store.SingleTenantStore doesn't support updating dynamic storage capabilities. Please overwrite 'update_capabilities' method of the store to implement updating logics if needed. {{(pid=103043) update_capabilities /opt/stack/data/venv/lib/python3.12/site-packages/glance_store/capabilities.py:91}}
Jul 24 05:04:09.233173 np0000005804 devstack@g-api.service[103043]: DEBUG glance_store.driver [None req-79774b43-b764-43d5-b44c-869400d49617 tempest-ImageDependencyTests-620367814 tempest-ImageDependencyTests-620367814-project-member] Late loading location class glance_store._drivers.swift.store.StoreLocation {{(pid=103043) get_store_location_class /opt/stack/data/venv/lib/python3.12/site-packages/glance_store/driver.py:134}}
Jul 24 05:04:09.233746 np0000005804 devstack@g-api.service[103043]: DEBUG glance_store.location [None req-79774b43-b764-43d5-b44c-869400d49617 tempest-ImageDependencyTests-620367814 tempest-ImageDependencyTests-620367814-project-member] Registering scheme swift+https with {'store': , 'location_class': , 'store_entry': 'swift'} {{(pid=103043) register_scheme_map /opt/stack/data/venv/lib/python3.12/site-packages/glance_store/location.py:146}}
Jul 24 05:04:09.233898 np0000005804 devstack@g-api.service[103043]: DEBUG glance_store.location [None req-79774b43-b764-43d5-b44c-869400d49617 tempest-ImageDependencyTests-620367814 tempest-ImageDependencyTests-620367814-project-member] Registering scheme swift+https with {'store': , 'location_class': , 'store_entry': 'swift'} {{(pid=103043) register_scheme_map /opt/stack/data/venv/lib/python3.12/site-packages/glance_store/location.py:146}}
Jul 24 05:04:09.234034 np0000005804 devstack@g-api.service[103043]: DEBUG glance_store.location [None req-79774b43-b764-43d5-b44c-869400d49617 tempest-ImageDependencyTests-620367814 tempest-ImageDependencyTests-620367814-project-member] Registering scheme swift with {'store': , 'location_class': , 'store_entry': 'swift'} {{(pid=103043) register_scheme_map /opt/stack/data/venv/lib/python3.12/site-packages/glance_store/location.py:146}}
Jul 24 05:04:09.234240 np0000005804 devstack@g-api.service[103043]: DEBUG glance_store.location [None req-79774b43-b764-43d5-b44c-869400d49617 tempest-ImageDependencyTests-620367814 tempest-ImageDependencyTests-620367814-project-member] Registering scheme swift+https with {'store': , 'location_class': , 'store_entry': 'swift'} {{(pid=103043) register_scheme_map /opt/stack/data/venv/lib/python3.12/site-packages/glance_store/location.py:146}}
