Jul 24 05:03:10.594147 np0000005804 devstack@g-api.service[103044]: DEBUG glance.api.middleware.version_negotiation [None req-dd795617-37b9-4c40-ab57-dfd52ee2049b tempest-VolumesActionsTest-745839630 tempest-VolumesActionsTest-745839630-project-member] Using url versioning {{(pid=103044) process_request /opt/stack/glance/glance/api/middleware/version_negotiation.py:57}}
Jul 24 05:03:10.594147 np0000005804 devstack@g-api.service[103044]: DEBUG glance.api.middleware.version_negotiation [None req-dd795617-37b9-4c40-ab57-dfd52ee2049b tempest-VolumesActionsTest-745839630 tempest-VolumesActionsTest-745839630-project-member] Matched version: v2 {{(pid=103044) process_request /opt/stack/glance/glance/api/middleware/version_negotiation.py:69}}
Jul 24 05:03:10.594147 np0000005804 devstack@g-api.service[103044]: DEBUG glance.api.middleware.version_negotiation [None req-dd795617-37b9-4c40-ab57-dfd52ee2049b tempest-VolumesActionsTest-745839630 tempest-VolumesActionsTest-745839630-project-member] new path /v2/schemas/image {{(pid=103044) process_request /opt/stack/glance/glance/api/middleware/version_negotiation.py:70}}
Jul 24 05:03:10.596957 np0000005804 devstack@g-api.service[103044]: [pid: 103044|app: 0|req: 38/163] 127.0.0.1 () {44 vars in 1055 bytes} [Fri Jul 24 05:03:10 2026] GET /v2/schemas/image => generated 6083 bytes in 3 msecs (HTTP/1.1 200) 4 headers in 158 bytes (1 switches on core 0)
Jul 24 05:03:10.613383 np0000005804 devstack@g-api.service[103042]: DEBUG glance.api.middleware.version_negotiation [None req-dd795617-37b9-4c40-ab57-dfd52ee2049b tempest-VolumesActionsTest-745839630 tempest-VolumesActionsTest-745839630-project-member] Determining version of request: GET /v2/images/764defb3-3ab0-4ca6-9672-d0f845dd6de2 Accept: application/json {{(pid=103042) process_request /opt/stack/glance/glance/api/middleware/version_negotiation.py:44}}
Jul 24 05:03:10.613710 np0000005804 devstack@g-api.service[103042]: DEBUG glance.api.middleware.version_negotiation [None req-dd795617-37b9-4c40-ab57-dfd52ee2049b tempest-VolumesActionsTest-745839630 tempest-VolumesActionsTest-745839630-project-member] Using url versioning {{(pid=103042) process_request /opt/stack/glance/glance/api/middleware/version_negotiation.py:57}}
Jul 24 05:03:10.613940 np0000005804 devstack@g-api.service[103042]: DEBUG glance.api.middleware.version_negotiation [None req-dd795617-37b9-4c40-ab57-dfd52ee2049b tempest-VolumesActionsTest-745839630 tempest-VolumesActionsTest-745839630-project-member] Matched version: v2 {{(pid=103042) process_request /opt/stack/glance/glance/api/middleware/version_negotiation.py:69}}
Jul 24 05:03:10.614111 np0000005804 devstack@g-api.service[103042]: DEBUG glance.api.middleware.version_negotiation [None req-dd795617-37b9-4c40-ab57-dfd52ee2049b tempest-VolumesActionsTest-745839630 tempest-VolumesActionsTest-745839630-project-member] new path /v2/images/764defb3-3ab0-4ca6-9672-d0f845dd6de2 {{(pid=103042) process_request /opt/stack/glance/glance/api/middleware/version_negotiation.py:70}}
Jul 24 05:03:10.631959 np0000005804 devstack@g-api.service[103042]: [pid: 103042|app: 0|req: 42/164] 127.0.0.1 () {40 vars in 838 bytes} [Fri Jul 24 05:03:10 2026] GET /v2/images/764defb3-3ab0-4ca6-9672-d0f845dd6de2 => generated 650 bytes in 19 msecs (HTTP/1.1 200) 4 headers in 157 bytes (1 switches on core 0)
Jul 24 05:03:10.921056 np0000005804 devstack@g-api.service[103045]: DEBUG glance.api.middleware.version_negotiation [None req-c4d45dbf-97c8-4bf3-b9aa-3bc76f3291ef tempest-VolumesActionsTest-745839630 tempest-VolumesActionsTest-745839630-project-member] Determining version of request: GET /v2/images/efc11f63-31f0-4d97-8852-7decf2b08d43 Accept: */* {{(pid=103045) process_request /opt/stack/glance/glance/api/middleware/version_negotiation.py:44}}
Jul 24 05:03:10.921534 np0000005804 devstack@g-api.service[103045]: DEBUG glance.api.middleware.version_negotiation [None req-c4d45dbf-97c8-4bf3-b9aa-3bc76f3291ef tempest-VolumesActionsTest-745839630 tempest-VolumesActionsTest-745839630-project-member] Using url versioning {{(pid=103045) process_request /opt/stack/glance/glance/api/middleware/version_negotiation.py:57}}
Jul 24 05:03:10.921534 np0000005804 devstack@g-api.service[103045]: DEBUG glance.api.middleware.version_negotiation [None req-c4d45dbf-97c8-4bf3-b9aa-3bc76f3291ef tempest-VolumesActionsTest-745839630 tempest-VolumesActionsTest-745839630-project-member] Matched version: v2 {{(pid=103045) process_request /opt/stack/glance/glance/api/middleware/version_negotiation.py:69}}
Jul 24 05:03:10.921534 np0000005804 devstack@g-api.service[103045]: DEBUG glance.api.middleware.version_negotiation [None req-c4d45dbf-97c8-4bf3-b9aa-3bc76f3291ef tempest-VolumesActionsTest-745839630 tempest-VolumesActionsTest-745839630-project-member] new path /v2/images/efc11f63-31f0-4d97-8852-7decf2b08d43 {{(pid=103045) process_request /opt/stack/glance/glance/api/middleware/version_negotiation.py:70}}
Jul 24 05:03:10.934101 np0000005804 devstack@g-api.service[103045]: [pid: 103045|app: 0|req: 42/165] 127.0.0.1 () {44 vars in 1115 bytes} [Fri Jul 24 05:03:10 2026] GET /v2/images/efc11f63-31f0-4d97-8852-7decf2b08d43 => generated 1044 bytes in 13 msecs (HTTP/1.1 200) 4 headers in 158 bytes (1 switches on core 0)
Jul 24 05:03:10.972520 np0000005804 devstack@g-api.service[103043]: DEBUG glance.api.middleware.version_negotiation [None req-c4d45dbf-97c8-4bf3-b9aa-3bc76f3291ef tempest-VolumesActionsTest-745839630 tempest-VolumesActionsTest-745839630-project-member] Determining version of request: GET /v2/schemas/image Accept: */* {{(pid=103043) process_request /opt/stack/glance/glance/api/middleware/version_negotiation.py:44}}
Jul 24 05:03:10.972898 np0000005804 devstack@g-api.service[103043]: DEBUG glance.api.middleware.version_negotiation [None req-c4d45dbf-97c8-4bf3-b9aa-3bc76f3291ef tempest-VolumesActionsTest-745839630 tempest-VolumesActionsTest-745839630-project-member] Using url versioning {{(pid=103043) process_request /opt/stack/glance/glance/api/middleware/version_negotiation.py:57}}
Jul 24 05:03:10.972898 np0000005804 devstack@g-api.service[103043]: DEBUG glance.api.middleware.version_negotiation [None req-c4d45dbf-97c8-4bf3-b9aa-3bc76f3291ef tempest-VolumesActionsTest-745839630 tempest-VolumesActionsTest-745839630-project-member] Matched version: v2 {{(pid=103043) process_request /opt/stack/glance/glance/api/middleware/version_negotiation.py:69}}
Jul 24 05:03:10.973049 np0000005804 devstack@g-api.service[103043]: DEBUG glance.api.middleware.version_negotiation [None req-c4d45dbf-97c8-4bf3-b9aa-3bc76f3291ef tempest-VolumesActionsTest-745839630 tempest-VolumesActionsTest-745839630-project-member] new path /v2/schemas/image {{(pid=103043) process_request /opt/stack/glance/glance/api/middleware/version_negotiation.py:70}}
Jul 24 05:03:10.976000 np0000005804 devstack@g-api.service[103043]: [pid: 103043|app: 0|req: 44/166] 127.0.0.1 () {44 vars in 1055 bytes} [Fri Jul 24 05:03:10 2026] GET /v2/schemas/image => generated 6083 bytes in 4 msecs (HTTP/1.1 200) 4 headers in 158 bytes (1 switches on core 0)
Jul 24 05:03:11.641108 np0000005804 devstack@g-api.service[103044]: DEBUG glance.api.middleware.version_negotiation [None req-c4d45dbf-97c8-4bf3-b9aa-3bc76f3291ef tempest-VolumesActionsTest-745839630 tempest-VolumesActionsTest-745839630-project-member] Determining version of request: GET /v2/images/764defb3-3ab0-4ca6-9672-d0f845dd6de2 Accept: application/json {{(pid=103044) process_request /opt/stack/glance/glance/api/middleware/version_negotiation.py:44}}
Jul 24 05:03:11.641108 np0000005804 devstack@g-api.service[103044]: DEBUG glance.api.middleware.version_negotiation [None req-c4d45dbf-97c8-4bf3-b9aa-3bc76f3291ef tempest-VolumesActionsTest-745839630 tempest-VolumesActionsTest-745839630-project-member] Using url versioning {{(pid=103044) process_request /opt/stack/glance/glance/api/middleware/version_negotiation.py:57}}
Jul 24 05:03:11.641740 np0000005804 devstack@g-api.service[103044]: DEBUG glance.api.middleware.version_negotiation [None req-c4d45dbf-97c8-4bf3-b9aa-3bc76f3291ef tempest-VolumesActionsTest-745839630 tempest-VolumesActionsTest-745839630-project-member] Matched version: v2 {{(pid=103044) process_request /opt/stack/glance/glance/api/middleware/version_negotiation.py:69}}
Jul 24 05:03:11.641740 np0000005804 devstack@g-api.service[103044]: DEBUG glance.api.middleware.version_negotiation [None req-c4d45dbf-97c8-4bf3-b9aa-3bc76f3291ef tempest-VolumesActionsTest-745839630 tempest-VolumesActionsTest-745839630-project-member] new path /v2/images/764defb3-3ab0-4ca6-9672-d0f845dd6de2 {{(pid=103044) process_request /opt/stack/glance/glance/api/middleware/version_negotiation.py:70}}
Jul 24 05:03:11.650218 np0000005804 devstack@g-api.service[103044]: [pid: 103044|app: 0|req: 39/167] 127.0.0.1 () {40 vars in 838 bytes} [Fri Jul 24 05:03:11 2026] GET /v2/images/764defb3-3ab0-4ca6-9672-d0f845dd6de2 => generated 650 bytes in 9 msecs (HTTP/1.1 200) 4 headers in 157 bytes (1 switches on core 0)
Jul 24 05:03:12.662762 np0000005804 devstack@g-api.service[103042]: DEBUG glance.api.middleware.version_negotiation [None req-f259a571-2ee4-4547-b099-eee95691e0e5 tempest-VolumesActionsTest-745839630 tempest-VolumesActionsTest-745839630-project-member] Determining version of request: GET /v2/images/764defb3-3ab0-4ca6-9672-d0f845dd6de2 Accept: application/json {{(pid=103042) process_request /opt/stack/glance/glance/api/middleware/version_negotiation.py:44}}
Jul 24 05:03:12.663616 np0000005804 devstack@g-api.service[103042]: DEBUG glance.api.middleware.version_negotiation [None req-f259a571-2ee4-4547-b099-eee95691e0e5 tempest-VolumesActionsTest-745839630 tempest-VolumesActionsTest-745839630-project-member] Using url versioning {{(pid=103042) process_request /opt/stack/glance/glance/api/middleware/version_negotiation.py:57}}
Jul 24 05:03:12.663616 np0000005804 devstack@g-api.service[103042]: DEBUG glance.api.middleware.version_negotiation [None req-f259a571-2ee4-4547-b099-eee95691e0e5 tempest-VolumesActionsTest-745839630 tempest-VolumesActionsTest-745839630-project-member] Matched version: v2 {{(pid=103042) process_request /opt/stack/glance/glance/api/middleware/version_negotiation.py:69}}
Jul 24 05:03:12.663616 np0000005804 devstack@g-api.service[103042]: DEBUG glance.api.middleware.version_negotiation [None req-f259a571-2ee4-4547-b099-eee95691e0e5 tempest-VolumesActionsTest-745839630 tempest-VolumesActionsTest-745839630-project-member] new path /v2/images/764defb3-3ab0-4ca6-9672-d0f845dd6de2 {{(pid=103042) process_request /opt/stack/glance/glance/api/middleware/version_negotiation.py:70}}
Jul 24 05:03:12.674886 np0000005804 devstack@g-api.service[103042]: [pid: 103042|app: 0|req: 43/168] 127.0.0.1 () {40 vars in 838 bytes} [Fri Jul 24 05:03:12 2026] GET /v2/images/764defb3-3ab0-4ca6-9672-d0f845dd6de2 => generated 650 bytes in 12 msecs (HTTP/1.1 200) 4 headers in 157 bytes (1 switches on core 0)
Jul 24 05:03:13.686290 np0000005804 devstack@g-api.service[103045]: DEBUG glance.api.middleware.version_negotiation [None req-3def1186-5ce7-4fe3-9cd6-b346cdc85ee1 tempest-AttachVolumeShelveTestJSON-237056454 tempest-AttachVolumeShelveTestJSON-237056454-project-member] Determining version of request: GET /v2/images/764defb3-3ab0-4ca6-9672-d0f845dd6de2 Accept: application/json {{(pid=103045) process_request /opt/stack/glance/glance/api/middleware/version_negotiation.py:44}}
Jul 24 05:03:13.686873 np0000005804 devstack@g-api.service[103045]: DEBUG glance.api.middleware.version_negotiation [None req-3def1186-5ce7-4fe3-9cd6-b346cdc85ee1 tempest-AttachVolumeShelveTestJSON-237056454 tempest-AttachVolumeShelveTestJSON-237056454-project-member] Using url versioning {{(pid=103045) process_request /opt/stack/glance/glance/api/middleware/version_negotiation.py:57}}
Jul 24 05:03:13.686873 np0000005804 devstack@g-api.service[103045]: DEBUG glance.api.middleware.version_negotiation [None req-3def1186-5ce7-4fe3-9cd6-b346cdc85ee1 tempest-AttachVolumeShelveTestJSON-237056454 tempest-AttachVolumeShelveTestJSON-237056454-project-member] Matched version: v2 {{(pid=103045) process_request /opt/stack/glance/glance/api/middleware/version_negotiation.py:69}}
Jul 24 05:03:13.686989 np0000005804 devstack@g-api.service[103045]: DEBUG glance.api.middleware.version_negotiation [None req-3def1186-5ce7-4fe3-9cd6-b346cdc85ee1 tempest-AttachVolumeShelveTestJSON-237056454 tempest-AttachVolumeShelveTestJSON-237056454-project-member] new path /v2/images/764defb3-3ab0-4ca6-9672-d0f845dd6de2 {{(pid=103045) process_request /opt/stack/glance/glance/api/middleware/version_negotiation.py:70}}
Jul 24 05:03:13.719948 np0000005804 devstack@g-api.service[103045]: [pid: 103045|app: 0|req: 43/169] 127.0.0.1 () {40 vars in 838 bytes} [Fri Jul 24 05:03:13 2026] GET /v2/images/764defb3-3ab0-4ca6-9672-d0f845dd6de2 => generated 650 bytes in 34 msecs (HTTP/1.1 200) 4 headers in 157 bytes (1 switches on core 0)
Jul 24 05:03:14.731938 np0000005804 devstack@g-api.service[103043]: DEBUG glance.api.middleware.version_negotiation [None req-3def1186-5ce7-4fe3-9cd6-b346cdc85ee1 tempest-AttachVolumeShelveTestJSON-237056454 tempest-AttachVolumeShelveTestJSON-237056454-project-member] Determining version of request: GET /v2/images/764defb3-3ab0-4ca6-9672-d0f845dd6de2 Accept: application/json {{(pid=103043) process_request /opt/stack/glance/glance/api/middleware/version_negotiation.py:44}}
Jul 24 05:03:14.732429 np0000005804 devstack@g-api.service[103043]: DEBUG glance.api.middleware.version_negotiation [None req-3def1186-5ce7-4fe3-9cd6-b346cdc85ee1 tempest-AttachVolumeShelveTestJSON-237056454 tempest-AttachVolumeShelveTestJSON-237056454-project-member] Using url versioning {{(pid=103043) process_request /opt/stack/glance/glance/api/middleware/version_negotiation.py:57}}
Jul 24 05:03:14.732689 np0000005804 devstack@g-api.service[103043]: DEBUG glance.api.middleware.version_negotiation [None req-3def1186-5ce7-4fe3-9cd6-b346cdc85ee1 tempest-AttachVolumeShelveTestJSON-237056454 tempest-AttachVolumeShelveTestJSON-237056454-project-member] Matched version: v2 {{(pid=103043) process_request /opt/stack/glance/glance/api/middleware/version_negotiation.py:69}}
Jul 24 05:03:14.732898 np0000005804 devstack@g-api.service[103043]: DEBUG glance.api.middleware.version_negotiation [None req-3def1186-5ce7-4fe3-9cd6-b346cdc85ee1 tempest-AttachVolumeShelveTestJSON-237056454 tempest-AttachVolumeShelveTestJSON-237056454-project-member] new path /v2/images/764defb3-3ab0-4ca6-9672-d0f845dd6de2 {{(pid=103043) process_request /opt/stack/glance/glance/api/middleware/version_negotiation.py:70}}
Jul 24 05:03:14.746700 np0000005804 devstack@g-api.service[103043]: [pid: 103043|app: 0|req: 45/170] 127.0.0.1 () {40 vars in 838 bytes} [Fri Jul 24 05:03:14 2026] GET /v2/images/764defb3-3ab0-4ca6-9672-d0f845dd6de2 => generated 650 bytes in 16 msecs (HTTP/1.1 200) 4 headers in 157 bytes (1 switches on core 0)
Jul 24 05:03:15.578627 np0000005804 devstack@g-api.service[103044]: DEBUG glance.api.middleware.version_negotiation [None req-3af0da29-5bed-4e86-a4c8-a93497875ff4 tempest-VolumesActionsTest-745839630 tempest-VolumesActionsTest-745839630-project-member] Determining version of request: PUT /v2/images/764defb3-3ab0-4ca6-9672-d0f845dd6de2/file Accept: */* {{(pid=103044) process_request /opt/stack/glance/glance/api/middleware/version_negotiation.py:44}}
Jul 24 05:03:15.578627 np0000005804 devstack@g-api.service[103044]: DEBUG glance.api.middleware.version_negotiation [None req-3af0da29-5bed-4e86-a4c8-a93497875ff4 tempest-VolumesActionsTest-745839630 tempest-VolumesActionsTest-745839630-project-member] Using url versioning {{(pid=103044) process_request /opt/stack/glance/glance/api/middleware/version_negotiation.py:57}}
Jul 24 05:03:15.579180 np0000005804 devstack@g-api.service[103044]: DEBUG glance.api.middleware.version_negotiation [None req-3af0da29-5bed-4e86-a4c8-a93497875ff4 tempest-VolumesActionsTest-745839630 tempest-VolumesActionsTest-745839630-project-member] Matched version: v2 {{(pid=103044) process_request /opt/stack/glance/glance/api/middleware/version_negotiation.py:69}}
Jul 24 05:03:15.579911 np0000005804 devstack@g-api.service[103044]: DEBUG glance.api.middleware.version_negotiation [None req-3af0da29-5bed-4e86-a4c8-a93497875ff4 tempest-VolumesActionsTest-745839630 tempest-VolumesActionsTest-745839630-project-member] new path /v2/images/764defb3-3ab0-4ca6-9672-d0f845dd6de2/file {{(pid=103044) process_request /opt/stack/glance/glance/api/middleware/version_negotiation.py:70}}
Jul 24 05:03:15.766523 np0000005804 devstack@g-api.service[103042]: DEBUG glance.api.middleware.version_negotiation [None req-5aaabc0f-9abf-4f97-85fb-990d0017db69 tempest-VolumesActionsTest-745839630 tempest-VolumesActionsTest-745839630-project-member] Determining version of request: GET /v2/images/764defb3-3ab0-4ca6-9672-d0f845dd6de2 Accept: application/json {{(pid=103042) process_request /opt/stack/glance/glance/api/middleware/version_negotiation.py:44}}
Jul 24 05:03:15.766970 np0000005804 devstack@g-api.service[103042]: DEBUG glance.api.middleware.version_negotiation [None req-5aaabc0f-9abf-4f97-85fb-990d0017db69 tempest-VolumesActionsTest-745839630 tempest-VolumesActionsTest-745839630-project-member] Using url versioning {{(pid=103042) process_request /opt/stack/glance/glance/api/middleware/version_negotiation.py:57}}
Jul 24 05:03:15.766970 np0000005804 devstack@g-api.service[103042]: DEBUG glance.api.middleware.version_negotiation [None req-5aaabc0f-9abf-4f97-85fb-990d0017db69 tempest-VolumesActionsTest-745839630 tempest-VolumesActionsTest-745839630-project-member] Matched version: v2 {{(pid=103042) process_request /opt/stack/glance/glance/api/middleware/version_negotiation.py:69}}
Jul 24 05:03:15.766970 np0000005804 devstack@g-api.service[103042]: DEBUG glance.api.middleware.version_negotiation [None req-5aaabc0f-9abf-4f97-85fb-990d0017db69 tempest-VolumesActionsTest-745839630 tempest-VolumesActionsTest-745839630-project-member] new path /v2/images/764defb3-3ab0-4ca6-9672-d0f845dd6de2 {{(pid=103042) process_request /opt/stack/glance/glance/api/middleware/version_negotiation.py:70}}
Jul 24 05:03:15.780100 np0000005804 devstack@g-api.service[103042]: [pid: 103042|app: 0|req: 44/171] 127.0.0.1 () {40 vars in 838 bytes} [Fri Jul 24 05:03:15 2026] GET /v2/images/764defb3-3ab0-4ca6-9672-d0f845dd6de2 => generated 650 bytes in 14 msecs (HTTP/1.1 200) 4 headers in 157 bytes (1 switches on core 0)
Jul 24 05:03:16.344542 np0000005804 devstack@g-api.service[103044]: INFO glance.api.v2.image_data [None req-c4d45dbf-97c8-4bf3-b9aa-3bc76f3291ef tempest-VolumesActionsTest-745839630 tempest-VolumesActionsTest-745839630-project-member] Unable to create trust: no such option collect_timing in group [keystone_authtoken] Use the existing user token.
Jul 24 05:03:16.790998 np0000005804 devstack@g-api.service[103045]: DEBUG glance.api.middleware.version_negotiation [None req-46223c40-ae5d-4015-876d-2f5fcd4119ef tempest-VolumesActionsTest-745839630 tempest-VolumesActionsTest-745839630-project-member] Determining version of request: GET /v2/images/764defb3-3ab0-4ca6-9672-d0f845dd6de2 Accept: application/json {{(pid=103045) process_request /opt/stack/glance/glance/api/middleware/version_negotiation.py:44}}
Jul 24 05:03:16.792939 np0000005804 devstack@g-api.service[103045]: DEBUG glance.api.middleware.version_negotiation [None req-46223c40-ae5d-4015-876d-2f5fcd4119ef tempest-VolumesActionsTest-745839630 tempest-VolumesActionsTest-745839630-project-member] Using url versioning {{(pid=103045) process_request /opt/stack/glance/glance/api/middleware/version_negotiation.py:57}}
Jul 24 05:03:16.792939 np0000005804 devstack@g-api.service[103045]: DEBUG glance.api.middleware.version_negotiation [None req-46223c40-ae5d-4015-876d-2f5fcd4119ef tempest-VolumesActionsTest-745839630 tempest-VolumesActionsTest-745839630-project-member] Matched version: v2 {{(pid=103045) process_request /opt/stack/glance/glance/api/middleware/version_negotiation.py:69}}
Jul 24 05:03:16.792939 np0000005804 devstack@g-api.service[103045]: DEBUG glance.api.middleware.version_negotiation [None req-46223c40-ae5d-4015-876d-2f5fcd4119ef tempest-VolumesActionsTest-745839630 tempest-VolumesActionsTest-745839630-project-member] new path /v2/images/764defb3-3ab0-4ca6-9672-d0f845dd6de2 {{(pid=103045) process_request /opt/stack/glance/glance/api/middleware/version_negotiation.py:70}}
Jul 24 05:03:16.813265 np0000005804 devstack@g-api.service[103045]: [pid: 103045|app: 0|req: 44/172] 127.0.0.1 () {40 vars in 838 bytes} [Fri Jul 24 05:03:16 2026] GET /v2/images/764defb3-3ab0-4ca6-9672-d0f845dd6de2 => generated 650 bytes in 22 msecs (HTTP/1.1 200) 4 headers in 157 bytes (1 switches on core 0)
Jul 24 05:03:16.974834 np0000005804 devstack@g-api.service[103044]: DEBUG glance.location [None req-c4d45dbf-97c8-4bf3-b9aa-3bc76f3291ef tempest-VolumesActionsTest-745839630 tempest-VolumesActionsTest-745839630-project-member] Enabling in-flight format inspection for raw {{(pid=103044) set_data /opt/stack/glance/glance/location.py:596}}
Jul 24 05:03:16.975182 np0000005804 devstack@g-api.service[103044]: DEBUG glance_store.backend [None req-c4d45dbf-97c8-4bf3-b9aa-3bc76f3291ef tempest-VolumesActionsTest-745839630 tempest-VolumesActionsTest-745839630-project-member] Attempting to import store swift {{(pid=103044) _load_store /opt/stack/data/venv/lib/python3.12/site-packages/glance_store/backend.py:215}}
Jul 24 05:03:16.976393 np0000005804 devstack@g-api.service[103044]: DEBUG glance_store.capabilities [None req-c4d45dbf-97c8-4bf3-b9aa-3bc76f3291ef tempest-VolumesActionsTest-745839630 tempest-VolumesActionsTest-745839630-project-member] Store glance_store._drivers.swift.store.SingleTenantStore doesn't support updating dynamic storage capabilities. Please overwrite 'update_capabilities' method of the store to implement updating logics if needed. {{(pid=103044) update_capabilities /opt/stack/data/venv/lib/python3.12/site-packages/glance_store/capabilities.py:91}}
Jul 24 05:03:16.976556 np0000005804 devstack@g-api.service[103044]: DEBUG glance_store.driver [None req-c4d45dbf-97c8-4bf3-b9aa-3bc76f3291ef tempest-VolumesActionsTest-745839630 tempest-VolumesActionsTest-745839630-project-member] Late loading location class glance_store._drivers.swift.store.StoreLocation {{(pid=103044) get_store_location_class /opt/stack/data/venv/lib/python3.12/site-packages/glance_store/driver.py:134}}
Jul 24 05:03:16.976610 np0000005804 devstack@g-api.service[103044]: DEBUG glance_store.location [None req-c4d45dbf-97c8-4bf3-b9aa-3bc76f3291ef tempest-VolumesActionsTest-745839630 tempest-VolumesActionsTest-745839630-project-member] Registering scheme swift+https with {'store': , 'location_class': , 'store_entry': 'swift'} {{(pid=103044) register_scheme_map /opt/stack/data/venv/lib/python3.12/site-packages/glance_store/location.py:146}}
Jul 24 05:03:16.976713 np0000005804 devstack@g-api.service[103044]: DEBUG glance_store.location [None req-c4d45dbf-97c8-4bf3-b9aa-3bc76f3291ef tempest-VolumesActionsTest-745839630 tempest-VolumesActionsTest-745839630-project-member] Registering scheme swift+https with {'store': , 'location_class': , 'store_entry': 'swift'} {{(pid=103044) register_scheme_map /opt/stack/data/venv/lib/python3.12/site-packages/glance_store/location.py:146}}
Jul 24 05:03:16.976793 np0000005804 devstack@g-api.service[103044]: DEBUG glance_store.location [None req-c4d45dbf-97c8-4bf3-b9aa-3bc76f3291ef tempest-VolumesActionsTest-745839630 tempest-VolumesActionsTest-745839630-project-member] Registering scheme swift with {'store': , 'location_class': , 'store_entry': 'swift'} {{(pid=103044) register_scheme_map /opt/stack/data/venv/lib/python3.12/site-packages/glance_store/location.py:146}}
Jul 24 05:03:16.976865 np0000005804 devstack@g-api.service[103044]: DEBUG glance_store.location [None req-c4d45dbf-97c8-4bf3-b9aa-3bc76f3291ef tempest-VolumesActionsTest-745839630 tempest-VolumesActionsTest-745839630-project-member] Registering scheme swift+https with {'store': , 'location_class': , 'store_entry': 'swift'} {{(pid=103044) register_scheme_map /opt/stack/data/venv/lib/python3.12/site-packages/glance_store/location.py:146}}
Jul 24 05:03:16.976972 np0000005804 devstack@g-api.service[103044]: DEBUG glance_store.location [None req-c4d45dbf-97c8-4bf3-b9aa-3bc76f3291ef tempest-VolumesActionsTest-745839630 tempest-VolumesActionsTest-745839630-project-member] Registering scheme swift with {'store': , 'location_class': , 'store_entry': 'swift'} {{(pid=103044) register_scheme_map /opt/stack/data/venv/lib/python3.12/site-packages/glance_store/location.py:146}}
Jul 24 05:03:16.977062 np0000005804 devstack@g-api.service[103044]: DEBUG glance_store.location [None req-c4d45dbf-97c8-4bf3-b9aa-3bc76f3291ef tempest-VolumesActionsTest-745839630 tempest-VolumesActionsTest-745839630-project-member] Registering scheme swift+http with {'store': , 'location_class': , 'store_entry': 'swift'} {{(pid=103044) register_scheme_map /opt/stack/data/venv/lib/python3.12/site-packages/glance_store/location.py:146}}
Jul 24 05:03:16.977163 np0000005804 devstack@g-api.service[103044]: DEBUG glance_store.location [None req-c4d45dbf-97c8-4bf3-b9aa-3bc76f3291ef tempest-VolumesActionsTest-745839630 tempest-VolumesActionsTest-745839630-project-member] Registering scheme swift+https with {'store': , 'location_class': , 'store_entry': 'swift'} {{(pid=103044) register_scheme_map /opt/stack/data/venv/lib/python3.12/site-packages/glance_store/location.py:146}}
Jul 24 05:03:16.977238 np0000005804 devstack@g-api.service[103044]: DEBUG glance_store.location [None req-c4d45dbf-97c8-4bf3-b9aa-3bc76f3291ef tempest-VolumesActionsTest-745839630 tempest-VolumesActionsTest-745839630-project-member] Registering scheme swift with {'store': , 'location_class': , 'store_entry': 'swift'} {{(pid=103044) register_scheme_map /opt/stack/data/venv/lib/python3.12/site-packages/glance_store/location.py:146}}
Jul 24 05:03:16.977305 np0000005804 devstack@g-api.service[103044]: DEBUG glance_store.location [None req-c4d45dbf-97c8-4bf3-b9aa-3bc76f3291ef tempest-VolumesActionsTest-745839630 tempest-VolumesActionsTest-745839630-project-member] Registering scheme swift+http with {'store': , 'location_class': , 'store_entry': 'swift'} {{(pid=103044) register_scheme_map /opt/stack/data/venv/lib/python3.12/site-packages/glance_store/location.py:146}}
Jul 24 05:03:16.977342 np0000005804 devstack@g-api.service[103044]: DEBUG glance_store.location [None req-c4d45dbf-97c8-4bf3-b9aa-3bc76f3291ef tempest-VolumesActionsTest-745839630 tempest-VolumesActionsTest-745839630-project-member] Registering scheme swift+config with {'store': , 'location_class': , 'store_entry': 'swift'} {{(pid=103044) register_scheme_map /opt/stack/data/venv/lib/python3.12/site-packages/glance_store/location.py:146}}
Jul 24 05:03:17.188283 np0000005804 devstack@g-api.service[103044]: DEBUG swiftclient [None req-c4d45dbf-97c8-4bf3-b9aa-3bc76f3291ef tempest-VolumesActionsTest-745839630 tempest-VolumesActionsTest-745839630-project-member] REQ: curl -i https://10.4.3.129:8080/v1/AUTH_d7ae83cbaacd456daf974b30f13a9bdf/glance -I -H "X-Auth-Token: gAAAAABqYvIV_0hR..." {{(pid=103044) http_log /opt/stack/data/venv/lib/python3.12/site-packages/swiftclient/client.py:160}}
Jul 24 05:03:17.188377 np0000005804 devstack@g-api.service[103044]: DEBUG swiftclient [None req-c4d45dbf-97c8-4bf3-b9aa-3bc76f3291ef tempest-VolumesActionsTest-745839630 tempest-VolumesActionsTest-745839630-project-member] RESP STATUS: 204 No Content {{(pid=103044) http_log /opt/stack/data/venv/lib/python3.12/site-packages/swiftclient/client.py:161}}
Jul 24 05:03:17.188534 np0000005804 devstack@g-api.service[103044]: DEBUG swiftclient [None req-c4d45dbf-97c8-4bf3-b9aa-3bc76f3291ef tempest-VolumesActionsTest-745839630 tempest-VolumesActionsTest-745839630-project-member] RESP HEADERS: {'Date': 'Fri, 24 Jul 2026 05:03:17 GMT', 'Server': 'Apache/2.4.58 (Ubuntu)', 'Content-Type': 'text/plain; charset=utf-8', 'X-Container-Object-Count': '3', 'X-Container-Bytes-Used': '64356352', 'X-Timestamp': '1784869039.97106', 'Last-Modified': 'Fri, 24 Jul 2026 04:57:20 GMT', 'Accept-Ranges': 'bytes', 'X-Storage-Policy': 'Policy-0', 'X-Container-Sharding': 'False', 'Vary': 'Accept', 'X-Trans-Id': 'txb4776e99ced140929a0a2-006a62f215', 'X-Openstack-Request-Id': 'txb4776e99ced140929a0a2-006a62f215', 'Connection': 'close'} {{(pid=103044) http_log /opt/stack/data/venv/lib/python3.12/site-packages/swiftclient/client.py:162}}
Jul 24 05:03:17.188673 np0000005804 devstack@g-api.service[103044]: DEBUG glance_store._drivers.swift.store [None req-c4d45dbf-97c8-4bf3-b9aa-3bc76f3291ef tempest-VolumesActionsTest-745839630 tempest-VolumesActionsTest-745839630-project-member] Adding image object '764defb3-3ab0-4ca6-9672-d0f845dd6de2' to Swift {{(pid=103044) add /opt/stack/data/venv/lib/python3.12/site-packages/glance_store/_drivers/swift/store.py:970}}
Jul 24 05:03:17.188758 np0000005804 devstack@g-api.service[103044]: DEBUG glance_store._drivers.swift.store [None req-c4d45dbf-97c8-4bf3-b9aa-3bc76f3291ef tempest-VolumesActionsTest-745839630 tempest-VolumesActionsTest-745839630-project-member] Cannot determine image size because it is either not provided in the request or chunked-transfer encoding is used. Adding image as a segmented object to Swift. {{(pid=103044) add /opt/stack/data/venv/lib/python3.12/site-packages/glance_store/_drivers/swift/store.py:994}}
Jul 24 05:03:17.194296 np0000005804 devstack@g-api.service[103044]: DEBUG oslo_utils.imageutils.format_inspector [None req-c4d45dbf-97c8-4bf3-b9aa-3bc76f3291ef tempest-VolumesActionsTest-745839630 tempest-VolumesActionsTest-745839630-project-member] Format inspector for vmdk does not match, excluding from consideration (Signature KDMV not found: b'\x00\x00\x00\x00') {{(pid=103044) _process_chunk /opt/stack/data/venv/lib/python3.12/site-packages/oslo_utils/imageutils/format_inspector.py:1758}}
Jul 24 05:03:17.196947 np0000005804 devstack@g-api.service[103044]: DEBUG oslo_utils.imageutils.format_inspector [None req-c4d45dbf-97c8-4bf3-b9aa-3bc76f3291ef tempest-VolumesActionsTest-745839630 tempest-VolumesActionsTest-745839630-project-member] Format inspector for vhdx does not match, excluding from consideration (Region signature not found at 30000) {{(pid=103044) _process_chunk /opt/stack/data/venv/lib/python3.12/site-packages/oslo_utils/imageutils/format_inspector.py:1758}}
Jul 24 05:03:17.824661 np0000005804 devstack@g-api.service[103043]: DEBUG glance.api.middleware.version_negotiation [None req-e3750ccb-b5fe-446f-8ec9-419277556cbe tempest-VolumesActionsTest-745839630 tempest-VolumesActionsTest-745839630-project-member] Determining version of request: GET /v2/images/764defb3-3ab0-4ca6-9672-d0f845dd6de2 Accept: application/json {{(pid=103043) process_request /opt/stack/glance/glance/api/middleware/version_negotiation.py:44}}
Jul 24 05:03:17.825110 np0000005804 devstack@g-api.service[103043]: DEBUG glance.api.middleware.version_negotiation [None req-e3750ccb-b5fe-446f-8ec9-419277556cbe tempest-VolumesActionsTest-745839630 tempest-VolumesActionsTest-745839630-project-member] Using url versioning {{(pid=103043) process_request /opt/stack/glance/glance/api/middleware/version_negotiation.py:57}}
Jul 24 05:03:17.825110 np0000005804 devstack@g-api.service[103043]: DEBUG glance.api.middleware.version_negotiation [None req-e3750ccb-b5fe-446f-8ec9-419277556cbe tempest-VolumesActionsTest-745839630 tempest-VolumesActionsTest-745839630-project-member] Matched version: v2 {{(pid=103043) process_request /opt/stack/glance/glance/api/middleware/version_negotiation.py:69}}
Jul 24 05:03:17.826146 np0000005804 devstack@g-api.service[103043]: DEBUG glance.api.middleware.version_negotiation [None req-e3750ccb-b5fe-446f-8ec9-419277556cbe tempest-VolumesActionsTest-745839630 tempest-VolumesActionsTest-745839630-project-member] new path /v2/images/764defb3-3ab0-4ca6-9672-d0f845dd6de2 {{(pid=103043) process_request /opt/stack/glance/glance/api/middleware/version_negotiation.py:70}}
Jul 24 05:03:17.843226 np0000005804 devstack@g-api.service[103043]: [pid: 103043|app: 0|req: 46/173] 127.0.0.1 () {40 vars in 838 bytes} [Fri Jul 24 05:03:17 2026] GET /v2/images/764defb3-3ab0-4ca6-9672-d0f845dd6de2 => generated 650 bytes in 19 msecs (HTTP/1.1 200) 4 headers in 157 bytes (1 switches on core 0)
Jul 24 05:03:18.854670 np0000005804 devstack@g-api.service[103042]: DEBUG glance.api.middleware.version_negotiation [None req-aafe6da2-35b7-4002-bd64-e8c034612ab0 tempest-VolumesActionsTest-745839630 tempest-VolumesActionsTest-745839630-project-member] Determining version of request: GET /v2/images/764defb3-3ab0-4ca6-9672-d0f845dd6de2 Accept: application/json {{(pid=103042) process_request /opt/stack/glance/glance/api/middleware/version_negotiation.py:44}}
Jul 24 05:03:18.855212 np0000005804 devstack@g-api.service[103042]: DEBUG glance.api.middleware.version_negotiation [None req-aafe6da2-35b7-4002-bd64-e8c034612ab0 tempest-VolumesActionsTest-745839630 tempest-VolumesActionsTest-745839630-project-member] Using url versioning {{(pid=103042) process_request /opt/stack/glance/glance/api/middleware/version_negotiation.py:57}}
Jul 24 05:03:18.855212 np0000005804 devstack@g-api.service[103042]: DEBUG glance.api.middleware.version_negotiation [None req-aafe6da2-35b7-4002-bd64-e8c034612ab0 tempest-VolumesActionsTest-745839630 tempest-VolumesActionsTest-745839630-project-member] Matched version: v2 {{(pid=103042) process_request /opt/stack/glance/glance/api/middleware/version_negotiation.py:69}}
Jul 24 05:03:18.855212 np0000005804 devstack@g-api.service[103042]: DEBUG glance.api.middleware.version_negotiation [None req-aafe6da2-35b7-4002-bd64-e8c034612ab0 tempest-VolumesActionsTest-745839630 tempest-VolumesActionsTest-745839630-project-member] new path /v2/images/764defb3-3ab0-4ca6-9672-d0f845dd6de2 {{(pid=103042) process_request /opt/stack/glance/glance/api/middleware/version_negotiation.py:70}}
Jul 24 05:03:18.872766 np0000005804 devstack@g-api.service[103042]: [pid: 103042|app: 0|req: 45/174] 127.0.0.1 () {40 vars in 838 bytes} [Fri Jul 24 05:03:18 2026] GET /v2/images/764defb3-3ab0-4ca6-9672-d0f845dd6de2 => generated 650 bytes in 18 msecs (HTTP/1.1 200) 4 headers in 157 bytes (1 switches on core 0)
Jul 24 05:03:19.399053 np0000005804 devstack@g-api.service[103044]: DEBUG swiftclient [None req-c4d45dbf-97c8-4bf3-b9aa-3bc76f3291ef tempest-VolumesActionsTest-745839630 tempest-VolumesActionsTest-745839630-project-member] REQ: curl -i https://10.4.3.129:8080/v1/AUTH_d7ae83cbaacd456daf974b30f13a9bdf/glance/764defb3-3ab0-4ca6-9672-d0f845dd6de2-00001 -X PUT -H "X-Auth-Token: gAAAAABqYvIV_0hR..." {{(pid=103044) http_log /opt/stack/data/venv/lib/python3.12/site-packages/swiftclient/client.py:160}}
Jul 24 05:03:19.399549 np0000005804 devstack@g-api.service[103044]: DEBUG swiftclient [None req-c4d45dbf-97c8-4bf3-b9aa-3bc76f3291ef tempest-VolumesActionsTest-745839630 tempest-VolumesActionsTest-745839630-project-member] RESP STATUS: 201 Created {{(pid=103044) http_log /opt/stack/data/venv/lib/python3.12/site-packages/swiftclient/client.py:161}}
Jul 24 05:03:19.399549 np0000005804 devstack@g-api.service[103044]: DEBUG swiftclient [None req-c4d45dbf-97c8-4bf3-b9aa-3bc76f3291ef tempest-VolumesActionsTest-745839630 tempest-VolumesActionsTest-745839630-project-member] RESP HEADERS: {'Date': 'Fri, 24 Jul 2026 05:03:19 GMT', 'Server': 'Apache/2.4.58 (Ubuntu)', 'Content-Type': 'text/html; charset=UTF-8', 'Content-Length': '0', 'Etag': 'eda9a9889837ac4bc81d6387d92c1bec', 'Last-Modified': 'Fri, 24 Jul 2026 05:03:18 GMT', 'X-Trans-Id': 'txf0631cb58f6e4136b3e12-006a62f215', 'X-Openstack-Request-Id': 'txf0631cb58f6e4136b3e12-006a62f215', 'Connection': 'close'} {{(pid=103044) http_log /opt/stack/data/venv/lib/python3.12/site-packages/swiftclient/client.py:162}}
Jul 24 05:03:19.399549 np0000005804 devstack@g-api.service[103044]: DEBUG glance_store._drivers.swift.store [None req-c4d45dbf-97c8-4bf3-b9aa-3bc76f3291ef tempest-VolumesActionsTest-745839630 tempest-VolumesActionsTest-745839630-project-member] Wrote chunk 764defb3-3ab0-4ca6-9672-d0f845dd6de2-00001 (1/?) of length 204800000 to Swift returning MD5 of content: eda9a9889837ac4bc81d6387d92c1bec {{(pid=103044) add /opt/stack/data/venv/lib/python3.12/site-packages/glance_store/_drivers/swift/store.py:1059}}
Jul 24 05:03:19.882902 np0000005804 devstack@g-api.service[103045]: DEBUG glance.api.middleware.version_negotiation [None req-333e37fb-921f-4ede-910a-3e9420bb7018 tempest-VolumesActionsTest-745839630 tempest-VolumesActionsTest-745839630-project-member] Determining version of request: GET /v2/images/764defb3-3ab0-4ca6-9672-d0f845dd6de2 Accept: application/json {{(pid=103045) process_request /opt/stack/glance/glance/api/middleware/version_negotiation.py:44}}
Jul 24 05:03:19.883329 np0000005804 devstack@g-api.service[103045]: DEBUG glance.api.middleware.version_negotiation [None req-333e37fb-921f-4ede-910a-3e9420bb7018 tempest-VolumesActionsTest-745839630 tempest-VolumesActionsTest-745839630-project-member] Using url versioning {{(pid=103045) process_request /opt/stack/glance/glance/api/middleware/version_negotiation.py:57}}
Jul 24 05:03:19.883329 np0000005804 devstack@g-api.service[103045]: DEBUG glance.api.middleware.version_negotiation [None req-333e37fb-921f-4ede-910a-3e9420bb7018 tempest-VolumesActionsTest-745839630 tempest-VolumesActionsTest-745839630-project-member] Matched version: v2 {{(pid=103045) process_request /opt/stack/glance/glance/api/middleware/version_negotiation.py:69}}
Jul 24 05:03:19.883329 np0000005804 devstack@g-api.service[103045]: DEBUG glance.api.middleware.version_negotiation [None req-333e37fb-921f-4ede-910a-3e9420bb7018 tempest-VolumesActionsTest-745839630 tempest-VolumesActionsTest-745839630-project-member] new path /v2/images/764defb3-3ab0-4ca6-9672-d0f845dd6de2 {{(pid=103045) process_request /opt/stack/glance/glance/api/middleware/version_negotiation.py:70}}
Jul 24 05:03:19.900728 np0000005804 devstack@g-api.service[103045]: [pid: 103045|app: 0|req: 45/175] 127.0.0.1 () {40 vars in 838 bytes} [Fri Jul 24 05:03:19 2026] GET /v2/images/764defb3-3ab0-4ca6-9672-d0f845dd6de2 => generated 650 bytes in 17 msecs (HTTP/1.1 200) 4 headers in 157 bytes (1 switches on core 0)
Jul 24 05:03:20.912011 np0000005804 devstack@g-api.service[103043]: DEBUG glance.api.middleware.version_negotiation [None req-e982cbc3-debe-4411-aba4-6021a4150de9 tempest-VolumesActionsTest-745839630 tempest-VolumesActionsTest-745839630-project-member] Determining version of request: GET /v2/images/764defb3-3ab0-4ca6-9672-d0f845dd6de2 Accept: application/json {{(pid=103043) process_request /opt/stack/glance/glance/api/middleware/version_negotiation.py:44}}
Jul 24 05:03:20.912505 np0000005804 devstack@g-api.service[103043]: DEBUG glance.api.middleware.version_negotiation [None req-e982cbc3-debe-4411-aba4-6021a4150de9 tempest-VolumesActionsTest-745839630 tempest-VolumesActionsTest-745839630-project-member] Using url versioning {{(pid=103043) process_request /opt/stack/glance/glance/api/middleware/version_negotiation.py:57}}
Jul 24 05:03:20.912505 np0000005804 devstack@g-api.service[103043]: DEBUG glance.api.middleware.version_negotiation [None req-e982cbc3-debe-4411-aba4-6021a4150de9 tempest-VolumesActionsTest-745839630 tempest-VolumesActionsTest-745839630-project-member] Matched version: v2 {{(pid=103043) process_request /opt/stack/glance/glance/api/middleware/version_negotiation.py:69}}
Jul 24 05:03:20.912505 np0000005804 devstack@g-api.service[103043]: DEBUG glance.api.middleware.version_negotiation [None req-e982cbc3-debe-4411-aba4-6021a4150de9 tempest-VolumesActionsTest-745839630 tempest-VolumesActionsTest-745839630-project-member] new path /v2/images/764defb3-3ab0-4ca6-9672-d0f845dd6de2 {{(pid=103043) process_request /opt/stack/glance/glance/api/middleware/version_negotiation.py:70}}
Jul 24 05:03:20.927897 np0000005804 devstack@g-api.service[103043]: [pid: 103043|app: 0|req: 47/176] 127.0.0.1 () {40 vars in 838 bytes} [Fri Jul 24 05:03:20 2026] GET /v2/images/764defb3-3ab0-4ca6-9672-d0f845dd6de2 => generated 650 bytes in 15 msecs (HTTP/1.1 200) 4 headers in 157 bytes (1 switches on core 0)
Jul 24 05:03:21.653186 np0000005804 devstack@g-api.service[103044]: DEBUG swiftclient [None req-c4d45dbf-97c8-4bf3-b9aa-3bc76f3291ef tempest-VolumesActionsTest-745839630 tempest-VolumesActionsTest-745839630-project-member] REQ: curl -i https://10.4.3.129:8080/v1/AUTH_d7ae83cbaacd456daf974b30f13a9bdf/glance/764defb3-3ab0-4ca6-9672-d0f845dd6de2-00002 -X PUT -H "X-Auth-Token: gAAAAABqYvIV_0hR..." {{(pid=103044) http_log /opt/stack/data/venv/lib/python3.12/site-packages/swiftclient/client.py:160}}
Jul 24 05:03:21.653186 np0000005804 devstack@g-api.service[103044]: DEBUG swiftclient [None req-c4d45dbf-97c8-4bf3-b9aa-3bc76f3291ef tempest-VolumesActionsTest-745839630 tempest-VolumesActionsTest-745839630-project-member] RESP STATUS: 201 Created {{(pid=103044) http_log /opt/stack/data/venv/lib/python3.12/site-packages/swiftclient/client.py:161}}
Jul 24 05:03:21.653186 np0000005804 devstack@g-api.service[103044]: DEBUG swiftclient [None req-c4d45dbf-97c8-4bf3-b9aa-3bc76f3291ef tempest-VolumesActionsTest-745839630 tempest-VolumesActionsTest-745839630-project-member] RESP HEADERS: {'Date': 'Fri, 24 Jul 2026 05:03:21 GMT', 'Server': 'Apache/2.4.58 (Ubuntu)', 'Content-Type': 'text/html; charset=UTF-8', 'Content-Length': '0', 'Etag': 'eda9a9889837ac4bc81d6387d92c1bec', 'Last-Modified': 'Fri, 24 Jul 2026 05:03:20 GMT', 'X-Trans-Id': 'txcf5b508f70394c47a6773-006a62f217', 'X-Openstack-Request-Id': 'txcf5b508f70394c47a6773-006a62f217', 'Connection': 'close'} {{(pid=103044) http_log /opt/stack/data/venv/lib/python3.12/site-packages/swiftclient/client.py:162}}
Jul 24 05:03:21.653761 np0000005804 devstack@g-api.service[103044]: DEBUG glance_store._drivers.swift.store [None req-c4d45dbf-97c8-4bf3-b9aa-3bc76f3291ef tempest-VolumesActionsTest-745839630 tempest-VolumesActionsTest-745839630-project-member] Wrote chunk 764defb3-3ab0-4ca6-9672-d0f845dd6de2-00002 (2/?) of length 204800000 to Swift returning MD5 of content: eda9a9889837ac4bc81d6387d92c1bec {{(pid=103044) add /opt/stack/data/venv/lib/python3.12/site-packages/glance_store/_drivers/swift/store.py:1059}}
Jul 24 05:03:21.937229 np0000005804 devstack@g-api.service[103042]: DEBUG glance.api.middleware.version_negotiation [None req-4707f8a1-d415-4b8a-8d3c-5ecbfd8f15b1 tempest-VolumesActionsTest-745839630 tempest-VolumesActionsTest-745839630-project-member] Determining version of request: GET /v2/images/764defb3-3ab0-4ca6-9672-d0f845dd6de2 Accept: application/json {{(pid=103042) process_request /opt/stack/glance/glance/api/middleware/version_negotiation.py:44}}
Jul 24 05:03:21.938080 np0000005804 devstack@g-api.service[103042]: DEBUG glance.api.middleware.version_negotiation [None req-4707f8a1-d415-4b8a-8d3c-5ecbfd8f15b1 tempest-VolumesActionsTest-745839630 tempest-VolumesActionsTest-745839630-project-member] Using url versioning {{(pid=103042) process_request /opt/stack/glance/glance/api/middleware/version_negotiation.py:57}}
Jul 24 05:03:21.938080 np0000005804 devstack@g-api.service[103042]: DEBUG glance.api.middleware.version_negotiation [None req-4707f8a1-d415-4b8a-8d3c-5ecbfd8f15b1 tempest-VolumesActionsTest-745839630 tempest-VolumesActionsTest-745839630-project-member] Matched version: v2 {{(pid=103042) process_request /opt/stack/glance/glance/api/middleware/version_negotiation.py:69}}
Jul 24 05:03:21.938080 np0000005804 devstack@g-api.service[103042]: DEBUG glance.api.middleware.version_negotiation [None req-4707f8a1-d415-4b8a-8d3c-5ecbfd8f15b1 tempest-VolumesActionsTest-745839630 tempest-VolumesActionsTest-745839630-project-member] new path /v2/images/764defb3-3ab0-4ca6-9672-d0f845dd6de2 {{(pid=103042) process_request /opt/stack/glance/glance/api/middleware/version_negotiation.py:70}}
Jul 24 05:03:21.949145 np0000005804 devstack@g-api.service[103042]: [pid: 103042|app: 0|req: 46/177] 127.0.0.1 () {40 vars in 838 bytes} [Fri Jul 24 05:03:21 2026] GET /v2/images/764defb3-3ab0-4ca6-9672-d0f845dd6de2 => generated 650 bytes in 12 msecs (HTTP/1.1 200) 4 headers in 157 bytes (1 switches on core 0)
Jul 24 05:03:22.964645 np0000005804 devstack@g-api.service[103045]: DEBUG glance.api.middleware.version_negotiation [None req-6f03e4ef-8dc3-4504-9a36-16fec2bc0101 tempest-VolumesActionsTest-745839630 tempest-VolumesActionsTest-745839630-project-member] Determining version of request: GET /v2/images/764defb3-3ab0-4ca6-9672-d0f845dd6de2 Accept: application/json {{(pid=103045) process_request /opt/stack/glance/glance/api/middleware/version_negotiation.py:44}}
Jul 24 05:03:22.965051 np0000005804 devstack@g-api.service[103045]: DEBUG glance.api.middleware.version_negotiation [None req-6f03e4ef-8dc3-4504-9a36-16fec2bc0101 tempest-VolumesActionsTest-745839630 tempest-VolumesActionsTest-745839630-project-member] Using url versioning {{(pid=103045) process_request /opt/stack/glance/glance/api/middleware/version_negotiation.py:57}}
Jul 24 05:03:22.965051 np0000005804 devstack@g-api.service[103045]: DEBUG glance.api.middleware.version_negotiation [None req-6f03e4ef-8dc3-4504-9a36-16fec2bc0101 tempest-VolumesActionsTest-745839630 tempest-VolumesActionsTest-745839630-project-member] Matched version: v2 {{(pid=103045) process_request /opt/stack/glance/glance/api/middleware/version_negotiation.py:69}}
Jul 24 05:03:22.965209 np0000005804 devstack@g-api.service[103045]: DEBUG glance.api.middleware.version_negotiation [None req-6f03e4ef-8dc3-4504-9a36-16fec2bc0101 tempest-VolumesActionsTest-745839630 tempest-VolumesActionsTest-745839630-project-member] new path /v2/images/764defb3-3ab0-4ca6-9672-d0f845dd6de2 {{(pid=103045) process_request /opt/stack/glance/glance/api/middleware/version_negotiation.py:70}}
Jul 24 05:03:22.994314 np0000005804 devstack@g-api.service[103045]: [pid: 103045|app: 0|req: 46/178] 127.0.0.1 () {40 vars in 838 bytes} [Fri Jul 24 05:03:22 2026] GET /v2/images/764defb3-3ab0-4ca6-9672-d0f845dd6de2 => generated 650 bytes in 30 msecs (HTTP/1.1 200) 4 headers in 157 bytes (1 switches on core 0)
Jul 24 05:03:23.897984 np0000005804 devstack@g-api.service[103044]: DEBUG swiftclient [None req-c4d45dbf-97c8-4bf3-b9aa-3bc76f3291ef tempest-VolumesActionsTest-745839630 tempest-VolumesActionsTest-745839630-project-member] REQ: curl -i https://10.4.3.129:8080/v1/AUTH_d7ae83cbaacd456daf974b30f13a9bdf/glance/764defb3-3ab0-4ca6-9672-d0f845dd6de2-00003 -X PUT -H "X-Auth-Token: gAAAAABqYvIV_0hR..." {{(pid=103044) http_log /opt/stack/data/venv/lib/python3.12/site-packages/swiftclient/client.py:160}}
Jul 24 05:03:23.898309 np0000005804 devstack@g-api.service[103044]: DEBUG swiftclient [None req-c4d45dbf-97c8-4bf3-b9aa-3bc76f3291ef tempest-VolumesActionsTest-745839630 tempest-VolumesActionsTest-745839630-project-member] RESP STATUS: 201 Created {{(pid=103044) http_log /opt/stack/data/venv/lib/python3.12/site-packages/swiftclient/client.py:161}}
Jul 24 05:03:23.898309 np0000005804 devstack@g-api.service[103044]: DEBUG swiftclient [None req-c4d45dbf-97c8-4bf3-b9aa-3bc76f3291ef tempest-VolumesActionsTest-745839630 tempest-VolumesActionsTest-745839630-project-member] RESP HEADERS: {'Date': 'Fri, 24 Jul 2026 05:03:23 GMT', 'Server': 'Apache/2.4.58 (Ubuntu)', 'Content-Type': 'text/html; charset=UTF-8', 'Content-Length': '0', 'Etag': 'eda9a9889837ac4bc81d6387d92c1bec', 'Last-Modified': 'Fri, 24 Jul 2026 05:03:22 GMT', 'X-Trans-Id': 'tx55bfc612ba704b7f9d0d6-006a62f219', 'X-Openstack-Request-Id': 'tx55bfc612ba704b7f9d0d6-006a62f219', 'Connection': 'close'} {{(pid=103044) http_log /opt/stack/data/venv/lib/python3.12/site-packages/swiftclient/client.py:162}}
Jul 24 05:03:23.898309 np0000005804 devstack@g-api.service[103044]: DEBUG glance_store._drivers.swift.store [None req-c4d45dbf-97c8-4bf3-b9aa-3bc76f3291ef tempest-VolumesActionsTest-745839630 tempest-VolumesActionsTest-745839630-project-member] Wrote chunk 764defb3-3ab0-4ca6-9672-d0f845dd6de2-00003 (3/?) of length 204800000 to Swift returning MD5 of content: eda9a9889837ac4bc81d6387d92c1bec {{(pid=103044) add /opt/stack/data/venv/lib/python3.12/site-packages/glance_store/_drivers/swift/store.py:1059}}
Jul 24 05:03:24.008674 np0000005804 devstack@g-api.service[103043]: DEBUG glance.api.middleware.version_negotiation [None req-4e3e8c3a-88c6-4f64-9c49-e63d9b50ff1d tempest-VolumesActionsTest-745839630 tempest-VolumesActionsTest-745839630-project-member] Determining version of request: GET /v2/images/764defb3-3ab0-4ca6-9672-d0f845dd6de2 Accept: application/json {{(pid=103043) process_request /opt/stack/glance/glance/api/middleware/version_negotiation.py:44}}
Jul 24 05:03:24.009108 np0000005804 devstack@g-api.service[103043]: DEBUG glance.api.middleware.version_negotiation [None req-4e3e8c3a-88c6-4f64-9c49-e63d9b50ff1d tempest-VolumesActionsTest-745839630 tempest-VolumesActionsTest-745839630-project-member] Using url versioning {{(pid=103043) process_request /opt/stack/glance/glance/api/middleware/version_negotiation.py:57}}
Jul 24 05:03:24.009108 np0000005804 devstack@g-api.service[103043]: DEBUG glance.api.middleware.version_negotiation [None req-4e3e8c3a-88c6-4f64-9c49-e63d9b50ff1d tempest-VolumesActionsTest-745839630 tempest-VolumesActionsTest-745839630-project-member] Matched version: v2 {{(pid=103043) process_request /opt/stack/glance/glance/api/middleware/version_negotiation.py:69}}
Jul 24 05:03:24.009184 np0000005804 devstack@g-api.service[103043]: DEBUG glance.api.middleware.version_negotiation [None req-4e3e8c3a-88c6-4f64-9c49-e63d9b50ff1d tempest-VolumesActionsTest-745839630 tempest-VolumesActionsTest-745839630-project-member] new path /v2/images/764defb3-3ab0-4ca6-9672-d0f845dd6de2 {{(pid=103043) process_request /opt/stack/glance/glance/api/middleware/version_negotiation.py:70}}
