Jul 24 04:57:14.437049 np0000005804 devstack@g-api.service[103042]: DEBUG glance.common.config [None req-88995eee-cec7-4296-835a-7fe033b31578 None None] database.slave_connection = **** {{(pid=103042) log_opt_values /opt/stack/data/venv/lib/python3.12/site-packages/oslo_config/cfg.py:3253}}
Jul 24 04:57:14.437087 np0000005804 devstack@g-api.service[103044]: DEBUG glance.common.config [None req-ae8d6b33-3a15-4143-b947-03954ec41fcd None None] barbican_service_user.timeout = None {{(pid=103044) log_opt_values /opt/stack/data/venv/lib/python3.12/site-packages/oslo_config/cfg.py:3253}}
Jul 24 04:57:14.437118 np0000005804 devstack@g-api.service[103042]: DEBUG glance.common.config [None req-88995eee-cec7-4296-835a-7fe033b31578 None None] database.sqlite_synchronous = True {{(pid=103042) log_opt_values /opt/stack/data/venv/lib/python3.12/site-packages/oslo_config/cfg.py:3253}}
Jul 24 04:57:14.437151 np0000005804 devstack@g-api.service[103044]: DEBUG glance.common.config [None req-ae8d6b33-3a15-4143-b947-03954ec41fcd None None] database.asyncio_connection = **** {{(pid=103044) log_opt_values /opt/stack/data/venv/lib/python3.12/site-packages/oslo_config/cfg.py:3253}}
Jul 24 04:57:14.437175 np0000005804 devstack@g-api.service[103042]: DEBUG glance.common.config [None req-88995eee-cec7-4296-835a-7fe033b31578 None None] database.synchronous_reader = True {{(pid=103042) log_opt_values /opt/stack/data/venv/lib/python3.12/site-packages/oslo_config/cfg.py:3253}}
Jul 24 04:57:14.437198 np0000005804 devstack@g-api.service[103044]: DEBUG glance.common.config [None req-ae8d6b33-3a15-4143-b947-03954ec41fcd None None] database.asyncio_slave_connection = **** {{(pid=103044) log_opt_values /opt/stack/data/venv/lib/python3.12/site-packages/oslo_config/cfg.py:3253}}
Jul 24 04:57:14.437222 np0000005804 devstack@g-api.service[103042]: DEBUG glance.common.config [None req-88995eee-cec7-4296-835a-7fe033b31578 None None] database.use_db_reconnect = False {{(pid=103042) log_opt_values /opt/stack/data/venv/lib/python3.12/site-packages/oslo_config/cfg.py:3253}}
Jul 24 04:57:14.437248 np0000005804 devstack@g-api.service[103044]: DEBUG glance.common.config [None req-ae8d6b33-3a15-4143-b947-03954ec41fcd None None] database.backend = sqlalchemy {{(pid=103044) log_opt_values /opt/stack/data/venv/lib/python3.12/site-packages/oslo_config/cfg.py:3253}}
Jul 24 04:57:14.437271 np0000005804 devstack@g-api.service[103042]: DEBUG glance.common.config [None req-88995eee-cec7-4296-835a-7fe033b31578 None None] healthcheck.allowed_source_ranges = [] {{(pid=103042) log_opt_values /opt/stack/data/venv/lib/python3.12/site-packages/oslo_config/cfg.py:3253}}
Jul 24 04:57:14.437296 np0000005804 devstack@g-api.service[103044]: DEBUG glance.common.config [None req-ae8d6b33-3a15-4143-b947-03954ec41fcd None None] database.connection = **** {{(pid=103044) log_opt_values /opt/stack/data/venv/lib/python3.12/site-packages/oslo_config/cfg.py:3253}}
Jul 24 04:57:14.437320 np0000005804 devstack@g-api.service[103042]: DEBUG glance.common.config [None req-88995eee-cec7-4296-835a-7fe033b31578 None None] healthcheck.backends = ['disable_by_file'] {{(pid=103042) log_opt_values /opt/stack/data/venv/lib/python3.12/site-packages/oslo_config/cfg.py:3253}}
Jul 24 04:57:14.437362 np0000005804 devstack@g-api.service[103044]: DEBUG glance.common.config [None req-ae8d6b33-3a15-4143-b947-03954ec41fcd None None] database.connection_debug = 0 {{(pid=103044) log_opt_values /opt/stack/data/venv/lib/python3.12/site-packages/oslo_config/cfg.py:3253}}
Jul 24 04:57:14.437390 np0000005804 devstack@g-api.service[103042]: DEBUG glance.common.config [None req-88995eee-cec7-4296-835a-7fe033b31578 None None] healthcheck.detailed = False {{(pid=103042) log_opt_values /opt/stack/data/venv/lib/python3.12/site-packages/oslo_config/cfg.py:3253}}
Jul 24 04:57:14.437416 np0000005804 devstack@g-api.service[103044]: DEBUG glance.common.config [None req-ae8d6b33-3a15-4143-b947-03954ec41fcd None None] database.connection_parameters = {{(pid=103044) log_opt_values /opt/stack/data/venv/lib/python3.12/site-packages/oslo_config/cfg.py:3253}}
Jul 24 04:57:14.437441 np0000005804 devstack@g-api.service[103042]: DEBUG glance.common.config [None req-88995eee-cec7-4296-835a-7fe033b31578 None None] healthcheck.disable_by_file_path = None {{(pid=103042) log_opt_values /opt/stack/data/venv/lib/python3.12/site-packages/oslo_config/cfg.py:3253}}
Jul 24 04:57:14.437464 np0000005804 devstack@g-api.service[103044]: DEBUG glance.common.config [None req-ae8d6b33-3a15-4143-b947-03954ec41fcd None None] database.connection_recycle_time = 3600 {{(pid=103044) log_opt_values /opt/stack/data/venv/lib/python3.12/site-packages/oslo_config/cfg.py:3253}}
Jul 24 04:57:14.437500 np0000005804 devstack@g-api.service[103042]: DEBUG glance.common.config [None req-88995eee-cec7-4296-835a-7fe033b31578 None None] healthcheck.ignore_proxied_requests = False {{(pid=103042) log_opt_values /opt/stack/data/venv/lib/python3.12/site-packages/oslo_config/cfg.py:3253}}
Jul 24 04:57:14.437526 np0000005804 devstack@g-api.service[103044]: DEBUG glance.common.config [None req-ae8d6b33-3a15-4143-b947-03954ec41fcd None None] database.connection_trace = False {{(pid=103044) log_opt_values /opt/stack/data/venv/lib/python3.12/site-packages/oslo_config/cfg.py:3253}}
Jul 24 04:57:14.437550 np0000005804 devstack@g-api.service[103042]: DEBUG glance.common.config [None req-88995eee-cec7-4296-835a-7fe033b31578 None None] ******************************************************************************** {{(pid=103042) log_opt_values /opt/stack/data/venv/lib/python3.12/site-packages/oslo_config/cfg.py:3260}}
Jul 24 04:57:14.437585 np0000005804 devstack@g-api.service[103044]: DEBUG glance.common.config [None req-ae8d6b33-3a15-4143-b947-03954ec41fcd None None] database.db_inc_retry_interval = True {{(pid=103044) log_opt_values /opt/stack/data/venv/lib/python3.12/site-packages/oslo_config/cfg.py:3253}}
Jul 24 04:57:14.437627 np0000005804 devstack@g-api.service[103042]: WSGI app 0 (mountpoint='') ready in 2 seconds on interpreter 0x77e7784a4668 pid: 103042 (default app)
Jul 24 04:57:14.437664 np0000005804 devstack@g-api.service[103044]: DEBUG glance.common.config [None req-ae8d6b33-3a15-4143-b947-03954ec41fcd None None] database.db_max_retries = 20 {{(pid=103044) log_opt_values /opt/stack/data/venv/lib/python3.12/site-packages/oslo_config/cfg.py:3253}}
Jul 24 04:57:14.437664 np0000005804 devstack@g-api.service[103044]: DEBUG glance.common.config [None req-ae8d6b33-3a15-4143-b947-03954ec41fcd None None] database.db_max_retry_interval = 10 {{(pid=103044) log_opt_values /opt/stack/data/venv/lib/python3.12/site-packages/oslo_config/cfg.py:3253}}
Jul 24 04:57:14.437664 np0000005804 devstack@g-api.service[103044]: DEBUG glance.common.config [None req-ae8d6b33-3a15-4143-b947-03954ec41fcd None None] database.db_retry_interval = 1 {{(pid=103044) log_opt_values /opt/stack/data/venv/lib/python3.12/site-packages/oslo_config/cfg.py:3253}}
Jul 24 04:57:14.437664 np0000005804 devstack@g-api.service[103044]: DEBUG glance.common.config [None req-ae8d6b33-3a15-4143-b947-03954ec41fcd None None] database.max_overflow = 50 {{(pid=103044) log_opt_values /opt/stack/data/venv/lib/python3.12/site-packages/oslo_config/cfg.py:3253}}
Jul 24 04:57:14.437664 np0000005804 devstack@g-api.service[103044]: DEBUG glance.common.config [None req-ae8d6b33-3a15-4143-b947-03954ec41fcd None None] database.max_pool_size = 5 {{(pid=103044) log_opt_values /opt/stack/data/venv/lib/python3.12/site-packages/oslo_config/cfg.py:3253}}
Jul 24 04:57:14.437664 np0000005804 devstack@g-api.service[103044]: DEBUG glance.common.config [None req-ae8d6b33-3a15-4143-b947-03954ec41fcd None None] database.max_retries = 10 {{(pid=103044) log_opt_values /opt/stack/data/venv/lib/python3.12/site-packages/oslo_config/cfg.py:3253}}
Jul 24 04:57:14.437664 np0000005804 devstack@g-api.service[103044]: DEBUG glance.common.config [None req-ae8d6b33-3a15-4143-b947-03954ec41fcd None None] database.mysql_sql_mode = TRADITIONAL {{(pid=103044) log_opt_values /opt/stack/data/venv/lib/python3.12/site-packages/oslo_config/cfg.py:3253}}
Jul 24 04:57:14.437836 np0000005804 devstack@g-api.service[103044]: DEBUG glance.common.config [None req-ae8d6b33-3a15-4143-b947-03954ec41fcd None None] database.mysql_wsrep_sync_wait = None {{(pid=103044) log_opt_values /opt/stack/data/venv/lib/python3.12/site-packages/oslo_config/cfg.py:3253}}
Jul 24 04:57:14.437836 np0000005804 devstack@g-api.service[103044]: DEBUG glance.common.config [None req-ae8d6b33-3a15-4143-b947-03954ec41fcd None None] database.pool_timeout = None {{(pid=103044) log_opt_values /opt/stack/data/venv/lib/python3.12/site-packages/oslo_config/cfg.py:3253}}
Jul 24 04:57:14.437836 np0000005804 devstack@g-api.service[103044]: DEBUG glance.common.config [None req-ae8d6b33-3a15-4143-b947-03954ec41fcd None None] database.retry_interval = 10 {{(pid=103044) log_opt_values /opt/stack/data/venv/lib/python3.12/site-packages/oslo_config/cfg.py:3253}}
Jul 24 04:57:14.437836 np0000005804 devstack@g-api.service[103044]: DEBUG glance.common.config [None req-ae8d6b33-3a15-4143-b947-03954ec41fcd None None] database.slave_connection = **** {{(pid=103044) log_opt_values /opt/stack/data/venv/lib/python3.12/site-packages/oslo_config/cfg.py:3253}}
Jul 24 04:57:14.437836 np0000005804 devstack@g-api.service[103044]: DEBUG glance.common.config [None req-ae8d6b33-3a15-4143-b947-03954ec41fcd None None] database.sqlite_synchronous = True {{(pid=103044) log_opt_values /opt/stack/data/venv/lib/python3.12/site-packages/oslo_config/cfg.py:3253}}
Jul 24 04:57:14.437836 np0000005804 devstack@g-api.service[103044]: DEBUG glance.common.config [None req-ae8d6b33-3a15-4143-b947-03954ec41fcd None None] database.synchronous_reader = True {{(pid=103044) log_opt_values /opt/stack/data/venv/lib/python3.12/site-packages/oslo_config/cfg.py:3253}}
Jul 24 04:57:14.437836 np0000005804 devstack@g-api.service[103044]: DEBUG glance.common.config [None req-ae8d6b33-3a15-4143-b947-03954ec41fcd None None] database.use_db_reconnect = False {{(pid=103044) log_opt_values /opt/stack/data/venv/lib/python3.12/site-packages/oslo_config/cfg.py:3253}}
Jul 24 04:57:14.437982 np0000005804 devstack@g-api.service[103044]: DEBUG glance.common.config [None req-ae8d6b33-3a15-4143-b947-03954ec41fcd None None] healthcheck.allowed_source_ranges = [] {{(pid=103044) log_opt_values /opt/stack/data/venv/lib/python3.12/site-packages/oslo_config/cfg.py:3253}}
Jul 24 04:57:14.437982 np0000005804 devstack@g-api.service[103044]: DEBUG glance.common.config [None req-ae8d6b33-3a15-4143-b947-03954ec41fcd None None] healthcheck.backends = ['disable_by_file'] {{(pid=103044) log_opt_values /opt/stack/data/venv/lib/python3.12/site-packages/oslo_config/cfg.py:3253}}
Jul 24 04:57:14.437982 np0000005804 devstack@g-api.service[103044]: DEBUG glance.common.config [None req-ae8d6b33-3a15-4143-b947-03954ec41fcd None None] healthcheck.detailed = False {{(pid=103044) log_opt_values /opt/stack/data/venv/lib/python3.12/site-packages/oslo_config/cfg.py:3253}}
Jul 24 04:57:14.437982 np0000005804 devstack@g-api.service[103044]: DEBUG glance.common.config [None req-ae8d6b33-3a15-4143-b947-03954ec41fcd None None] healthcheck.disable_by_file_path = None {{(pid=103044) log_opt_values /opt/stack/data/venv/lib/python3.12/site-packages/oslo_config/cfg.py:3253}}
Jul 24 04:57:14.437982 np0000005804 devstack@g-api.service[103044]: DEBUG glance.common.config [None req-ae8d6b33-3a15-4143-b947-03954ec41fcd None None] healthcheck.ignore_proxied_requests = False {{(pid=103044) log_opt_values /opt/stack/data/venv/lib/python3.12/site-packages/oslo_config/cfg.py:3253}}
Jul 24 04:57:14.437982 np0000005804 devstack@g-api.service[103044]: DEBUG glance.common.config [None req-ae8d6b33-3a15-4143-b947-03954ec41fcd None None] ******************************************************************************** {{(pid=103044) log_opt_values /opt/stack/data/venv/lib/python3.12/site-packages/oslo_config/cfg.py:3260}}
Jul 24 04:57:14.437982 np0000005804 devstack@g-api.service[103044]: WSGI app 0 (mountpoint='') ready in 2 seconds on interpreter 0x77e7784a4668 pid: 103044 (default app)
Jul 24 04:57:15.999796 np0000005804 devstack@g-api.service[103043]: DEBUG glance.api.middleware.version_negotiation [None req-e1b9e825-09a1-41eb-a6a9-85395a86b084 None None] Determining version of request: GET / Accept: application/json {{(pid=103043) process_request /opt/stack/glance/glance/api/middleware/version_negotiation.py:44}}
Jul 24 04:57:16.000110 np0000005804 devstack@g-api.service[103043]: DEBUG glance.api.middleware.version_negotiation [None req-e1b9e825-09a1-41eb-a6a9-85395a86b084 None None] Using url versioning {{(pid=103043) process_request /opt/stack/glance/glance/api/middleware/version_negotiation.py:57}}
Jul 24 04:57:16.000110 np0000005804 devstack@g-api.service[103043]: DEBUG glance.api.middleware.version_negotiation [None req-e1b9e825-09a1-41eb-a6a9-85395a86b084 None None] Unknown version. Returning version choices. {{(pid=103043) process_request /opt/stack/glance/glance/api/middleware/version_negotiation.py:64}}
Jul 24 04:57:16.000890 np0000005804 devstack@g-api.service[103043]: [pid: 103043|app: 0|req: 2/2] 127.0.0.1 () {36 vars in 573 bytes} [Fri Jul 24 04:57:15 2026] GET / => generated 1515 bytes in 1 msecs (HTTP/1.1 300) 3 headers in 106 bytes (1 switches on core 0)
Jul 24 04:57:16.012473 np0000005804 devstack@g-api.service[103045]: DEBUG glance.api.middleware.version_negotiation [None req-98e82153-bfb7-4795-9eea-2d361e9ff8c8 None None] Determining version of request: POST /v2/images Accept: */* {{(pid=103045) process_request /opt/stack/glance/glance/api/middleware/version_negotiation.py:44}}
Jul 24 04:57:16.012740 np0000005804 devstack@g-api.service[103045]: DEBUG glance.api.middleware.version_negotiation [None req-98e82153-bfb7-4795-9eea-2d361e9ff8c8 None None] Using url versioning {{(pid=103045) process_request /opt/stack/glance/glance/api/middleware/version_negotiation.py:57}}
Jul 24 04:57:16.013199 np0000005804 devstack@g-api.service[103045]: DEBUG glance.api.middleware.version_negotiation [None req-98e82153-bfb7-4795-9eea-2d361e9ff8c8 None None] Matched version: v2 {{(pid=103045) process_request /opt/stack/glance/glance/api/middleware/version_negotiation.py:69}}
Jul 24 04:57:16.013318 np0000005804 devstack@g-api.service[103045]: DEBUG glance.api.middleware.version_negotiation [None req-98e82153-bfb7-4795-9eea-2d361e9ff8c8 None None] new path /v2/images {{(pid=103045) process_request /opt/stack/glance/glance/api/middleware/version_negotiation.py:70}}
Jul 24 04:57:16.952196 np0000005804 devstack@g-api.service[103045]: [pid: 103045|app: 0|req: 1/3] 127.0.0.1 () {42 vars in 836 bytes} [Fri Jul 24 04:57:16 2026] POST /v2/images => generated 807 bytes in 940 msecs (HTTP/1.1 201) 6 headers in 315 bytes (1 switches on core 0)
Jul 24 04:57:16.961231 np0000005804 devstack@g-api.service[103042]: DEBUG glance.api.middleware.version_negotiation [None req-88995eee-cec7-4296-835a-7fe033b31578 None None] Determining version of request: PUT /v2/images/845aa405-1d78-4a0f-b73d-9bef90f29a30/stage Accept: {{(pid=103042) process_request /opt/stack/glance/glance/api/middleware/version_negotiation.py:44}}
Jul 24 04:57:16.961561 np0000005804 devstack@g-api.service[103042]: DEBUG glance.api.middleware.version_negotiation [None req-88995eee-cec7-4296-835a-7fe033b31578 None None] Using url versioning {{(pid=103042) process_request /opt/stack/glance/glance/api/middleware/version_negotiation.py:57}}
Jul 24 04:57:16.961886 np0000005804 devstack@g-api.service[103042]: DEBUG glance.api.middleware.version_negotiation [None req-88995eee-cec7-4296-835a-7fe033b31578 None None] Matched version: v2 {{(pid=103042) process_request /opt/stack/glance/glance/api/middleware/version_negotiation.py:69}}
Jul 24 04:57:16.962018 np0000005804 devstack@g-api.service[103042]: DEBUG glance.api.middleware.version_negotiation [None req-88995eee-cec7-4296-835a-7fe033b31578 None None] new path /v2/images/845aa405-1d78-4a0f-b73d-9bef90f29a30/stage {{(pid=103042) process_request /opt/stack/glance/glance/api/middleware/version_negotiation.py:70}}
Jul 24 04:57:17.542964 np0000005804 devstack@g-api.service[103042]: DEBUG glance_store.backend [None req-027dd2d3-f089-4576-8ae4-b81d273bfa42 admin admin] Attempting to import store cinder {{(pid=103042) _load_store /opt/stack/data/venv/lib/python3.12/site-packages/glance_store/backend.py:215}}
Jul 24 04:57:17.543105 np0000005804 devstack@g-api.service[103042]: DEBUG glance_store.backend [None req-027dd2d3-f089-4576-8ae4-b81d273bfa42 admin admin] Attempting to import store file {{(pid=103042) _load_store /opt/stack/data/venv/lib/python3.12/site-packages/glance_store/backend.py:215}}
Jul 24 04:57:17.543220 np0000005804 devstack@g-api.service[103042]: DEBUG glance_store.backend [None req-027dd2d3-f089-4576-8ae4-b81d273bfa42 admin admin] Attempting to import store glance.store.cinder.Store {{(pid=103042) _load_store /opt/stack/data/venv/lib/python3.12/site-packages/glance_store/backend.py:215}}
Jul 24 04:57:17.543317 np0000005804 devstack@g-api.service[103042]: DEBUG glance_store.backend [None req-027dd2d3-f089-4576-8ae4-b81d273bfa42 admin admin] Attempting to import store glance.store.filesystem.Store {{(pid=103042) _load_store /opt/stack/data/venv/lib/python3.12/site-packages/glance_store/backend.py:215}}
Jul 24 04:57:17.543646 np0000005804 devstack@g-api.service[103042]: DEBUG glance_store.backend [None req-027dd2d3-f089-4576-8ae4-b81d273bfa42 admin admin] Attempting to import store glance.store.http.Store {{(pid=103042) _load_store /opt/stack/data/venv/lib/python3.12/site-packages/glance_store/backend.py:215}}
Jul 24 04:57:17.543646 np0000005804 devstack@g-api.service[103042]: DEBUG glance_store.backend [None req-027dd2d3-f089-4576-8ae4-b81d273bfa42 admin admin] Attempting to import store glance.store.rbd.Store {{(pid=103042) _load_store /opt/stack/data/venv/lib/python3.12/site-packages/glance_store/backend.py:215}}
Jul 24 04:57:17.543646 np0000005804 devstack@g-api.service[103042]: DEBUG glance_store.backend [None req-027dd2d3-f089-4576-8ae4-b81d273bfa42 admin admin] Attempting to import store glance.store.s3.Store {{(pid=103042) _load_store /opt/stack/data/venv/lib/python3.12/site-packages/glance_store/backend.py:215}}
Jul 24 04:57:17.544066 np0000005804 devstack@g-api.service[103042]: DEBUG glance_store.backend [None req-027dd2d3-f089-4576-8ae4-b81d273bfa42 admin admin] Attempting to import store glance.store.swift.Store {{(pid=103042) _load_store /opt/stack/data/venv/lib/python3.12/site-packages/glance_store/backend.py:215}}
Jul 24 04:57:17.544066 np0000005804 devstack@g-api.service[103042]: DEBUG glance_store.backend [None req-027dd2d3-f089-4576-8ae4-b81d273bfa42 admin admin] Attempting to import store glance.store.vmware_datastore.Store {{(pid=103042) _load_store /opt/stack/data/venv/lib/python3.12/site-packages/glance_store/backend.py:215}}
Jul 24 04:57:17.544066 np0000005804 devstack@g-api.service[103042]: DEBUG glance_store.backend [None req-027dd2d3-f089-4576-8ae4-b81d273bfa42 admin admin] Attempting to import store http {{(pid=103042) _load_store /opt/stack/data/venv/lib/python3.12/site-packages/glance_store/backend.py:215}}
Jul 24 04:57:17.544066 np0000005804 devstack@g-api.service[103042]: DEBUG glance_store.backend [None req-027dd2d3-f089-4576-8ae4-b81d273bfa42 admin admin] Attempting to import store no_conf {{(pid=103042) _load_store /opt/stack/data/venv/lib/python3.12/site-packages/glance_store/backend.py:215}}
Jul 24 04:57:17.544066 np0000005804 devstack@g-api.service[103042]: DEBUG glance_store.backend [None req-027dd2d3-f089-4576-8ae4-b81d273bfa42 admin admin] Attempting to import store rbd {{(pid=103042) _load_store /opt/stack/data/venv/lib/python3.12/site-packages/glance_store/backend.py:215}}
Jul 24 04:57:17.544297 np0000005804 devstack@g-api.service[103042]: DEBUG glance_store.backend [None req-027dd2d3-f089-4576-8ae4-b81d273bfa42 admin admin] Attempting to import store s3 {{(pid=103042) _load_store /opt/stack/data/venv/lib/python3.12/site-packages/glance_store/backend.py:215}}
Jul 24 04:57:17.544297 np0000005804 devstack@g-api.service[103042]: DEBUG glance_store.backend [None req-027dd2d3-f089-4576-8ae4-b81d273bfa42 admin admin] Attempting to import store swift {{(pid=103042) _load_store /opt/stack/data/venv/lib/python3.12/site-packages/glance_store/backend.py:215}}
Jul 24 04:57:17.544297 np0000005804 devstack@g-api.service[103042]: DEBUG glance_store.backend [None req-027dd2d3-f089-4576-8ae4-b81d273bfa42 admin admin] Attempting to import store vmware {{(pid=103042) _load_store /opt/stack/data/venv/lib/python3.12/site-packages/glance_store/backend.py:215}}
Jul 24 04:57:17.544418 np0000005804 devstack@g-api.service[103042]: DEBUG glance_store.backend [None req-027dd2d3-f089-4576-8ae4-b81d273bfa42 admin admin] Registering options for group glance_store {{(pid=103042) register_opts /opt/stack/data/venv/lib/python3.12/site-packages/glance_store/backend.py:144}}
Jul 24 04:57:17.544515 np0000005804 devstack@g-api.service[103042]: DEBUG glance_store.backend [None req-027dd2d3-f089-4576-8ae4-b81d273bfa42 admin admin] Registering options for group glance_store {{(pid=103042) register_opts /opt/stack/data/venv/lib/python3.12/site-packages/glance_store/backend.py:144}}
Jul 24 04:57:17.544851 np0000005804 devstack@g-api.service[103042]: DEBUG glance_store.backend [None req-027dd2d3-f089-4576-8ae4-b81d273bfa42 admin admin] Attempting to import store file {{(pid=103042) _load_store /opt/stack/data/venv/lib/python3.12/site-packages/glance_store/backend.py:215}}
Jul 24 04:57:17.545193 np0000005804 devstack@g-api.service[103042]: INFO glance_store._drivers.filesystem [None req-027dd2d3-f089-4576-8ae4-b81d273bfa42 admin admin] Directory to write image files does not exist (/tmp/staging/). Creating.
Jul 24 04:57:17.545535 np0000005804 devstack@g-api.service[103042]: DEBUG glance_store.capabilities [None req-027dd2d3-f089-4576-8ae4-b81d273bfa42 admin admin] Store glance_store._drivers.filesystem.Store doesn't support updating dynamic storage capabilities. Please overwrite 'update_capabilities' method of the store to implement updating logics if needed. {{(pid=103042) update_capabilities /opt/stack/data/venv/lib/python3.12/site-packages/glance_store/capabilities.py:91}}
Jul 24 04:57:18.121249 np0000005804 devstack@g-api.service[103042]: DEBUG glance_store._drivers.filesystem [None req-027dd2d3-f089-4576-8ae4-b81d273bfa42 admin admin] Wrote 21430272 bytes to /tmp/staging/845aa405-1d78-4a0f-b73d-9bef90f29a30 with checksum c8fc807773e5354afe61636071771906 and multihash c8fc807773e5354afe61636071771906 {{(pid=103042) add /opt/stack/data/venv/lib/python3.12/site-packages/glance_store/_drivers/filesystem.py:899}}
Jul 24 04:57:18.138508 np0000005804 devstack@g-api.service[103042]: [pid: 103042|app: 0|req: 1/4] 127.0.0.1 () {42 vars in 931 bytes} [Fri Jul 24 04:57:16 2026] PUT /v2/images/845aa405-1d78-4a0f-b73d-9bef90f29a30/stage => generated 0 bytes in 1177 msecs (HTTP/1.1 204) 4 headers in 171 bytes (1 switches on core 0)
Jul 24 04:57:18.147402 np0000005804 devstack@g-api.service[103044]: DEBUG glance.api.middleware.version_negotiation [None req-ae8d6b33-3a15-4143-b947-03954ec41fcd None None] Determining version of request: POST /v2/images/845aa405-1d78-4a0f-b73d-9bef90f29a30/import Accept: */* {{(pid=103044) process_request /opt/stack/glance/glance/api/middleware/version_negotiation.py:44}}
Jul 24 04:57:18.147752 np0000005804 devstack@g-api.service[103044]: DEBUG glance.api.middleware.version_negotiation [None req-ae8d6b33-3a15-4143-b947-03954ec41fcd None None] Using url versioning {{(pid=103044) process_request /opt/stack/glance/glance/api/middleware/version_negotiation.py:57}}
Jul 24 04:57:18.147964 np0000005804 devstack@g-api.service[103044]: DEBUG glance.api.middleware.version_negotiation [None req-ae8d6b33-3a15-4143-b947-03954ec41fcd None None] Matched version: v2 {{(pid=103044) process_request /opt/stack/glance/glance/api/middleware/version_negotiation.py:69}}
Jul 24 04:57:18.148073 np0000005804 devstack@g-api.service[103044]: DEBUG glance.api.middleware.version_negotiation [None req-ae8d6b33-3a15-4143-b947-03954ec41fcd None None] new path /v2/images/845aa405-1d78-4a0f-b73d-9bef90f29a30/import {{(pid=103044) process_request /opt/stack/glance/glance/api/middleware/version_negotiation.py:70}}
Jul 24 04:57:18.749537 np0000005804 devstack@g-api.service[103044]: DEBUG glance.domain [None req-20eb212a-ffe3-4e78-8930-72f0c98ae635 admin admin] Loading taskflow executor {{(pid=103044) new_task_executor /opt/stack/glance/glance/domain/__init__.py:515}}
Jul 24 04:57:18.931068 np0000005804 devstack@g-api.service[103044]: DEBUG oslo_concurrency.lockutils [None req-20eb212a-ffe3-4e78-8930-72f0c98ae635 admin admin] Acquiring lock "tasks_pool" by "glance.api.common.memoize..memoizer_wrapper..memoizer" {{(pid=103044) inner /opt/stack/data/venv/lib/python3.12/site-packages/oslo_concurrency/lockutils.py:512}}
Jul 24 04:57:18.931238 np0000005804 devstack@g-api.service[103044]: DEBUG oslo_concurrency.lockutils [None req-20eb212a-ffe3-4e78-8930-72f0c98ae635 admin admin] Lock "tasks_pool" acquired by "glance.api.common.memoize..memoizer_wrapper..memoizer" :: waited 0.000s {{(pid=103044) inner /opt/stack/data/venv/lib/python3.12/site-packages/oslo_concurrency/lockutils.py:525}}
Jul 24 04:57:18.931650 np0000005804 devstack@g-api.service[103044]: DEBUG glance.api.common [None req-20eb212a-ffe3-4e78-8930-72f0c98ae635 admin admin] Initializing named threadpool 'tasks_pool' {{(pid=103044) _get_thread_pool /opt/stack/glance/glance/api/common.py:242}}
Jul 24 04:57:18.932165 np0000005804 devstack@g-api.service[103044]: DEBUG glance.async_ [None req-20eb212a-ffe3-4e78-8930-72f0c98ae635 admin admin] Creating threadpool model 'ThreadPoolExecutor' with size 16 {{(pid=103044) __init__ /opt/stack/glance/glance/async_/__init__.py:100}}
Jul 24 04:57:18.932317 np0000005804 devstack@g-api.service[103044]: DEBUG oslo_concurrency.lockutils [None req-20eb212a-ffe3-4e78-8930-72f0c98ae635 admin admin] Lock "tasks_pool" "released" by "glance.api.common.memoize..memoizer_wrapper..memoizer" :: held 0.001s {{(pid=103044) inner /opt/stack/data/venv/lib/python3.12/site-packages/oslo_concurrency/lockutils.py:544}}
Jul 24 04:57:18.932467 np0000005804 devstack@g-api.service[103044]: DEBUG glance.async_ [None req-20eb212a-ffe3-4e78-8930-72f0c98ae635 admin admin] Spawning with ThreadPoolExecutor: >((,), {}) {{(pid=103044) spawn /opt/stack/glance/glance/async_/__init__.py:106}}
Jul 24 04:57:18.934363 np0000005804 devstack@g-api.service[103044]: [pid: 103044|app: 0|req: 1/5] 127.0.0.1 () {42 vars in 923 bytes} [Fri Jul 24 04:57:18 2026] POST /v2/images/845aa405-1d78-4a0f-b73d-9bef90f29a30/import => generated 0 bytes in 787 msecs (HTTP/1.1 202) 4 headers in 169 bytes (1 switches on core 0)
Jul 24 04:57:18.936708 np0000005804 devstack@g-api.service[103044]: INFO glance.domain [-] Task [8af208b1-e721-4798-86ce-f7366a86acc2] status changing from pending to processing
Jul 24 04:57:18.941945 np0000005804 devstack@g-api.service[103043]: DEBUG glance.api.middleware.version_negotiation [None req-e1b9e825-09a1-41eb-a6a9-85395a86b084 None None] Determining version of request: GET /v2/images/845aa405-1d78-4a0f-b73d-9bef90f29a30 Accept: */* {{(pid=103043) process_request /opt/stack/glance/glance/api/middleware/version_negotiation.py:44}}
Jul 24 04:57:18.942316 np0000005804 devstack@g-api.service[103043]: DEBUG glance.api.middleware.version_negotiation [None req-e1b9e825-09a1-41eb-a6a9-85395a86b084 None None] Using url versioning {{(pid=103043) process_request /opt/stack/glance/glance/api/middleware/version_negotiation.py:57}}
Jul 24 04:57:18.942480 np0000005804 devstack@g-api.service[103043]: DEBUG glance.api.middleware.version_negotiation [None req-e1b9e825-09a1-41eb-a6a9-85395a86b084 None None] Matched version: v2 {{(pid=103043) process_request /opt/stack/glance/glance/api/middleware/version_negotiation.py:69}}
Jul 24 04:57:18.942580 np0000005804 devstack@g-api.service[103043]: DEBUG glance.api.middleware.version_negotiation [None req-e1b9e825-09a1-41eb-a6a9-85395a86b084 None None] new path /v2/images/845aa405-1d78-4a0f-b73d-9bef90f29a30 {{(pid=103043) process_request /opt/stack/glance/glance/api/middleware/version_negotiation.py:70}}
Jul 24 04:57:18.946947 np0000005804 devstack@g-api.service[103044]: DEBUG glance.async_.taskflow_executor [-] Taskflow executor picked up the execution of task ID 8af208b1-e721-4798-86ce-f7366a86acc2 of task type api_image_import {{(pid=103044) _run /opt/stack/glance/glance/async_/taskflow_executor.py:175}}
Jul 24 04:57:18.966046 np0000005804 devstack@g-api.service[103044]: DEBUG glance_store.backend [-] Attempting to import store cinder {{(pid=103044) _load_store /opt/stack/data/venv/lib/python3.12/site-packages/glance_store/backend.py:215}}
Jul 24 04:57:18.966168 np0000005804 devstack@g-api.service[103044]: DEBUG glance_store.backend [-] Attempting to import store file {{(pid=103044) _load_store /opt/stack/data/venv/lib/python3.12/site-packages/glance_store/backend.py:215}}
Jul 24 04:57:18.966231 np0000005804 devstack@g-api.service[103044]: DEBUG glance_store.backend [-] Attempting to import store glance.store.cinder.Store {{(pid=103044) _load_store /opt/stack/data/venv/lib/python3.12/site-packages/glance_store/backend.py:215}}
Jul 24 04:57:18.966311 np0000005804 devstack@g-api.service[103044]: DEBUG glance_store.backend [-] Attempting to import store glance.store.filesystem.Store {{(pid=103044) _load_store /opt/stack/data/venv/lib/python3.12/site-packages/glance_store/backend.py:215}}
Jul 24 04:57:18.966495 np0000005804 devstack@g-api.service[103044]: DEBUG glance_store.backend [-] Attempting to import store glance.store.http.Store {{(pid=103044) _load_store /opt/stack/data/venv/lib/python3.12/site-packages/glance_store/backend.py:215}}
Jul 24 04:57:18.966495 np0000005804 devstack@g-api.service[103044]: DEBUG glance_store.backend [-] Attempting to import store glance.store.rbd.Store {{(pid=103044) _load_store /opt/stack/data/venv/lib/python3.12/site-packages/glance_store/backend.py:215}}
Jul 24 04:57:18.966554 np0000005804 devstack@g-api.service[103044]: DEBUG glance_store.backend [-] Attempting to import store glance.store.s3.Store {{(pid=103044) _load_store /opt/stack/data/venv/lib/python3.12/site-packages/glance_store/backend.py:215}}
Jul 24 04:57:18.966603 np0000005804 devstack@g-api.service[103044]: DEBUG glance_store.backend [-] Attempting to import store glance.store.swift.Store {{(pid=103044) _load_store /opt/stack/data/venv/lib/python3.12/site-packages/glance_store/backend.py:215}}
Jul 24 04:57:18.966677 np0000005804 devstack@g-api.service[103044]: DEBUG glance_store.backend [-] Attempting to import store glance.store.vmware_datastore.Store {{(pid=103044) _load_store /opt/stack/data/venv/lib/python3.12/site-packages/glance_store/backend.py:215}}
Jul 24 04:57:18.966742 np0000005804 devstack@g-api.service[103044]: DEBUG glance_store.backend [-] Attempting to import store http {{(pid=103044) _load_store /opt/stack/data/venv/lib/python3.12/site-packages/glance_store/backend.py:215}}
Jul 24 04:57:18.966811 np0000005804 devstack@g-api.service[103044]: DEBUG glance_store.backend [-] Attempting to import store no_conf {{(pid=103044) _load_store /opt/stack/data/venv/lib/python3.12/site-packages/glance_store/backend.py:215}}
Jul 24 04:57:18.966881 np0000005804 devstack@g-api.service[103044]: DEBUG glance_store.backend [-] Attempting to import store rbd {{(pid=103044) _load_store /opt/stack/data/venv/lib/python3.12/site-packages/glance_store/backend.py:215}}
Jul 24 04:57:18.966952 np0000005804 devstack@g-api.service[103044]: DEBUG glance_store.backend [-] Attempting to import store s3 {{(pid=103044) _load_store /opt/stack/data/venv/lib/python3.12/site-packages/glance_store/backend.py:215}}
Jul 24 04:57:18.967015 np0000005804 devstack@g-api.service[103044]: DEBUG glance_store.backend [-] Attempting to import store swift {{(pid=103044) _load_store /opt/stack/data/venv/lib/python3.12/site-packages/glance_store/backend.py:215}}
Jul 24 04:57:18.967079 np0000005804 devstack@g-api.service[103044]: DEBUG glance_store.backend [-] Attempting to import store vmware {{(pid=103044) _load_store /opt/stack/data/venv/lib/python3.12/site-packages/glance_store/backend.py:215}}
Jul 24 04:57:18.967156 np0000005804 devstack@g-api.service[103044]: DEBUG glance_store.backend [-] Registering options for group glance_store {{(pid=103044) register_opts /opt/stack/data/venv/lib/python3.12/site-packages/glance_store/backend.py:144}}
Jul 24 04:57:18.967250 np0000005804 devstack@g-api.service[103044]: DEBUG glance_store.backend [-] Registering options for group glance_store {{(pid=103044) register_opts /opt/stack/data/venv/lib/python3.12/site-packages/glance_store/backend.py:144}}
Jul 24 04:57:18.967552 np0000005804 devstack@g-api.service[103044]: DEBUG glance_store.backend [-] Attempting to import store file {{(pid=103044) _load_store /opt/stack/data/venv/lib/python3.12/site-packages/glance_store/backend.py:215}}
Jul 24 04:57:18.967860 np0000005804 devstack@g-api.service[103044]: DEBUG glance_store.capabilities [-] Store glance_store._drivers.filesystem.Store doesn't support updating dynamic storage capabilities. Please overwrite 'update_capabilities' method of the store to implement updating logics if needed. {{(pid=103044) update_capabilities /opt/stack/data/venv/lib/python3.12/site-packages/glance_store/capabilities.py:91}}
Jul 24 04:57:18.973832 np0000005804 devstack@g-api.service[103044]: DEBUG glance.async_.flows.api_image_import [-] Image 845aa405-1d78-4a0f-b73d-9bef90f29a30 os_glance_importing_to_stores= {{(pid=103044) merge_store_list /opt/stack/glance/glance/async_/flows/api_image_import.py:297}}
Jul 24 04:57:18.973928 np0000005804 devstack@g-api.service[103044]: DEBUG glance.async_.flows.api_image_import [-] Image 845aa405-1d78-4a0f-b73d-9bef90f29a30 os_glance_failed_import= {{(pid=103044) merge_store_list /opt/stack/glance/glance/async_/flows/api_image_import.py:297}}
Jul 24 04:57:18.975572 np0000005804 devstack@g-api.service[103043]: [pid: 103043|app: 0|req: 3/6] 127.0.0.1 () {38 vars in 856 bytes} [Fri Jul 24 04:57:18 2026] GET /v2/images/845aa405-1d78-4a0f-b73d-9bef90f29a30 => generated 879 bytes in 34 msecs (HTTP/1.1 200) 4 headers in 157 bytes (1 switches on core 0)
Jul 24 04:57:18.977706 np0000005804 devstack@g-api.service[103044]: DEBUG glance.async_.flows.api_image_import [-] Image 845aa405-1d78-4a0f-b73d-9bef90f29a30 status changing from uploading to importing {{(pid=103044) __exit__ /opt/stack/glance/glance/async_/flows/api_image_import.py:184}}
Jul 24 04:57:19.439954 np0000005804 devstack@g-api.service[103044]: DEBUG glance.async_ [-] Creating threadpool model 'ThreadPoolExecutor' with size 10 {{(pid=103044) __init__ /opt/stack/glance/glance/async_/__init__.py:100}}
Jul 24 04:57:19.454152 np0000005804 devstack@g-api.service[103044]: DEBUG glance.async_.taskflow_executor [-] Flow 'api_image_import' (380682cb-6473-4764-bfb6-16be583fc4fa) transitioned into state 'RUNNING' from state 'PENDING' {{(pid=103044) _flow_receiver /opt/stack/data/venv/lib/python3.12/site-packages/taskflow/listeners/logging.py:160}}
Jul 24 04:57:19.455933 np0000005804 devstack@g-api.service[103044]: DEBUG glance.async_.taskflow_executor [-] Task 'api_image_import-ImageLock-8af208b1-e721-4798-86ce-f7366a86acc2' (5ace8420-670f-49ba-91fa-a7d45bb9e2e7) transitioned into state 'RUNNING' from state 'PENDING' {{(pid=103044) _task_receiver /opt/stack/data/venv/lib/python3.12/site-packages/taskflow/listeners/logging.py:242}}
Jul 24 04:57:19.462999 np0000005804 devstack@g-api.service[103044]: DEBUG glance.async_.flows.api_image_import [-] Image 845aa405-1d78-4a0f-b73d-9bef90f29a30 import task 8af208b1-e721-4798-86ce-f7366a86acc2 lock confirmed {{(pid=103044) execute /opt/stack/glance/glance/async_/flows/api_image_import.py:497}}
Jul 24 04:57:19.464023 np0000005804 devstack@g-api.service[103044]: DEBUG glance.async_.taskflow_executor [-] Task 'api_image_import-ImageLock-8af208b1-e721-4798-86ce-f7366a86acc2' (5ace8420-670f-49ba-91fa-a7d45bb9e2e7) transitioned into state 'SUCCESS' from state 'RUNNING' with result 'None' {{(pid=103044) _task_receiver /opt/stack/data/venv/lib/python3.12/site-packages/taskflow/listeners/logging.py:218}}
Jul 24 04:57:19.464840 np0000005804 devstack@g-api.service[103044]: DEBUG glance.async_.taskflow_executor [-] Task 'api_image_import-ConfigureStaging-8af208b1-e721-4798-86ce-f7366a86acc2' (26b03e7e-f449-422b-aa72-08ee329676e0) transitioned into state 'RUNNING' from state 'PENDING' {{(pid=103044) _task_receiver /opt/stack/data/venv/lib/python3.12/site-packages/taskflow/listeners/logging.py:242}}
Jul 24 04:57:19.465573 np0000005804 devstack@g-api.service[103044]: DEBUG glance.async_.taskflow_executor [-] Task 'api_image_import-ConfigureStaging-8af208b1-e721-4798-86ce-f7366a86acc2' (26b03e7e-f449-422b-aa72-08ee329676e0) transitioned into state 'SUCCESS' from state 'RUNNING' with result 'file:///tmp/staging/845aa405-1d78-4a0f-b73d-9bef90f29a30' {{(pid=103044) _task_receiver /opt/stack/data/venv/lib/python3.12/site-packages/taskflow/listeners/logging.py:218}}
Jul 24 04:57:19.466196 np0000005804 devstack@g-api.service[103044]: DEBUG glance.async_.taskflow_executor [-] Task 'api_image_import--ImportToStore-8af208b1-e721-4798-86ce-f7366a86acc2' (210ae3b5-0aad-442d-9ed1-1c2edc04e9cd) transitioned into state 'RUNNING' from state 'PENDING' {{(pid=103044) _task_receiver /opt/stack/data/venv/lib/python3.12/site-packages/taskflow/listeners/logging.py:242}}
Jul 24 04:57:19.471725 np0000005804 devstack@g-api.service[103044]: INFO glance.common.scripts.image_import.main [-] Task 8af208b1-e721-4798-86ce-f7366a86acc2: Got image data uri file:///tmp/staging/845aa405-1d78-4a0f-b73d-9bef90f29a30 to be imported
Jul 24 04:57:19.473226 np0000005804 devstack@g-api.service[103044]: DEBUG glance.location [-] Enabling in-flight format inspection for qcow2 {{(pid=103044) set_data /opt/stack/glance/glance/location.py:596}}
Jul 24 04:57:19.473642 np0000005804 devstack@g-api.service[103044]: DEBUG glance_store.backend [-] Attempting to import store swift {{(pid=103044) _load_store /opt/stack/data/venv/lib/python3.12/site-packages/glance_store/backend.py:215}}
Jul 24 04:57:19.474901 np0000005804 devstack@g-api.service[103044]: DEBUG glance_store.capabilities [-] Store glance_store._drivers.swift.store.SingleTenantStore doesn't support updating dynamic storage capabilities. Please overwrite 'update_capabilities' method of the store to implement updating logics if needed. {{(pid=103044) update_capabilities /opt/stack/data/venv/lib/python3.12/site-packages/glance_store/capabilities.py:91}}
Jul 24 04:57:19.474990 np0000005804 devstack@g-api.service[103044]: DEBUG glance_store.driver [-] Late loading location class glance_store._drivers.swift.store.StoreLocation {{(pid=103044) get_store_location_class /opt/stack/data/venv/lib/python3.12/site-packages/glance_store/driver.py:134}}
Jul 24 04:57:19.475071 np0000005804 devstack@g-api.service[103044]: DEBUG glance_store.location [-] Registering scheme swift+https with {'store': , 'location_class': , 'store_entry': 'swift'} {{(pid=103044) register_scheme_map /opt/stack/data/venv/lib/python3.12/site-packages/glance_store/location.py:146}}
Jul 24 04:57:19.475130 np0000005804 devstack@g-api.service[103044]: DEBUG glance_store.location [-] Registering scheme swift+https with {'store': , 'location_class': , 'store_entry': 'swift'} {{(pid=103044) register_scheme_map /opt/stack/data/venv/lib/python3.12/site-packages/glance_store/location.py:146}}
Jul 24 04:57:19.475197 np0000005804 devstack@g-api.service[103044]: DEBUG glance_store.location [-] Registering scheme swift with {'store': , 'location_class': , 'store_entry': 'swift'} {{(pid=103044) register_scheme_map /opt/stack/data/venv/lib/python3.12/site-packages/glance_store/location.py:146}}
Jul 24 04:57:19.475263 np0000005804 devstack@g-api.service[103044]: DEBUG glance_store.location [-] Registering scheme swift+https with {'store': , 'location_class': , 'store_entry': 'swift'} {{(pid=103044) register_scheme_map /opt/stack/data/venv/lib/python3.12/site-packages/glance_store/location.py:146}}
Jul 24 04:57:19.475314 np0000005804 devstack@g-api.service[103044]: DEBUG glance_store.location [-] Registering scheme swift with {'store': , 'location_class': , 'store_entry': 'swift'} {{(pid=103044) register_scheme_map /opt/stack/data/venv/lib/python3.12/site-packages/glance_store/location.py:146}}
Jul 24 04:57:19.475383 np0000005804 devstack@g-api.service[103044]: DEBUG glance_store.location [-] Registering scheme swift+http with {'store': , 'location_class': , 'store_entry': 'swift'} {{(pid=103044) register_scheme_map /opt/stack/data/venv/lib/python3.12/site-packages/glance_store/location.py:146}}
Jul 24 04:57:19.475439 np0000005804 devstack@g-api.service[103044]: DEBUG glance_store.location [-] Registering scheme swift+https with {'store': , 'location_class': , 'store_entry': 'swift'} {{(pid=103044) register_scheme_map /opt/stack/data/venv/lib/python3.12/site-packages/glance_store/location.py:146}}
Jul 24 04:57:19.475495 np0000005804 devstack@g-api.service[103044]: DEBUG glance_store.location [-] Registering scheme swift with {'store': , 'location_class': , 'store_entry': 'swift'} {{(pid=103044) register_scheme_map /opt/stack/data/venv/lib/python3.12/site-packages/glance_store/location.py:146}}
Jul 24 04:57:19.475564 np0000005804 devstack@g-api.service[103044]: DEBUG glance_store.location [-] Registering scheme swift+http with {'store': , 'location_class': , 'store_entry': 'swift'} {{(pid=103044) register_scheme_map /opt/stack/data/venv/lib/python3.12/site-packages/glance_store/location.py:146}}
Jul 24 04:57:19.475610 np0000005804 devstack@g-api.service[103044]: DEBUG glance_store.location [-] Registering scheme swift+config with {'store': , 'location_class': , 'store_entry': 'swift'} {{(pid=103044) register_scheme_map /opt/stack/data/venv/lib/python3.12/site-packages/glance_store/location.py:146}}
Jul 24 04:57:19.929327 np0000005804 devstack@g-api.service[103044]: INFO swiftclient [-] REQ: curl -i https://10.4.3.129:8080/v1/AUTH_d7ae83cbaacd456daf974b30f13a9bdf/glance -I -H "X-Auth-Token: gAAAAABqYvCvHsaV..."
Jul 24 04:57:19.929327 np0000005804 devstack@g-api.service[103044]: INFO swiftclient [-] RESP STATUS: 404 Not Found
Jul 24 04:57:19.929483 np0000005804 devstack@g-api.service[103044]: INFO swiftclient [-] RESP HEADERS: {'Date': 'Fri, 24 Jul 2026 04:57:19 GMT', 'Server': 'Apache/2.4.58 (Ubuntu)', 'Content-Type': 'text/html; charset=UTF-8', 'X-Trans-Id': 'tx70e1d639123e4b4ab3bf5-006a62f0af', 'X-Openstack-Request-Id': 'tx70e1d639123e4b4ab3bf5-006a62f0af', 'Connection': 'close'}
Jul 24 04:57:19.929637 np0000005804 devstack@g-api.service[103044]: INFO glance_store._drivers.swift.store [-] Creating swift container glance
Jul 24 04:57:19.984262 np0000005804 devstack@g-api.service[103044]: DEBUG swiftclient [-] REQ: curl -i https://10.4.3.129:8080/v1/AUTH_d7ae83cbaacd456daf974b30f13a9bdf/glance -X PUT -H "X-Auth-Token: gAAAAABqYvCvHsaV..." -H "Content-Length: 0" {{(pid=103044) http_log /opt/stack/data/venv/lib/python3.12/site-packages/swiftclient/client.py:160}}
Jul 24 04:57:19.984327 np0000005804 devstack@g-api.service[103044]: DEBUG swiftclient [-] RESP STATUS: 201 Created {{(pid=103044) http_log /opt/stack/data/venv/lib/python3.12/site-packages/swiftclient/client.py:161}}
Jul 24 04:57:19.984468 np0000005804 devstack@g-api.service[103044]: DEBUG swiftclient [-] RESP HEADERS: {'Date': 'Fri, 24 Jul 2026 04:57:19 GMT', 'Server': 'Apache/2.4.58 (Ubuntu)', 'Content-Type': 'text/html; charset=UTF-8', 'Content-Length': '0', 'X-Trans-Id': 'tx7ac5fae2190f47b497d70-006a62f0af', 'X-Openstack-Request-Id': 'tx7ac5fae2190f47b497d70-006a62f0af', 'Connection': 'close'} {{(pid=103044) http_log /opt/stack/data/venv/lib/python3.12/site-packages/swiftclient/client.py:162}}
Jul 24 04:57:19.984577 np0000005804 devstack@g-api.service[103044]: DEBUG glance_store._drivers.swift.store [-] Adding image object '845aa405-1d78-4a0f-b73d-9bef90f29a30' to Swift {{(pid=103044) add /opt/stack/data/venv/lib/python3.12/site-packages/glance_store/_drivers/swift/store.py:970}}
Jul 24 04:57:19.989964 np0000005804 devstack@g-api.service[103044]: DEBUG oslo_utils.imageutils.format_inspector [-] Format inspector for vmdk does not match, excluding from consideration (Signature KDMV not found: b'QFI\xfb') {{(pid=103044) _process_chunk /opt/stack/data/venv/lib/python3.12/site-packages/oslo_utils/imageutils/format_inspector.py:1758}}
Jul 24 04:57:19.993976 np0000005804 devstack@g-api.service[103044]: DEBUG oslo_utils.imageutils.format_inspector [-] Format inspector for vhdx does not match, excluding from consideration (Region signature not found at 30000) {{(pid=103044) _process_chunk /opt/stack/data/venv/lib/python3.12/site-packages/oslo_utils/imageutils/format_inspector.py:1758}}
Jul 24 04:57:20.212955 np0000005804 devstack@g-api.service[103045]: DEBUG glance.api.middleware.version_negotiation [None req-b7caefbe-10f1-4bc1-a454-e05070c21fa4 admin admin] Determining version of request: POST /v2/images Accept: */* {{(pid=103045) process_request /opt/stack/glance/glance/api/middleware/version_negotiation.py:44}}
Jul 24 04:57:20.213434 np0000005804 devstack@g-api.service[103045]: DEBUG glance.api.middleware.version_negotiation [None req-b7caefbe-10f1-4bc1-a454-e05070c21fa4 admin admin] Using url versioning {{(pid=103045) process_request /opt/stack/glance/glance/api/middleware/version_negotiation.py:57}}
Jul 24 04:57:20.213434 np0000005804 devstack@g-api.service[103045]: DEBUG glance.api.middleware.version_negotiation [None req-b7caefbe-10f1-4bc1-a454-e05070c21fa4 admin admin] Matched version: v2 {{(pid=103045) process_request /opt/stack/glance/glance/api/middleware/version_negotiation.py:69}}
Jul 24 04:57:20.213434 np0000005804 devstack@g-api.service[103045]: DEBUG glance.api.middleware.version_negotiation [None req-b7caefbe-10f1-4bc1-a454-e05070c21fa4 admin admin] new path /v2/images {{(pid=103045) process_request /opt/stack/glance/glance/api/middleware/version_negotiation.py:70}}
Jul 24 04:57:20.309788 np0000005804 devstack@g-api.service[103044]: DEBUG swiftclient [-] REQ: curl -i https://10.4.3.129:8080/v1/AUTH_d7ae83cbaacd456daf974b30f13a9bdf/glance/845aa405-1d78-4a0f-b73d-9bef90f29a30 -X PUT -H "X-Auth-Token: gAAAAABqYvCvHsaV..." -H "Content-Length: 21430272" {{(pid=103044) http_log /opt/stack/data/venv/lib/python3.12/site-packages/swiftclient/client.py:160}}
Jul 24 04:57:20.309869 np0000005804 devstack@g-api.service[103044]: DEBUG swiftclient [-] RESP STATUS: 201 Created {{(pid=103044) http_log /opt/stack/data/venv/lib/python3.12/site-packages/swiftclient/client.py:161}}
Jul 24 04:57:20.309945 np0000005804 devstack@g-api.service[103044]: DEBUG swiftclient [-] RESP HEADERS: {'Date': 'Fri, 24 Jul 2026 04:57:20 GMT', 'Server': 'Apache/2.4.58 (Ubuntu)', 'Content-Type': 'text/html; charset=UTF-8', 'Content-Length': '0', 'Etag': 'c8fc807773e5354afe61636071771906', 'Last-Modified': 'Fri, 24 Jul 2026 04:57:21 GMT', 'X-Trans-Id': 'tx0729d4f4283642a2b7031-006a62f0af', 'X-Openstack-Request-Id': 'tx0729d4f4283642a2b7031-006a62f0af', 'Connection': 'close'} {{(pid=103044) http_log /opt/stack/data/venv/lib/python3.12/site-packages/swiftclient/client.py:162}}
Jul 24 04:57:20.322181 np0000005804 devstack@g-api.service[103044]: INFO glance.location [-] Image format matched and virtual size computed: 117440512
Jul 24 04:57:20.328810 np0000005804 devstack@g-api.service[103044]: DEBUG glance.async_.flows.api_image_import [-] Image 845aa405-1d78-4a0f-b73d-9bef90f29a30 status changing from importing to active {{(pid=103044) __exit__ /opt/stack/glance/glance/async_/flows/api_image_import.py:184}}
Jul 24 04:57:20.347857 np0000005804 devstack@g-api.service[103044]: DEBUG glance_store.backend [-] Attempting to import store swift {{(pid=103044) _load_store /opt/stack/data/venv/lib/python3.12/site-packages/glance_store/backend.py:215}}
Jul 24 04:57:20.348965 np0000005804 devstack@g-api.service[103044]: DEBUG glance_store.capabilities [-] Store glance_store._drivers.swift.store.SingleTenantStore doesn't support updating dynamic storage capabilities. Please overwrite 'update_capabilities' method of the store to implement updating logics if needed. {{(pid=103044) update_capabilities /opt/stack/data/venv/lib/python3.12/site-packages/glance_store/capabilities.py:91}}
Jul 24 04:57:20.349021 np0000005804 devstack@g-api.service[103044]: DEBUG glance_store.driver [-] Late loading location class glance_store._drivers.swift.store.StoreLocation {{(pid=103044) get_store_location_class /opt/stack/data/venv/lib/python3.12/site-packages/glance_store/driver.py:134}}
Jul 24 04:57:20.349096 np0000005804 devstack@g-api.service[103044]: DEBUG glance_store.location [-] Registering scheme swift+https with {'store': , 'location_class': , 'store_entry': 'swift'} {{(pid=103044) register_scheme_map /opt/stack/data/venv/lib/python3.12/site-packages/glance_store/location.py:146}}
Jul 24 04:57:20.349144 np0000005804 devstack@g-api.service[103044]: DEBUG glance_store.location [-] Registering scheme swift+https with {'store': , 'location_class': , 'store_entry': 'swift'} {{(pid=103044) register_scheme_map /opt/stack/data/venv/lib/python3.12/site-packages/glance_store/location.py:146}}
Jul 24 04:57:20.349216 np0000005804 devstack@g-api.service[103044]: DEBUG glance_store.location [-] Registering scheme swift with {'store': , 'location_class': , 'store_entry': 'swift'} {{(pid=103044) register_scheme_map /opt/stack/data/venv/lib/python3.12/site-packages/glance_store/location.py:146}}
