Jul 31 20:45:50.978442 np0000006272 devstack@g-api.service[102976]: DEBUG glance_store.capabilities [None req-42d91234-27ef-43b7-bad6-005598548a8c tempest-AttachSCSIVolumeTestJSON-1834799199 tempest-AttachSCSIVolumeTestJSON-1834799199-project-admin] Store glance_store._drivers.swift.store.SingleTenantStore doesn't support updating dynamic storage capabilities. Please overwrite 'update_capabilities' method of the store to implement updating logics if needed. {{(pid=102976) update_capabilities /opt/stack/data/venv/lib/python3.12/site-packages/glance_store/capabilities.py:91}}
Jul 31 20:45:50.978590 np0000006272 devstack@g-api.service[102976]: DEBUG glance_store.driver [None req-42d91234-27ef-43b7-bad6-005598548a8c tempest-AttachSCSIVolumeTestJSON-1834799199 tempest-AttachSCSIVolumeTestJSON-1834799199-project-admin] Late loading location class glance_store._drivers.swift.store.StoreLocation {{(pid=102976) get_store_location_class /opt/stack/data/venv/lib/python3.12/site-packages/glance_store/driver.py:134}}
Jul 31 20:45:50.978734 np0000006272 devstack@g-api.service[102976]: DEBUG glance_store.location [None req-42d91234-27ef-43b7-bad6-005598548a8c tempest-AttachSCSIVolumeTestJSON-1834799199 tempest-AttachSCSIVolumeTestJSON-1834799199-project-admin] Registering scheme swift+https with {'store': , 'location_class': , 'store_entry': 'swift'} {{(pid=102976) register_scheme_map /opt/stack/data/venv/lib/python3.12/site-packages/glance_store/location.py:146}}
Jul 31 20:45:50.978862 np0000006272 devstack@g-api.service[102976]: DEBUG glance_store.location [None req-42d91234-27ef-43b7-bad6-005598548a8c tempest-AttachSCSIVolumeTestJSON-1834799199 tempest-AttachSCSIVolumeTestJSON-1834799199-project-admin] Registering scheme swift+https with {'store': , 'location_class': , 'store_entry': 'swift'} {{(pid=102976) register_scheme_map /opt/stack/data/venv/lib/python3.12/site-packages/glance_store/location.py:146}}
Jul 31 20:45:50.982266 np0000006272 devstack@g-api.service[102976]: DEBUG glance_store.location [None req-42d91234-27ef-43b7-bad6-005598548a8c tempest-AttachSCSIVolumeTestJSON-1834799199 tempest-AttachSCSIVolumeTestJSON-1834799199-project-admin] Registering scheme swift with {'store': , 'location_class': , 'store_entry': 'swift'} {{(pid=102976) register_scheme_map /opt/stack/data/venv/lib/python3.12/site-packages/glance_store/location.py:146}}
Jul 31 20:45:50.982266 np0000006272 devstack@g-api.service[102976]: DEBUG glance_store.location [None req-42d91234-27ef-43b7-bad6-005598548a8c tempest-AttachSCSIVolumeTestJSON-1834799199 tempest-AttachSCSIVolumeTestJSON-1834799199-project-admin] Registering scheme swift+https with {'store': , 'location_class': , 'store_entry': 'swift'} {{(pid=102976) register_scheme_map /opt/stack/data/venv/lib/python3.12/site-packages/glance_store/location.py:146}}
Jul 31 20:45:50.982266 np0000006272 devstack@g-api.service[102976]: DEBUG glance_store.location [None req-42d91234-27ef-43b7-bad6-005598548a8c tempest-AttachSCSIVolumeTestJSON-1834799199 tempest-AttachSCSIVolumeTestJSON-1834799199-project-admin] Registering scheme swift with {'store': , 'location_class': , 'store_entry': 'swift'} {{(pid=102976) register_scheme_map /opt/stack/data/venv/lib/python3.12/site-packages/glance_store/location.py:146}}
Jul 31 20:45:50.982438 np0000006272 devstack@g-api.service[102976]: DEBUG glance_store.location [None req-42d91234-27ef-43b7-bad6-005598548a8c tempest-AttachSCSIVolumeTestJSON-1834799199 tempest-AttachSCSIVolumeTestJSON-1834799199-project-admin] Registering scheme swift+http with {'store': , 'location_class': , 'store_entry': 'swift'} {{(pid=102976) register_scheme_map /opt/stack/data/venv/lib/python3.12/site-packages/glance_store/location.py:146}}
Jul 31 20:45:50.982438 np0000006272 devstack@g-api.service[102976]: DEBUG glance_store.location [None req-42d91234-27ef-43b7-bad6-005598548a8c tempest-AttachSCSIVolumeTestJSON-1834799199 tempest-AttachSCSIVolumeTestJSON-1834799199-project-admin] Registering scheme swift+https with {'store': , 'location_class': , 'store_entry': 'swift'} {{(pid=102976) register_scheme_map /opt/stack/data/venv/lib/python3.12/site-packages/glance_store/location.py:146}}
Jul 31 20:45:50.982438 np0000006272 devstack@g-api.service[102976]: DEBUG glance_store.location [None req-42d91234-27ef-43b7-bad6-005598548a8c tempest-AttachSCSIVolumeTestJSON-1834799199 tempest-AttachSCSIVolumeTestJSON-1834799199-project-admin] Registering scheme swift with {'store': , 'location_class': , 'store_entry': 'swift'} {{(pid=102976) register_scheme_map /opt/stack/data/venv/lib/python3.12/site-packages/glance_store/location.py:146}}
Jul 31 20:45:50.982581 np0000006272 devstack@g-api.service[102976]: DEBUG glance_store.location [None req-42d91234-27ef-43b7-bad6-005598548a8c tempest-AttachSCSIVolumeTestJSON-1834799199 tempest-AttachSCSIVolumeTestJSON-1834799199-project-admin] Registering scheme swift+http with {'store': , 'location_class': , 'store_entry': 'swift'} {{(pid=102976) register_scheme_map /opt/stack/data/venv/lib/python3.12/site-packages/glance_store/location.py:146}}
Jul 31 20:45:50.982581 np0000006272 devstack@g-api.service[102976]: DEBUG glance_store.location [None req-42d91234-27ef-43b7-bad6-005598548a8c tempest-AttachSCSIVolumeTestJSON-1834799199 tempest-AttachSCSIVolumeTestJSON-1834799199-project-admin] Registering scheme swift+config with {'store': , 'location_class': , 'store_entry': 'swift'} {{(pid=102976) register_scheme_map /opt/stack/data/venv/lib/python3.12/site-packages/glance_store/location.py:146}}
Jul 31 20:45:51.066829 np0000006272 devstack@g-api.service[102977]: DEBUG glance.api.middleware.version_negotiation [None req-341c090c-1cf9-4d9f-bf75-048f9d672b56 tempest-DeleteServersTestJSON-1696272074 tempest-DeleteServersTestJSON-1696272074-project-member] Determining version of request: GET /v2/images/f7b87480-092c-4b1b-b062-a32097becb94 Accept: */* {{(pid=102977) process_request /opt/stack/glance/glance/api/middleware/version_negotiation.py:44}}
Jul 31 20:45:51.067181 np0000006272 devstack@g-api.service[102977]: DEBUG glance.api.middleware.version_negotiation [None req-341c090c-1cf9-4d9f-bf75-048f9d672b56 tempest-DeleteServersTestJSON-1696272074 tempest-DeleteServersTestJSON-1696272074-project-member] Using url versioning {{(pid=102977) process_request /opt/stack/glance/glance/api/middleware/version_negotiation.py:57}}
Jul 31 20:45:51.067181 np0000006272 devstack@g-api.service[102977]: DEBUG glance.api.middleware.version_negotiation [None req-341c090c-1cf9-4d9f-bf75-048f9d672b56 tempest-DeleteServersTestJSON-1696272074 tempest-DeleteServersTestJSON-1696272074-project-member] Matched version: v2 {{(pid=102977) process_request /opt/stack/glance/glance/api/middleware/version_negotiation.py:69}}
Jul 31 20:45:51.067289 np0000006272 devstack@g-api.service[102977]: DEBUG glance.api.middleware.version_negotiation [None req-341c090c-1cf9-4d9f-bf75-048f9d672b56 tempest-DeleteServersTestJSON-1696272074 tempest-DeleteServersTestJSON-1696272074-project-member] new path /v2/images/f7b87480-092c-4b1b-b062-a32097becb94 {{(pid=102977) process_request /opt/stack/glance/glance/api/middleware/version_negotiation.py:70}}
Jul 31 20:45:51.292294 np0000006272 devstack@g-api.service[102977]: [pid: 102977|app: 0|req: 9/32] 127.0.0.1 () {44 vars in 1115 bytes} [Fri Jul 31 20:45:51 2026] GET /v2/images/f7b87480-092c-4b1b-b062-a32097becb94 => generated 1044 bytes in 225 msecs (HTTP/1.1 200) 4 headers in 158 bytes (1 switches on core 0)
Jul 31 20:45:51.302271 np0000006272 devstack@g-api.service[102975]: DEBUG glance.api.middleware.version_negotiation [None req-d0d5d3fc-24f4-4247-a49b-ab8055582369 tempest-AttachSCSIVolumeTestJSON-1834799199 tempest-AttachSCSIVolumeTestJSON-1834799199-project-admin] Determining version of request: GET /v2/schemas/image Accept: */* {{(pid=102975) process_request /opt/stack/glance/glance/api/middleware/version_negotiation.py:44}}
Jul 31 20:45:51.302271 np0000006272 devstack@g-api.service[102975]: DEBUG glance.api.middleware.version_negotiation [None req-d0d5d3fc-24f4-4247-a49b-ab8055582369 tempest-AttachSCSIVolumeTestJSON-1834799199 tempest-AttachSCSIVolumeTestJSON-1834799199-project-admin] Using url versioning {{(pid=102975) process_request /opt/stack/glance/glance/api/middleware/version_negotiation.py:57}}
Jul 31 20:45:51.302271 np0000006272 devstack@g-api.service[102975]: DEBUG glance.api.middleware.version_negotiation [None req-d0d5d3fc-24f4-4247-a49b-ab8055582369 tempest-AttachSCSIVolumeTestJSON-1834799199 tempest-AttachSCSIVolumeTestJSON-1834799199-project-admin] Matched version: v2 {{(pid=102975) process_request /opt/stack/glance/glance/api/middleware/version_negotiation.py:69}}
Jul 31 20:45:51.302628 np0000006272 devstack@g-api.service[102975]: DEBUG glance.api.middleware.version_negotiation [None req-d0d5d3fc-24f4-4247-a49b-ab8055582369 tempest-AttachSCSIVolumeTestJSON-1834799199 tempest-AttachSCSIVolumeTestJSON-1834799199-project-admin] new path /v2/schemas/image {{(pid=102975) process_request /opt/stack/glance/glance/api/middleware/version_negotiation.py:70}}
Jul 31 20:45:51.305762 np0000006272 devstack@g-api.service[102975]: [pid: 102975|app: 0|req: 8/33] 127.0.0.1 () {44 vars in 1055 bytes} [Fri Jul 31 20:45:51 2026] GET /v2/schemas/image => generated 6083 bytes in 4 msecs (HTTP/1.1 200) 4 headers in 158 bytes (1 switches on core 0)
Jul 31 20:45:51.313949 np0000006272 devstack@g-api.service[102978]: DEBUG glance.api.middleware.version_negotiation [None req-d11f73bf-6cff-407f-acb7-408213d8ba8c tempest-AttachSCSIVolumeTestJSON-1834799199 tempest-AttachSCSIVolumeTestJSON-1834799199-project-admin] Determining version of request: GET /v2/schemas/image Accept: */* {{(pid=102978) process_request /opt/stack/glance/glance/api/middleware/version_negotiation.py:44}}
Jul 31 20:45:51.314349 np0000006272 devstack@g-api.service[102978]: DEBUG glance.api.middleware.version_negotiation [None req-d11f73bf-6cff-407f-acb7-408213d8ba8c tempest-AttachSCSIVolumeTestJSON-1834799199 tempest-AttachSCSIVolumeTestJSON-1834799199-project-admin] Using url versioning {{(pid=102978) process_request /opt/stack/glance/glance/api/middleware/version_negotiation.py:57}}
Jul 31 20:45:51.314349 np0000006272 devstack@g-api.service[102978]: DEBUG glance.api.middleware.version_negotiation [None req-d11f73bf-6cff-407f-acb7-408213d8ba8c tempest-AttachSCSIVolumeTestJSON-1834799199 tempest-AttachSCSIVolumeTestJSON-1834799199-project-admin] Matched version: v2 {{(pid=102978) process_request /opt/stack/glance/glance/api/middleware/version_negotiation.py:69}}
Jul 31 20:45:51.314407 np0000006272 devstack@g-api.service[102978]: DEBUG glance.api.middleware.version_negotiation [None req-d11f73bf-6cff-407f-acb7-408213d8ba8c tempest-AttachSCSIVolumeTestJSON-1834799199 tempest-AttachSCSIVolumeTestJSON-1834799199-project-admin] new path /v2/schemas/image {{(pid=102978) process_request /opt/stack/glance/glance/api/middleware/version_negotiation.py:70}}
Jul 31 20:45:51.317875 np0000006272 devstack@g-api.service[102978]: [pid: 102978|app: 0|req: 8/34] 127.0.0.1 () {44 vars in 1055 bytes} [Fri Jul 31 20:45:51 2026] GET /v2/schemas/image => generated 6083 bytes in 4 msecs (HTTP/1.1 200) 4 headers in 158 bytes (1 switches on core 0)
Jul 31 20:45:51.330333 np0000006272 devstack@g-api.service[102977]: DEBUG glance.api.middleware.version_negotiation [None req-a95d9cdb-8db3-4c61-9e89-e550d5a6c2cb tempest-TaggedBootDevicesTest-1308125223 tempest-TaggedBootDevicesTest-1308125223-project-member] Determining version of request: GET /v2/images/f7b87480-092c-4b1b-b062-a32097becb94 Accept: */* {{(pid=102977) process_request /opt/stack/glance/glance/api/middleware/version_negotiation.py:44}}
Jul 31 20:45:51.330480 np0000006272 devstack@g-api.service[102977]: DEBUG glance.api.middleware.version_negotiation [None req-a95d9cdb-8db3-4c61-9e89-e550d5a6c2cb tempest-TaggedBootDevicesTest-1308125223 tempest-TaggedBootDevicesTest-1308125223-project-member] Using url versioning {{(pid=102977) process_request /opt/stack/glance/glance/api/middleware/version_negotiation.py:57}}
Jul 31 20:45:51.330594 np0000006272 devstack@g-api.service[102977]: DEBUG glance.api.middleware.version_negotiation [None req-a95d9cdb-8db3-4c61-9e89-e550d5a6c2cb tempest-TaggedBootDevicesTest-1308125223 tempest-TaggedBootDevicesTest-1308125223-project-member] Matched version: v2 {{(pid=102977) process_request /opt/stack/glance/glance/api/middleware/version_negotiation.py:69}}
Jul 31 20:45:51.330684 np0000006272 devstack@g-api.service[102977]: DEBUG glance.api.middleware.version_negotiation [None req-a95d9cdb-8db3-4c61-9e89-e550d5a6c2cb tempest-TaggedBootDevicesTest-1308125223 tempest-TaggedBootDevicesTest-1308125223-project-member] new path /v2/images/f7b87480-092c-4b1b-b062-a32097becb94 {{(pid=102977) process_request /opt/stack/glance/glance/api/middleware/version_negotiation.py:70}}
Jul 31 20:45:51.342307 np0000006272 devstack@g-api.service[102976]: DEBUG swiftclient [None req-42d91234-27ef-43b7-bad6-005598548a8c tempest-AttachSCSIVolumeTestJSON-1834799199 tempest-AttachSCSIVolumeTestJSON-1834799199-project-admin] REQ: curl -i https://10.4.3.157:8080/v1/AUTH_848ae61ecfa743bd93ddf0d0a367ae90/glance -I -H "X-Auth-Token: gAAAAABqbQl_wwR2..." {{(pid=102976) http_log /opt/stack/data/venv/lib/python3.12/site-packages/swiftclient/client.py:160}}
Jul 31 20:45:51.342749 np0000006272 devstack@g-api.service[102976]: DEBUG swiftclient [None req-42d91234-27ef-43b7-bad6-005598548a8c tempest-AttachSCSIVolumeTestJSON-1834799199 tempest-AttachSCSIVolumeTestJSON-1834799199-project-admin] RESP STATUS: 204 No Content {{(pid=102976) http_log /opt/stack/data/venv/lib/python3.12/site-packages/swiftclient/client.py:161}}
Jul 31 20:45:51.343182 np0000006272 devstack@g-api.service[102977]: [pid: 102977|app: 0|req: 10/35] 127.0.0.1 () {44 vars in 1115 bytes} [Fri Jul 31 20:45:51 2026] GET /v2/images/f7b87480-092c-4b1b-b062-a32097becb94 => generated 1044 bytes in 12 msecs (HTTP/1.1 200) 4 headers in 158 bytes (1 switches on core 0)
Jul 31 20:45:51.344662 np0000006272 devstack@g-api.service[102976]: DEBUG swiftclient [None req-42d91234-27ef-43b7-bad6-005598548a8c tempest-AttachSCSIVolumeTestJSON-1834799199 tempest-AttachSCSIVolumeTestJSON-1834799199-project-admin] RESP HEADERS: {'Date': 'Fri, 31 Jul 2026 20:45:51 GMT', 'Server': 'Apache/2.4.58 (Ubuntu)', 'Content-Type': 'text/plain; charset=utf-8', 'X-Container-Object-Count': '3', 'X-Container-Bytes-Used': '64356352', 'X-Timestamp': '1785530630.97307', 'Last-Modified': 'Fri, 31 Jul 2026 20:43:51 GMT', 'Accept-Ranges': 'bytes', 'X-Storage-Policy': 'Policy-0', 'X-Container-Sharding': 'False', 'Vary': 'Accept', 'X-Trans-Id': 'tx46bdd09303e14cf4b6146-006a6d097f', 'X-Openstack-Request-Id': 'tx46bdd09303e14cf4b6146-006a6d097f', 'Connection': 'close'} {{(pid=102976) http_log /opt/stack/data/venv/lib/python3.12/site-packages/swiftclient/client.py:162}}
Jul 31 20:45:51.344896 np0000006272 devstack@g-api.service[102976]: DEBUG glance_store._drivers.swift.store [None req-42d91234-27ef-43b7-bad6-005598548a8c tempest-AttachSCSIVolumeTestJSON-1834799199 tempest-AttachSCSIVolumeTestJSON-1834799199-project-admin] Adding image object 'deea448d-73be-4238-bf99-da5ebc3b4ecd' to Swift {{(pid=102976) add /opt/stack/data/venv/lib/python3.12/site-packages/glance_store/_drivers/swift/store.py:970}}
Jul 31 20:45:51.345782 np0000006272 devstack@g-api.service[102976]: DEBUG glance_store._drivers.swift.store [None req-42d91234-27ef-43b7-bad6-005598548a8c tempest-AttachSCSIVolumeTestJSON-1834799199 tempest-AttachSCSIVolumeTestJSON-1834799199-project-admin] Cannot determine image size because it is either not provided in the request or chunked-transfer encoding is used. Adding image as a segmented object to Swift. {{(pid=102976) add /opt/stack/data/venv/lib/python3.12/site-packages/glance_store/_drivers/swift/store.py:994}}
Jul 31 20:45:51.350332 np0000006272 devstack@g-api.service[102975]: DEBUG glance.api.middleware.version_negotiation [None req-a95d9cdb-8db3-4c61-9e89-e550d5a6c2cb tempest-TaggedBootDevicesTest-1308125223 tempest-TaggedBootDevicesTest-1308125223-project-member] Determining version of request: GET /v2/schemas/image Accept: */* {{(pid=102975) process_request /opt/stack/glance/glance/api/middleware/version_negotiation.py:44}}
Jul 31 20:45:51.350482 np0000006272 devstack@g-api.service[102975]: DEBUG glance.api.middleware.version_negotiation [None req-a95d9cdb-8db3-4c61-9e89-e550d5a6c2cb tempest-TaggedBootDevicesTest-1308125223 tempest-TaggedBootDevicesTest-1308125223-project-member] Using url versioning {{(pid=102975) process_request /opt/stack/glance/glance/api/middleware/version_negotiation.py:57}}
Jul 31 20:45:51.350633 np0000006272 devstack@g-api.service[102975]: DEBUG glance.api.middleware.version_negotiation [None req-a95d9cdb-8db3-4c61-9e89-e550d5a6c2cb tempest-TaggedBootDevicesTest-1308125223 tempest-TaggedBootDevicesTest-1308125223-project-member] Matched version: v2 {{(pid=102975) process_request /opt/stack/glance/glance/api/middleware/version_negotiation.py:69}}
Jul 31 20:45:51.350724 np0000006272 devstack@g-api.service[102975]: DEBUG glance.api.middleware.version_negotiation [None req-a95d9cdb-8db3-4c61-9e89-e550d5a6c2cb tempest-TaggedBootDevicesTest-1308125223 tempest-TaggedBootDevicesTest-1308125223-project-member] new path /v2/schemas/image {{(pid=102975) process_request /opt/stack/glance/glance/api/middleware/version_negotiation.py:70}}
Jul 31 20:45:51.351001 np0000006272 devstack@g-api.service[102976]: DEBUG oslo_utils.imageutils.format_inspector [None req-42d91234-27ef-43b7-bad6-005598548a8c tempest-AttachSCSIVolumeTestJSON-1834799199 tempest-AttachSCSIVolumeTestJSON-1834799199-project-admin] Format inspector for vmdk does not match, excluding from consideration (Signature KDMV not found: b'QFI\xfb') {{(pid=102976) _process_chunk /opt/stack/data/venv/lib/python3.12/site-packages/oslo_utils/imageutils/format_inspector.py:1758}}
Jul 31 20:45:51.353705 np0000006272 devstack@g-api.service[102975]: [pid: 102975|app: 0|req: 9/36] 127.0.0.1 () {44 vars in 1055 bytes} [Fri Jul 31 20:45:51 2026] GET /v2/schemas/image => generated 6083 bytes in 3 msecs (HTTP/1.1 200) 4 headers in 158 bytes (1 switches on core 0)
Jul 31 20:45:51.355142 np0000006272 devstack@g-api.service[102976]: DEBUG oslo_utils.imageutils.format_inspector [None req-42d91234-27ef-43b7-bad6-005598548a8c tempest-AttachSCSIVolumeTestJSON-1834799199 tempest-AttachSCSIVolumeTestJSON-1834799199-project-admin] Format inspector for vhdx does not match, excluding from consideration (Region signature not found at 30000) {{(pid=102976) _process_chunk /opt/stack/data/venv/lib/python3.12/site-packages/oslo_utils/imageutils/format_inspector.py:1758}}
Jul 31 20:45:51.374438 np0000006272 devstack@g-api.service[102978]: DEBUG glance.api.middleware.version_negotiation [None req-a95d9cdb-8db3-4c61-9e89-e550d5a6c2cb tempest-TaggedBootDevicesTest-1308125223 tempest-TaggedBootDevicesTest-1308125223-project-member] Determining version of request: GET /v2/schemas/image Accept: */* {{(pid=102978) process_request /opt/stack/glance/glance/api/middleware/version_negotiation.py:44}}
Jul 31 20:45:51.374585 np0000006272 devstack@g-api.service[102978]: DEBUG glance.api.middleware.version_negotiation [None req-a95d9cdb-8db3-4c61-9e89-e550d5a6c2cb tempest-TaggedBootDevicesTest-1308125223 tempest-TaggedBootDevicesTest-1308125223-project-member] Using url versioning {{(pid=102978) process_request /opt/stack/glance/glance/api/middleware/version_negotiation.py:57}}
Jul 31 20:45:51.374694 np0000006272 devstack@g-api.service[102978]: DEBUG glance.api.middleware.version_negotiation [None req-a95d9cdb-8db3-4c61-9e89-e550d5a6c2cb tempest-TaggedBootDevicesTest-1308125223 tempest-TaggedBootDevicesTest-1308125223-project-member] Matched version: v2 {{(pid=102978) process_request /opt/stack/glance/glance/api/middleware/version_negotiation.py:69}}
Jul 31 20:45:51.374807 np0000006272 devstack@g-api.service[102978]: DEBUG glance.api.middleware.version_negotiation [None req-a95d9cdb-8db3-4c61-9e89-e550d5a6c2cb tempest-TaggedBootDevicesTest-1308125223 tempest-TaggedBootDevicesTest-1308125223-project-member] new path /v2/schemas/image {{(pid=102978) process_request /opt/stack/glance/glance/api/middleware/version_negotiation.py:70}}
Jul 31 20:45:51.377188 np0000006272 devstack@g-api.service[102978]: [pid: 102978|app: 0|req: 9/37] 127.0.0.1 () {44 vars in 1055 bytes} [Fri Jul 31 20:45:51 2026] GET /v2/schemas/image => generated 6083 bytes in 3 msecs (HTTP/1.1 200) 4 headers in 158 bytes (1 switches on core 0)
Jul 31 20:45:51.429537 np0000006272 devstack@g-api.service[102977]: DEBUG glance.api.middleware.version_negotiation [None req-a95d9cdb-8db3-4c61-9e89-e550d5a6c2cb tempest-TaggedBootDevicesTest-1308125223 tempest-TaggedBootDevicesTest-1308125223-project-member] Determining version of request: GET /v2/images/f7b87480-092c-4b1b-b062-a32097becb94 Accept: */* {{(pid=102977) process_request /opt/stack/glance/glance/api/middleware/version_negotiation.py:44}}
Jul 31 20:45:51.429739 np0000006272 devstack@g-api.service[102977]: DEBUG glance.api.middleware.version_negotiation [None req-a95d9cdb-8db3-4c61-9e89-e550d5a6c2cb tempest-TaggedBootDevicesTest-1308125223 tempest-TaggedBootDevicesTest-1308125223-project-member] Using url versioning {{(pid=102977) process_request /opt/stack/glance/glance/api/middleware/version_negotiation.py:57}}
Jul 31 20:45:51.430177 np0000006272 devstack@g-api.service[102977]: DEBUG glance.api.middleware.version_negotiation [None req-a95d9cdb-8db3-4c61-9e89-e550d5a6c2cb tempest-TaggedBootDevicesTest-1308125223 tempest-TaggedBootDevicesTest-1308125223-project-member] Matched version: v2 {{(pid=102977) process_request /opt/stack/glance/glance/api/middleware/version_negotiation.py:69}}
Jul 31 20:45:51.430177 np0000006272 devstack@g-api.service[102977]: DEBUG glance.api.middleware.version_negotiation [None req-a95d9cdb-8db3-4c61-9e89-e550d5a6c2cb tempest-TaggedBootDevicesTest-1308125223 tempest-TaggedBootDevicesTest-1308125223-project-member] new path /v2/images/f7b87480-092c-4b1b-b062-a32097becb94 {{(pid=102977) process_request /opt/stack/glance/glance/api/middleware/version_negotiation.py:70}}
Jul 31 20:45:51.439320 np0000006272 devstack@g-api.service[102977]: [pid: 102977|app: 0|req: 11/38] 127.0.0.1 () {44 vars in 1115 bytes} [Fri Jul 31 20:45:51 2026] GET /v2/images/f7b87480-092c-4b1b-b062-a32097becb94 => generated 1044 bytes in 10 msecs (HTTP/1.1 200) 4 headers in 158 bytes (1 switches on core 0)
Jul 31 20:45:51.449422 np0000006272 devstack@g-api.service[102975]: DEBUG glance.api.middleware.version_negotiation [None req-a95d9cdb-8db3-4c61-9e89-e550d5a6c2cb tempest-TaggedBootDevicesTest-1308125223 tempest-TaggedBootDevicesTest-1308125223-project-member] Determining version of request: GET /v2/schemas/image Accept: */* {{(pid=102975) process_request /opt/stack/glance/glance/api/middleware/version_negotiation.py:44}}
Jul 31 20:45:51.449694 np0000006272 devstack@g-api.service[102975]: DEBUG glance.api.middleware.version_negotiation [None req-a95d9cdb-8db3-4c61-9e89-e550d5a6c2cb tempest-TaggedBootDevicesTest-1308125223 tempest-TaggedBootDevicesTest-1308125223-project-member] Using url versioning {{(pid=102975) process_request /opt/stack/glance/glance/api/middleware/version_negotiation.py:57}}
Jul 31 20:45:51.449741 np0000006272 devstack@g-api.service[102975]: DEBUG glance.api.middleware.version_negotiation [None req-a95d9cdb-8db3-4c61-9e89-e550d5a6c2cb tempest-TaggedBootDevicesTest-1308125223 tempest-TaggedBootDevicesTest-1308125223-project-member] Matched version: v2 {{(pid=102975) process_request /opt/stack/glance/glance/api/middleware/version_negotiation.py:69}}
Jul 31 20:45:51.449807 np0000006272 devstack@g-api.service[102975]: DEBUG glance.api.middleware.version_negotiation [None req-a95d9cdb-8db3-4c61-9e89-e550d5a6c2cb tempest-TaggedBootDevicesTest-1308125223 tempest-TaggedBootDevicesTest-1308125223-project-member] new path /v2/schemas/image {{(pid=102975) process_request /opt/stack/glance/glance/api/middleware/version_negotiation.py:70}}
Jul 31 20:45:51.452091 np0000006272 devstack@g-api.service[102975]: [pid: 102975|app: 0|req: 10/39] 127.0.0.1 () {44 vars in 1055 bytes} [Fri Jul 31 20:45:51 2026] GET /v2/schemas/image => generated 6083 bytes in 3 msecs (HTTP/1.1 200) 4 headers in 158 bytes (1 switches on core 0)
Jul 31 20:45:51.461339 np0000006272 devstack@g-api.service[102978]: DEBUG glance.api.middleware.version_negotiation [None req-a95d9cdb-8db3-4c61-9e89-e550d5a6c2cb tempest-TaggedBootDevicesTest-1308125223 tempest-TaggedBootDevicesTest-1308125223-project-member] Determining version of request: GET /v2/schemas/image Accept: */* {{(pid=102978) process_request /opt/stack/glance/glance/api/middleware/version_negotiation.py:44}}
Jul 31 20:45:51.461462 np0000006272 devstack@g-api.service[102978]: DEBUG glance.api.middleware.version_negotiation [None req-a95d9cdb-8db3-4c61-9e89-e550d5a6c2cb tempest-TaggedBootDevicesTest-1308125223 tempest-TaggedBootDevicesTest-1308125223-project-member] Using url versioning {{(pid=102978) process_request /opt/stack/glance/glance/api/middleware/version_negotiation.py:57}}
Jul 31 20:45:51.461577 np0000006272 devstack@g-api.service[102978]: DEBUG glance.api.middleware.version_negotiation [None req-a95d9cdb-8db3-4c61-9e89-e550d5a6c2cb tempest-TaggedBootDevicesTest-1308125223 tempest-TaggedBootDevicesTest-1308125223-project-member] Matched version: v2 {{(pid=102978) process_request /opt/stack/glance/glance/api/middleware/version_negotiation.py:69}}
Jul 31 20:45:51.461658 np0000006272 devstack@g-api.service[102978]: DEBUG glance.api.middleware.version_negotiation [None req-a95d9cdb-8db3-4c61-9e89-e550d5a6c2cb tempest-TaggedBootDevicesTest-1308125223 tempest-TaggedBootDevicesTest-1308125223-project-member] new path /v2/schemas/image {{(pid=102978) process_request /opt/stack/glance/glance/api/middleware/version_negotiation.py:70}}
Jul 31 20:45:51.463658 np0000006272 devstack@g-api.service[102978]: [pid: 102978|app: 0|req: 10/40] 127.0.0.1 () {44 vars in 1055 bytes} [Fri Jul 31 20:45:51 2026] GET /v2/schemas/image => generated 6083 bytes in 2 msecs (HTTP/1.1 200) 4 headers in 158 bytes (1 switches on core 0)
Jul 31 20:45:51.613905 np0000006272 devstack@g-api.service[102976]: DEBUG swiftclient [None req-42d91234-27ef-43b7-bad6-005598548a8c tempest-AttachSCSIVolumeTestJSON-1834799199 tempest-AttachSCSIVolumeTestJSON-1834799199-project-admin] REQ: curl -i https://10.4.3.157:8080/v1/AUTH_848ae61ecfa743bd93ddf0d0a367ae90/glance/deea448d-73be-4238-bf99-da5ebc3b4ecd-00001 -X PUT -H "X-Auth-Token: gAAAAABqbQl_wwR2..." {{(pid=102976) http_log /opt/stack/data/venv/lib/python3.12/site-packages/swiftclient/client.py:160}}
Jul 31 20:45:51.613905 np0000006272 devstack@g-api.service[102976]: DEBUG swiftclient [None req-42d91234-27ef-43b7-bad6-005598548a8c tempest-AttachSCSIVolumeTestJSON-1834799199 tempest-AttachSCSIVolumeTestJSON-1834799199-project-admin] RESP STATUS: 201 Created {{(pid=102976) http_log /opt/stack/data/venv/lib/python3.12/site-packages/swiftclient/client.py:161}}
Jul 31 20:45:51.613905 np0000006272 devstack@g-api.service[102976]: DEBUG swiftclient [None req-42d91234-27ef-43b7-bad6-005598548a8c tempest-AttachSCSIVolumeTestJSON-1834799199 tempest-AttachSCSIVolumeTestJSON-1834799199-project-admin] RESP HEADERS: {'Date': 'Fri, 31 Jul 2026 20:45:51 GMT', 'Server': 'Apache/2.4.58 (Ubuntu)', 'Content-Type': 'text/html; charset=UTF-8', 'Content-Length': '0', 'Etag': '87617e24a5e30cb3b87fda8c0764838f', 'Last-Modified': 'Fri, 31 Jul 2026 20:45:52 GMT', 'X-Trans-Id': 'tx80e16d3b380f493ca29c1-006a6d097f', 'X-Openstack-Request-Id': 'tx80e16d3b380f493ca29c1-006a6d097f', 'Connection': 'close'} {{(pid=102976) http_log /opt/stack/data/venv/lib/python3.12/site-packages/swiftclient/client.py:162}}
Jul 31 20:45:51.613905 np0000006272 devstack@g-api.service[102976]: DEBUG glance_store._drivers.swift.store [None req-42d91234-27ef-43b7-bad6-005598548a8c tempest-AttachSCSIVolumeTestJSON-1834799199 tempest-AttachSCSIVolumeTestJSON-1834799199-project-admin] Wrote chunk deea448d-73be-4238-bf99-da5ebc3b4ecd-00001 (1/?) of length 21692416 to Swift returning MD5 of content: 87617e24a5e30cb3b87fda8c0764838f {{(pid=102976) add /opt/stack/data/venv/lib/python3.12/site-packages/glance_store/_drivers/swift/store.py:1059}}
Jul 31 20:45:51.614234 np0000006272 devstack@g-api.service[102976]: DEBUG glance_store._drivers.swift.store [None req-42d91234-27ef-43b7-bad6-005598548a8c tempest-AttachSCSIVolumeTestJSON-1834799199 tempest-AttachSCSIVolumeTestJSON-1834799199-project-admin] Not writing zero-length chunk. {{(pid=102976) add /opt/stack/data/venv/lib/python3.12/site-packages/glance_store/_drivers/swift/store.py:1028}}
Jul 31 20:45:51.640094 np0000006272 devstack@g-api.service[102976]: DEBUG swiftclient [None req-42d91234-27ef-43b7-bad6-005598548a8c tempest-AttachSCSIVolumeTestJSON-1834799199 tempest-AttachSCSIVolumeTestJSON-1834799199-project-admin] REQ: curl -i https://10.4.3.157:8080/v1/AUTH_848ae61ecfa743bd93ddf0d0a367ae90/glance/deea448d-73be-4238-bf99-da5ebc3b4ecd -X PUT -H "X-Object-Manifest: glance/deea448d-73be-4238-bf99-da5ebc3b4ecd-" -H "X-Auth-Token: gAAAAABqbQl_wwR2..." -H "Content-Length: 0" {{(pid=102976) http_log /opt/stack/data/venv/lib/python3.12/site-packages/swiftclient/client.py:160}}
Jul 31 20:45:51.640094 np0000006272 devstack@g-api.service[102976]: DEBUG swiftclient [None req-42d91234-27ef-43b7-bad6-005598548a8c tempest-AttachSCSIVolumeTestJSON-1834799199 tempest-AttachSCSIVolumeTestJSON-1834799199-project-admin] RESP STATUS: 201 Created {{(pid=102976) http_log /opt/stack/data/venv/lib/python3.12/site-packages/swiftclient/client.py:161}}
Jul 31 20:45:51.640094 np0000006272 devstack@g-api.service[102976]: DEBUG swiftclient [None req-42d91234-27ef-43b7-bad6-005598548a8c tempest-AttachSCSIVolumeTestJSON-1834799199 tempest-AttachSCSIVolumeTestJSON-1834799199-project-admin] RESP HEADERS: {'Date': 'Fri, 31 Jul 2026 20:45:51 GMT', 'Server': 'Apache/2.4.58 (Ubuntu)', 'Content-Type': 'text/html; charset=UTF-8', 'Content-Length': '0', 'Etag': 'd41d8cd98f00b204e9800998ecf8427e', 'Last-Modified': 'Fri, 31 Jul 2026 20:45:52 GMT', 'X-Trans-Id': 'txfcd3734394d84a4ab983c-006a6d097f', 'X-Openstack-Request-Id': 'txfcd3734394d84a4ab983c-006a6d097f', 'Connection': 'close'} {{(pid=102976) http_log /opt/stack/data/venv/lib/python3.12/site-packages/swiftclient/client.py:162}}
Jul 31 20:45:51.640094 np0000006272 devstack@g-api.service[102976]: INFO glance.location [None req-42d91234-27ef-43b7-bad6-005598548a8c tempest-AttachSCSIVolumeTestJSON-1834799199 tempest-AttachSCSIVolumeTestJSON-1834799199-project-admin] Image format matched and virtual size computed: 117440512
Jul 31 20:45:51.674815 np0000006272 devstack@g-api.service[102976]: DEBUG glance_store.backend [None req-42d91234-27ef-43b7-bad6-005598548a8c tempest-AttachSCSIVolumeTestJSON-1834799199 tempest-AttachSCSIVolumeTestJSON-1834799199-project-admin] Attempting to import store swift {{(pid=102976) _load_store /opt/stack/data/venv/lib/python3.12/site-packages/glance_store/backend.py:215}}
Jul 31 20:45:51.676507 np0000006272 devstack@g-api.service[102976]: DEBUG glance_store.capabilities [None req-42d91234-27ef-43b7-bad6-005598548a8c tempest-AttachSCSIVolumeTestJSON-1834799199 tempest-AttachSCSIVolumeTestJSON-1834799199-project-admin] Store glance_store._drivers.swift.store.SingleTenantStore doesn't support updating dynamic storage capabilities. Please overwrite 'update_capabilities' method of the store to implement updating logics if needed. {{(pid=102976) update_capabilities /opt/stack/data/venv/lib/python3.12/site-packages/glance_store/capabilities.py:91}}
Jul 31 20:45:51.676598 np0000006272 devstack@g-api.service[102976]: DEBUG glance_store.driver [None req-42d91234-27ef-43b7-bad6-005598548a8c tempest-AttachSCSIVolumeTestJSON-1834799199 tempest-AttachSCSIVolumeTestJSON-1834799199-project-admin] Late loading location class glance_store._drivers.swift.store.StoreLocation {{(pid=102976) get_store_location_class /opt/stack/data/venv/lib/python3.12/site-packages/glance_store/driver.py:134}}
Jul 31 20:45:51.678030 np0000006272 devstack@g-api.service[102976]: DEBUG glance_store.location [None req-42d91234-27ef-43b7-bad6-005598548a8c tempest-AttachSCSIVolumeTestJSON-1834799199 tempest-AttachSCSIVolumeTestJSON-1834799199-project-admin] Registering scheme swift+https with {'store': , 'location_class': , 'store_entry': 'swift'} {{(pid=102976) register_scheme_map /opt/stack/data/venv/lib/python3.12/site-packages/glance_store/location.py:146}}
Jul 31 20:45:51.678030 np0000006272 devstack@g-api.service[102976]: DEBUG glance_store.location [None req-42d91234-27ef-43b7-bad6-005598548a8c tempest-AttachSCSIVolumeTestJSON-1834799199 tempest-AttachSCSIVolumeTestJSON-1834799199-project-admin] Registering scheme swift+https with {'store': , 'location_class': , 'store_entry': 'swift'} {{(pid=102976) register_scheme_map /opt/stack/data/venv/lib/python3.12/site-packages/glance_store/location.py:146}}
Jul 31 20:45:51.678030 np0000006272 devstack@g-api.service[102976]: DEBUG glance_store.location [None req-42d91234-27ef-43b7-bad6-005598548a8c tempest-AttachSCSIVolumeTestJSON-1834799199 tempest-AttachSCSIVolumeTestJSON-1834799199-project-admin] Registering scheme swift with {'store': , 'location_class': , 'store_entry': 'swift'} {{(pid=102976) register_scheme_map /opt/stack/data/venv/lib/python3.12/site-packages/glance_store/location.py:146}}
Jul 31 20:45:51.678272 np0000006272 devstack@g-api.service[102976]: DEBUG glance_store.location [None req-42d91234-27ef-43b7-bad6-005598548a8c tempest-AttachSCSIVolumeTestJSON-1834799199 tempest-AttachSCSIVolumeTestJSON-1834799199-project-admin] Registering scheme swift+https with {'store': , 'location_class': , 'store_entry': 'swift'} {{(pid=102976) register_scheme_map /opt/stack/data/venv/lib/python3.12/site-packages/glance_store/location.py:146}}
Jul 31 20:45:51.678272 np0000006272 devstack@g-api.service[102976]: DEBUG glance_store.location [None req-42d91234-27ef-43b7-bad6-005598548a8c tempest-AttachSCSIVolumeTestJSON-1834799199 tempest-AttachSCSIVolumeTestJSON-1834799199-project-admin] Registering scheme swift with {'store': , 'location_class': , 'store_entry': 'swift'} {{(pid=102976) register_scheme_map /opt/stack/data/venv/lib/python3.12/site-packages/glance_store/location.py:146}}
Jul 31 20:45:51.678272 np0000006272 devstack@g-api.service[102976]: DEBUG glance_store.location [None req-42d91234-27ef-43b7-bad6-005598548a8c tempest-AttachSCSIVolumeTestJSON-1834799199 tempest-AttachSCSIVolumeTestJSON-1834799199-project-admin] Registering scheme swift+http with {'store': , 'location_class': , 'store_entry': 'swift'} {{(pid=102976) register_scheme_map /opt/stack/data/venv/lib/python3.12/site-packages/glance_store/location.py:146}}
Jul 31 20:45:51.678532 np0000006272 devstack@g-api.service[102976]: DEBUG glance_store.location [None req-42d91234-27ef-43b7-bad6-005598548a8c tempest-AttachSCSIVolumeTestJSON-1834799199 tempest-AttachSCSIVolumeTestJSON-1834799199-project-admin] Registering scheme swift+https with {'store': , 'location_class': , 'store_entry': 'swift'} {{(pid=102976) register_scheme_map /opt/stack/data/venv/lib/python3.12/site-packages/glance_store/location.py:146}}
Jul 31 20:45:51.678532 np0000006272 devstack@g-api.service[102976]: DEBUG glance_store.location [None req-42d91234-27ef-43b7-bad6-005598548a8c tempest-AttachSCSIVolumeTestJSON-1834799199 tempest-AttachSCSIVolumeTestJSON-1834799199-project-admin] Registering scheme swift with {'store': , 'location_class': , 'store_entry': 'swift'} {{(pid=102976) register_scheme_map /opt/stack/data/venv/lib/python3.12/site-packages/glance_store/location.py:146}}
Jul 31 20:45:51.678532 np0000006272 devstack@g-api.service[102976]: DEBUG glance_store.location [None req-42d91234-27ef-43b7-bad6-005598548a8c tempest-AttachSCSIVolumeTestJSON-1834799199 tempest-AttachSCSIVolumeTestJSON-1834799199-project-admin] Registering scheme swift+http with {'store': , 'location_class': , 'store_entry': 'swift'} {{(pid=102976) register_scheme_map /opt/stack/data/venv/lib/python3.12/site-packages/glance_store/location.py:146}}
Jul 31 20:45:51.678674 np0000006272 devstack@g-api.service[102976]: DEBUG glance_store.location [None req-42d91234-27ef-43b7-bad6-005598548a8c tempest-AttachSCSIVolumeTestJSON-1834799199 tempest-AttachSCSIVolumeTestJSON-1834799199-project-admin] Registering scheme swift+config with {'store': , 'location_class': , 'store_entry': 'swift'} {{(pid=102976) register_scheme_map /opt/stack/data/venv/lib/python3.12/site-packages/glance_store/location.py:146}}
Jul 31 20:45:51.678674 np0000006272 devstack@g-api.service[102976]: DEBUG glance_store.backend [None req-42d91234-27ef-43b7-bad6-005598548a8c tempest-AttachSCSIVolumeTestJSON-1834799199 tempest-AttachSCSIVolumeTestJSON-1834799199-project-admin] Skipping store.set_acls... not implemented. {{(pid=102976) set_acls /opt/stack/data/venv/lib/python3.12/site-packages/glance_store/backend.py:507}}
Jul 31 20:45:51.680565 np0000006272 devstack@g-api.service[102976]: [pid: 102976|app: 0|req: 10/41] 127.0.0.1 () {40 vars in 858 bytes} [Fri Jul 31 20:45:49 2026] PUT /v2/images/deea448d-73be-4238-bf99-da5ebc3b4ecd/file => generated 0 bytes in 1972 msecs (HTTP/1.1 204) 4 headers in 171 bytes (1 switches on core 0)
Jul 31 20:45:52.251457 np0000006272 devstack@g-api.service[102977]: DEBUG glance.api.middleware.version_negotiation [None req-a95d9cdb-8db3-4c61-9e89-e550d5a6c2cb tempest-TaggedBootDevicesTest-1308125223 tempest-TaggedBootDevicesTest-1308125223-project-member] Determining version of request: GET /versions Accept: */* {{(pid=102977) process_request /opt/stack/glance/glance/api/middleware/version_negotiation.py:44}}
Jul 31 20:45:52.252398 np0000006272 devstack@g-api.service[102977]: [pid: 102977|app: 0|req: 12/42] 127.0.0.1 () {44 vars in 1039 bytes} [Fri Jul 31 20:45:52 2026] GET /versions => generated 1515 bytes in 1 msecs (HTTP/1.1 200) 3 headers in 92 bytes (1 switches on core 0)
Jul 31 20:45:52.263816 np0000006272 devstack@g-api.service[102975]: DEBUG glance.api.middleware.version_negotiation [None req-a95d9cdb-8db3-4c61-9e89-e550d5a6c2cb tempest-TaggedBootDevicesTest-1308125223 tempest-TaggedBootDevicesTest-1308125223-project-member] Determining version of request: GET /v2/images/f7b87480-092c-4b1b-b062-a32097becb94/locations Accept: */* {{(pid=102975) process_request /opt/stack/glance/glance/api/middleware/version_negotiation.py:44}}
Jul 31 20:45:52.264016 np0000006272 devstack@g-api.service[102975]: DEBUG glance.api.middleware.version_negotiation [None req-a95d9cdb-8db3-4c61-9e89-e550d5a6c2cb tempest-TaggedBootDevicesTest-1308125223 tempest-TaggedBootDevicesTest-1308125223-project-member] Using url versioning {{(pid=102975) process_request /opt/stack/glance/glance/api/middleware/version_negotiation.py:57}}
Jul 31 20:45:52.264182 np0000006272 devstack@g-api.service[102975]: DEBUG glance.api.middleware.version_negotiation [None req-a95d9cdb-8db3-4c61-9e89-e550d5a6c2cb tempest-TaggedBootDevicesTest-1308125223 tempest-TaggedBootDevicesTest-1308125223-project-member] Matched version: v2 {{(pid=102975) process_request /opt/stack/glance/glance/api/middleware/version_negotiation.py:69}}
Jul 31 20:45:52.264182 np0000006272 devstack@g-api.service[102975]: DEBUG glance.api.middleware.version_negotiation [None req-a95d9cdb-8db3-4c61-9e89-e550d5a6c2cb tempest-TaggedBootDevicesTest-1308125223 tempest-TaggedBootDevicesTest-1308125223-project-member] new path /v2/images/f7b87480-092c-4b1b-b062-a32097becb94/locations {{(pid=102975) process_request /opt/stack/glance/glance/api/middleware/version_negotiation.py:70}}
Jul 31 20:45:52.626021 np0000006272 devstack@g-api.service[102975]: [pid: 102975|app: 0|req: 11/43] 127.0.0.1 () {44 vars in 1135 bytes} [Fri Jul 31 20:45:52 2026] GET /v2/images/f7b87480-092c-4b1b-b062-a32097becb94/locations => generated 92 bytes in 363 msecs (HTTP/1.1 200) 4 headers in 156 bytes (1 switches on core 0)
Jul 31 20:45:52.633434 np0000006272 devstack@g-api.service[102978]: DEBUG glance.api.middleware.version_negotiation [None req-a95d9cdb-8db3-4c61-9e89-e550d5a6c2cb tempest-TaggedBootDevicesTest-1308125223 tempest-TaggedBootDevicesTest-1308125223-project-member] Determining version of request: GET /v2/images/f7b87480-092c-4b1b-b062-a32097becb94 Accept: */* {{(pid=102978) process_request /opt/stack/glance/glance/api/middleware/version_negotiation.py:44}}
Jul 31 20:45:52.633434 np0000006272 devstack@g-api.service[102978]: DEBUG glance.api.middleware.version_negotiation [None req-a95d9cdb-8db3-4c61-9e89-e550d5a6c2cb tempest-TaggedBootDevicesTest-1308125223 tempest-TaggedBootDevicesTest-1308125223-project-member] Using url versioning {{(pid=102978) process_request /opt/stack/glance/glance/api/middleware/version_negotiation.py:57}}
Jul 31 20:45:52.633724 np0000006272 devstack@g-api.service[102978]: DEBUG glance.api.middleware.version_negotiation [None req-a95d9cdb-8db3-4c61-9e89-e550d5a6c2cb tempest-TaggedBootDevicesTest-1308125223 tempest-TaggedBootDevicesTest-1308125223-project-member] Matched version: v2 {{(pid=102978) process_request /opt/stack/glance/glance/api/middleware/version_negotiation.py:69}}
Jul 31 20:45:52.633724 np0000006272 devstack@g-api.service[102978]: DEBUG glance.api.middleware.version_negotiation [None req-a95d9cdb-8db3-4c61-9e89-e550d5a6c2cb tempest-TaggedBootDevicesTest-1308125223 tempest-TaggedBootDevicesTest-1308125223-project-member] new path /v2/images/f7b87480-092c-4b1b-b062-a32097becb94 {{(pid=102978) process_request /opt/stack/glance/glance/api/middleware/version_negotiation.py:70}}
Jul 31 20:45:52.647533 np0000006272 devstack@g-api.service[102978]: [pid: 102978|app: 0|req: 11/44] 127.0.0.1 () {44 vars in 1115 bytes} [Fri Jul 31 20:45:52 2026] GET /v2/images/f7b87480-092c-4b1b-b062-a32097becb94 => generated 1044 bytes in 14 msecs (HTTP/1.1 200) 4 headers in 158 bytes (1 switches on core 0)
Jul 31 20:45:52.672115 np0000006272 devstack@g-api.service[102976]: DEBUG glance.api.middleware.version_negotiation [None req-42d91234-27ef-43b7-bad6-005598548a8c tempest-AttachSCSIVolumeTestJSON-1834799199 tempest-AttachSCSIVolumeTestJSON-1834799199-project-admin] Determining version of request: GET /v2/schemas/image Accept: */* {{(pid=102976) process_request /opt/stack/glance/glance/api/middleware/version_negotiation.py:44}}
Jul 31 20:45:52.672426 np0000006272 devstack@g-api.service[102976]: DEBUG glance.api.middleware.version_negotiation [None req-42d91234-27ef-43b7-bad6-005598548a8c tempest-AttachSCSIVolumeTestJSON-1834799199 tempest-AttachSCSIVolumeTestJSON-1834799199-project-admin] Using url versioning {{(pid=102976) process_request /opt/stack/glance/glance/api/middleware/version_negotiation.py:57}}
Jul 31 20:45:52.672426 np0000006272 devstack@g-api.service[102976]: DEBUG glance.api.middleware.version_negotiation [None req-42d91234-27ef-43b7-bad6-005598548a8c tempest-AttachSCSIVolumeTestJSON-1834799199 tempest-AttachSCSIVolumeTestJSON-1834799199-project-admin] Matched version: v2 {{(pid=102976) process_request /opt/stack/glance/glance/api/middleware/version_negotiation.py:69}}
Jul 31 20:45:52.672645 np0000006272 devstack@g-api.service[102976]: DEBUG glance.api.middleware.version_negotiation [None req-42d91234-27ef-43b7-bad6-005598548a8c tempest-AttachSCSIVolumeTestJSON-1834799199 tempest-AttachSCSIVolumeTestJSON-1834799199-project-admin] new path /v2/schemas/image {{(pid=102976) process_request /opt/stack/glance/glance/api/middleware/version_negotiation.py:70}}
Jul 31 20:45:52.675544 np0000006272 devstack@g-api.service[102976]: [pid: 102976|app: 0|req: 11/45] 127.0.0.1 () {44 vars in 1055 bytes} [Fri Jul 31 20:45:52 2026] GET /v2/schemas/image => generated 6083 bytes in 4 msecs (HTTP/1.1 200) 4 headers in 158 bytes (1 switches on core 0)
Jul 31 20:45:52.683650 np0000006272 devstack@g-api.service[102977]: DEBUG glance.api.middleware.version_negotiation [None req-a95d9cdb-8db3-4c61-9e89-e550d5a6c2cb tempest-TaggedBootDevicesTest-1308125223 tempest-TaggedBootDevicesTest-1308125223-project-member] Determining version of request: GET /v2/schemas/image Accept: */* {{(pid=102977) process_request /opt/stack/glance/glance/api/middleware/version_negotiation.py:44}}
Jul 31 20:45:52.683708 np0000006272 devstack@g-api.service[102977]: DEBUG glance.api.middleware.version_negotiation [None req-a95d9cdb-8db3-4c61-9e89-e550d5a6c2cb tempest-TaggedBootDevicesTest-1308125223 tempest-TaggedBootDevicesTest-1308125223-project-member] Using url versioning {{(pid=102977) process_request /opt/stack/glance/glance/api/middleware/version_negotiation.py:57}}
Jul 31 20:45:52.683838 np0000006272 devstack@g-api.service[102977]: DEBUG glance.api.middleware.version_negotiation [None req-a95d9cdb-8db3-4c61-9e89-e550d5a6c2cb tempest-TaggedBootDevicesTest-1308125223 tempest-TaggedBootDevicesTest-1308125223-project-member] Matched version: v2 {{(pid=102977) process_request /opt/stack/glance/glance/api/middleware/version_negotiation.py:69}}
Jul 31 20:45:52.683944 np0000006272 devstack@g-api.service[102977]: DEBUG glance.api.middleware.version_negotiation [None req-a95d9cdb-8db3-4c61-9e89-e550d5a6c2cb tempest-TaggedBootDevicesTest-1308125223 tempest-TaggedBootDevicesTest-1308125223-project-member] new path /v2/schemas/image {{(pid=102977) process_request /opt/stack/glance/glance/api/middleware/version_negotiation.py:70}}
Jul 31 20:45:52.685816 np0000006272 devstack@g-api.service[102977]: [pid: 102977|app: 0|req: 13/46] 127.0.0.1 () {44 vars in 1055 bytes} [Fri Jul 31 20:45:52 2026] GET /v2/schemas/image => generated 6083 bytes in 2 msecs (HTTP/1.1 200) 4 headers in 158 bytes (1 switches on core 0)
Jul 31 20:45:52.714057 np0000006272 devstack@g-api.service[102975]: DEBUG glance.api.middleware.version_negotiation [None req-a95d9cdb-8db3-4c61-9e89-e550d5a6c2cb service glance] Determining version of request: GET /v2/images/f7b87480-092c-4b1b-b062-a32097becb94 Accept: */* {{(pid=102975) process_request /opt/stack/glance/glance/api/middleware/version_negotiation.py:44}}
Jul 31 20:45:52.714224 np0000006272 devstack@g-api.service[102975]: DEBUG glance.api.middleware.version_negotiation [None req-a95d9cdb-8db3-4c61-9e89-e550d5a6c2cb service glance] Using url versioning {{(pid=102975) process_request /opt/stack/glance/glance/api/middleware/version_negotiation.py:57}}
Jul 31 20:45:52.714348 np0000006272 devstack@g-api.service[102975]: DEBUG glance.api.middleware.version_negotiation [None req-a95d9cdb-8db3-4c61-9e89-e550d5a6c2cb service glance] Matched version: v2 {{(pid=102975) process_request /opt/stack/glance/glance/api/middleware/version_negotiation.py:69}}
Jul 31 20:45:52.714436 np0000006272 devstack@g-api.service[102975]: DEBUG glance.api.middleware.version_negotiation [None req-a95d9cdb-8db3-4c61-9e89-e550d5a6c2cb service glance] new path /v2/images/f7b87480-092c-4b1b-b062-a32097becb94 {{(pid=102975) process_request /opt/stack/glance/glance/api/middleware/version_negotiation.py:70}}
Jul 31 20:45:52.725714 np0000006272 devstack@g-api.service[102975]: [pid: 102975|app: 0|req: 12/47] 127.0.0.1 () {44 vars in 1115 bytes} [Fri Jul 31 20:45:52 2026] GET /v2/images/f7b87480-092c-4b1b-b062-a32097becb94 => generated 1044 bytes in 12 msecs (HTTP/1.1 200) 4 headers in 158 bytes (1 switches on core 0)
Jul 31 20:45:52.732581 np0000006272 devstack@g-api.service[102978]: DEBUG glance.api.middleware.version_negotiation [None req-a95d9cdb-8db3-4c61-9e89-e550d5a6c2cb tempest-TaggedBootDevicesTest-1308125223 tempest-TaggedBootDevicesTest-1308125223-project-member] Determining version of request: GET /v2/images/f7b87480-092c-4b1b-b062-a32097becb94/file Accept: */* {{(pid=102978) process_request /opt/stack/glance/glance/api/middleware/version_negotiation.py:44}}
Jul 31 20:45:52.732720 np0000006272 devstack@g-api.service[102978]: DEBUG glance.api.middleware.version_negotiation [None req-a95d9cdb-8db3-4c61-9e89-e550d5a6c2cb tempest-TaggedBootDevicesTest-1308125223 tempest-TaggedBootDevicesTest-1308125223-project-member] Using url versioning {{(pid=102978) process_request /opt/stack/glance/glance/api/middleware/version_negotiation.py:57}}
Jul 31 20:45:52.732838 np0000006272 devstack@g-api.service[102978]: DEBUG glance.api.middleware.version_negotiation [None req-a95d9cdb-8db3-4c61-9e89-e550d5a6c2cb tempest-TaggedBootDevicesTest-1308125223 tempest-TaggedBootDevicesTest-1308125223-project-member] Matched version: v2 {{(pid=102978) process_request /opt/stack/glance/glance/api/middleware/version_negotiation.py:69}}
Jul 31 20:45:52.732959 np0000006272 devstack@g-api.service[102978]: DEBUG glance.api.middleware.version_negotiation [None req-a95d9cdb-8db3-4c61-9e89-e550d5a6c2cb tempest-TaggedBootDevicesTest-1308125223 tempest-TaggedBootDevicesTest-1308125223-project-member] new path /v2/images/f7b87480-092c-4b1b-b062-a32097becb94/file {{(pid=102978) process_request /opt/stack/glance/glance/api/middleware/version_negotiation.py:70}}
Jul 31 20:45:52.741356 np0000006272 devstack@g-api.service[102978]: DEBUG glance.api.middleware.cache [None req-a95d9cdb-8db3-4c61-9e89-e550d5a6c2cb tempest-TaggedBootDevicesTest-1308125223 tempest-TaggedBootDevicesTest-1308125223-project-member] Cache hit for image 'f7b87480-092c-4b1b-b062-a32097becb94' {{(pid=102978) process_request /opt/stack/glance/glance/api/middleware/cache.py:160}}
Jul 31 20:45:52.801526 np0000006272 devstack@g-api.service[102978]: [pid: 102978|app: 0|req: 12/48] 127.0.0.1 () {44 vars in 1125 bytes} [Fri Jul 31 20:45:52 2026] GET /v2/images/f7b87480-092c-4b1b-b062-a32097becb94/file => generated 21692416 bytes in 69 msecs (HTTP/1.1 200) 5 headers in 217 bytes (340 switches on core 0)
