Aug 05 15:26:15.969115 np0000006575 nova-conductor[99259]: DEBUG cotyledon.oslo_config_glue [-] workarounds.disable_group_policy_check_upcall = False {{(pid=99259) log_opt_values /opt/stack/data/venv/lib/python3.12/site-packages/oslo_config/cfg.py:3545}}
Aug 05 15:26:15.969115 np0000006575 nova-conductor[99259]: DEBUG cotyledon.oslo_config_glue [-] workarounds.disable_libvirt_livesnapshot = False {{(pid=99259) log_opt_values /opt/stack/data/venv/lib/python3.12/site-packages/oslo_config/cfg.py:3545}}
Aug 05 15:26:15.969115 np0000006575 nova-conductor[99259]: DEBUG cotyledon.oslo_config_glue [-] workarounds.disable_rootwrap = False {{(pid=99259) log_opt_values /opt/stack/data/venv/lib/python3.12/site-packages/oslo_config/cfg.py:3545}}
Aug 05 15:26:15.969115 np0000006575 nova-conductor[99259]: DEBUG cotyledon.oslo_config_glue [-] workarounds.enable_numa_live_migration = False {{(pid=99259) log_opt_values /opt/stack/data/venv/lib/python3.12/site-packages/oslo_config/cfg.py:3545}}
Aug 05 15:26:15.969409 np0000006575 nova-conductor[99259]: DEBUG cotyledon.oslo_config_glue [-] workarounds.enable_qemu_monitor_announce_self = False {{(pid=99259) log_opt_values /opt/stack/data/venv/lib/python3.12/site-packages/oslo_config/cfg.py:3545}}
Aug 05 15:26:15.969409 np0000006575 nova-conductor[99259]: DEBUG cotyledon.oslo_config_glue [-] workarounds.ensure_libvirt_rbd_instance_dir_cleanup = False {{(pid=99259) log_opt_values /opt/stack/data/venv/lib/python3.12/site-packages/oslo_config/cfg.py:3545}}
Aug 05 15:26:15.969409 np0000006575 nova-conductor[99259]: DEBUG cotyledon.oslo_config_glue [-] workarounds.handle_virt_lifecycle_events = True {{(pid=99259) log_opt_values /opt/stack/data/venv/lib/python3.12/site-packages/oslo_config/cfg.py:3545}}
Aug 05 15:26:15.969409 np0000006575 nova-conductor[99259]: DEBUG cotyledon.oslo_config_glue [-] workarounds.libvirt_disable_apic = False {{(pid=99259) log_opt_values /opt/stack/data/venv/lib/python3.12/site-packages/oslo_config/cfg.py:3545}}
Aug 05 15:26:15.969409 np0000006575 nova-conductor[99259]: DEBUG cotyledon.oslo_config_glue [-] workarounds.never_download_image_if_on_rbd = False {{(pid=99259) log_opt_values /opt/stack/data/venv/lib/python3.12/site-packages/oslo_config/cfg.py:3545}}
Aug 05 15:26:15.969409 np0000006575 nova-conductor[99259]: DEBUG cotyledon.oslo_config_glue [-] workarounds.qemu_monitor_announce_self_count = 3 {{(pid=99259) log_opt_values /opt/stack/data/venv/lib/python3.12/site-packages/oslo_config/cfg.py:3545}}
Aug 05 15:26:15.969409 np0000006575 nova-conductor[99259]: DEBUG cotyledon.oslo_config_glue [-] workarounds.qemu_monitor_announce_self_interval = 1 {{(pid=99259) log_opt_values /opt/stack/data/venv/lib/python3.12/site-packages/oslo_config/cfg.py:3545}}
Aug 05 15:26:15.969409 np0000006575 nova-conductor[99259]: DEBUG cotyledon.oslo_config_glue [-] workarounds.reserve_disk_resource_for_image_cache = False {{(pid=99259) log_opt_values /opt/stack/data/venv/lib/python3.12/site-packages/oslo_config/cfg.py:3545}}
Aug 05 15:26:15.969409 np0000006575 nova-conductor[99259]: DEBUG cotyledon.oslo_config_glue [-] workarounds.skip_cpu_compare_at_startup = False {{(pid=99259) log_opt_values /opt/stack/data/venv/lib/python3.12/site-packages/oslo_config/cfg.py:3545}}
Aug 05 15:26:15.969789 np0000006575 nova-conductor[99259]: DEBUG cotyledon.oslo_config_glue [-] workarounds.skip_cpu_compare_on_dest = False {{(pid=99259) log_opt_values /opt/stack/data/venv/lib/python3.12/site-packages/oslo_config/cfg.py:3545}}
Aug 05 15:26:15.969789 np0000006575 nova-conductor[99259]: DEBUG cotyledon.oslo_config_glue [-] workarounds.skip_hypervisor_version_check_on_lm = False {{(pid=99259) log_opt_values /opt/stack/data/venv/lib/python3.12/site-packages/oslo_config/cfg.py:3545}}
Aug 05 15:26:15.969789 np0000006575 nova-conductor[99259]: DEBUG cotyledon.oslo_config_glue [-] workarounds.skip_reserve_in_use_ironic_nodes = False {{(pid=99259) log_opt_values /opt/stack/data/venv/lib/python3.12/site-packages/oslo_config/cfg.py:3545}}
Aug 05 15:26:15.969789 np0000006575 nova-conductor[99259]: DEBUG cotyledon.oslo_config_glue [-] workarounds.unified_limits_count_pcpu_as_vcpu = False {{(pid=99259) log_opt_values /opt/stack/data/venv/lib/python3.12/site-packages/oslo_config/cfg.py:3545}}
Aug 05 15:26:15.969789 np0000006575 nova-conductor[99259]: DEBUG cotyledon.oslo_config_glue [-] workarounds.wait_for_vif_plugged_event_during_hard_reboot = [] {{(pid=99259) log_opt_values /opt/stack/data/venv/lib/python3.12/site-packages/oslo_config/cfg.py:3545}}
Aug 05 15:26:15.969789 np0000006575 nova-conductor[99259]: DEBUG cotyledon.oslo_config_glue [-] wsgi.api_paste_config = /etc/nova/api-paste.ini {{(pid=99259) log_opt_values /opt/stack/data/venv/lib/python3.12/site-packages/oslo_config/cfg.py:3545}}
Aug 05 15:26:15.969789 np0000006575 nova-conductor[99259]: DEBUG cotyledon.oslo_config_glue [-] wsgi.secure_proxy_ssl_header = None {{(pid=99259) log_opt_values /opt/stack/data/venv/lib/python3.12/site-packages/oslo_config/cfg.py:3545}}
Aug 05 15:26:15.969789 np0000006575 nova-conductor[99259]: DEBUG cotyledon.oslo_config_glue [-] zvm.ca_file = None {{(pid=99259) log_opt_values /opt/stack/data/venv/lib/python3.12/site-packages/oslo_config/cfg.py:3545}}
Aug 05 15:26:15.969789 np0000006575 nova-conductor[99259]: DEBUG cotyledon.oslo_config_glue [-] zvm.cloud_connector_url = None {{(pid=99259) log_opt_values /opt/stack/data/venv/lib/python3.12/site-packages/oslo_config/cfg.py:3545}}
Aug 05 15:26:15.970491 np0000006575 nova-conductor[99259]: DEBUG cotyledon.oslo_config_glue [-] zvm.image_tmp_path = /opt/stack/data/nova/images {{(pid=99259) log_opt_values /opt/stack/data/venv/lib/python3.12/site-packages/oslo_config/cfg.py:3545}}
Aug 05 15:26:15.970491 np0000006575 nova-conductor[99259]: DEBUG cotyledon.oslo_config_glue [-] zvm.reachable_timeout = 300 {{(pid=99259) log_opt_values /opt/stack/data/venv/lib/python3.12/site-packages/oslo_config/cfg.py:3545}}
Aug 05 15:26:15.970491 np0000006575 nova-conductor[99259]: DEBUG cotyledon.oslo_config_glue [-] oslo_versionedobjects.fatal_exception_format_errors = False {{(pid=99259) log_opt_values /opt/stack/data/venv/lib/python3.12/site-packages/oslo_config/cfg.py:3545}}
Aug 05 15:26:15.970491 np0000006575 nova-conductor[99259]: DEBUG cotyledon.oslo_config_glue [-] oslo_middleware.http_basic_auth_user_file = /etc/htpasswd {{(pid=99259) log_opt_values /opt/stack/data/venv/lib/python3.12/site-packages/oslo_config/cfg.py:3545}}
Aug 05 15:26:15.970491 np0000006575 nova-conductor[99259]: DEBUG cotyledon.oslo_config_glue [-] profiler.connection_string = messaging:// {{(pid=99259) log_opt_values /opt/stack/data/venv/lib/python3.12/site-packages/oslo_config/cfg.py:3545}}
Aug 05 15:26:15.970491 np0000006575 nova-conductor[99259]: DEBUG cotyledon.oslo_config_glue [-] profiler.enabled = False {{(pid=99259) log_opt_values /opt/stack/data/venv/lib/python3.12/site-packages/oslo_config/cfg.py:3545}}
Aug 05 15:26:15.970491 np0000006575 nova-conductor[99259]: DEBUG cotyledon.oslo_config_glue [-] profiler.es_doc_type = notification {{(pid=99259) log_opt_values /opt/stack/data/venv/lib/python3.12/site-packages/oslo_config/cfg.py:3545}}
Aug 05 15:26:15.970491 np0000006575 nova-conductor[99259]: DEBUG cotyledon.oslo_config_glue [-] profiler.es_scroll_size = 10000 {{(pid=99259) log_opt_values /opt/stack/data/venv/lib/python3.12/site-packages/oslo_config/cfg.py:3545}}
Aug 05 15:26:15.970491 np0000006575 nova-conductor[99259]: DEBUG cotyledon.oslo_config_glue [-] profiler.es_scroll_time = 2m {{(pid=99259) log_opt_values /opt/stack/data/venv/lib/python3.12/site-packages/oslo_config/cfg.py:3545}}
Aug 05 15:26:15.970814 np0000006575 nova-conductor[99259]: DEBUG cotyledon.oslo_config_glue [-] profiler.filter_error_trace = False {{(pid=99259) log_opt_values /opt/stack/data/venv/lib/python3.12/site-packages/oslo_config/cfg.py:3545}}
Aug 05 15:26:15.970814 np0000006575 nova-conductor[99259]: DEBUG cotyledon.oslo_config_glue [-] profiler.hmac_keys = **** {{(pid=99259) log_opt_values /opt/stack/data/venv/lib/python3.12/site-packages/oslo_config/cfg.py:3545}}
Aug 05 15:26:15.970814 np0000006575 nova-conductor[99259]: DEBUG cotyledon.oslo_config_glue [-] profiler.sentinel_service_name = mymaster {{(pid=99259) log_opt_values /opt/stack/data/venv/lib/python3.12/site-packages/oslo_config/cfg.py:3545}}
Aug 05 15:26:15.970814 np0000006575 nova-conductor[99259]: DEBUG cotyledon.oslo_config_glue [-] profiler.socket_timeout = 0.1 {{(pid=99259) log_opt_values /opt/stack/data/venv/lib/python3.12/site-packages/oslo_config/cfg.py:3545}}
Aug 05 15:26:15.970814 np0000006575 nova-conductor[99259]: DEBUG cotyledon.oslo_config_glue [-] profiler.trace_requests = False {{(pid=99259) log_opt_values /opt/stack/data/venv/lib/python3.12/site-packages/oslo_config/cfg.py:3545}}
Aug 05 15:26:15.970814 np0000006575 nova-conductor[99259]: DEBUG cotyledon.oslo_config_glue [-] profiler.trace_sqlalchemy = False {{(pid=99259) log_opt_values /opt/stack/data/venv/lib/python3.12/site-packages/oslo_config/cfg.py:3545}}
Aug 05 15:26:15.970814 np0000006575 nova-conductor[99259]: DEBUG cotyledon.oslo_config_glue [-] profiler_jaeger.process_tags = {} {{(pid=99259) log_opt_values /opt/stack/data/venv/lib/python3.12/site-packages/oslo_config/cfg.py:3545}}
Aug 05 15:26:15.970814 np0000006575 nova-conductor[99259]: DEBUG cotyledon.oslo_config_glue [-] profiler_jaeger.service_name_prefix = None {{(pid=99259) log_opt_values /opt/stack/data/venv/lib/python3.12/site-packages/oslo_config/cfg.py:3545}}
Aug 05 15:26:15.970814 np0000006575 nova-conductor[99259]: DEBUG cotyledon.oslo_config_glue [-] profiler_otlp.service_name_prefix = None {{(pid=99259) log_opt_values /opt/stack/data/venv/lib/python3.12/site-packages/oslo_config/cfg.py:3545}}
Aug 05 15:26:15.971174 np0000006575 nova-conductor[99259]: DEBUG cotyledon.oslo_config_glue [-] oslo_messaging_rabbit.amqp_auto_delete = False {{(pid=99259) log_opt_values /opt/stack/data/venv/lib/python3.12/site-packages/oslo_config/cfg.py:3545}}
Aug 05 15:26:15.971174 np0000006575 nova-conductor[99259]: DEBUG cotyledon.oslo_config_glue [-] oslo_messaging_rabbit.amqp_durable_queues = False {{(pid=99259) log_opt_values /opt/stack/data/venv/lib/python3.12/site-packages/oslo_config/cfg.py:3545}}
Aug 05 15:26:15.971174 np0000006575 nova-conductor[99259]: DEBUG cotyledon.oslo_config_glue [-] oslo_messaging_rabbit.conn_pool_min_size = 2 {{(pid=99259) log_opt_values /opt/stack/data/venv/lib/python3.12/site-packages/oslo_config/cfg.py:3545}}
Aug 05 15:26:15.971174 np0000006575 nova-conductor[99259]: DEBUG cotyledon.oslo_config_glue [-] oslo_messaging_rabbit.conn_pool_ttl = 1200 {{(pid=99259) log_opt_values /opt/stack/data/venv/lib/python3.12/site-packages/oslo_config/cfg.py:3545}}
Aug 05 15:26:15.971174 np0000006575 nova-conductor[99259]: DEBUG cotyledon.oslo_config_glue [-] oslo_messaging_rabbit.direct_mandatory_flag = True {{(pid=99259) log_opt_values /opt/stack/data/venv/lib/python3.12/site-packages/oslo_config/cfg.py:3545}}
Aug 05 15:26:15.971174 np0000006575 nova-conductor[99259]: DEBUG cotyledon.oslo_config_glue [-] oslo_messaging_rabbit.enable_cancel_on_failover = False {{(pid=99259) log_opt_values /opt/stack/data/venv/lib/python3.12/site-packages/oslo_config/cfg.py:3545}}
Aug 05 15:26:15.971174 np0000006575 nova-conductor[99259]: DEBUG cotyledon.oslo_config_glue [-] oslo_messaging_rabbit.heartbeat_rate = 3 {{(pid=99259) log_opt_values /opt/stack/data/venv/lib/python3.12/site-packages/oslo_config/cfg.py:3545}}
Aug 05 15:26:15.971174 np0000006575 nova-conductor[99259]: DEBUG cotyledon.oslo_config_glue [-] oslo_messaging_rabbit.heartbeat_timeout_threshold = 60 {{(pid=99259) log_opt_values /opt/stack/data/venv/lib/python3.12/site-packages/oslo_config/cfg.py:3545}}
Aug 05 15:26:15.971174 np0000006575 nova-conductor[99259]: DEBUG cotyledon.oslo_config_glue [-] oslo_messaging_rabbit.hostname = np0000006575 {{(pid=99259) log_opt_values /opt/stack/data/venv/lib/python3.12/site-packages/oslo_config/cfg.py:3545}}
Aug 05 15:26:15.971472 np0000006575 nova-conductor[99259]: DEBUG cotyledon.oslo_config_glue [-] oslo_messaging_rabbit.kombu_compression = None {{(pid=99259) log_opt_values /opt/stack/data/venv/lib/python3.12/site-packages/oslo_config/cfg.py:3545}}
Aug 05 15:26:15.971472 np0000006575 nova-conductor[99259]: DEBUG cotyledon.oslo_config_glue [-] oslo_messaging_rabbit.kombu_failover_strategy = round-robin {{(pid=99259) log_opt_values /opt/stack/data/venv/lib/python3.12/site-packages/oslo_config/cfg.py:3545}}
Aug 05 15:26:15.971472 np0000006575 nova-conductor[99259]: DEBUG cotyledon.oslo_config_glue [-] oslo_messaging_rabbit.kombu_missing_consumer_retry_timeout = 60 {{(pid=99259) log_opt_values /opt/stack/data/venv/lib/python3.12/site-packages/oslo_config/cfg.py:3545}}
Aug 05 15:26:15.971472 np0000006575 nova-conductor[99259]: DEBUG cotyledon.oslo_config_glue [-] oslo_messaging_rabbit.kombu_reconnect_delay = 1.0 {{(pid=99259) log_opt_values /opt/stack/data/venv/lib/python3.12/site-packages/oslo_config/cfg.py:3545}}
Aug 05 15:26:15.971472 np0000006575 nova-conductor[99259]: DEBUG cotyledon.oslo_config_glue [-] oslo_messaging_rabbit.kombu_reconnect_splay = 0.0 {{(pid=99259) log_opt_values /opt/stack/data/venv/lib/python3.12/site-packages/oslo_config/cfg.py:3545}}
Aug 05 15:26:15.971472 np0000006575 nova-conductor[99259]: DEBUG cotyledon.oslo_config_glue [-] oslo_messaging_rabbit.processname = nova-conductor {{(pid=99259) log_opt_values /opt/stack/data/venv/lib/python3.12/site-packages/oslo_config/cfg.py:3545}}
Aug 05 15:26:15.971472 np0000006575 nova-conductor[99259]: DEBUG cotyledon.oslo_config_glue [-] oslo_messaging_rabbit.rabbit_ha_queues = False {{(pid=99259) log_opt_values /opt/stack/data/venv/lib/python3.12/site-packages/oslo_config/cfg.py:3545}}
Aug 05 15:26:15.971472 np0000006575 nova-conductor[99259]: DEBUG cotyledon.oslo_config_glue [-] oslo_messaging_rabbit.rabbit_interval_max = 30 {{(pid=99259) log_opt_values /opt/stack/data/venv/lib/python3.12/site-packages/oslo_config/cfg.py:3545}}
Aug 05 15:26:15.971472 np0000006575 nova-conductor[99259]: DEBUG cotyledon.oslo_config_glue [-] oslo_messaging_rabbit.rabbit_login_method = AMQPLAIN {{(pid=99259) log_opt_values /opt/stack/data/venv/lib/python3.12/site-packages/oslo_config/cfg.py:3545}}
Aug 05 15:26:15.971790 np0000006575 nova-conductor[99259]: DEBUG cotyledon.oslo_config_glue [-] oslo_messaging_rabbit.rabbit_qos_prefetch_count = 0 {{(pid=99259) log_opt_values /opt/stack/data/venv/lib/python3.12/site-packages/oslo_config/cfg.py:3545}}
Aug 05 15:26:15.971790 np0000006575 nova-conductor[99259]: DEBUG cotyledon.oslo_config_glue [-] oslo_messaging_rabbit.rabbit_quorum_delivery_limit = 0 {{(pid=99259) log_opt_values /opt/stack/data/venv/lib/python3.12/site-packages/oslo_config/cfg.py:3545}}
Aug 05 15:26:15.971790 np0000006575 nova-conductor[99259]: DEBUG cotyledon.oslo_config_glue [-] oslo_messaging_rabbit.rabbit_quorum_max_memory_bytes = 0 {{(pid=99259) log_opt_values /opt/stack/data/venv/lib/python3.12/site-packages/oslo_config/cfg.py:3545}}
Aug 05 15:26:15.971790 np0000006575 nova-conductor[99259]: DEBUG cotyledon.oslo_config_glue [-] oslo_messaging_rabbit.rabbit_quorum_max_memory_length = 0 {{(pid=99259) log_opt_values /opt/stack/data/venv/lib/python3.12/site-packages/oslo_config/cfg.py:3545}}
Aug 05 15:26:15.971790 np0000006575 nova-conductor[99259]: DEBUG cotyledon.oslo_config_glue [-] oslo_messaging_rabbit.rabbit_quorum_queue = False {{(pid=99259) log_opt_values /opt/stack/data/venv/lib/python3.12/site-packages/oslo_config/cfg.py:3545}}
Aug 05 15:26:15.971790 np0000006575 nova-conductor[99259]: DEBUG cotyledon.oslo_config_glue [-] oslo_messaging_rabbit.rabbit_retry_backoff = 2 {{(pid=99259) log_opt_values /opt/stack/data/venv/lib/python3.12/site-packages/oslo_config/cfg.py:3545}}
Aug 05 15:26:15.971790 np0000006575 nova-conductor[99259]: DEBUG cotyledon.oslo_config_glue [-] oslo_messaging_rabbit.rabbit_retry_interval = 1 {{(pid=99259) log_opt_values /opt/stack/data/venv/lib/python3.12/site-packages/oslo_config/cfg.py:3545}}
Aug 05 15:26:15.971790 np0000006575 nova-conductor[99259]: DEBUG cotyledon.oslo_config_glue [-] oslo_messaging_rabbit.rabbit_stream_fanout = False {{(pid=99259) log_opt_values /opt/stack/data/venv/lib/python3.12/site-packages/oslo_config/cfg.py:3545}}
Aug 05 15:26:15.972078 np0000006575 nova-conductor[99259]: DEBUG cotyledon.oslo_config_glue [-] oslo_messaging_rabbit.rabbit_transient_queues_ttl = 1800 {{(pid=99259) log_opt_values /opt/stack/data/venv/lib/python3.12/site-packages/oslo_config/cfg.py:3545}}
Aug 05 15:26:15.972078 np0000006575 nova-conductor[99259]: DEBUG cotyledon.oslo_config_glue [-] oslo_messaging_rabbit.rabbit_transient_quorum_queue = False {{(pid=99259) log_opt_values /opt/stack/data/venv/lib/python3.12/site-packages/oslo_config/cfg.py:3545}}
Aug 05 15:26:15.972078 np0000006575 nova-conductor[99259]: DEBUG cotyledon.oslo_config_glue [-] oslo_messaging_rabbit.rpc_conn_pool_size = 30 {{(pid=99259) log_opt_values /opt/stack/data/venv/lib/python3.12/site-packages/oslo_config/cfg.py:3545}}
Aug 05 15:26:15.972078 np0000006575 nova-conductor[99259]: DEBUG cotyledon.oslo_config_glue [-] oslo_messaging_rabbit.ssl = False {{(pid=99259) log_opt_values /opt/stack/data/venv/lib/python3.12/site-packages/oslo_config/cfg.py:3545}}
Aug 05 15:26:15.972078 np0000006575 nova-conductor[99259]: DEBUG cotyledon.oslo_config_glue [-] oslo_messaging_rabbit.ssl_ca_file = {{(pid=99259) log_opt_values /opt/stack/data/venv/lib/python3.12/site-packages/oslo_config/cfg.py:3545}}
Aug 05 15:26:15.972078 np0000006575 nova-conductor[99259]: DEBUG cotyledon.oslo_config_glue [-] oslo_messaging_rabbit.ssl_cert_file = {{(pid=99259) log_opt_values /opt/stack/data/venv/lib/python3.12/site-packages/oslo_config/cfg.py:3545}}
Aug 05 15:26:15.972078 np0000006575 nova-conductor[99259]: DEBUG cotyledon.oslo_config_glue [-] oslo_messaging_rabbit.ssl_enforce_fips_mode = False {{(pid=99259) log_opt_values /opt/stack/data/venv/lib/python3.12/site-packages/oslo_config/cfg.py:3545}}
Aug 05 15:26:15.972078 np0000006575 nova-conductor[99259]: DEBUG cotyledon.oslo_config_glue [-] oslo_messaging_rabbit.ssl_enforce_hostname_verification = True {{(pid=99259) log_opt_values /opt/stack/data/venv/lib/python3.12/site-packages/oslo_config/cfg.py:3545}}
Aug 05 15:26:15.972078 np0000006575 nova-conductor[99259]: DEBUG cotyledon.oslo_config_glue [-] oslo_messaging_rabbit.ssl_key_file = {{(pid=99259) log_opt_values /opt/stack/data/venv/lib/python3.12/site-packages/oslo_config/cfg.py:3545}}
Aug 05 15:26:15.972373 np0000006575 nova-conductor[99259]: DEBUG cotyledon.oslo_config_glue [-] oslo_messaging_rabbit.ssl_version = {{(pid=99259) log_opt_values /opt/stack/data/venv/lib/python3.12/site-packages/oslo_config/cfg.py:3545}}
Aug 05 15:26:15.972373 np0000006575 nova-conductor[99259]: DEBUG cotyledon.oslo_config_glue [-] oslo_messaging_rabbit.use_queue_manager = False {{(pid=99259) log_opt_values /opt/stack/data/venv/lib/python3.12/site-packages/oslo_config/cfg.py:3545}}
Aug 05 15:26:15.972373 np0000006575 nova-conductor[99259]: DEBUG cotyledon.oslo_config_glue [-] oslo_messaging_notifications.driver = ['messagingv2'] {{(pid=99259) log_opt_values /opt/stack/data/venv/lib/python3.12/site-packages/oslo_config/cfg.py:3545}}
Aug 05 15:26:15.972373 np0000006575 nova-conductor[99259]: DEBUG cotyledon.oslo_config_glue [-] oslo_messaging_notifications.retry = -1 {{(pid=99259) log_opt_values /opt/stack/data/venv/lib/python3.12/site-packages/oslo_config/cfg.py:3545}}
Aug 05 15:26:15.972373 np0000006575 nova-conductor[99259]: DEBUG cotyledon.oslo_config_glue [-] oslo_messaging_notifications.topics = ['notifications'] {{(pid=99259) log_opt_values /opt/stack/data/venv/lib/python3.12/site-packages/oslo_config/cfg.py:3545}}
Aug 05 15:26:15.972373 np0000006575 nova-conductor[99259]: DEBUG cotyledon.oslo_config_glue [-] oslo_messaging_notifications.transport_url = **** {{(pid=99259) log_opt_values /opt/stack/data/venv/lib/python3.12/site-packages/oslo_config/cfg.py:3545}}
Aug 05 15:26:15.972373 np0000006575 nova-conductor[99259]: DEBUG cotyledon.oslo_config_glue [-] oslo_limit.auth_section = None {{(pid=99259) log_opt_values /opt/stack/data/venv/lib/python3.12/site-packages/oslo_config/cfg.py:3545}}
Aug 05 15:26:15.972373 np0000006575 nova-conductor[99259]: DEBUG cotyledon.oslo_config_glue [-] oslo_limit.auth_type = None {{(pid=99259) log_opt_values /opt/stack/data/venv/lib/python3.12/site-packages/oslo_config/cfg.py:3545}}
Aug 05 15:26:15.972373 np0000006575 nova-conductor[99259]: DEBUG cotyledon.oslo_config_glue [-] oslo_limit.cafile = None {{(pid=99259) log_opt_values /opt/stack/data/venv/lib/python3.12/site-packages/oslo_config/cfg.py:3545}}
Aug 05 15:26:15.972751 np0000006575 nova-conductor[99259]: DEBUG cotyledon.oslo_config_glue [-] oslo_limit.certfile = None {{(pid=99259) log_opt_values /opt/stack/data/venv/lib/python3.12/site-packages/oslo_config/cfg.py:3545}}
Aug 05 15:26:15.972751 np0000006575 nova-conductor[99259]: DEBUG cotyledon.oslo_config_glue [-] oslo_limit.collect_timing = False {{(pid=99259) log_opt_values /opt/stack/data/venv/lib/python3.12/site-packages/oslo_config/cfg.py:3545}}
Aug 05 15:26:15.972751 np0000006575 nova-conductor[99259]: DEBUG cotyledon.oslo_config_glue [-] oslo_limit.connect_retries = None {{(pid=99259) log_opt_values /opt/stack/data/venv/lib/python3.12/site-packages/oslo_config/cfg.py:3545}}
Aug 05 15:26:15.972751 np0000006575 nova-conductor[99259]: DEBUG cotyledon.oslo_config_glue [-] oslo_limit.connect_retry_delay = None {{(pid=99259) log_opt_values /opt/stack/data/venv/lib/python3.12/site-packages/oslo_config/cfg.py:3545}}
Aug 05 15:26:15.972751 np0000006575 nova-conductor[99259]: DEBUG cotyledon.oslo_config_glue [-] oslo_limit.endpoint_id = None {{(pid=99259) log_opt_values /opt/stack/data/venv/lib/python3.12/site-packages/oslo_config/cfg.py:3545}}
Aug 05 15:26:15.972941 np0000006575 nova-conductor[99242]: DEBUG oslo_db.sqlalchemy.engines [None req-37077b4f-830d-4d59-a819-e37b43f5d689 None None] MySQL server mode set to STRICT_TRANS_TABLES,STRICT_ALL_TABLES,NO_ZERO_IN_DATE,NO_ZERO_DATE,ERROR_FOR_DIVISION_BY_ZERO,TRADITIONAL,NO_ENGINE_SUBSTITUTION {{(pid=99242) _check_effective_sql_mode /opt/stack/data/venv/lib/python3.12/site-packages/oslo_db/sqlalchemy/engines.py:325}}
Aug 05 15:26:15.973025 np0000006575 nova-conductor[99259]: DEBUG cotyledon.oslo_config_glue [-] oslo_limit.endpoint_interface = public {{(pid=99259) log_opt_values /opt/stack/data/venv/lib/python3.12/site-packages/oslo_config/cfg.py:3545}}
Aug 05 15:26:15.973025 np0000006575 nova-conductor[99259]: DEBUG cotyledon.oslo_config_glue [-] oslo_limit.endpoint_override = None {{(pid=99259) log_opt_values /opt/stack/data/venv/lib/python3.12/site-packages/oslo_config/cfg.py:3545}}
Aug 05 15:26:15.973025 np0000006575 nova-conductor[99259]: DEBUG cotyledon.oslo_config_glue [-] oslo_limit.endpoint_region_name = None {{(pid=99259) log_opt_values /opt/stack/data/venv/lib/python3.12/site-packages/oslo_config/cfg.py:3545}}
Aug 05 15:26:15.973025 np0000006575 nova-conductor[99259]: DEBUG cotyledon.oslo_config_glue [-] oslo_limit.endpoint_service_name = None {{(pid=99259) log_opt_values /opt/stack/data/venv/lib/python3.12/site-packages/oslo_config/cfg.py:3545}}
Aug 05 15:26:15.973025 np0000006575 nova-conductor[99259]: DEBUG cotyledon.oslo_config_glue [-] oslo_limit.endpoint_service_type = None {{(pid=99259) log_opt_values /opt/stack/data/venv/lib/python3.12/site-packages/oslo_config/cfg.py:3545}}
Aug 05 15:26:15.973025 np0000006575 nova-conductor[99259]: DEBUG cotyledon.oslo_config_glue [-] oslo_limit.insecure = False {{(pid=99259) log_opt_values /opt/stack/data/venv/lib/python3.12/site-packages/oslo_config/cfg.py:3545}}
Aug 05 15:26:15.973025 np0000006575 nova-conductor[99259]: DEBUG cotyledon.oslo_config_glue [-] oslo_limit.keyfile = None {{(pid=99259) log_opt_values /opt/stack/data/venv/lib/python3.12/site-packages/oslo_config/cfg.py:3545}}
Aug 05 15:26:15.973025 np0000006575 nova-conductor[99259]: DEBUG cotyledon.oslo_config_glue [-] oslo_limit.max_version = None {{(pid=99259) log_opt_values /opt/stack/data/venv/lib/python3.12/site-packages/oslo_config/cfg.py:3545}}
Aug 05 15:26:15.973025 np0000006575 nova-conductor[99259]: DEBUG cotyledon.oslo_config_glue [-] oslo_limit.min_version = None {{(pid=99259) log_opt_values /opt/stack/data/venv/lib/python3.12/site-packages/oslo_config/cfg.py:3545}}
Aug 05 15:26:15.973237 np0000006575 nova-conductor[99259]: DEBUG cotyledon.oslo_config_glue [-] oslo_limit.region_name = None {{(pid=99259) log_opt_values /opt/stack/data/venv/lib/python3.12/site-packages/oslo_config/cfg.py:3545}}
Aug 05 15:26:15.973237 np0000006575 nova-conductor[99259]: DEBUG cotyledon.oslo_config_glue [-] oslo_limit.retriable_status_codes = None {{(pid=99259) log_opt_values /opt/stack/data/venv/lib/python3.12/site-packages/oslo_config/cfg.py:3545}}
Aug 05 15:26:15.973237 np0000006575 nova-conductor[99259]: DEBUG cotyledon.oslo_config_glue [-] oslo_limit.service_name = None {{(pid=99259) log_opt_values /opt/stack/data/venv/lib/python3.12/site-packages/oslo_config/cfg.py:3545}}
Aug 05 15:26:15.973237 np0000006575 nova-conductor[99259]: DEBUG cotyledon.oslo_config_glue [-] oslo_limit.service_type = None {{(pid=99259) log_opt_values /opt/stack/data/venv/lib/python3.12/site-packages/oslo_config/cfg.py:3545}}
Aug 05 15:26:15.973237 np0000006575 nova-conductor[99259]: DEBUG cotyledon.oslo_config_glue [-] oslo_limit.split_loggers = False {{(pid=99259) log_opt_values /opt/stack/data/venv/lib/python3.12/site-packages/oslo_config/cfg.py:3545}}
Aug 05 15:26:15.973237 np0000006575 nova-conductor[99259]: DEBUG cotyledon.oslo_config_glue [-] oslo_limit.status_code_retries = None {{(pid=99259) log_opt_values /opt/stack/data/venv/lib/python3.12/site-packages/oslo_config/cfg.py:3545}}
Aug 05 15:26:15.973237 np0000006575 nova-conductor[99259]: DEBUG cotyledon.oslo_config_glue [-] oslo_limit.status_code_retry_delay = None {{(pid=99259) log_opt_values /opt/stack/data/venv/lib/python3.12/site-packages/oslo_config/cfg.py:3545}}
Aug 05 15:26:15.973237 np0000006575 nova-conductor[99259]: DEBUG cotyledon.oslo_config_glue [-] oslo_limit.timeout = None {{(pid=99259) log_opt_values /opt/stack/data/venv/lib/python3.12/site-packages/oslo_config/cfg.py:3545}}
Aug 05 15:26:15.973237 np0000006575 nova-conductor[99259]: DEBUG cotyledon.oslo_config_glue [-] oslo_limit.valid_interfaces = None {{(pid=99259) log_opt_values /opt/stack/data/venv/lib/python3.12/site-packages/oslo_config/cfg.py:3545}}
Aug 05 15:26:15.973419 np0000006575 nova-conductor[99259]: DEBUG cotyledon.oslo_config_glue [-] oslo_limit.version = None {{(pid=99259) log_opt_values /opt/stack/data/venv/lib/python3.12/site-packages/oslo_config/cfg.py:3545}}
Aug 05 15:26:15.973419 np0000006575 nova-conductor[99259]: DEBUG cotyledon.oslo_config_glue [-] oslo_reports.file_event_handler = None {{(pid=99259) log_opt_values /opt/stack/data/venv/lib/python3.12/site-packages/oslo_config/cfg.py:3545}}
Aug 05 15:26:15.973419 np0000006575 nova-conductor[99259]: DEBUG cotyledon.oslo_config_glue [-] oslo_reports.file_event_handler_interval = 1 {{(pid=99259) log_opt_values /opt/stack/data/venv/lib/python3.12/site-packages/oslo_config/cfg.py:3545}}
Aug 05 15:26:15.973419 np0000006575 nova-conductor[99259]: DEBUG cotyledon.oslo_config_glue [-] oslo_reports.log_dir = None {{(pid=99259) log_opt_values /opt/stack/data/venv/lib/python3.12/site-packages/oslo_config/cfg.py:3545}}
Aug 05 15:26:15.973419 np0000006575 nova-conductor[99259]: DEBUG cotyledon.oslo_config_glue [-] ******************************************************************************** {{(pid=99259) log_opt_values /opt/stack/data/venv/lib/python3.12/site-packages/oslo_config/cfg.py:3552}}
Aug 05 15:26:15.973419 np0000006575 nova-conductor[99259]: DEBUG cotyledon._service_worker [-] Run service ServiceWrapper(3) [99259] {{(pid=99259) wait_forever /opt/stack/data/venv/lib/python3.12/site-packages/cotyledon/_service_worker.py:218}}
Aug 05 15:26:15.973419 np0000006575 nova-conductor[99259]: INFO nova.service [-] Starting conductor node (version 33.1.0)
Aug 05 15:26:15.973419 np0000006575 nova-conductor[99259]: INFO dbcounter [None req-70272deb-bc79-4254-a599-b8ea98c7482f None None] Registered counter for database nova_cell0
Aug 05 15:26:15.973585 np0000006575 nova-conductor[99242]: DEBUG dbcounter [-] [99242] Writer thread running {{(pid=99242) stat_writer /opt/stack/data/venv/lib/python3.12/site-packages/dbcounter.py:102}}
Aug 05 15:26:15.973613 np0000006575 nova-conductor[99249]: DEBUG oslo_db.sqlalchemy.engines [None req-4aafb517-6658-451c-995e-265c23e3f45f None None] MySQL server mode set to STRICT_TRANS_TABLES,STRICT_ALL_TABLES,NO_ZERO_IN_DATE,NO_ZERO_DATE,ERROR_FOR_DIVISION_BY_ZERO,TRADITIONAL,NO_ENGINE_SUBSTITUTION {{(pid=99249) _check_effective_sql_mode /opt/stack/data/venv/lib/python3.12/site-packages/oslo_db/sqlalchemy/engines.py:325}}
Aug 05 15:26:15.974557 np0000006575 nova-conductor[99249]: DEBUG dbcounter [-] [99249] Writer thread running {{(pid=99249) stat_writer /opt/stack/data/venv/lib/python3.12/site-packages/dbcounter.py:102}}
Aug 05 15:26:15.978231 np0000006575 nova-conductor[99242]: DEBUG nova.service [None req-37077b4f-830d-4d59-a819-e37b43f5d689 None None] Creating RPC server for service: nova-conductor on topic: conductor {{(pid=99242) start /opt/stack/nova/nova/service.py:196}}
Aug 05 15:26:15.986411 np0000006575 nova-conductor[99255]: DEBUG oslo_db.sqlalchemy.engines [None req-95ba011a-bb8e-4994-bc68-abba291c8f6b None None] MySQL server mode set to STRICT_TRANS_TABLES,STRICT_ALL_TABLES,NO_ZERO_IN_DATE,NO_ZERO_DATE,ERROR_FOR_DIVISION_BY_ZERO,TRADITIONAL,NO_ENGINE_SUBSTITUTION {{(pid=99255) _check_effective_sql_mode /opt/stack/data/venv/lib/python3.12/site-packages/oslo_db/sqlalchemy/engines.py:325}}
Aug 05 15:26:15.988208 np0000006575 nova-conductor[99249]: DEBUG nova.service [None req-4aafb517-6658-451c-995e-265c23e3f45f None None] Creating RPC server for service: nova-conductor on topic: conductor {{(pid=99249) start /opt/stack/nova/nova/service.py:196}}
Aug 05 15:26:15.995351 np0000006575 nova-conductor[99259]: DEBUG oslo_db.sqlalchemy.engines [None req-70272deb-bc79-4254-a599-b8ea98c7482f None None] MySQL server mode set to STRICT_TRANS_TABLES,STRICT_ALL_TABLES,NO_ZERO_IN_DATE,NO_ZERO_DATE,ERROR_FOR_DIVISION_BY_ZERO,TRADITIONAL,NO_ENGINE_SUBSTITUTION {{(pid=99259) _check_effective_sql_mode /opt/stack/data/venv/lib/python3.12/site-packages/oslo_db/sqlalchemy/engines.py:325}}
Aug 05 15:26:15.999989 np0000006575 nova-conductor[99255]: DEBUG dbcounter [-] [99255] Writer thread running {{(pid=99255) stat_writer /opt/stack/data/venv/lib/python3.12/site-packages/dbcounter.py:102}}
Aug 05 15:26:16.005262 np0000006575 nova-conductor[99259]: DEBUG dbcounter [-] [99259] Writer thread running {{(pid=99259) stat_writer /opt/stack/data/venv/lib/python3.12/site-packages/dbcounter.py:102}}
Aug 05 15:26:16.005684 np0000006575 nova-conductor[99255]: DEBUG nova.service [None req-95ba011a-bb8e-4994-bc68-abba291c8f6b None None] Creating RPC server for service: nova-conductor on topic: conductor {{(pid=99255) start /opt/stack/nova/nova/service.py:196}}
Aug 05 15:26:16.007625 np0000006575 nova-conductor[99259]: DEBUG nova.service [None req-70272deb-bc79-4254-a599-b8ea98c7482f None None] Creating RPC server for service: nova-conductor on topic: conductor {{(pid=99259) start /opt/stack/nova/nova/service.py:196}}
Aug 05 15:26:16.013167 np0000006575 nova-conductor[99242]: DEBUG nova.service [None req-37077b4f-830d-4d59-a819-e37b43f5d689 None None] Join ServiceGroup membership for this service conductor {{(pid=99242) start /opt/stack/nova/nova/service.py:222}}
Aug 05 15:26:16.013372 np0000006575 nova-conductor[99242]: DEBUG nova.servicegroup.drivers.db [None req-37077b4f-830d-4d59-a819-e37b43f5d689 None None] DB_Driver: join new ServiceGroup member np0000006575 to the conductor group, service = {{(pid=99242) join /opt/stack/nova/nova/servicegroup/drivers/db.py:44}}
Aug 05 15:26:16.017663 np0000006575 nova-conductor[99249]: DEBUG nova.service [None req-4aafb517-6658-451c-995e-265c23e3f45f None None] Join ServiceGroup membership for this service conductor {{(pid=99249) start /opt/stack/nova/nova/service.py:222}}
Aug 05 15:26:16.017868 np0000006575 nova-conductor[99249]: DEBUG nova.servicegroup.drivers.db [None req-4aafb517-6658-451c-995e-265c23e3f45f None None] DB_Driver: join new ServiceGroup member np0000006575 to the conductor group, service = {{(pid=99249) join /opt/stack/nova/nova/servicegroup/drivers/db.py:44}}
Aug 05 15:26:16.026026 np0000006575 nova-conductor[99259]: DEBUG nova.service [None req-70272deb-bc79-4254-a599-b8ea98c7482f None None] Join ServiceGroup membership for this service conductor {{(pid=99259) start /opt/stack/nova/nova/service.py:222}}
Aug 05 15:26:16.026206 np0000006575 nova-conductor[99259]: DEBUG nova.servicegroup.drivers.db [None req-70272deb-bc79-4254-a599-b8ea98c7482f None None] DB_Driver: join new ServiceGroup member np0000006575 to the conductor group, service = {{(pid=99259) join /opt/stack/nova/nova/servicegroup/drivers/db.py:44}}
Aug 05 15:26:16.030088 np0000006575 nova-conductor[99255]: DEBUG nova.service [None req-95ba011a-bb8e-4994-bc68-abba291c8f6b None None] Join ServiceGroup membership for this service conductor {{(pid=99255) start /opt/stack/nova/nova/service.py:222}}
Aug 05 15:26:16.030309 np0000006575 nova-conductor[99255]: DEBUG nova.servicegroup.drivers.db [None req-95ba011a-bb8e-4994-bc68-abba291c8f6b None None] DB_Driver: join new ServiceGroup member np0000006575 to the conductor group, service = {{(pid=99255) join /opt/stack/nova/nova/servicegroup/drivers/db.py:44}}
Aug 05 15:26:21.023755 np0000006575 nova-conductor[99249]: DEBUG oslo.service.backend._threading.loopingcall [None req-a233e72f-2abf-4cac-ab35-b1c7b3864f7d None None] Dynamic interval looping call 'nova.service.Service.periodic_tasks' sleeping for 60.00 seconds {{(pid=99249) _run_loop /opt/stack/data/venv/lib/python3.12/site-packages/oslo_service/backend/_threading/loopingcall.py:125}}
Aug 05 15:26:21.027195 np0000006575 nova-conductor[99242]: DEBUG oslo.service.backend._threading.loopingcall [-] Fixed interval looping call 'nova.servicegroup.drivers.db.DbDriver._report_state' sleeping for 119.99 seconds {{(pid=99242) _run_loop /opt/stack/data/venv/lib/python3.12/site-packages/oslo_service/backend/_threading/loopingcall.py:125}}
Aug 05 15:26:21.029617 np0000006575 nova-conductor[99249]: DEBUG oslo.service.backend._threading.loopingcall [-] Fixed interval looping call 'nova.servicegroup.drivers.db.DbDriver._report_state' sleeping for 119.99 seconds {{(pid=99249) _run_loop /opt/stack/data/venv/lib/python3.12/site-packages/oslo_service/backend/_threading/loopingcall.py:125}}
Aug 05 15:26:21.036058 np0000006575 nova-conductor[99259]: DEBUG oslo.service.backend._threading.loopingcall [-] Fixed interval looping call 'nova.servicegroup.drivers.db.DbDriver._report_state' sleeping for 119.99 seconds {{(pid=99259) _run_loop /opt/stack/data/venv/lib/python3.12/site-packages/oslo_service/backend/_threading/loopingcall.py:125}}
Aug 05 15:26:21.043973 np0000006575 nova-conductor[99255]: DEBUG oslo.service.backend._threading.loopingcall [-] Fixed interval looping call 'nova.servicegroup.drivers.db.DbDriver._report_state' sleeping for 119.99 seconds {{(pid=99255) _run_loop /opt/stack/data/venv/lib/python3.12/site-packages/oslo_service/backend/_threading/loopingcall.py:125}}
Aug 05 15:26:24.605702 np0000006575 nova-conductor[97732]: DEBUG dbcounter [-] [97732] Writing DB stats nova_api:SELECT=1 {{(pid=97732) stat_writer /opt/stack/data/venv/lib/python3.12/site-packages/dbcounter.py:115}}
Aug 05 15:26:24.725621 np0000006575 nova-conductor[97732]: DEBUG dbcounter [-] [97732] Writing DB stats nova_cell0:SELECT=1 {{(pid=97732) stat_writer /opt/stack/data/venv/lib/python3.12/site-packages/dbcounter.py:115}}
Aug 05 15:26:24.730307 np0000006575 nova-conductor[97732]: DEBUG dbcounter [-] [97732] Writing DB stats nova_cell1:SELECT=1 {{(pid=97732) stat_writer /opt/stack/data/venv/lib/python3.12/site-packages/dbcounter.py:115}}
Aug 05 15:26:31.022975 np0000006575 nova-conductor[99242]: DEBUG dbcounter [-] [99242] Writing DB stats nova_cell0:SELECT=4,nova_cell0:INSERT=1,nova_cell0:UPDATE=1 {{(pid=99242) stat_writer /opt/stack/data/venv/lib/python3.12/site-packages/dbcounter.py:115}}
Aug 05 15:26:31.027904 np0000006575 nova-conductor[99249]: DEBUG dbcounter [-] [99249] Writing DB stats nova_cell0:SELECT=4,nova_cell0:INSERT=1,nova_cell0:UPDATE=1 {{(pid=99249) stat_writer /opt/stack/data/venv/lib/python3.12/site-packages/dbcounter.py:115}}
Aug 05 15:26:31.033249 np0000006575 nova-conductor[99259]: DEBUG dbcounter [-] [99259] Writing DB stats nova_cell0:SELECT=3 {{(pid=99259) stat_writer /opt/stack/data/venv/lib/python3.12/site-packages/dbcounter.py:115}}
Aug 05 15:26:31.040161 np0000006575 nova-conductor[99255]: DEBUG dbcounter [-] [99255] Writing DB stats nova_cell0:SELECT=3 {{(pid=99255) stat_writer /opt/stack/data/venv/lib/python3.12/site-packages/dbcounter.py:115}}
Aug 05 15:26:32.032593 np0000006575 nova-conductor[99255]: DEBUG oslo.service.backend._threading.loopingcall [None req-07ea0201-e38a-495d-9417-e0f2b2b2c927 None None] Dynamic interval looping call 'nova.service.Service.periodic_tasks' sleeping for 60.00 seconds {{(pid=99255) _run_loop /opt/stack/data/venv/lib/python3.12/site-packages/oslo_service/backend/_threading/loopingcall.py:125}}
Aug 05 15:26:38.028085 np0000006575 nova-conductor[99259]: DEBUG oslo.service.backend._threading.loopingcall [None req-306e6260-f55f-4424-9bee-ec33a030ebbb None None] Dynamic interval looping call 'nova.service.Service.periodic_tasks' sleeping for 60.00 seconds {{(pid=99259) _run_loop /opt/stack/data/venv/lib/python3.12/site-packages/oslo_service/backend/_threading/loopingcall.py:125}}
Aug 05 15:26:59.015600 np0000006575 nova-conductor[99242]: DEBUG oslo.service.backend._threading.loopingcall [None req-eaf29078-4e28-4e87-8dfd-8088fadcb1c9 None None] Dynamic interval looping call 'nova.service.Service.periodic_tasks' sleeping for 60.00 seconds {{(pid=99242) _run_loop /opt/stack/data/venv/lib/python3.12/site-packages/oslo_service/backend/_threading/loopingcall.py:125}}
Aug 05 15:27:21.025195 np0000006575 nova-conductor[99249]: DEBUG oslo.service.backend._threading.loopingcall [None req-a233e72f-2abf-4cac-ab35-b1c7b3864f7d None None] Dynamic interval looping call 'nova.service.Service.periodic_tasks' sleeping for 60.00 seconds {{(pid=99249) _run_loop /opt/stack/data/venv/lib/python3.12/site-packages/oslo_service/backend/_threading/loopingcall.py:125}}
Aug 05 15:27:32.033129 np0000006575 nova-conductor[99255]: DEBUG oslo.service.backend._threading.loopingcall [None req-07ea0201-e38a-495d-9417-e0f2b2b2c927 None None] Dynamic interval looping call 'nova.service.Service.periodic_tasks' sleeping for 60.00 seconds {{(pid=99255) _run_loop /opt/stack/data/venv/lib/python3.12/site-packages/oslo_service/backend/_threading/loopingcall.py:125}}
Aug 05 15:27:38.028588 np0000006575 nova-conductor[99259]: DEBUG oslo.service.backend._threading.loopingcall [None req-306e6260-f55f-4424-9bee-ec33a030ebbb None None] Dynamic interval looping call 'nova.service.Service.periodic_tasks' sleeping for 60.00 seconds {{(pid=99259) _run_loop /opt/stack/data/venv/lib/python3.12/site-packages/oslo_service/backend/_threading/loopingcall.py:125}}
Aug 05 15:27:59.016079 np0000006575 nova-conductor[99242]: DEBUG oslo.service.backend._threading.loopingcall [None req-eaf29078-4e28-4e87-8dfd-8088fadcb1c9 None None] Dynamic interval looping call 'nova.service.Service.periodic_tasks' sleeping for 60.00 seconds {{(pid=99242) _run_loop /opt/stack/data/venv/lib/python3.12/site-packages/oslo_service/backend/_threading/loopingcall.py:125}}
Aug 05 15:28:21.024434 np0000006575 nova-conductor[99242]: DEBUG oslo.service.backend._threading.loopingcall [-] Fixed interval looping call 'nova.servicegroup.drivers.db.DbDriver._report_state' sleeping for 119.99 seconds {{(pid=99242) _run_loop /opt/stack/data/venv/lib/python3.12/site-packages/oslo_service/backend/_threading/loopingcall.py:125}}
Aug 05 15:28:21.025007 np0000006575 nova-conductor[99249]: DEBUG oslo.service.backend._threading.loopingcall [-] Fixed interval looping call 'nova.servicegroup.drivers.db.DbDriver._report_state' sleeping for 119.99 seconds {{(pid=99249) _run_loop /opt/stack/data/venv/lib/python3.12/site-packages/oslo_service/backend/_threading/loopingcall.py:125}}
Aug 05 15:28:21.026050 np0000006575 nova-conductor[99249]: DEBUG oslo.service.backend._threading.loopingcall [None req-a233e72f-2abf-4cac-ab35-b1c7b3864f7d None None] Dynamic interval looping call 'nova.service.Service.periodic_tasks' sleeping for 60.00 seconds {{(pid=99249) _run_loop /opt/stack/data/venv/lib/python3.12/site-packages/oslo_service/backend/_threading/loopingcall.py:125}}
Aug 05 15:28:21.030272 np0000006575 nova-conductor[99259]: DEBUG oslo.service.backend._threading.loopingcall [-] Fixed interval looping call 'nova.servicegroup.drivers.db.DbDriver._report_state' sleeping for 120.00 seconds {{(pid=99259) _run_loop /opt/stack/data/venv/lib/python3.12/site-packages/oslo_service/backend/_threading/loopingcall.py:125}}
Aug 05 15:28:21.037861 np0000006575 nova-conductor[99255]: DEBUG oslo.service.backend._threading.loopingcall [-] Fixed interval looping call 'nova.servicegroup.drivers.db.DbDriver._report_state' sleeping for 120.00 seconds {{(pid=99255) _run_loop /opt/stack/data/venv/lib/python3.12/site-packages/oslo_service/backend/_threading/loopingcall.py:125}}
Aug 05 15:28:30.978121 np0000006575 nova-conductor[99242]: DEBUG oslo_db.sqlalchemy.engines [None req-1c7459f2-f424-4412-a20e-a812db399e04 tempest-ServerActionsTestOtherB-30129380 tempest-ServerActionsTestOtherB-30129380-project-member] Parent process 97732 forked (99242) with an open database connection, which is being discarded and recreated. {{(pid=99242) checkout /opt/stack/data/venv/lib/python3.12/site-packages/oslo_db/sqlalchemy/engines.py:402}}
Aug 05 15:28:31.018267 np0000006575 nova-conductor[99242]: DEBUG dbcounter [-] [99242] Writer thread running {{(pid=99242) stat_writer /opt/stack/data/venv/lib/python3.12/site-packages/dbcounter.py:102}}
Aug 05 15:28:31.022930 np0000006575 nova-conductor[99249]: DEBUG dbcounter [-] [99249] Writing DB stats nova_cell0:SELECT=1,nova_cell0:UPDATE=1 {{(pid=99249) stat_writer /opt/stack/data/venv/lib/python3.12/site-packages/dbcounter.py:115}}
Aug 05 15:28:31.025450 np0000006575 nova-conductor[99242]: DEBUG dbcounter [-] [99242] Writing DB stats nova_cell0:SELECT=1,nova_cell0:UPDATE=1 {{(pid=99242) stat_writer /opt/stack/data/venv/lib/python3.12/site-packages/dbcounter.py:115}}
Aug 05 15:28:31.028485 np0000006575 nova-conductor[99259]: DEBUG dbcounter [-] [99259] Writing DB stats nova_cell0:SELECT=1 {{(pid=99259) stat_writer /opt/stack/data/venv/lib/python3.12/site-packages/dbcounter.py:115}}
Aug 05 15:28:31.037066 np0000006575 nova-conductor[99255]: DEBUG dbcounter [-] [99255] Writing DB stats nova_cell0:SELECT=1 {{(pid=99255) stat_writer /opt/stack/data/venv/lib/python3.12/site-packages/dbcounter.py:115}}
Aug 05 15:28:31.875847 np0000006575 nova-conductor[99242]: DEBUG nova.conductor.manager [None req-1c7459f2-f424-4412-a20e-a812db399e04 tempest-ServerActionsTestOtherB-30129380 tempest-ServerActionsTestOtherB-30129380-project-member] Took 0.86 seconds to select destinations for 1 instance(s). {{(pid=99242) _schedule_instances /opt/stack/nova/nova/conductor/manager.py:968}}
Aug 05 15:28:31.913511 np0000006575 nova-conductor[99242]: DEBUG oslo_concurrency.lockutils [None req-1c7459f2-f424-4412-a20e-a812db399e04 tempest-ServerActionsTestOtherB-30129380 tempest-ServerActionsTestOtherB-30129380-project-member] Acquiring lock "0780adc3-c01a-4b66-91a5-562de069a9bd" by "nova.context.set_target_cell..get_or_set_cached_cell_and_set_connections" {{(pid=99242) inner /opt/stack/data/venv/lib/python3.12/site-packages/oslo_concurrency/lockutils.py:512}}
Aug 05 15:28:31.913742 np0000006575 nova-conductor[99242]: DEBUG oslo_concurrency.lockutils [None req-1c7459f2-f424-4412-a20e-a812db399e04 tempest-ServerActionsTestOtherB-30129380 tempest-ServerActionsTestOtherB-30129380-project-member] Lock "0780adc3-c01a-4b66-91a5-562de069a9bd" acquired by "nova.context.set_target_cell..get_or_set_cached_cell_and_set_connections" :: waited 0.000s {{(pid=99242) inner /opt/stack/data/venv/lib/python3.12/site-packages/oslo_concurrency/lockutils.py:525}}
Aug 05 15:28:31.915357 np0000006575 nova-conductor[99242]: DEBUG oslo_concurrency.lockutils [None req-1c7459f2-f424-4412-a20e-a812db399e04 tempest-ServerActionsTestOtherB-30129380 tempest-ServerActionsTestOtherB-30129380-project-member] Lock "0780adc3-c01a-4b66-91a5-562de069a9bd" "released" by "nova.context.set_target_cell..get_or_set_cached_cell_and_set_connections" :: held 0.001s {{(pid=99242) inner /opt/stack/data/venv/lib/python3.12/site-packages/oslo_concurrency/lockutils.py:544}}
Aug 05 15:28:31.917058 np0000006575 nova-conductor[99242]: INFO dbcounter [None req-1c7459f2-f424-4412-a20e-a812db399e04 tempest-ServerActionsTestOtherB-30129380 tempest-ServerActionsTestOtherB-30129380-project-member] Registered counter for database nova_cell1
Aug 05 15:28:31.958112 np0000006575 nova-conductor[99242]: DEBUG oslo_db.sqlalchemy.engines [None req-1c7459f2-f424-4412-a20e-a812db399e04 tempest-ServerActionsTestOtherB-30129380 tempest-ServerActionsTestOtherB-30129380-project-member] MySQL server mode set to STRICT_TRANS_TABLES,STRICT_ALL_TABLES,NO_ZERO_IN_DATE,NO_ZERO_DATE,ERROR_FOR_DIVISION_BY_ZERO,TRADITIONAL,NO_ENGINE_SUBSTITUTION {{(pid=99242) _check_effective_sql_mode /opt/stack/data/venv/lib/python3.12/site-packages/oslo_db/sqlalchemy/engines.py:325}}
Aug 05 15:28:31.964727 np0000006575 nova-conductor[99242]: DEBUG dbcounter [-] [99242] Writer thread running {{(pid=99242) stat_writer /opt/stack/data/venv/lib/python3.12/site-packages/dbcounter.py:102}}
Aug 05 15:28:32.033981 np0000006575 nova-conductor[99255]: DEBUG oslo.service.backend._threading.loopingcall [None req-07ea0201-e38a-495d-9417-e0f2b2b2c927 None None] Dynamic interval looping call 'nova.service.Service.periodic_tasks' sleeping for 60.00 seconds {{(pid=99255) _run_loop /opt/stack/data/venv/lib/python3.12/site-packages/oslo_service/backend/_threading/loopingcall.py:125}}
Aug 05 15:28:32.039485 np0000006575 nova-conductor[99242]: INFO nova.utils [None req-1c7459f2-f424-4412-a20e-a812db399e04 tempest-ServerActionsTestOtherB-30129380 tempest-ServerActionsTestOtherB-30129380-project-member] The cell worker thread pool ForkProcess-1.cell_worker is initialized
Aug 05 15:28:32.039904 np0000006575 nova-conductor[99242]: DEBUG oslo_concurrency.lockutils [None req-1c7459f2-f424-4412-a20e-a812db399e04 tempest-ServerActionsTestOtherB-30129380 tempest-ServerActionsTestOtherB-30129380-project-member] Acquiring lock "00000000-0000-0000-0000-000000000000" by "nova.context.set_target_cell..get_or_set_cached_cell_and_set_connections" {{(pid=99242) inner /opt/stack/data/venv/lib/python3.12/site-packages/oslo_concurrency/lockutils.py:512}}
Aug 05 15:28:32.039904 np0000006575 nova-conductor[99242]: DEBUG oslo_concurrency.lockutils [None req-1c7459f2-f424-4412-a20e-a812db399e04 tempest-ServerActionsTestOtherB-30129380 tempest-ServerActionsTestOtherB-30129380-project-member] Lock "00000000-0000-0000-0000-000000000000" acquired by "nova.context.set_target_cell..get_or_set_cached_cell_and_set_connections" :: waited 0.000s {{(pid=99242) inner /opt/stack/data/venv/lib/python3.12/site-packages/oslo_concurrency/lockutils.py:525}}
Aug 05 15:28:32.040353 np0000006575 nova-conductor[99242]: DEBUG oslo_concurrency.lockutils [None req-1c7459f2-f424-4412-a20e-a812db399e04 tempest-ServerActionsTestOtherB-30129380 tempest-ServerActionsTestOtherB-30129380-project-member] Lock "00000000-0000-0000-0000-000000000000" "released" by "nova.context.set_target_cell..get_or_set_cached_cell_and_set_connections" :: held 0.000s {{(pid=99242) inner /opt/stack/data/venv/lib/python3.12/site-packages/oslo_concurrency/lockutils.py:544}}
Aug 05 15:28:32.040985 np0000006575 nova-conductor[99242]: DEBUG oslo_concurrency.lockutils [None req-1c7459f2-f424-4412-a20e-a812db399e04 tempest-ServerActionsTestOtherB-30129380 tempest-ServerActionsTestOtherB-30129380-project-member] Acquiring lock "0780adc3-c01a-4b66-91a5-562de069a9bd" by "nova.context.set_target_cell..get_or_set_cached_cell_and_set_connections" {{(pid=99242) inner /opt/stack/data/venv/lib/python3.12/site-packages/oslo_concurrency/lockutils.py:512}}
Aug 05 15:28:32.041115 np0000006575 nova-conductor[99242]: DEBUG oslo_concurrency.lockutils [None req-1c7459f2-f424-4412-a20e-a812db399e04 tempest-ServerActionsTestOtherB-30129380 tempest-ServerActionsTestOtherB-30129380-project-member] Lock "0780adc3-c01a-4b66-91a5-562de069a9bd" acquired by "nova.context.set_target_cell..get_or_set_cached_cell_and_set_connections" :: waited 0.000s {{(pid=99242) inner /opt/stack/data/venv/lib/python3.12/site-packages/oslo_concurrency/lockutils.py:525}}
Aug 05 15:28:32.041216 np0000006575 nova-conductor[99242]: DEBUG oslo_concurrency.lockutils [None req-1c7459f2-f424-4412-a20e-a812db399e04 tempest-ServerActionsTestOtherB-30129380 tempest-ServerActionsTestOtherB-30129380-project-member] Lock "0780adc3-c01a-4b66-91a5-562de069a9bd" "released" by "nova.context.set_target_cell..get_or_set_cached_cell_and_set_connections" :: held 0.000s {{(pid=99242) inner /opt/stack/data/venv/lib/python3.12/site-packages/oslo_concurrency/lockutils.py:544}}
Aug 05 15:28:32.042627 np0000006575 nova-conductor[99242]: INFO dbcounter [None req-1c7459f2-f424-4412-a20e-a812db399e04 tempest-ServerActionsTestOtherB-30129380 tempest-ServerActionsTestOtherB-30129380-project-member] Registered counter for database nova_cell0
