Jun 09 18:51:15.130031 np0000002477 nova-scheduler[95751]: DEBUG cotyledon.oslo_config_glue [-] oslo_limit.collect_timing = False {{(pid=95751) log_opt_values /opt/stack/data/venv/lib/python3.12/site-packages/oslo_config/cfg.py:3256}}
Jun 09 18:51:15.130031 np0000002477 nova-scheduler[95751]: DEBUG cotyledon.oslo_config_glue [-] oslo_limit.connect_retries = None {{(pid=95751) log_opt_values /opt/stack/data/venv/lib/python3.12/site-packages/oslo_config/cfg.py:3256}}
Jun 09 18:51:15.130031 np0000002477 nova-scheduler[95751]: DEBUG cotyledon.oslo_config_glue [-] oslo_limit.connect_retry_delay = None {{(pid=95751) log_opt_values /opt/stack/data/venv/lib/python3.12/site-packages/oslo_config/cfg.py:3256}}
Jun 09 18:51:15.130311 np0000002477 nova-scheduler[95751]: DEBUG cotyledon.oslo_config_glue [-] oslo_limit.endpoint_id = None {{(pid=95751) log_opt_values /opt/stack/data/venv/lib/python3.12/site-packages/oslo_config/cfg.py:3256}}
Jun 09 18:51:15.130311 np0000002477 nova-scheduler[95751]: DEBUG cotyledon.oslo_config_glue [-] oslo_limit.endpoint_interface = public {{(pid=95751) log_opt_values /opt/stack/data/venv/lib/python3.12/site-packages/oslo_config/cfg.py:3256}}
Jun 09 18:51:15.130311 np0000002477 nova-scheduler[95751]: DEBUG cotyledon.oslo_config_glue [-] oslo_limit.endpoint_override = None {{(pid=95751) log_opt_values /opt/stack/data/venv/lib/python3.12/site-packages/oslo_config/cfg.py:3256}}
Jun 09 18:51:15.130311 np0000002477 nova-scheduler[95751]: DEBUG cotyledon.oslo_config_glue [-] oslo_limit.endpoint_region_name = None {{(pid=95751) log_opt_values /opt/stack/data/venv/lib/python3.12/site-packages/oslo_config/cfg.py:3256}}
Jun 09 18:51:15.130311 np0000002477 nova-scheduler[95751]: DEBUG cotyledon.oslo_config_glue [-] oslo_limit.endpoint_service_name = None {{(pid=95751) log_opt_values /opt/stack/data/venv/lib/python3.12/site-packages/oslo_config/cfg.py:3256}}
Jun 09 18:51:15.130311 np0000002477 nova-scheduler[95751]: DEBUG cotyledon.oslo_config_glue [-] oslo_limit.endpoint_service_type = None {{(pid=95751) log_opt_values /opt/stack/data/venv/lib/python3.12/site-packages/oslo_config/cfg.py:3256}}
Jun 09 18:51:15.130311 np0000002477 nova-scheduler[95751]: DEBUG cotyledon.oslo_config_glue [-] oslo_limit.insecure = False {{(pid=95751) log_opt_values /opt/stack/data/venv/lib/python3.12/site-packages/oslo_config/cfg.py:3256}}
Jun 09 18:51:15.130311 np0000002477 nova-scheduler[95751]: DEBUG cotyledon.oslo_config_glue [-] oslo_limit.keyfile = None {{(pid=95751) log_opt_values /opt/stack/data/venv/lib/python3.12/site-packages/oslo_config/cfg.py:3256}}
Jun 09 18:51:15.130311 np0000002477 nova-scheduler[95751]: DEBUG cotyledon.oslo_config_glue [-] oslo_limit.max_version = None {{(pid=95751) log_opt_values /opt/stack/data/venv/lib/python3.12/site-packages/oslo_config/cfg.py:3256}}
Jun 09 18:51:15.130585 np0000002477 nova-scheduler[95751]: DEBUG cotyledon.oslo_config_glue [-] oslo_limit.min_version = None {{(pid=95751) log_opt_values /opt/stack/data/venv/lib/python3.12/site-packages/oslo_config/cfg.py:3256}}
Jun 09 18:51:15.130585 np0000002477 nova-scheduler[95751]: DEBUG cotyledon.oslo_config_glue [-] oslo_limit.region_name = None {{(pid=95751) log_opt_values /opt/stack/data/venv/lib/python3.12/site-packages/oslo_config/cfg.py:3256}}
Jun 09 18:51:15.130677 np0000002477 nova-scheduler[95754]: INFO dbcounter [None req-3c5d7e62-4d13-4afe-bbd3-6a651f5d1067 None None] Registered counter for database nova_cell0
Jun 09 18:51:15.130713 np0000002477 nova-scheduler[95751]: DEBUG cotyledon.oslo_config_glue [-] oslo_limit.retriable_status_codes = None {{(pid=95751) log_opt_values /opt/stack/data/venv/lib/python3.12/site-packages/oslo_config/cfg.py:3256}}
Jun 09 18:51:15.130713 np0000002477 nova-scheduler[95751]: DEBUG cotyledon.oslo_config_glue [-] oslo_limit.service_name = None {{(pid=95751) log_opt_values /opt/stack/data/venv/lib/python3.12/site-packages/oslo_config/cfg.py:3256}}
Jun 09 18:51:15.130713 np0000002477 nova-scheduler[95751]: DEBUG cotyledon.oslo_config_glue [-] oslo_limit.service_type = None {{(pid=95751) log_opt_values /opt/stack/data/venv/lib/python3.12/site-packages/oslo_config/cfg.py:3256}}
Jun 09 18:51:15.130713 np0000002477 nova-scheduler[95751]: DEBUG cotyledon.oslo_config_glue [-] oslo_limit.split_loggers = False {{(pid=95751) log_opt_values /opt/stack/data/venv/lib/python3.12/site-packages/oslo_config/cfg.py:3256}}
Jun 09 18:51:15.130713 np0000002477 nova-scheduler[95751]: DEBUG cotyledon.oslo_config_glue [-] oslo_limit.status_code_retries = None {{(pid=95751) log_opt_values /opt/stack/data/venv/lib/python3.12/site-packages/oslo_config/cfg.py:3256}}
Jun 09 18:51:15.130713 np0000002477 nova-scheduler[95751]: DEBUG cotyledon.oslo_config_glue [-] oslo_limit.status_code_retry_delay = None {{(pid=95751) log_opt_values /opt/stack/data/venv/lib/python3.12/site-packages/oslo_config/cfg.py:3256}}
Jun 09 18:51:15.130713 np0000002477 nova-scheduler[95751]: DEBUG cotyledon.oslo_config_glue [-] oslo_limit.timeout = None {{(pid=95751) log_opt_values /opt/stack/data/venv/lib/python3.12/site-packages/oslo_config/cfg.py:3256}}
Jun 09 18:51:15.130713 np0000002477 nova-scheduler[95751]: DEBUG cotyledon.oslo_config_glue [-] oslo_limit.valid_interfaces = None {{(pid=95751) log_opt_values /opt/stack/data/venv/lib/python3.12/site-packages/oslo_config/cfg.py:3256}}
Jun 09 18:51:15.130713 np0000002477 nova-scheduler[95751]: DEBUG cotyledon.oslo_config_glue [-] oslo_limit.version = None {{(pid=95751) log_opt_values /opt/stack/data/venv/lib/python3.12/site-packages/oslo_config/cfg.py:3256}}
Jun 09 18:51:15.130978 np0000002477 nova-scheduler[95751]: DEBUG cotyledon.oslo_config_glue [-] oslo_reports.file_event_handler = None {{(pid=95751) log_opt_values /opt/stack/data/venv/lib/python3.12/site-packages/oslo_config/cfg.py:3256}}
Jun 09 18:51:15.130978 np0000002477 nova-scheduler[95751]: DEBUG cotyledon.oslo_config_glue [-] oslo_reports.file_event_handler_interval = 1 {{(pid=95751) log_opt_values /opt/stack/data/venv/lib/python3.12/site-packages/oslo_config/cfg.py:3256}}
Jun 09 18:51:15.130978 np0000002477 nova-scheduler[95751]: DEBUG cotyledon.oslo_config_glue [-] oslo_reports.log_dir = None {{(pid=95751) log_opt_values /opt/stack/data/venv/lib/python3.12/site-packages/oslo_config/cfg.py:3256}}
Jun 09 18:51:15.130978 np0000002477 nova-scheduler[95751]: DEBUG cotyledon.oslo_config_glue [-] ******************************************************************************** {{(pid=95751) log_opt_values /opt/stack/data/venv/lib/python3.12/site-packages/oslo_config/cfg.py:3263}}
Jun 09 18:51:15.130978 np0000002477 nova-scheduler[95751]: DEBUG cotyledon._service_worker [-] Run service ServiceWrapper(1) [95751] {{(pid=95751) wait_forever /opt/stack/data/venv/lib/python3.12/site-packages/cotyledon/_service_worker.py:218}}
Jun 09 18:51:15.130978 np0000002477 nova-scheduler[95751]: INFO nova.service [-] Starting scheduler node (version 33.1.0)
Jun 09 18:51:15.130978 np0000002477 nova-scheduler[95751]: INFO dbcounter [None req-0f50dbbb-5928-40a0-bd73-687a4af961e7 None None] Registered counter for database nova_cell0
Jun 09 18:51:15.140038 np0000002477 nova-scheduler[95745]: DEBUG oslo_db.sqlalchemy.engines [None req-19e0f20e-883e-4569-b2ab-796591d164cf None None] MySQL server mode set to STRICT_TRANS_TABLES,STRICT_ALL_TABLES,NO_ZERO_IN_DATE,NO_ZERO_DATE,ERROR_FOR_DIVISION_BY_ZERO,TRADITIONAL,NO_ENGINE_SUBSTITUTION {{(pid=95745) _check_effective_sql_mode /opt/stack/data/venv/lib/python3.12/site-packages/oslo_db/sqlalchemy/engines.py:325}}
Jun 09 18:51:15.150083 np0000002477 nova-scheduler[95745]: DEBUG dbcounter [-] [95745] Writer thread running {{(pid=95745) stat_writer /opt/stack/data/venv/lib/python3.12/site-packages/dbcounter.py:102}}
Jun 09 18:51:15.150923 np0000002477 nova-scheduler[95754]: DEBUG oslo_db.sqlalchemy.engines [None req-3c5d7e62-4d13-4afe-bbd3-6a651f5d1067 None None] MySQL server mode set to STRICT_TRANS_TABLES,STRICT_ALL_TABLES,NO_ZERO_IN_DATE,NO_ZERO_DATE,ERROR_FOR_DIVISION_BY_ZERO,TRADITIONAL,NO_ENGINE_SUBSTITUTION {{(pid=95754) _check_effective_sql_mode /opt/stack/data/venv/lib/python3.12/site-packages/oslo_db/sqlalchemy/engines.py:325}}
Jun 09 18:51:15.158822 np0000002477 nova-scheduler[95754]: DEBUG dbcounter [-] [95754] Writer thread running {{(pid=95754) stat_writer /opt/stack/data/venv/lib/python3.12/site-packages/dbcounter.py:102}}
Jun 09 18:51:15.162705 np0000002477 nova-scheduler[95751]: DEBUG oslo_db.sqlalchemy.engines [None req-0f50dbbb-5928-40a0-bd73-687a4af961e7 None None] MySQL server mode set to STRICT_TRANS_TABLES,STRICT_ALL_TABLES,NO_ZERO_IN_DATE,NO_ZERO_DATE,ERROR_FOR_DIVISION_BY_ZERO,TRADITIONAL,NO_ENGINE_SUBSTITUTION {{(pid=95751) _check_effective_sql_mode /opt/stack/data/venv/lib/python3.12/site-packages/oslo_db/sqlalchemy/engines.py:325}}
Jun 09 18:51:15.167463 np0000002477 nova-scheduler[95745]: DEBUG nova.service [None req-19e0f20e-883e-4569-b2ab-796591d164cf None None] Creating RPC server for service: nova-scheduler on topic: scheduler {{(pid=95745) start /opt/stack/nova/nova/service.py:195}}
Jun 09 18:51:15.171005 np0000002477 nova-scheduler[95751]: DEBUG dbcounter [-] [95751] Writer thread running {{(pid=95751) stat_writer /opt/stack/data/venv/lib/python3.12/site-packages/dbcounter.py:102}}
Jun 09 18:51:15.172979 np0000002477 nova-scheduler[95754]: DEBUG nova.service [None req-3c5d7e62-4d13-4afe-bbd3-6a651f5d1067 None None] Creating RPC server for service: nova-scheduler on topic: scheduler {{(pid=95754) start /opt/stack/nova/nova/service.py:195}}
Jun 09 18:51:15.173512 np0000002477 nova-scheduler[95751]: DEBUG nova.service [None req-0f50dbbb-5928-40a0-bd73-687a4af961e7 None None] Creating RPC server for service: nova-scheduler on topic: scheduler {{(pid=95751) start /opt/stack/nova/nova/service.py:195}}
Jun 09 18:51:15.198046 np0000002477 nova-scheduler[95754]: DEBUG nova.service [None req-3c5d7e62-4d13-4afe-bbd3-6a651f5d1067 None None] Join ServiceGroup membership for this service scheduler {{(pid=95754) start /opt/stack/nova/nova/service.py:221}}
Jun 09 18:51:15.198046 np0000002477 nova-scheduler[95754]: DEBUG nova.servicegroup.drivers.db [None req-3c5d7e62-4d13-4afe-bbd3-6a651f5d1067 None None] DB_Driver: join new ServiceGroup member np0000002477 to the scheduler group, service = {{(pid=95754) join /opt/stack/nova/nova/servicegroup/drivers/db.py:44}}
Jun 09 18:51:15.198225 np0000002477 nova-scheduler[95751]: DEBUG nova.service [None req-0f50dbbb-5928-40a0-bd73-687a4af961e7 None None] Join ServiceGroup membership for this service scheduler {{(pid=95751) start /opt/stack/nova/nova/service.py:221}}
Jun 09 18:51:15.198367 np0000002477 nova-scheduler[95745]: DEBUG nova.service [None req-19e0f20e-883e-4569-b2ab-796591d164cf None None] Join ServiceGroup membership for this service scheduler {{(pid=95745) start /opt/stack/nova/nova/service.py:221}}
Jun 09 18:51:15.198413 np0000002477 nova-scheduler[95751]: DEBUG nova.servicegroup.drivers.db [None req-0f50dbbb-5928-40a0-bd73-687a4af961e7 None None] DB_Driver: join new ServiceGroup member np0000002477 to the scheduler group, service = {{(pid=95751) join /opt/stack/nova/nova/servicegroup/drivers/db.py:44}}
Jun 09 18:51:15.198582 np0000002477 nova-scheduler[95745]: DEBUG nova.servicegroup.drivers.db [None req-19e0f20e-883e-4569-b2ab-796591d164cf None None] DB_Driver: join new ServiceGroup member np0000002477 to the scheduler group, service = {{(pid=95745) join /opt/stack/nova/nova/servicegroup/drivers/db.py:44}}
Jun 09 18:51:20.212081 np0000002477 nova-scheduler[95754]: DEBUG oslo.service.backend._threading.loopingcall [-] Fixed interval looping call 'nova.servicegroup.drivers.db.DbDriver._report_state' sleeping for 119.99 seconds {{(pid=95754) _run_loop /opt/stack/data/venv/lib/python3.12/site-packages/oslo_service/backend/_threading/loopingcall.py:125}}
Jun 09 18:51:20.213985 np0000002477 nova-scheduler[95745]: DEBUG oslo.service.backend._threading.loopingcall [-] Fixed interval looping call 'nova.servicegroup.drivers.db.DbDriver._report_state' sleeping for 119.99 seconds {{(pid=95745) _run_loop /opt/stack/data/venv/lib/python3.12/site-packages/oslo_service/backend/_threading/loopingcall.py:125}}
Jun 09 18:51:20.215484 np0000002477 nova-scheduler[95751]: DEBUG oslo.service.backend._threading.loopingcall [-] Fixed interval looping call 'nova.servicegroup.drivers.db.DbDriver._report_state' sleeping for 119.99 seconds {{(pid=95751) _run_loop /opt/stack/data/venv/lib/python3.12/site-packages/oslo_service/backend/_threading/loopingcall.py:125}}
Jun 09 18:51:23.734365 np0000002477 nova-scheduler[94551]: DEBUG dbcounter [-] [94551] Writing DB stats nova_api:SELECT=3 {{(pid=94551) stat_writer /opt/stack/data/venv/lib/python3.12/site-packages/dbcounter.py:115}}
Jun 09 18:51:23.870310 np0000002477 nova-scheduler[94551]: DEBUG dbcounter [-] [94551] Writing DB stats nova_cell0:SELECT=1 {{(pid=94551) stat_writer /opt/stack/data/venv/lib/python3.12/site-packages/dbcounter.py:115}}
Jun 09 18:51:23.874546 np0000002477 nova-scheduler[94551]: DEBUG dbcounter [-] [94551] Writing DB stats nova_cell1:SELECT=1 {{(pid=94551) stat_writer /opt/stack/data/venv/lib/python3.12/site-packages/dbcounter.py:115}}
Jun 09 18:51:30.207700 np0000002477 nova-scheduler[95754]: DEBUG dbcounter [-] [95754] Writing DB stats nova_cell0:SELECT=5,nova_cell0:INSERT=1,nova_cell0:UPDATE=1 {{(pid=95754) stat_writer /opt/stack/data/venv/lib/python3.12/site-packages/dbcounter.py:115}}
Jun 09 18:51:30.209218 np0000002477 nova-scheduler[95745]: DEBUG dbcounter [-] [95745] Writing DB stats nova_cell0:SELECT=4,nova_cell0:INSERT=1,nova_cell0:UPDATE=1 {{(pid=95745) stat_writer /opt/stack/data/venv/lib/python3.12/site-packages/dbcounter.py:115}}
Jun 09 18:51:30.215536 np0000002477 nova-scheduler[95751]: DEBUG dbcounter [-] [95751] Writing DB stats nova_cell0:SELECT=3,nova_cell0:UPDATE=1 {{(pid=95751) stat_writer /opt/stack/data/venv/lib/python3.12/site-packages/dbcounter.py:115}}
Jun 09 18:51:48.200829 np0000002477 nova-scheduler[95745]: DEBUG oslo.service.backend._threading.loopingcall [None req-1a5cc682-ccab-4b65-bd79-6d118a8af7b3 None None] Dynamic interval looping call 'nova.service.Service.periodic_tasks' sleeping for 60.00 seconds {{(pid=95745) _run_loop /opt/stack/data/venv/lib/python3.12/site-packages/oslo_service/backend/_threading/loopingcall.py:125}}
Jun 09 18:51:49.200719 np0000002477 nova-scheduler[95754]: DEBUG oslo.service.backend._threading.loopingcall [None req-4571146b-7654-4fe4-aba5-c625572b860c None None] Dynamic interval looping call 'nova.service.Service.periodic_tasks' sleeping for 60.00 seconds {{(pid=95754) _run_loop /opt/stack/data/venv/lib/python3.12/site-packages/oslo_service/backend/_threading/loopingcall.py:125}}
Jun 09 18:52:08.204024 np0000002477 nova-scheduler[95751]: DEBUG oslo.service.backend._threading.loopingcall [None req-e2f19e2f-5503-4f7a-81c9-84299705379c None None] Dynamic interval looping call 'nova.service.Service.periodic_tasks' sleeping for 60.00 seconds {{(pid=95751) _run_loop /opt/stack/data/venv/lib/python3.12/site-packages/oslo_service/backend/_threading/loopingcall.py:125}}
Jun 09 18:52:48.201429 np0000002477 nova-scheduler[95745]: DEBUG oslo.service.backend._threading.loopingcall [None req-1a5cc682-ccab-4b65-bd79-6d118a8af7b3 None None] Dynamic interval looping call 'nova.service.Service.periodic_tasks' sleeping for 60.00 seconds {{(pid=95745) _run_loop /opt/stack/data/venv/lib/python3.12/site-packages/oslo_service/backend/_threading/loopingcall.py:125}}
Jun 09 18:52:49.201270 np0000002477 nova-scheduler[95754]: DEBUG oslo.service.backend._threading.loopingcall [None req-4571146b-7654-4fe4-aba5-c625572b860c None None] Dynamic interval looping call 'nova.service.Service.periodic_tasks' sleeping for 60.00 seconds {{(pid=95754) _run_loop /opt/stack/data/venv/lib/python3.12/site-packages/oslo_service/backend/_threading/loopingcall.py:125}}
Jun 09 18:53:08.204525 np0000002477 nova-scheduler[95751]: DEBUG oslo.service.backend._threading.loopingcall [None req-e2f19e2f-5503-4f7a-81c9-84299705379c None None] Dynamic interval looping call 'nova.service.Service.periodic_tasks' sleeping for 60.00 seconds {{(pid=95751) _run_loop /opt/stack/data/venv/lib/python3.12/site-packages/oslo_service/backend/_threading/loopingcall.py:125}}
Jun 09 18:53:20.210809 np0000002477 nova-scheduler[95754]: DEBUG oslo.service.backend._threading.loopingcall [-] Fixed interval looping call 'nova.servicegroup.drivers.db.DbDriver._report_state' sleeping for 119.99 seconds {{(pid=95754) _run_loop /opt/stack/data/venv/lib/python3.12/site-packages/oslo_service/backend/_threading/loopingcall.py:125}}
Jun 09 18:53:20.211232 np0000002477 nova-scheduler[95751]: DEBUG oslo.service.backend._threading.loopingcall [-] Fixed interval looping call 'nova.servicegroup.drivers.db.DbDriver._report_state' sleeping for 119.99 seconds {{(pid=95751) _run_loop /opt/stack/data/venv/lib/python3.12/site-packages/oslo_service/backend/_threading/loopingcall.py:125}}
Jun 09 18:53:20.211990 np0000002477 nova-scheduler[95745]: DEBUG oslo.service.backend._threading.loopingcall [-] Fixed interval looping call 'nova.servicegroup.drivers.db.DbDriver._report_state' sleeping for 119.99 seconds {{(pid=95745) _run_loop /opt/stack/data/venv/lib/python3.12/site-packages/oslo_service/backend/_threading/loopingcall.py:125}}
Jun 09 18:53:30.206607 np0000002477 nova-scheduler[95754]: DEBUG dbcounter [-] [95754] Writing DB stats nova_cell0:SELECT=1,nova_cell0:UPDATE=1 {{(pid=95754) stat_writer /opt/stack/data/venv/lib/python3.12/site-packages/dbcounter.py:115}}
Jun 09 18:53:30.209099 np0000002477 nova-scheduler[95751]: DEBUG dbcounter [-] [95751] Writing DB stats nova_cell0:SELECT=1,nova_cell0:UPDATE=1 {{(pid=95751) stat_writer /opt/stack/data/venv/lib/python3.12/site-packages/dbcounter.py:115}}
Jun 09 18:53:30.209576 np0000002477 nova-scheduler[95745]: DEBUG dbcounter [-] [95745] Writing DB stats nova_cell0:SELECT=1,nova_cell0:UPDATE=1 {{(pid=95745) stat_writer /opt/stack/data/venv/lib/python3.12/site-packages/dbcounter.py:115}}
Jun 09 18:53:48.203951 np0000002477 nova-scheduler[95745]: DEBUG oslo.service.backend._threading.loopingcall [None req-1a5cc682-ccab-4b65-bd79-6d118a8af7b3 None None] Dynamic interval looping call 'nova.service.Service.periodic_tasks' sleeping for 60.00 seconds {{(pid=95745) _run_loop /opt/stack/data/venv/lib/python3.12/site-packages/oslo_service/backend/_threading/loopingcall.py:125}}
Jun 09 18:53:49.201825 np0000002477 nova-scheduler[95754]: DEBUG oslo.service.backend._threading.loopingcall [None req-4571146b-7654-4fe4-aba5-c625572b860c None None] Dynamic interval looping call 'nova.service.Service.periodic_tasks' sleeping for 60.00 seconds {{(pid=95754) _run_loop /opt/stack/data/venv/lib/python3.12/site-packages/oslo_service/backend/_threading/loopingcall.py:125}}
Jun 09 18:54:01.958451 np0000002477 nova-scheduler[95754]: DEBUG nova.scheduler.manager [None req-fb881dc2-6ae3-4222-b006-633cb3d20d85 tempest-AttachVolumeMultiAttachTest-522214938 tempest-AttachVolumeMultiAttachTest-522214938-project-member] Starting to schedule for instances: ['562c6f39-1ec0-45e6-8a18-69d4509ca884'] {{(pid=95754) select_destinations /opt/stack/nova/nova/scheduler/manager.py:210}}
Jun 09 18:54:01.959042 np0000002477 nova-scheduler[95754]: DEBUG nova.scheduler.request_filter [None req-fb881dc2-6ae3-4222-b006-633cb3d20d85 tempest-AttachVolumeMultiAttachTest-522214938 tempest-AttachVolumeMultiAttachTest-522214938-project-member] compute_status_filter request filter added forbidden trait COMPUTE_STATUS_DISABLED {{(pid=95754) compute_status_filter /opt/stack/nova/nova/scheduler/request_filter.py:253}}
Jun 09 18:54:01.959109 np0000002477 nova-scheduler[95754]: DEBUG nova.scheduler.request_filter [None req-fb881dc2-6ae3-4222-b006-633cb3d20d85 tempest-AttachVolumeMultiAttachTest-522214938 tempest-AttachVolumeMultiAttachTest-522214938-project-member] Request filter 'compute_status_filter' took 0.0 seconds {{(pid=95754) wrapper /opt/stack/nova/nova/scheduler/request_filter.py:46}}
Jun 09 18:54:01.959433 np0000002477 nova-scheduler[95754]: DEBUG nova.scheduler.request_filter [None req-fb881dc2-6ae3-4222-b006-633cb3d20d85 tempest-AttachVolumeMultiAttachTest-522214938 tempest-AttachVolumeMultiAttachTest-522214938-project-member] Request filter 'accelerators_filter' took 0.0 seconds {{(pid=95754) wrapper /opt/stack/nova/nova/scheduler/request_filter.py:46}}
Jun 09 18:54:01.959523 np0000002477 nova-scheduler[95754]: DEBUG nova.scheduler.request_filter [None req-fb881dc2-6ae3-4222-b006-633cb3d20d85 tempest-AttachVolumeMultiAttachTest-522214938 tempest-AttachVolumeMultiAttachTest-522214938-project-member] Request filter 'packed_virtqueue_filter' took 0.0 seconds {{(pid=95754) wrapper /opt/stack/nova/nova/scheduler/request_filter.py:46}}
Jun 09 18:54:01.959771 np0000002477 nova-scheduler[95754]: DEBUG nova.scheduler.request_filter [None req-fb881dc2-6ae3-4222-b006-633cb3d20d85 tempest-AttachVolumeMultiAttachTest-522214938 tempest-AttachVolumeMultiAttachTest-522214938-project-member] Request filter 'remote_managed_ports_filter' took 0.0 seconds {{(pid=95754) wrapper /opt/stack/nova/nova/scheduler/request_filter.py:46}}
Jun 09 18:54:01.959903 np0000002477 nova-scheduler[95754]: DEBUG nova.scheduler.request_filter [None req-fb881dc2-6ae3-4222-b006-633cb3d20d85 tempest-AttachVolumeMultiAttachTest-522214938 tempest-AttachVolumeMultiAttachTest-522214938-project-member] ephemeral_encryption_filter skipped {{(pid=95754) ephemeral_encryption_filter /opt/stack/nova/nova/scheduler/request_filter.py:426}}
Jun 09 18:54:01.960026 np0000002477 nova-scheduler[95754]: DEBUG nova.scheduler.request_filter [None req-fb881dc2-6ae3-4222-b006-633cb3d20d85 tempest-AttachVolumeMultiAttachTest-522214938 tempest-AttachVolumeMultiAttachTest-522214938-project-member] virtio_sound_filter skipped {{(pid=95754) virtio_sound_filter /opt/stack/nova/nova/scheduler/request_filter.py:460}}
Jun 09 18:54:01.960143 np0000002477 nova-scheduler[95754]: DEBUG nova.scheduler.request_filter [None req-fb881dc2-6ae3-4222-b006-633cb3d20d85 tempest-AttachVolumeMultiAttachTest-522214938 tempest-AttachVolumeMultiAttachTest-522214938-project-member] tpm_secret_security_filter skipped {{(pid=95754) tpm_secret_security_filter /opt/stack/nova/nova/scheduler/request_filter.py:477}}
Jun 09 18:54:02.615253 np0000002477 nova-scheduler[95754]: INFO nova.utils [None req-fb881dc2-6ae3-4222-b006-633cb3d20d85 tempest-AttachVolumeMultiAttachTest-522214938 tempest-AttachVolumeMultiAttachTest-522214938-project-member] The cell worker thread pool ForkProcess-3.cell_worker is initialized
Jun 09 18:54:02.615628 np0000002477 nova-scheduler[95754]: DEBUG oslo_concurrency.lockutils [None req-fb881dc2-6ae3-4222-b006-633cb3d20d85 tempest-AttachVolumeMultiAttachTest-522214938 tempest-AttachVolumeMultiAttachTest-522214938-project-member] Acquiring lock "f42c5a8f-c09b-470f-b060-3bfcad82924e" by "nova.context.set_target_cell..get_or_set_cached_cell_and_set_connections" {{(pid=95754) inner /opt/stack/data/venv/lib/python3.12/site-packages/oslo_concurrency/lockutils.py:511}}
Jun 09 18:54:02.615947 np0000002477 nova-scheduler[95754]: DEBUG oslo_concurrency.lockutils [None req-fb881dc2-6ae3-4222-b006-633cb3d20d85 tempest-AttachVolumeMultiAttachTest-522214938 tempest-AttachVolumeMultiAttachTest-522214938-project-member] Lock "f42c5a8f-c09b-470f-b060-3bfcad82924e" acquired by "nova.context.set_target_cell..get_or_set_cached_cell_and_set_connections" :: waited 0.000s {{(pid=95754) inner /opt/stack/data/venv/lib/python3.12/site-packages/oslo_concurrency/lockutils.py:524}}
Jun 09 18:54:02.617540 np0000002477 nova-scheduler[95754]: DEBUG oslo_concurrency.lockutils [None req-fb881dc2-6ae3-4222-b006-633cb3d20d85 tempest-AttachVolumeMultiAttachTest-522214938 tempest-AttachVolumeMultiAttachTest-522214938-project-member] Lock "f42c5a8f-c09b-470f-b060-3bfcad82924e" "released" by "nova.context.set_target_cell..get_or_set_cached_cell_and_set_connections" :: held 0.002s {{(pid=95754) inner /opt/stack/data/venv/lib/python3.12/site-packages/oslo_concurrency/lockutils.py:543}}
Jun 09 18:54:02.619821 np0000002477 nova-scheduler[95754]: INFO dbcounter [None req-fb881dc2-6ae3-4222-b006-633cb3d20d85 tempest-AttachVolumeMultiAttachTest-522214938 tempest-AttachVolumeMultiAttachTest-522214938-project-member] Registered counter for database nova_cell1
Jun 09 18:54:02.655545 np0000002477 nova-scheduler[95754]: DEBUG oslo_db.sqlalchemy.engines [None req-fb881dc2-6ae3-4222-b006-633cb3d20d85 tempest-AttachVolumeMultiAttachTest-522214938 tempest-AttachVolumeMultiAttachTest-522214938-project-member] MySQL server mode set to STRICT_TRANS_TABLES,STRICT_ALL_TABLES,NO_ZERO_IN_DATE,NO_ZERO_DATE,ERROR_FOR_DIVISION_BY_ZERO,TRADITIONAL,NO_ENGINE_SUBSTITUTION {{(pid=95754) _check_effective_sql_mode /opt/stack/data/venv/lib/python3.12/site-packages/oslo_db/sqlalchemy/engines.py:325}}
Jun 09 18:54:02.660421 np0000002477 nova-scheduler[95754]: DEBUG dbcounter [-] [95754] Writer thread running {{(pid=95754) stat_writer /opt/stack/data/venv/lib/python3.12/site-packages/dbcounter.py:102}}
Jun 09 18:54:02.672647 np0000002477 nova-scheduler[95754]: DEBUG oslo_db.sqlalchemy.engines [None req-fb881dc2-6ae3-4222-b006-633cb3d20d85 tempest-AttachVolumeMultiAttachTest-522214938 tempest-AttachVolumeMultiAttachTest-522214938-project-member] Parent process 94551 forked (95754) with an open database connection, which is being discarded and recreated. {{(pid=95754) checkout /opt/stack/data/venv/lib/python3.12/site-packages/oslo_db/sqlalchemy/engines.py:402}}
Jun 09 18:54:02.723769 np0000002477 nova-scheduler[95754]: DEBUG dbcounter [-] [95754] Writer thread running {{(pid=95754) stat_writer /opt/stack/data/venv/lib/python3.12/site-packages/dbcounter.py:102}}
Jun 09 18:54:02.727002 np0000002477 nova-scheduler[95754]: DEBUG oslo_concurrency.lockutils [None req-fb881dc2-6ae3-4222-b006-633cb3d20d85 tempest-AttachVolumeMultiAttachTest-522214938 tempest-AttachVolumeMultiAttachTest-522214938-project-member] Acquiring lock "f42c5a8f-c09b-470f-b060-3bfcad82924e" by "nova.context.set_target_cell..get_or_set_cached_cell_and_set_connections" {{(pid=95754) inner /opt/stack/data/venv/lib/python3.12/site-packages/oslo_concurrency/lockutils.py:511}}
Jun 09 18:54:02.727148 np0000002477 nova-scheduler[95754]: DEBUG oslo_concurrency.lockutils [None req-fb881dc2-6ae3-4222-b006-633cb3d20d85 tempest-AttachVolumeMultiAttachTest-522214938 tempest-AttachVolumeMultiAttachTest-522214938-project-member] Lock "f42c5a8f-c09b-470f-b060-3bfcad82924e" acquired by "nova.context.set_target_cell..get_or_set_cached_cell_and_set_connections" :: waited 0.000s {{(pid=95754) inner /opt/stack/data/venv/lib/python3.12/site-packages/oslo_concurrency/lockutils.py:524}}
Jun 09 18:54:02.727270 np0000002477 nova-scheduler[95754]: DEBUG oslo_concurrency.lockutils [None req-fb881dc2-6ae3-4222-b006-633cb3d20d85 tempest-AttachVolumeMultiAttachTest-522214938 tempest-AttachVolumeMultiAttachTest-522214938-project-member] Lock "f42c5a8f-c09b-470f-b060-3bfcad82924e" "released" by "nova.context.set_target_cell..get_or_set_cached_cell_and_set_connections" :: held 0.000s {{(pid=95754) inner /opt/stack/data/venv/lib/python3.12/site-packages/oslo_concurrency/lockutils.py:543}}
Jun 09 18:54:02.731050 np0000002477 nova-scheduler[95754]: DEBUG oslo_concurrency.lockutils [None req-fb881dc2-6ae3-4222-b006-633cb3d20d85 tempest-AttachVolumeMultiAttachTest-522214938 tempest-AttachVolumeMultiAttachTest-522214938-project-member] Acquiring lock "('np0000002477', 'np0000002477')" by "nova.scheduler.host_manager.HostState.update.._locked_update" {{(pid=95754) inner /opt/stack/data/venv/lib/python3.12/site-packages/oslo_concurrency/lockutils.py:511}}
Jun 09 18:54:02.731189 np0000002477 nova-scheduler[95754]: DEBUG oslo_concurrency.lockutils [None req-fb881dc2-6ae3-4222-b006-633cb3d20d85 tempest-AttachVolumeMultiAttachTest-522214938 tempest-AttachVolumeMultiAttachTest-522214938-project-member] Lock "('np0000002477', 'np0000002477')" acquired by "nova.scheduler.host_manager.HostState.update.._locked_update" :: waited 0.000s {{(pid=95754) inner /opt/stack/data/venv/lib/python3.12/site-packages/oslo_concurrency/lockutils.py:524}}
Jun 09 18:54:02.733485 np0000002477 nova-scheduler[95754]: DEBUG nova.scheduler.host_manager [None req-fb881dc2-6ae3-4222-b006-633cb3d20d85 tempest-AttachVolumeMultiAttachTest-522214938 tempest-AttachVolumeMultiAttachTest-522214938-project-member] Update host state from compute node: ComputeNode(cpu_allocation_ratio=4.0,cpu_info='{"arch": "x86_64", "model": "EPYC-Milan", "vendor": "AMD", "topology": {"cells": 1, "sockets": 12, "cores": 1, "threads": 1}, "maxphysaddr": {"mode": "emulate", "bits": 40}, "features": ["rdseed", "virt-ssbd", "vme", "nx", "rdtscp", "arch-capabilities", "ibpb", "x2apic", "xsaveerptr", "nrip-save", "vaes", "mmx", "aes", "erms", "ssse3", "cx8", "pse36", "fma", "xgetbv1", "amd-psfd", "syscall", "lm", "sse2", "npt", "vmcb-clean", "cr8legacy", "v-vmsave-vmload", "sep", "msr", "svm", "clwb", "stibp-always-on", "pku", "sse4a", "adx", "pclmuldq", "rdctl-no", "pcid", "pse", "xsaveopt", "popcnt", "null-sel-clr-base", "stibp", "misalignsse", "pni", "sse4.2", "lfence-always-serializing", "hypervisor", "tsc_adjust", "fsrm", "clflushopt", "bmi2", "smap", "sse", "tsc-deadline", "xsavec", "svme-addr-chk", "sha-ni", "pschange-mc-no", "avx", "de", "cx16", "spec-ctrl", "lbrv", "ibrs", "clflush", "amd-ssbd", "perfctr_core", "lahf_lm", "xsave", "clzero", "umip", "gds-no", "vgif", "cmov", "fpu", "wbnoinvd", "tsc-scale", "vpclmulqdq", "mmxext", "mce", "pae", "no-nested-data-bp", "arat", "pdpe1gb", "amd-stibp", "abm", "mtrr", "pause-filter", "pge", "smep", "f16c", "fsgsbase", "fxsr_opt", "avx2", "mds-no", "ssbd", "osvw", "flushbyasid", "mca", "rdpid", "pfthreshold", "pat", "tsc", "bmi1", "fxsr", "skip-l1dfl-vmentry", "3dnowprefetch", "sse4.1", "cmp_legacy", "rdrand", "xsaves", "movbe", "invpcid", "apic", "topoext"]}',created_at=2026-06-09T18:51:40Z,current_workload=0,deleted=False,deleted_at=None,disk_allocation_ratio=1.0,disk_available_least=74,free_disk_gb=95,free_ram_mb=23518,host='np0000002477',host_ip=10.4.3.52,hypervisor_hostname='np0000002477',hypervisor_type='QEMU',hypervisor_version=8002002,id=1,local_gb=95,local_gb_used=0,mapped=1,memory_mb=24030,memory_mb_used=512,metrics='[]',numa_topology='{"nova_object.name": "NUMATopology", "nova_object.namespace": "nova", "nova_object.version": "1.2", "nova_object.data": {"cells": [{"nova_object.name": "NUMACell", "nova_object.namespace": "nova", "nova_object.version": "1.5", "nova_object.data": {"id": 0, "cpuset": [0, 1, 2, 3, 4, 5, 6, 7, 8, 9, 10, 11], "pcpuset": [0, 1, 2, 3, 4, 5, 6, 7, 8, 9, 10, 11], "memory": 24030, "cpu_usage": 0, "memory_usage": 0, "pinned_cpus": [], "siblings": [[6], [2], [5], [11], [8], [4], [1], [7], [10], [0], [3], [9]], "mempages": [{"nova_object.name": "NUMAPagesTopology", "nova_object.namespace": "nova", "nova_object.version": "1.1", "nova_object.data": {"size_kb": 4, "total": 6151798, "used": 0, "reserved": 0}, "nova_object.changes": ["total", "size_kb", "reserved", "used"]}, {"nova_object.name": "NUMAPagesTopology", "nova_object.namespace": "nova", "nova_object.version": "1.1", "nova_object.data": {"size_kb": 2048, "total": 0, "used": 0, "reserved": 0}, "nova_object.changes": ["total", "size_kb", "reserved", "used"]}, {"nova_object.name": "NUMAPagesTopology", "nova_object.namespace": "nova", "nova_object.version": "1.1", "nova_object.data": {"size_kb": 1048576, "total": 0, "used": 0, "reserved": 0}, "nova_object.changes": ["total", "size_kb", "reserved", "used"]}], "network_metadata": {"nova_object.name": "NetworkMetadata", "nova_object.namespace": "nova", "nova_object.version": "1.0", "nova_object.data": {"physnets": [], "tunneled": false}, "nova_object.changes": ["physnets", "tunneled"]}, "socket": null}, "nova_object.changes": ["socket", "cpuset", "pcpuset", "network_metadata", "memory", "id", "cpu_usage", "mempages", "pinned_cpus", "siblings", "memory_usage"]}]}, "nova_object.changes": ["cells"]}',pci_device_pools=PciDevicePoolList,ram_allocation_ratio=1.0,running_vms=0,service_id=2,stats={failed_builds='0',uptime=' 18:53:26 up 25 min, 2 users, load average: 1.29, 1.46, 0.86
Jun 09 18:54:02.733485 np0000002477 nova-scheduler[95754]: '},supported_hv_specs=[HVSpec,HVSpec,HVSpec,HVSpec,HVSpec,HVSpec,HVSpec,HVSpec,HVSpec,HVSpec,HVSpec,HVSpec,HVSpec,HVSpec,HVSpec,HVSpec,HVSpec,HVSpec,HVSpec,HVSpec,HVSpec,HVSpec,HVSpec,HVSpec,HVSpec],updated_at=2026-06-09T18:53:28Z,uuid=339d938b-03dd-4509-b4d0-7c0d3e6bb8d4,vcpus=12,vcpus_used=0) {{(pid=95754) _locked_update /opt/stack/nova/nova/scheduler/host_manager.py:168}}
Jun 09 18:54:02.733485 np0000002477 nova-scheduler[95754]: DEBUG nova.scheduler.host_manager [None req-fb881dc2-6ae3-4222-b006-633cb3d20d85 tempest-AttachVolumeMultiAttachTest-522214938 tempest-AttachVolumeMultiAttachTest-522214938-project-member] Update host state with aggregates: [] {{(pid=95754) _locked_update /opt/stack/nova/nova/scheduler/host_manager.py:171}}
Jun 09 18:54:02.733764 np0000002477 nova-scheduler[95754]: DEBUG nova.scheduler.host_manager [None req-fb881dc2-6ae3-4222-b006-633cb3d20d85 tempest-AttachVolumeMultiAttachTest-522214938 tempest-AttachVolumeMultiAttachTest-522214938-project-member] Update host state with service dict: {'id': 2, 'uuid': '1745323c-8959-4b24-b8da-aa7d2fc5fe3d', 'host': 'np0000002477', 'binary': 'nova-compute', 'topic': 'compute', 'report_count': 2, 'disabled': False, 'disabled_reason': None, 'last_seen_up': datetime.datetime(2026, 6, 9, 18, 53, 49, tzinfo=datetime.timezone.utc), 'forced_down': False, 'version': 72, 'created_at': datetime.datetime(2026, 6, 9, 18, 51, 39, tzinfo=datetime.timezone.utc), 'updated_at': datetime.datetime(2026, 6, 9, 18, 53, 49, tzinfo=datetime.timezone.utc), 'deleted_at': None, 'deleted': False} {{(pid=95754) _locked_update /opt/stack/nova/nova/scheduler/host_manager.py:174}}
Jun 09 18:54:02.733764 np0000002477 nova-scheduler[95754]: DEBUG nova.scheduler.host_manager [None req-fb881dc2-6ae3-4222-b006-633cb3d20d85 tempest-AttachVolumeMultiAttachTest-522214938 tempest-AttachVolumeMultiAttachTest-522214938-project-member] Update host state with instances: [] {{(pid=95754) _locked_update /opt/stack/nova/nova/scheduler/host_manager.py:177}}
Jun 09 18:54:02.733864 np0000002477 nova-scheduler[95754]: DEBUG oslo_concurrency.lockutils [None req-fb881dc2-6ae3-4222-b006-633cb3d20d85 tempest-AttachVolumeMultiAttachTest-522214938 tempest-AttachVolumeMultiAttachTest-522214938-project-member] Lock "('np0000002477', 'np0000002477')" "released" by "nova.scheduler.host_manager.HostState.update.._locked_update" :: held 0.003s {{(pid=95754) inner /opt/stack/data/venv/lib/python3.12/site-packages/oslo_concurrency/lockutils.py:543}}
Jun 09 18:54:02.734430 np0000002477 nova-scheduler[95754]: DEBUG nova.filters [None req-fb881dc2-6ae3-4222-b006-633cb3d20d85 tempest-AttachVolumeMultiAttachTest-522214938 tempest-AttachVolumeMultiAttachTest-522214938-project-member] Starting with 1 host(s) {{(pid=95754) get_filtered_objects /opt/stack/nova/nova/filters.py:70}}
Jun 09 18:54:02.734863 np0000002477 nova-scheduler[95754]: DEBUG nova.filters [None req-fb881dc2-6ae3-4222-b006-633cb3d20d85 tempest-AttachVolumeMultiAttachTest-522214938 tempest-AttachVolumeMultiAttachTest-522214938-project-member] Filter ComputeFilter returned 1 host(s) {{(pid=95754) get_filtered_objects /opt/stack/nova/nova/filters.py:102}}
Jun 09 18:54:02.734863 np0000002477 nova-scheduler[95754]: DEBUG nova.filters [None req-fb881dc2-6ae3-4222-b006-633cb3d20d85 tempest-AttachVolumeMultiAttachTest-522214938 tempest-AttachVolumeMultiAttachTest-522214938-project-member] Filter ComputeCapabilitiesFilter returned 1 host(s) {{(pid=95754) get_filtered_objects /opt/stack/nova/nova/filters.py:102}}
Jun 09 18:54:02.735100 np0000002477 nova-scheduler[95754]: DEBUG nova.filters [None req-fb881dc2-6ae3-4222-b006-633cb3d20d85 tempest-AttachVolumeMultiAttachTest-522214938 tempest-AttachVolumeMultiAttachTest-522214938-project-member] Filter ImagePropertiesFilter returned 1 host(s) {{(pid=95754) get_filtered_objects /opt/stack/nova/nova/filters.py:102}}
Jun 09 18:54:02.735280 np0000002477 nova-scheduler[95754]: DEBUG nova.filters [None req-fb881dc2-6ae3-4222-b006-633cb3d20d85 tempest-AttachVolumeMultiAttachTest-522214938 tempest-AttachVolumeMultiAttachTest-522214938-project-member] Filter ServerGroupAntiAffinityFilter returned 1 host(s) {{(pid=95754) get_filtered_objects /opt/stack/nova/nova/filters.py:102}}
Jun 09 18:54:02.735455 np0000002477 nova-scheduler[95754]: DEBUG nova.filters [None req-fb881dc2-6ae3-4222-b006-633cb3d20d85 tempest-AttachVolumeMultiAttachTest-522214938 tempest-AttachVolumeMultiAttachTest-522214938-project-member] Filter ServerGroupAffinityFilter returned 1 host(s) {{(pid=95754) get_filtered_objects /opt/stack/nova/nova/filters.py:102}}
Jun 09 18:54:02.735622 np0000002477 nova-scheduler[95754]: DEBUG nova.filters [None req-fb881dc2-6ae3-4222-b006-633cb3d20d85 tempest-AttachVolumeMultiAttachTest-522214938 tempest-AttachVolumeMultiAttachTest-522214938-project-member] Filter SameHostFilter returned 1 host(s) {{(pid=95754) get_filtered_objects /opt/stack/nova/nova/filters.py:102}}
Jun 09 18:54:02.735768 np0000002477 nova-scheduler[95754]: DEBUG nova.filters [None req-fb881dc2-6ae3-4222-b006-633cb3d20d85 tempest-AttachVolumeMultiAttachTest-522214938 tempest-AttachVolumeMultiAttachTest-522214938-project-member] Filter DifferentHostFilter returned 1 host(s) {{(pid=95754) get_filtered_objects /opt/stack/nova/nova/filters.py:102}}
Jun 09 18:54:02.735939 np0000002477 nova-scheduler[95754]: DEBUG nova.scheduler.manager [None req-fb881dc2-6ae3-4222-b006-633cb3d20d85 tempest-AttachVolumeMultiAttachTest-522214938 tempest-AttachVolumeMultiAttachTest-522214938-project-member] Filtered [(np0000002477, np0000002477) ram: 23518MB disk: 75776MB io_ops: 0 instances: 0, allocation_candidates: 1] {{(pid=95754) _get_sorted_hosts /opt/stack/nova/nova/scheduler/manager.py:743}}
Jun 09 18:54:02.736200 np0000002477 nova-scheduler[95754]: DEBUG nova.scheduler.manager [None req-fb881dc2-6ae3-4222-b006-633cb3d20d85 tempest-AttachVolumeMultiAttachTest-522214938 tempest-AttachVolumeMultiAttachTest-522214938-project-member] Weighed [WeighedHost [host: (np0000002477, np0000002477) ram: 23518MB disk: 75776MB io_ops: 0 instances: 0, allocation_candidates: 1, weight: 0.0]] {{(pid=95754) _get_sorted_hosts /opt/stack/nova/nova/scheduler/manager.py:765}}
Jun 09 18:54:02.736457 np0000002477 nova-scheduler[95754]: DEBUG nova.scheduler.utils [None req-fb881dc2-6ae3-4222-b006-633cb3d20d85 tempest-AttachVolumeMultiAttachTest-522214938 tempest-AttachVolumeMultiAttachTest-522214938-project-member] Attempting to claim resources in the placement API for instance 562c6f39-1ec0-45e6-8a18-69d4509ca884 {{(pid=95754) claim_resources /opt/stack/nova/nova/scheduler/utils.py:1345}}
Jun 09 18:54:02.896616 np0000002477 nova-scheduler[95754]: DEBUG nova.scheduler.manager [None req-fb881dc2-6ae3-4222-b006-633cb3d20d85 tempest-AttachVolumeMultiAttachTest-522214938 tempest-AttachVolumeMultiAttachTest-522214938-project-member] [instance: 562c6f39-1ec0-45e6-8a18-69d4509ca884] Selected host: (np0000002477, np0000002477) ram: 23518MB disk: 75776MB io_ops: 0 instances: 0, allocation_candidates: 1 {{(pid=95754) _consume_selected_host /opt/stack/nova/nova/scheduler/manager.py:625}}
Jun 09 18:54:02.896860 np0000002477 nova-scheduler[95754]: DEBUG oslo_concurrency.lockutils [None req-fb881dc2-6ae3-4222-b006-633cb3d20d85 tempest-AttachVolumeMultiAttachTest-522214938 tempest-AttachVolumeMultiAttachTest-522214938-project-member] Acquiring lock "('np0000002477', 'np0000002477')" by "nova.scheduler.host_manager.HostState.consume_from_request.._locked" {{(pid=95754) inner /opt/stack/data/venv/lib/python3.12/site-packages/oslo_concurrency/lockutils.py:511}}
Jun 09 18:54:02.897162 np0000002477 nova-scheduler[95754]: DEBUG oslo_concurrency.lockutils [None req-fb881dc2-6ae3-4222-b006-633cb3d20d85 tempest-AttachVolumeMultiAttachTest-522214938 tempest-AttachVolumeMultiAttachTest-522214938-project-member] Lock "('np0000002477', 'np0000002477')" acquired by "nova.scheduler.host_manager.HostState.consume_from_request.._locked" :: waited 0.000s {{(pid=95754) inner /opt/stack/data/venv/lib/python3.12/site-packages/oslo_concurrency/lockutils.py:524}}
Jun 09 18:54:02.897162 np0000002477 nova-scheduler[95754]: DEBUG oslo_concurrency.lockutils [None req-fb881dc2-6ae3-4222-b006-633cb3d20d85 tempest-AttachVolumeMultiAttachTest-522214938 tempest-AttachVolumeMultiAttachTest-522214938-project-member] Lock "('np0000002477', 'np0000002477')" "released" by "nova.scheduler.host_manager.HostState.consume_from_request.._locked" :: held 0.000s {{(pid=95754) inner /opt/stack/data/venv/lib/python3.12/site-packages/oslo_concurrency/lockutils.py:543}}
Jun 09 18:54:04.712952 np0000002477 nova-scheduler[95751]: DEBUG nova.scheduler.manager [None req-991c32a8-a237-461d-aa74-217f6fb96a59 tempest-TaggedAttachmentsTest-1767831787 tempest-TaggedAttachmentsTest-1767831787-project-member] Starting to schedule for instances: ['70efb1f2-688f-4920-8573-9c1a66de6104'] {{(pid=95751) select_destinations /opt/stack/nova/nova/scheduler/manager.py:210}}
Jun 09 18:54:04.714677 np0000002477 nova-scheduler[95751]: DEBUG nova.scheduler.request_filter [None req-991c32a8-a237-461d-aa74-217f6fb96a59 tempest-TaggedAttachmentsTest-1767831787 tempest-TaggedAttachmentsTest-1767831787-project-member] compute_status_filter request filter added forbidden trait COMPUTE_STATUS_DISABLED {{(pid=95751) compute_status_filter /opt/stack/nova/nova/scheduler/request_filter.py:253}}
Jun 09 18:54:04.714677 np0000002477 nova-scheduler[95751]: DEBUG nova.scheduler.request_filter [None req-991c32a8-a237-461d-aa74-217f6fb96a59 tempest-TaggedAttachmentsTest-1767831787 tempest-TaggedAttachmentsTest-1767831787-project-member] Request filter 'compute_status_filter' took 0.0 seconds {{(pid=95751) wrapper /opt/stack/nova/nova/scheduler/request_filter.py:46}}
Jun 09 18:54:04.714677 np0000002477 nova-scheduler[95751]: DEBUG nova.scheduler.request_filter [None req-991c32a8-a237-461d-aa74-217f6fb96a59 tempest-TaggedAttachmentsTest-1767831787 tempest-TaggedAttachmentsTest-1767831787-project-member] Request filter 'accelerators_filter' took 0.0 seconds {{(pid=95751) wrapper /opt/stack/nova/nova/scheduler/request_filter.py:46}}
Jun 09 18:54:04.714677 np0000002477 nova-scheduler[95751]: DEBUG nova.scheduler.request_filter [None req-991c32a8-a237-461d-aa74-217f6fb96a59 tempest-TaggedAttachmentsTest-1767831787 tempest-TaggedAttachmentsTest-1767831787-project-member] Request filter 'packed_virtqueue_filter' took 0.0 seconds {{(pid=95751) wrapper /opt/stack/nova/nova/scheduler/request_filter.py:46}}
Jun 09 18:54:04.714943 np0000002477 nova-scheduler[95751]: DEBUG nova.scheduler.request_filter [None req-991c32a8-a237-461d-aa74-217f6fb96a59 tempest-TaggedAttachmentsTest-1767831787 tempest-TaggedAttachmentsTest-1767831787-project-member] Request filter 'remote_managed_ports_filter' took 0.0 seconds {{(pid=95751) wrapper /opt/stack/nova/nova/scheduler/request_filter.py:46}}
Jun 09 18:54:04.714943 np0000002477 nova-scheduler[95751]: DEBUG nova.scheduler.request_filter [None req-991c32a8-a237-461d-aa74-217f6fb96a59 tempest-TaggedAttachmentsTest-1767831787 tempest-TaggedAttachmentsTest-1767831787-project-member] ephemeral_encryption_filter skipped {{(pid=95751) ephemeral_encryption_filter /opt/stack/nova/nova/scheduler/request_filter.py:426}}
Jun 09 18:54:04.715128 np0000002477 nova-scheduler[95751]: DEBUG nova.scheduler.request_filter [None req-991c32a8-a237-461d-aa74-217f6fb96a59 tempest-TaggedAttachmentsTest-1767831787 tempest-TaggedAttachmentsTest-1767831787-project-member] virtio_sound_filter skipped {{(pid=95751) virtio_sound_filter /opt/stack/nova/nova/scheduler/request_filter.py:460}}
Jun 09 18:54:04.715345 np0000002477 nova-scheduler[95751]: DEBUG nova.scheduler.request_filter [None req-991c32a8-a237-461d-aa74-217f6fb96a59 tempest-TaggedAttachmentsTest-1767831787 tempest-TaggedAttachmentsTest-1767831787-project-member] tpm_secret_security_filter skipped {{(pid=95751) tpm_secret_security_filter /opt/stack/nova/nova/scheduler/request_filter.py:477}}
Jun 09 18:54:04.834885 np0000002477 nova-scheduler[95751]: INFO nova.utils [None req-991c32a8-a237-461d-aa74-217f6fb96a59 tempest-TaggedAttachmentsTest-1767831787 tempest-TaggedAttachmentsTest-1767831787-project-member] The cell worker thread pool ForkProcess-2.cell_worker is initialized
Jun 09 18:54:04.835543 np0000002477 nova-scheduler[95751]: DEBUG oslo_concurrency.lockutils [None req-991c32a8-a237-461d-aa74-217f6fb96a59 tempest-TaggedAttachmentsTest-1767831787 tempest-TaggedAttachmentsTest-1767831787-project-member] Acquiring lock "f42c5a8f-c09b-470f-b060-3bfcad82924e" by "nova.context.set_target_cell..get_or_set_cached_cell_and_set_connections" {{(pid=95751) inner /opt/stack/data/venv/lib/python3.12/site-packages/oslo_concurrency/lockutils.py:511}}
Jun 09 18:54:04.835942 np0000002477 nova-scheduler[95751]: DEBUG oslo_concurrency.lockutils [None req-991c32a8-a237-461d-aa74-217f6fb96a59 tempest-TaggedAttachmentsTest-1767831787 tempest-TaggedAttachmentsTest-1767831787-project-member] Lock "f42c5a8f-c09b-470f-b060-3bfcad82924e" acquired by "nova.context.set_target_cell..get_or_set_cached_cell_and_set_connections" :: waited 0.000s {{(pid=95751) inner /opt/stack/data/venv/lib/python3.12/site-packages/oslo_concurrency/lockutils.py:524}}
Jun 09 18:54:04.837928 np0000002477 nova-scheduler[95751]: DEBUG oslo_concurrency.lockutils [None req-991c32a8-a237-461d-aa74-217f6fb96a59 tempest-TaggedAttachmentsTest-1767831787 tempest-TaggedAttachmentsTest-1767831787-project-member] Lock "f42c5a8f-c09b-470f-b060-3bfcad82924e" "released" by "nova.context.set_target_cell..get_or_set_cached_cell_and_set_connections" :: held 0.002s {{(pid=95751) inner /opt/stack/data/venv/lib/python3.12/site-packages/oslo_concurrency/lockutils.py:543}}
Jun 09 18:54:04.839801 np0000002477 nova-scheduler[95751]: INFO dbcounter [None req-991c32a8-a237-461d-aa74-217f6fb96a59 tempest-TaggedAttachmentsTest-1767831787 tempest-TaggedAttachmentsTest-1767831787-project-member] Registered counter for database nova_cell1
Jun 09 18:54:04.891102 np0000002477 nova-scheduler[95751]: DEBUG oslo_db.sqlalchemy.engines [None req-991c32a8-a237-461d-aa74-217f6fb96a59 tempest-TaggedAttachmentsTest-1767831787 tempest-TaggedAttachmentsTest-1767831787-project-member] MySQL server mode set to STRICT_TRANS_TABLES,STRICT_ALL_TABLES,NO_ZERO_IN_DATE,NO_ZERO_DATE,ERROR_FOR_DIVISION_BY_ZERO,TRADITIONAL,NO_ENGINE_SUBSTITUTION {{(pid=95751) _check_effective_sql_mode /opt/stack/data/venv/lib/python3.12/site-packages/oslo_db/sqlalchemy/engines.py:325}}
Jun 09 18:54:04.896640 np0000002477 nova-scheduler[95751]: DEBUG dbcounter [-] [95751] Writer thread running {{(pid=95751) stat_writer /opt/stack/data/venv/lib/python3.12/site-packages/dbcounter.py:102}}
Jun 09 18:54:04.950506 np0000002477 nova-scheduler[95751]: DEBUG dbcounter [-] [95751] Writer thread running {{(pid=95751) stat_writer /opt/stack/data/venv/lib/python3.12/site-packages/dbcounter.py:102}}
Jun 09 18:54:04.953583 np0000002477 nova-scheduler[95751]: DEBUG oslo_concurrency.lockutils [None req-991c32a8-a237-461d-aa74-217f6fb96a59 tempest-TaggedAttachmentsTest-1767831787 tempest-TaggedAttachmentsTest-1767831787-project-member] Acquiring lock "f42c5a8f-c09b-470f-b060-3bfcad82924e" by "nova.context.set_target_cell..get_or_set_cached_cell_and_set_connections" {{(pid=95751) inner /opt/stack/data/venv/lib/python3.12/site-packages/oslo_concurrency/lockutils.py:511}}
Jun 09 18:54:04.953767 np0000002477 nova-scheduler[95751]: DEBUG oslo_concurrency.lockutils [None req-991c32a8-a237-461d-aa74-217f6fb96a59 tempest-TaggedAttachmentsTest-1767831787 tempest-TaggedAttachmentsTest-1767831787-project-member] Lock "f42c5a8f-c09b-470f-b060-3bfcad82924e" acquired by "nova.context.set_target_cell..get_or_set_cached_cell_and_set_connections" :: waited 0.000s {{(pid=95751) inner /opt/stack/data/venv/lib/python3.12/site-packages/oslo_concurrency/lockutils.py:524}}
Jun 09 18:54:04.953857 np0000002477 nova-scheduler[95751]: DEBUG oslo_concurrency.lockutils [None req-991c32a8-a237-461d-aa74-217f6fb96a59 tempest-TaggedAttachmentsTest-1767831787 tempest-TaggedAttachmentsTest-1767831787-project-member] Lock "f42c5a8f-c09b-470f-b060-3bfcad82924e" "released" by "nova.context.set_target_cell..get_or_set_cached_cell_and_set_connections" :: held 0.000s {{(pid=95751) inner /opt/stack/data/venv/lib/python3.12/site-packages/oslo_concurrency/lockutils.py:543}}
Jun 09 18:54:04.957063 np0000002477 nova-scheduler[95751]: DEBUG oslo_concurrency.lockutils [None req-991c32a8-a237-461d-aa74-217f6fb96a59 tempest-TaggedAttachmentsTest-1767831787 tempest-TaggedAttachmentsTest-1767831787-project-member] Acquiring lock "('np0000002477', 'np0000002477')" by "nova.scheduler.host_manager.HostState.update.._locked_update" {{(pid=95751) inner /opt/stack/data/venv/lib/python3.12/site-packages/oslo_concurrency/lockutils.py:511}}
Jun 09 18:54:04.957175 np0000002477 nova-scheduler[95751]: DEBUG oslo_concurrency.lockutils [None req-991c32a8-a237-461d-aa74-217f6fb96a59 tempest-TaggedAttachmentsTest-1767831787 tempest-TaggedAttachmentsTest-1767831787-project-member] Lock "('np0000002477', 'np0000002477')" acquired by "nova.scheduler.host_manager.HostState.update.._locked_update" :: waited 0.000s {{(pid=95751) inner /opt/stack/data/venv/lib/python3.12/site-packages/oslo_concurrency/lockutils.py:524}}
