Jun 09 18:50:49.258408 np0000002477 devstack@neutron-api.service[90014]: DEBUG neutron_lib.callbacks.manager [None req-930d0949-20aa-4ae8-b69e-c4348d413e4e None None] Subscribe: > trunk_plugin after_init 55550000, False {{(pid=90014) subscribe /opt/stack/data/venv/lib/python3.12/site-packages/neutron_lib/callbacks/manager.py:52}}
Jun 09 18:50:49.258583 np0000002477 devstack@neutron-api.service[90014]: DEBUG neutron_lib.callbacks.manager [None req-930d0949-20aa-4ae8-b69e-c4348d413e4e None None] Subscribe: > logging-plugin after_init 55550000, False {{(pid=90014) subscribe /opt/stack/data/venv/lib/python3.12/site-packages/neutron_lib/callbacks/manager.py:52}}
Jun 09 18:50:49.259104 np0000002477 devstack@neutron-api.service[90014]: INFO neutron.services.logapi.drivers.ovn.driver [None req-930d0949-20aa-4ae8-b69e-c4348d413e4e None None] OVN logging driver registered
Jun 09 18:50:49.259208 np0000002477 devstack@neutron-api.service[90014]: DEBUG neutron_lib.callbacks.manager [None req-930d0949-20aa-4ae8-b69e-c4348d413e4e None None] Subscribe: ._register_pvlan_driver at 0x7c76cf6e5ee0> pvlan_plugin before_spawn 55550000, False {{(pid=90014) subscribe /opt/stack/data/venv/lib/python3.12/site-packages/neutron_lib/callbacks/manager.py:52}}
Jun 09 18:50:49.259362 np0000002477 devstack@neutron-api.service[90014]: DEBUG neutron_lib.callbacks.manager [None req-930d0949-20aa-4ae8-b69e-c4348d413e4e None None] Subscribe: process after_init 55550000, False {{(pid=90014) subscribe /opt/stack/data/venv/lib/python3.12/site-packages/neutron_lib/callbacks/manager.py:52}}
Jun 09 18:50:49.261408 np0000002477 devstack@neutron-api.service[90014]: DEBUG neutron.plugins.ml2.plugin [None req-930d0949-20aa-4ae8-b69e-c4348d413e4e None None] neutron.plugins.ml2.plugin.Ml2Plugin method _start_rpc_notifiers called with arguments () {} {{(pid=90014) wrapper /opt/stack/data/venv/lib/python3.12/site-packages/oslo_log/helpers.py:77}}
Jun 09 18:50:49.261821 np0000002477 devstack@neutron-api.service[90014]: DEBUG neutron_lib.callbacks.manager [None req-930d0949-20aa-4ae8-b69e-c4348d413e4e None None] Subscribe: > port after_create 55550000, False {{(pid=90014) subscribe /opt/stack/data/venv/lib/python3.12/site-packages/neutron_lib/callbacks/manager.py:52}}
Jun 09 18:50:49.261970 np0000002477 devstack@neutron-api.service[90014]: DEBUG neutron_lib.callbacks.manager [None req-930d0949-20aa-4ae8-b69e-c4348d413e4e None None] Subscribe: > port after_update 55550000, False {{(pid=90014) subscribe /opt/stack/data/venv/lib/python3.12/site-packages/neutron_lib/callbacks/manager.py:52}}
Jun 09 18:50:49.262101 np0000002477 devstack@neutron-api.service[90014]: DEBUG neutron_lib.callbacks.manager [None req-930d0949-20aa-4ae8-b69e-c4348d413e4e None None] Subscribe: > port after_delete 55550000, False {{(pid=90014) subscribe /opt/stack/data/venv/lib/python3.12/site-packages/neutron_lib/callbacks/manager.py:52}}
Jun 09 18:50:49.262230 np0000002477 devstack@neutron-api.service[90014]: DEBUG neutron_lib.callbacks.manager [None req-930d0949-20aa-4ae8-b69e-c4348d413e4e None None] Subscribe: > subnet after_create 55550000, False {{(pid=90014) subscribe /opt/stack/data/venv/lib/python3.12/site-packages/neutron_lib/callbacks/manager.py:52}}
Jun 09 18:50:49.262370 np0000002477 devstack@neutron-api.service[90014]: DEBUG neutron_lib.callbacks.manager [None req-930d0949-20aa-4ae8-b69e-c4348d413e4e None None] Subscribe: > subnet after_update 55550000, False {{(pid=90014) subscribe /opt/stack/data/venv/lib/python3.12/site-packages/neutron_lib/callbacks/manager.py:52}}
Jun 09 18:50:49.262483 np0000002477 devstack@neutron-api.service[90014]: DEBUG neutron_lib.callbacks.manager [None req-930d0949-20aa-4ae8-b69e-c4348d413e4e None None] Subscribe: > subnet after_delete 55550000, False {{(pid=90014) subscribe /opt/stack/data/venv/lib/python3.12/site-packages/neutron_lib/callbacks/manager.py:52}}
Jun 09 18:50:49.262623 np0000002477 devstack@neutron-api.service[90014]: DEBUG neutron_lib.callbacks.manager [None req-930d0949-20aa-4ae8-b69e-c4348d413e4e None None] Subscribe: > network after_create 55550000, False {{(pid=90014) subscribe /opt/stack/data/venv/lib/python3.12/site-packages/neutron_lib/callbacks/manager.py:52}}
Jun 09 18:50:49.262732 np0000002477 devstack@neutron-api.service[90014]: DEBUG neutron_lib.callbacks.manager [None req-930d0949-20aa-4ae8-b69e-c4348d413e4e None None] Subscribe: > network after_update 55550000, False {{(pid=90014) subscribe /opt/stack/data/venv/lib/python3.12/site-packages/neutron_lib/callbacks/manager.py:52}}
Jun 09 18:50:49.262822 np0000002477 devstack@neutron-api.service[90014]: DEBUG neutron_lib.callbacks.manager [None req-930d0949-20aa-4ae8-b69e-c4348d413e4e None None] Subscribe: > network after_delete 55550000, False {{(pid=90014) subscribe /opt/stack/data/venv/lib/python3.12/site-packages/neutron_lib/callbacks/manager.py:52}}
Jun 09 18:50:49.262957 np0000002477 devstack@neutron-api.service[90014]: DEBUG neutron_lib.callbacks.manager [None req-930d0949-20aa-4ae8-b69e-c4348d413e4e None None] Subscribe: > security_group after_create 55550000, False {{(pid=90014) subscribe /opt/stack/data/venv/lib/python3.12/site-packages/neutron_lib/callbacks/manager.py:52}}
Jun 09 18:50:49.263082 np0000002477 devstack@neutron-api.service[90014]: DEBUG neutron_lib.callbacks.manager [None req-930d0949-20aa-4ae8-b69e-c4348d413e4e None None] Subscribe: > security_group after_update 55550000, False {{(pid=90014) subscribe /opt/stack/data/venv/lib/python3.12/site-packages/neutron_lib/callbacks/manager.py:52}}
Jun 09 18:50:49.263190 np0000002477 devstack@neutron-api.service[90014]: DEBUG neutron_lib.callbacks.manager [None req-930d0949-20aa-4ae8-b69e-c4348d413e4e None None] Subscribe: > security_group after_delete 55550000, False {{(pid=90014) subscribe /opt/stack/data/venv/lib/python3.12/site-packages/neutron_lib/callbacks/manager.py:52}}
Jun 09 18:50:49.263323 np0000002477 devstack@neutron-api.service[90014]: DEBUG neutron_lib.callbacks.manager [None req-930d0949-20aa-4ae8-b69e-c4348d413e4e None None] Subscribe: > security_group_rule after_create 55550000, False {{(pid=90014) subscribe /opt/stack/data/venv/lib/python3.12/site-packages/neutron_lib/callbacks/manager.py:52}}
Jun 09 18:50:49.263457 np0000002477 devstack@neutron-api.service[90014]: DEBUG neutron_lib.callbacks.manager [None req-930d0949-20aa-4ae8-b69e-c4348d413e4e None None] Subscribe: > security_group_rule after_update 55550000, False {{(pid=90014) subscribe /opt/stack/data/venv/lib/python3.12/site-packages/neutron_lib/callbacks/manager.py:52}}
Jun 09 18:50:49.263600 np0000002477 devstack@neutron-api.service[90014]: DEBUG neutron_lib.callbacks.manager [None req-930d0949-20aa-4ae8-b69e-c4348d413e4e None None] Subscribe: > security_group_rule after_delete 55550000, False {{(pid=90014) subscribe /opt/stack/data/venv/lib/python3.12/site-packages/neutron_lib/callbacks/manager.py:52}}
Jun 09 18:50:49.263740 np0000002477 devstack@neutron-api.service[90014]: DEBUG neutron_lib.callbacks.manager [None req-930d0949-20aa-4ae8-b69e-c4348d413e4e None None] Subscribe: > address_group after_create 55550000, False {{(pid=90014) subscribe /opt/stack/data/venv/lib/python3.12/site-packages/neutron_lib/callbacks/manager.py:52}}
Jun 09 18:50:49.263874 np0000002477 devstack@neutron-api.service[90014]: DEBUG neutron_lib.callbacks.manager [None req-930d0949-20aa-4ae8-b69e-c4348d413e4e None None] Subscribe: > address_group after_update 55550000, False {{(pid=90014) subscribe /opt/stack/data/venv/lib/python3.12/site-packages/neutron_lib/callbacks/manager.py:52}}
Jun 09 18:50:49.263995 np0000002477 devstack@neutron-api.service[90014]: DEBUG neutron_lib.callbacks.manager [None req-930d0949-20aa-4ae8-b69e-c4348d413e4e None None] Subscribe: > address_group after_delete 55550000, False {{(pid=90014) subscribe /opt/stack/data/venv/lib/python3.12/site-packages/neutron_lib/callbacks/manager.py:52}}
Jun 09 18:50:49.264120 np0000002477 devstack@neutron-api.service[90014]: DEBUG neutron.plugins.ml2.ovo_rpc [None req-930d0949-20aa-4ae8-b69e-c4348d413e4e None None] ML2 OVO RPC backend initialized. {{(pid=90014) __init__ /opt/stack/neutron/neutron/plugins/ml2/ovo_rpc.py:117}}
Jun 09 18:50:49.265237 np0000002477 devstack@neutron-api.service[90014]: INFO neutron.quota [None req-930d0949-20aa-4ae8-b69e-c4348d413e4e None None] Loaded quota_driver: .
Jun 09 18:50:49.265413 np0000002477 devstack@neutron-api.service[90014]: INFO neutron.plugins.ml2.plugin [None req-930d0949-20aa-4ae8-b69e-c4348d413e4e None None] Modular L2 Plugin initialization complete
Jun 09 18:50:49.265735 np0000002477 devstack@neutron-api.service[90014]: DEBUG neutron.manager [None req-930d0949-20aa-4ae8-b69e-c4348d413e4e None None] Loading services supported by the core plugin {{(pid=90014) _load_services_from_core_plugin /opt/stack/neutron/neutron/manager.py:170}}
Jun 09 18:50:49.265735 np0000002477 devstack@neutron-api.service[90014]: INFO neutron.plugins.ml2.managers [None req-930d0949-20aa-4ae8-b69e-c4348d413e4e None None] Got port-security extension from driver 'port_security'
Jun 09 18:50:49.266080 np0000002477 devstack@neutron-api.service[90014]: DEBUG neutron.manager [None req-930d0949-20aa-4ae8-b69e-c4348d413e4e None None] Loading service plugins: ['ovn-router', 'auto_allocate', 'tag', 'timestamp', 'network_ip_availability', 'flavors', 'revisions'] {{(pid=90014) _load_service_plugins /opt/stack/neutron/neutron/manager.py:195}}
Jun 09 18:50:49.266080 np0000002477 devstack@neutron-api.service[90014]: INFO neutron.manager [None req-930d0949-20aa-4ae8-b69e-c4348d413e4e None None] Loading Plugin: ovn-router
Jun 09 18:50:49.280117 np0000002477 devstack@neutron-api.service[90014]: DEBUG neutron_lib.callbacks.manager [None req-930d0949-20aa-4ae8-b69e-c4348d413e4e None None] Subscribe: > router before_delete 55550000, False {{(pid=90014) subscribe /opt/stack/data/venv/lib/python3.12/site-packages/neutron_lib/callbacks/manager.py:52}}
Jun 09 18:50:49.280378 np0000002477 devstack@neutron-api.service[90014]: DEBUG neutron_lib.callbacks.manager [None req-930d0949-20aa-4ae8-b69e-c4348d413e4e None None] Subscribe: port before_update 55550000, False {{(pid=90014) subscribe /opt/stack/data/venv/lib/python3.12/site-packages/neutron_lib/callbacks/manager.py:52}}
Jun 09 18:50:49.280534 np0000002477 devstack@neutron-api.service[90014]: DEBUG neutron_lib.callbacks.manager [None req-930d0949-20aa-4ae8-b69e-c4348d413e4e None None] Subscribe: port after_update 55550000, False {{(pid=90014) subscribe /opt/stack/data/venv/lib/python3.12/site-packages/neutron_lib/callbacks/manager.py:52}}
Jun 09 18:50:49.280678 np0000002477 devstack@neutron-api.service[90014]: DEBUG neutron_lib.callbacks.manager [None req-930d0949-20aa-4ae8-b69e-c4348d413e4e None None] Subscribe: > port precommit_delete 55550000, False {{(pid=90014) subscribe /opt/stack/data/venv/lib/python3.12/site-packages/neutron_lib/callbacks/manager.py:52}}
Jun 09 18:50:49.280819 np0000002477 devstack@neutron-api.service[90014]: DEBUG neutron_lib.callbacks.manager [None req-930d0949-20aa-4ae8-b69e-c4348d413e4e None None] Subscribe: port before_update 55550000, False {{(pid=90014) subscribe /opt/stack/data/venv/lib/python3.12/site-packages/neutron_lib/callbacks/manager.py:52}}
Jun 09 18:50:49.280921 np0000002477 devstack@neutron-api.service[90014]: DEBUG neutron_lib.callbacks.manager [None req-930d0949-20aa-4ae8-b69e-c4348d413e4e None None] Subscribe: port before_delete 55550000, False {{(pid=90014) subscribe /opt/stack/data/venv/lib/python3.12/site-packages/neutron_lib/callbacks/manager.py:52}}
Jun 09 18:50:49.281047 np0000002477 devstack@neutron-api.service[90014]: DEBUG neutron_lib.callbacks.manager [None req-930d0949-20aa-4ae8-b69e-c4348d413e4e None None] Subscribe: > router precommit_create 55550000, False {{(pid=90014) subscribe /opt/stack/data/venv/lib/python3.12/site-packages/neutron_lib/callbacks/manager.py:52}}
Jun 09 18:50:49.281193 np0000002477 devstack@neutron-api.service[90014]: DEBUG neutron_lib.callbacks.manager [None req-930d0949-20aa-4ae8-b69e-c4348d413e4e None None] Subscribe: > router precommit_create 55550000, False {{(pid=90014) subscribe /opt/stack/data/venv/lib/python3.12/site-packages/neutron_lib/callbacks/manager.py:52}}
Jun 09 18:50:49.281360 np0000002477 devstack@neutron-api.service[90014]: DEBUG neutron_lib.callbacks.manager [None req-930d0949-20aa-4ae8-b69e-c4348d413e4e None None] Subscribe: > router precommit_update 55550000, False {{(pid=90014) subscribe /opt/stack/data/venv/lib/python3.12/site-packages/neutron_lib/callbacks/manager.py:52}}
Jun 09 18:50:49.281526 np0000002477 devstack@neutron-api.service[90014]: DEBUG neutron_lib.callbacks.manager [None req-930d0949-20aa-4ae8-b69e-c4348d413e4e None None] Subscribe: subnet after_update 55550000, False {{(pid=90014) subscribe /opt/stack/data/venv/lib/python3.12/site-packages/neutron_lib/callbacks/manager.py:52}}
Jun 09 18:50:49.281804 np0000002477 devstack@neutron-api.service[90014]: DEBUG neutron.quota.resource_registry [None req-930d0949-20aa-4ae8-b69e-c4348d413e4e None None] Tracking information for resource: router configured {{(pid=90014) set_tracked_resource /opt/stack/neutron/neutron/quota/resource_registry.py:203}}
Jun 09 18:50:49.281922 np0000002477 devstack@neutron-api.service[90014]: DEBUG neutron.quota.resource_registry [None req-930d0949-20aa-4ae8-b69e-c4348d413e4e None None] Tracking information for resource: floatingip configured {{(pid=90014) set_tracked_resource /opt/stack/neutron/neutron/quota/resource_registry.py:203}}
Jun 09 18:50:49.282033 np0000002477 devstack@neutron-api.service[90014]: INFO neutron.services.ovn_l3.plugin [None req-930d0949-20aa-4ae8-b69e-c4348d413e4e None None] Starting OVNL3RouterPlugin
Jun 09 18:50:49.285656 np0000002477 devstack@neutron-api.service[90014]: DEBUG neutron_lib.callbacks.manager [None req-930d0949-20aa-4ae8-b69e-c4348d413e4e None None] Subscribe: > port_forwarding_plugin after_init 55550000, False {{(pid=90014) subscribe /opt/stack/data/venv/lib/python3.12/site-packages/neutron_lib/callbacks/manager.py:52}}
Jun 09 18:50:49.285656 np0000002477 devstack@neutron-api.service[90014]: DEBUG neutron_lib.callbacks.manager [None req-930d0949-20aa-4ae8-b69e-c4348d413e4e None None] Subscribe: > router before_create 55550100, False {{(pid=90014) subscribe /opt/stack/data/venv/lib/python3.12/site-packages/neutron_lib/callbacks/manager.py:52}}
Jun 09 18:50:49.285656 np0000002477 devstack@neutron-api.service[90014]: DEBUG neutron_lib.callbacks.manager [None req-930d0949-20aa-4ae8-b69e-c4348d413e4e None None] Subscribe: > router precommit_delete 55550100, False {{(pid=90014) subscribe /opt/stack/data/venv/lib/python3.12/site-packages/neutron_lib/callbacks/manager.py:52}}
Jun 09 18:50:49.285656 np0000002477 devstack@neutron-api.service[90014]: DEBUG neutron_lib.callbacks.manager [None req-930d0949-20aa-4ae8-b69e-c4348d413e4e None None] Subscribe: > router precommit_create 55550100, False {{(pid=90014) subscribe /opt/stack/data/venv/lib/python3.12/site-packages/neutron_lib/callbacks/manager.py:52}}
Jun 09 18:50:49.285832 np0000002477 devstack@neutron-api.service[90014]: DEBUG neutron_lib.callbacks.manager [None req-930d0949-20aa-4ae8-b69e-c4348d413e4e None None] Subscribe: > router precommit_update 55550100, False {{(pid=90014) subscribe /opt/stack/data/venv/lib/python3.12/site-packages/neutron_lib/callbacks/manager.py:52}}
Jun 09 18:50:49.288318 np0000002477 devstack@neutron-api.service[90014]: DEBUG neutron.services.provider_configuration [None req-930d0949-20aa-4ae8-b69e-c4348d413e4e None None] Service providers = [] {{(pid=90014) parse_service_provider_opt /opt/stack/neutron/neutron/services/provider_configuration.py:170}}
Jun 09 18:50:49.288532 np0000002477 devstack@neutron-api.service[90014]: DEBUG neutron.db.servicetype_db [None req-930d0949-20aa-4ae8-b69e-c4348d413e4e None None] Adding provider configuration for service L3_ROUTER_NAT {{(pid=90014) add_provider_configuration /opt/stack/neutron/neutron/db/servicetype_db.py:45}}
Jun 09 18:50:49.292584 np0000002477 devstack@neutron-api.service[90014]: DEBUG neutron_lib.callbacks.manager [None req-930d0949-20aa-4ae8-b69e-c4348d413e4e None None] Subscribe: > router precommit_create 55549900, False {{(pid=90014) subscribe /opt/stack/data/venv/lib/python3.12/site-packages/neutron_lib/callbacks/manager.py:52}}
Jun 09 18:50:49.292584 np0000002477 devstack@neutron-api.service[90014]: DEBUG neutron_lib.callbacks.manager [None req-930d0949-20aa-4ae8-b69e-c4348d413e4e None None] Subscribe: > router_interface after_create 55550000, False {{(pid=90014) subscribe /opt/stack/data/venv/lib/python3.12/site-packages/neutron_lib/callbacks/manager.py:52}}
Jun 09 18:50:49.292584 np0000002477 devstack@neutron-api.service[90014]: DEBUG neutron_lib.callbacks.manager [None req-930d0949-20aa-4ae8-b69e-c4348d413e4e None None] Subscribe: > floatingip after_create 55550000, False {{(pid=90014) subscribe /opt/stack/data/venv/lib/python3.12/site-packages/neutron_lib/callbacks/manager.py:52}}
Jun 09 18:50:49.292584 np0000002477 devstack@neutron-api.service[90014]: DEBUG neutron_lib.callbacks.manager [None req-930d0949-20aa-4ae8-b69e-c4348d413e4e None None] Subscribe: > floatingip precommit_create 55550000, False {{(pid=90014) subscribe /opt/stack/data/venv/lib/python3.12/site-packages/neutron_lib/callbacks/manager.py:52}}
Jun 09 18:50:49.292959 np0000002477 devstack@neutron-api.service[90014]: DEBUG neutron_lib.callbacks.manager [None req-930d0949-20aa-4ae8-b69e-c4348d413e4e None None] Subscribe: > floatingip precommit_update 55550000, False {{(pid=90014) subscribe /opt/stack/data/venv/lib/python3.12/site-packages/neutron_lib/callbacks/manager.py:52}}
Jun 09 18:50:49.292959 np0000002477 devstack@neutron-api.service[90014]: DEBUG neutron_lib.callbacks.manager [None req-930d0949-20aa-4ae8-b69e-c4348d413e4e None None] Subscribe: > floatingip after_delete 55550000, False {{(pid=90014) subscribe /opt/stack/data/venv/lib/python3.12/site-packages/neutron_lib/callbacks/manager.py:52}}
Jun 09 18:50:49.292959 np0000002477 devstack@neutron-api.service[90014]: DEBUG neutron_lib.callbacks.manager [None req-930d0949-20aa-4ae8-b69e-c4348d413e4e None None] Subscribe: > floatingip after_status_update 55550000, False {{(pid=90014) subscribe /opt/stack/data/venv/lib/python3.12/site-packages/neutron_lib/callbacks/manager.py:52}}
Jun 09 18:50:49.292959 np0000002477 devstack@neutron-api.service[90014]: DEBUG neutron_lib.callbacks.manager [None req-930d0949-20aa-4ae8-b69e-c4348d413e4e None None] Subscribe: > floatingip after_update 55550000, False {{(pid=90014) subscribe /opt/stack/data/venv/lib/python3.12/site-packages/neutron_lib/callbacks/manager.py:52}}
Jun 09 18:50:49.293325 np0000002477 devstack@neutron-api.service[90014]: DEBUG neutron_lib.callbacks.manager [None req-930d0949-20aa-4ae8-b69e-c4348d413e4e None None] Subscribe: > port_forwarding after_create 55550000, False {{(pid=90014) subscribe /opt/stack/data/venv/lib/python3.12/site-packages/neutron_lib/callbacks/manager.py:52}}
Jun 09 18:50:49.293325 np0000002477 devstack@neutron-api.service[90014]: DEBUG neutron_lib.callbacks.manager [None req-930d0949-20aa-4ae8-b69e-c4348d413e4e None None] Subscribe: > router_interface after_delete 55550000, False {{(pid=90014) subscribe /opt/stack/data/venv/lib/python3.12/site-packages/neutron_lib/callbacks/manager.py:52}}
Jun 09 18:50:49.293325 np0000002477 devstack@neutron-api.service[90014]: DEBUG neutron_lib.callbacks.manager [None req-930d0949-20aa-4ae8-b69e-c4348d413e4e None None] Subscribe: > router after_create 55550000, False {{(pid=90014) subscribe /opt/stack/data/venv/lib/python3.12/site-packages/neutron_lib/callbacks/manager.py:52}}
Jun 09 18:50:49.293325 np0000002477 devstack@neutron-api.service[90014]: DEBUG neutron_lib.callbacks.manager [None req-930d0949-20aa-4ae8-b69e-c4348d413e4e None None] Subscribe: > router precommit_create 55550000, False {{(pid=90014) subscribe /opt/stack/data/venv/lib/python3.12/site-packages/neutron_lib/callbacks/manager.py:52}}
Jun 09 18:50:49.293544 np0000002477 devstack@neutron-api.service[90014]: DEBUG neutron_lib.callbacks.manager [None req-930d0949-20aa-4ae8-b69e-c4348d413e4e None None] Subscribe: > router after_delete 55550000, False {{(pid=90014) subscribe /opt/stack/data/venv/lib/python3.12/site-packages/neutron_lib/callbacks/manager.py:52}}
Jun 09 18:50:49.293544 np0000002477 devstack@neutron-api.service[90014]: DEBUG neutron_lib.callbacks.manager [None req-930d0949-20aa-4ae8-b69e-c4348d413e4e None None] Subscribe: > router after_update 55550000, False {{(pid=90014) subscribe /opt/stack/data/venv/lib/python3.12/site-packages/neutron_lib/callbacks/manager.py:52}}
Jun 09 18:50:49.293544 np0000002477 devstack@neutron-api.service[90014]: DEBUG neutron.services.service_base [None req-930d0949-20aa-4ae8-b69e-c4348d413e4e None None] Loaded 'neutron.services.ovn_l3.service_providers.ovn.OvnDriver' provider for service L3_ROUTER_NAT {{(pid=90014) load_drivers /opt/stack/neutron/neutron/services/service_base.py:49}}
Jun 09 18:50:49.293544 np0000002477 devstack@neutron-api.service[90014]: DEBUG neutron_lib.callbacks.manager [None req-930d0949-20aa-4ae8-b69e-c4348d413e4e None None] Subscribe: > process after_init 55550001, True {{(pid=90014) subscribe /opt/stack/data/venv/lib/python3.12/site-packages/neutron_lib/callbacks/manager.py:52}}
Jun 09 18:50:49.293544 np0000002477 devstack@neutron-api.service[90014]: DEBUG neutron.manager [None req-930d0949-20aa-4ae8-b69e-c4348d413e4e None None] Successfully loaded L3_ROUTER_NAT plugin. Description: L3 Router Service Plugin for basic L3 forwarding using OVN {{(pid=90014) _create_and_add_service_plugin /opt/stack/neutron/neutron/manager.py:239}}
Jun 09 18:50:49.293694 np0000002477 devstack@neutron-api.service[90014]: INFO neutron.manager [None req-930d0949-20aa-4ae8-b69e-c4348d413e4e None None] Loading Plugin: auto_allocate
Jun 09 18:50:49.293694 np0000002477 devstack@neutron-api.service[90014]: DEBUG neutron_lib.callbacks.manager [None req-930d0949-20aa-4ae8-b69e-c4348d413e4e None None] Subscribe: network precommit_update 55550000, False {{(pid=90014) subscribe /opt/stack/data/venv/lib/python3.12/site-packages/neutron_lib/callbacks/manager.py:52}}
Jun 09 18:50:49.293774 np0000002477 devstack@neutron-api.service[90014]: DEBUG neutron_lib.callbacks.manager [None req-930d0949-20aa-4ae8-b69e-c4348d413e4e None None] Subscribe: network precommit_create 55550000, False {{(pid=90014) subscribe /opt/stack/data/venv/lib/python3.12/site-packages/neutron_lib/callbacks/manager.py:52}}
Jun 09 18:50:49.294000 np0000002477 devstack@neutron-api.service[90014]: DEBUG neutron.manager [None req-930d0949-20aa-4ae8-b69e-c4348d413e4e None None] Successfully loaded auto-allocated-topology plugin. Description: Auto Allocated Topology - aka get me a network. {{(pid=90014) _create_and_add_service_plugin /opt/stack/neutron/neutron/manager.py:239}}
Jun 09 18:50:49.294179 np0000002477 devstack@neutron-api.service[90014]: INFO neutron.manager [None req-930d0949-20aa-4ae8-b69e-c4348d413e4e None None] Loading Plugin: tag
Jun 09 18:50:49.297208 np0000002477 devstack@neutron-api.service[90014]: DEBUG neutron.manager [None req-930d0949-20aa-4ae8-b69e-c4348d413e4e None None] Successfully loaded TAG plugin. Description: Tag support {{(pid=90014) _create_and_add_service_plugin /opt/stack/neutron/neutron/manager.py:239}}
Jun 09 18:50:49.297341 np0000002477 devstack@neutron-api.service[90014]: INFO neutron.manager [None req-930d0949-20aa-4ae8-b69e-c4348d413e4e None None] Loading Plugin: timestamp
Jun 09 18:50:49.299563 np0000002477 devstack@neutron-api.service[90015]: INFO neutron.plugins.ml2.drivers.type_vlan [None req-d0872e88-f95d-4eb7-8552-5bf2143d9e27 None None] VlanTypeDriver initialization complete
Jun 09 18:50:49.299563 np0000002477 devstack@neutron-api.service[90015]: INFO neutron.plugins.ml2.managers [None req-d0872e88-f95d-4eb7-8552-5bf2143d9e27 None None] Initializing extension driver 'port_security'
Jun 09 18:50:49.299563 np0000002477 devstack@neutron-api.service[90015]: INFO neutron.plugins.ml2.extensions.port_security [None req-d0872e88-f95d-4eb7-8552-5bf2143d9e27 None None] PortSecurityExtensionDriver initialization complete
Jun 09 18:50:49.299563 np0000002477 devstack@neutron-api.service[90015]: INFO neutron.plugins.ml2.managers [None req-d0872e88-f95d-4eb7-8552-5bf2143d9e27 None None] Initializing extension driver 'qos'
Jun 09 18:50:49.299563 np0000002477 devstack@neutron-api.service[90015]: DEBUG neutron.plugins.ml2.extensions.qos [None req-d0872e88-f95d-4eb7-8552-5bf2143d9e27 None None] QosExtensionDriver initialization complete {{(pid=90015) initialize /opt/stack/neutron/neutron/plugins/ml2/extensions/qos.py:31}}
Jun 09 18:50:49.300122 np0000002477 devstack@neutron-api.service[90014]: DEBUG neutron.manager [None req-930d0949-20aa-4ae8-b69e-c4348d413e4e None None] Successfully loaded timestamp plugin. Description: Adds timestamps to Neutron resources with standard attributes {{(pid=90014) _create_and_add_service_plugin /opt/stack/neutron/neutron/manager.py:239}}
Jun 09 18:50:49.300560 np0000002477 devstack@neutron-api.service[90015]: INFO neutron.plugins.ml2.managers [None req-d0872e88-f95d-4eb7-8552-5bf2143d9e27 None None] Initializing mechanism driver 'ovn'
Jun 09 18:50:49.300634 np0000002477 devstack@neutron-api.service[90014]: INFO neutron.manager [None req-930d0949-20aa-4ae8-b69e-c4348d413e4e None None] Loading Plugin: network_ip_availability
Jun 09 18:50:49.300707 np0000002477 devstack@neutron-api.service[90015]: INFO neutron.plugins.ml2.drivers.ovn.mech_driver.mech_driver [None req-d0872e88-f95d-4eb7-8552-5bf2143d9e27 None None] Starting OVNMechanismDriver
Jun 09 18:50:49.301118 np0000002477 devstack@neutron-api.service[90014]: DEBUG neutron.manager [None req-930d0949-20aa-4ae8-b69e-c4348d413e4e None None] Successfully loaded network-ip-availability plugin. Description: Provides IP availability data for each network and subnet. {{(pid=90014) _create_and_add_service_plugin /opt/stack/neutron/neutron/manager.py:239}}
Jun 09 18:50:49.301351 np0000002477 devstack@neutron-api.service[90014]: INFO neutron.manager [None req-930d0949-20aa-4ae8-b69e-c4348d413e4e None None] Loading Plugin: flavors
Jun 09 18:50:49.301428 np0000002477 devstack@neutron-api.service[90015]: DEBUG neutron_lib.callbacks.manager [None req-d0872e88-f95d-4eb7-8552-5bf2143d9e27 None None] Subscribe: > process before_spawn 55550000, False {{(pid=90015) subscribe /opt/stack/data/venv/lib/python3.12/site-packages/neutron_lib/callbacks/manager.py:52}}
Jun 09 18:50:49.304343 np0000002477 devstack@neutron-api.service[90015]: DEBUG neutron_lib.callbacks.manager [None req-d0872e88-f95d-4eb7-8552-5bf2143d9e27 None None] Subscribe: > process after_init 55550000, True {{(pid=90015) subscribe /opt/stack/data/venv/lib/python3.12/site-packages/neutron_lib/callbacks/manager.py:52}}
Jun 09 18:50:49.304343 np0000002477 devstack@neutron-api.service[90015]: DEBUG neutron_lib.callbacks.manager [None req-d0872e88-f95d-4eb7-8552-5bf2143d9e27 None None] Subscribe: > segment after_create 55550000, False {{(pid=90015) subscribe /opt/stack/data/venv/lib/python3.12/site-packages/neutron_lib/callbacks/manager.py:52}}
Jun 09 18:50:49.304343 np0000002477 devstack@neutron-api.service[90015]: DEBUG neutron_lib.callbacks.manager [None req-d0872e88-f95d-4eb7-8552-5bf2143d9e27 None None] Subscribe: > segment after_create 55550000, False {{(pid=90015) subscribe /opt/stack/data/venv/lib/python3.12/site-packages/neutron_lib/callbacks/manager.py:52}}
Jun 09 18:50:49.304343 np0000002477 devstack@neutron-api.service[90015]: DEBUG neutron_lib.callbacks.manager [None req-d0872e88-f95d-4eb7-8552-5bf2143d9e27 None None] Subscribe: > segment after_delete 55550000, False {{(pid=90015) subscribe /opt/stack/data/venv/lib/python3.12/site-packages/neutron_lib/callbacks/manager.py:52}}
Jun 09 18:50:49.304544 np0000002477 devstack@neutron-api.service[90015]: DEBUG neutron_lib.callbacks.manager [None req-d0872e88-f95d-4eb7-8552-5bf2143d9e27 None None] Subscribe: > allowed_address_pair before_create 55550000, False {{(pid=90015) subscribe /opt/stack/data/venv/lib/python3.12/site-packages/neutron_lib/callbacks/manager.py:52}}
Jun 09 18:50:49.304544 np0000002477 devstack@neutron-api.service[90015]: DEBUG neutron_lib.callbacks.manager [None req-d0872e88-f95d-4eb7-8552-5bf2143d9e27 None None] Subscribe: > security_group precommit_create 55550000, False {{(pid=90015) subscribe /opt/stack/data/venv/lib/python3.12/site-packages/neutron_lib/callbacks/manager.py:52}}
Jun 09 18:50:49.304650 np0000002477 devstack@neutron-api.service[90014]: DEBUG neutron.manager [None req-930d0949-20aa-4ae8-b69e-c4348d413e4e None None] Successfully loaded FLAVORS plugin. Description: Neutron Flavors and Service Profiles manager plugin {{(pid=90014) _create_and_add_service_plugin /opt/stack/neutron/neutron/manager.py:239}}
Jun 09 18:50:49.304741 np0000002477 devstack@neutron-api.service[90015]: DEBUG neutron_lib.callbacks.manager [None req-d0872e88-f95d-4eb7-8552-5bf2143d9e27 None None] Subscribe: > security_group after_update 55550000, False {{(pid=90015) subscribe /opt/stack/data/venv/lib/python3.12/site-packages/neutron_lib/callbacks/manager.py:52}}
Jun 09 18:50:49.304777 np0000002477 devstack@neutron-api.service[90014]: INFO neutron.manager [None req-930d0949-20aa-4ae8-b69e-c4348d413e4e None None] Loading Plugin: revisions
Jun 09 18:50:49.304818 np0000002477 devstack@neutron-api.service[90015]: DEBUG neutron_lib.callbacks.manager [None req-d0872e88-f95d-4eb7-8552-5bf2143d9e27 None None] Subscribe: > security_group after_create 55550000, False {{(pid=90015) subscribe /opt/stack/data/venv/lib/python3.12/site-packages/neutron_lib/callbacks/manager.py:52}}
Jun 09 18:50:49.304818 np0000002477 devstack@neutron-api.service[90015]: DEBUG neutron_lib.callbacks.manager [None req-d0872e88-f95d-4eb7-8552-5bf2143d9e27 None None] Subscribe: > security_group precommit_delete 55550000, False {{(pid=90015) subscribe /opt/stack/data/venv/lib/python3.12/site-packages/neutron_lib/callbacks/manager.py:52}}
Jun 09 18:50:49.304818 np0000002477 devstack@neutron-api.service[90015]: DEBUG neutron_lib.callbacks.manager [None req-d0872e88-f95d-4eb7-8552-5bf2143d9e27 None None] Subscribe: > security_group after_delete 55550000, False {{(pid=90015) subscribe /opt/stack/data/venv/lib/python3.12/site-packages/neutron_lib/callbacks/manager.py:52}}
Jun 09 18:50:49.304818 np0000002477 devstack@neutron-api.service[90015]: DEBUG neutron_lib.callbacks.manager [None req-d0872e88-f95d-4eb7-8552-5bf2143d9e27 None None] Subscribe: > security_group_rule precommit_create 55550000, False {{(pid=90015) subscribe /opt/stack/data/venv/lib/python3.12/site-packages/neutron_lib/callbacks/manager.py:52}}
Jun 09 18:50:49.304952 np0000002477 devstack@neutron-api.service[90015]: DEBUG neutron_lib.callbacks.manager [None req-d0872e88-f95d-4eb7-8552-5bf2143d9e27 None None] Subscribe: > security_group_rule after_create 55550000, False {{(pid=90015) subscribe /opt/stack/data/venv/lib/python3.12/site-packages/neutron_lib/callbacks/manager.py:52}}
Jun 09 18:50:49.304952 np0000002477 devstack@neutron-api.service[90015]: DEBUG neutron_lib.callbacks.manager [None req-d0872e88-f95d-4eb7-8552-5bf2143d9e27 None None] Subscribe: > security_group_rule before_delete 55550000, False {{(pid=90015) subscribe /opt/stack/data/venv/lib/python3.12/site-packages/neutron_lib/callbacks/manager.py:52}}
Jun 09 18:50:49.304952 np0000002477 devstack@neutron-api.service[90015]: DEBUG neutron_lib.callbacks.manager [None req-d0872e88-f95d-4eb7-8552-5bf2143d9e27 None None] Subscribe: > address_group after_create 55550000, False {{(pid=90015) subscribe /opt/stack/data/venv/lib/python3.12/site-packages/neutron_lib/callbacks/manager.py:52}}
Jun 09 18:50:49.304952 np0000002477 devstack@neutron-api.service[90015]: DEBUG neutron_lib.callbacks.manager [None req-d0872e88-f95d-4eb7-8552-5bf2143d9e27 None None] Subscribe: > address_group after_update 55550000, False {{(pid=90015) subscribe /opt/stack/data/venv/lib/python3.12/site-packages/neutron_lib/callbacks/manager.py:52}}
Jun 09 18:50:49.305087 np0000002477 devstack@neutron-api.service[90015]: DEBUG neutron_lib.callbacks.manager [None req-d0872e88-f95d-4eb7-8552-5bf2143d9e27 None None] Subscribe: > address_group after_delete 55550000, False {{(pid=90015) subscribe /opt/stack/data/venv/lib/python3.12/site-packages/neutron_lib/callbacks/manager.py:52}}
Jun 09 18:50:49.305130 np0000002477 devstack@neutron-api.service[90014]: DEBUG neutron.manager [None req-930d0949-20aa-4ae8-b69e-c4348d413e4e None None] Successfully loaded revision_plugin plugin. Description: Adds revision numbers to resources. {{(pid=90014) _create_and_add_service_plugin /opt/stack/neutron/neutron/manager.py:239}}
Jun 09 18:50:49.305159 np0000002477 devstack@neutron-api.service[90015]: DEBUG neutron_lib.callbacks.manager [None req-d0872e88-f95d-4eb7-8552-5bf2143d9e27 None None] Subscribe: > qos_plugin after_init 55550000, False {{(pid=90015) subscribe /opt/stack/data/venv/lib/python3.12/site-packages/neutron_lib/callbacks/manager.py:52}}
Jun 09 18:50:49.305196 np0000002477 devstack@neutron-api.service[90014]: DEBUG oslo_concurrency.lockutils [None req-930d0949-20aa-4ae8-b69e-c4348d413e4e None None] Lock "manager" "released" by "neutron.manager.NeutronManager._create_instance" :: held 4.054s {{(pid=90014) inner /opt/stack/data/venv/lib/python3.12/site-packages/oslo_concurrency/lockutils.py:543}}
Jun 09 18:50:49.305239 np0000002477 devstack@neutron-api.service[90015]: DEBUG neutron_lib.callbacks.manager [None req-d0872e88-f95d-4eb7-8552-5bf2143d9e27 None None] Subscribe: > trunk_plugin after_init 55550000, False {{(pid=90015) subscribe /opt/stack/data/venv/lib/python3.12/site-packages/neutron_lib/callbacks/manager.py:52}}
Jun 09 18:50:49.305298 np0000002477 devstack@neutron-api.service[90014]: DEBUG neutron.api.extensions [None req-930d0949-20aa-4ae8-b69e-c4348d413e4e None None] get_extension_paths = OrderedDict({'/opt/stack/neutron/neutron/extensions': 1}) {{(pid=90014) get_extensions_path /opt/stack/neutron/neutron/api/extensions.py:640}}
Jun 09 18:50:49.305298 np0000002477 devstack@neutron-api.service[90014]: INFO neutron.api.extensions [None req-930d0949-20aa-4ae8-b69e-c4348d413e4e None None] Initializing extension manager.
Jun 09 18:50:49.305388 np0000002477 devstack@neutron-api.service[90015]: DEBUG neutron_lib.callbacks.manager [None req-d0872e88-f95d-4eb7-8552-5bf2143d9e27 None None] Subscribe: > logging-plugin after_init 55550000, False {{(pid=90015) subscribe /opt/stack/data/venv/lib/python3.12/site-packages/neutron_lib/callbacks/manager.py:52}}
Jun 09 18:50:49.305449 np0000002477 devstack@neutron-api.service[90014]: DEBUG neutron.api.extensions [None req-930d0949-20aa-4ae8-b69e-c4348d413e4e None None] Loading extension file: __init__.py {{(pid=90014) _load_all_extensions_from_path /opt/stack/neutron/neutron/api/extensions.py:449}}
Jun 09 18:50:49.305449 np0000002477 devstack@neutron-api.service[90014]: DEBUG neutron.api.extensions [None req-930d0949-20aa-4ae8-b69e-c4348d413e4e None None] Loading extension file: __pycache__ {{(pid=90014) _load_all_extensions_from_path /opt/stack/neutron/neutron/api/extensions.py:449}}
Jun 09 18:50:49.305449 np0000002477 devstack@neutron-api.service[90014]: DEBUG neutron.api.extensions [None req-930d0949-20aa-4ae8-b69e-c4348d413e4e None None] Loading extension file: aap_reject_multicast.py {{(pid=90014) _load_all_extensions_from_path /opt/stack/neutron/neutron/api/extensions.py:449}}
Jun 09 18:50:49.305449 np0000002477 devstack@neutron-api.service[90014]: DEBUG neutron.api.extensions [None req-930d0949-20aa-4ae8-b69e-c4348d413e4e None None] Ext name="Allowed address pairs reject multicast extension" alias="aap-reject-multicast" description="Reject multicast addresses in Allowed Address Pairs" updated="2026-04-01T00:00:00-00:00" {{(pid=90014) _check_extension /opt/stack/neutron/neutron/api/extensions.py:415}}
Jun 09 18:50:49.305551 np0000002477 devstack@neutron-api.service[90015]: INFO neutron.services.logapi.drivers.ovn.driver [None req-d0872e88-f95d-4eb7-8552-5bf2143d9e27 None None] OVN logging driver registered
Jun 09 18:50:49.305551 np0000002477 devstack@neutron-api.service[90015]: DEBUG neutron_lib.callbacks.manager [None req-d0872e88-f95d-4eb7-8552-5bf2143d9e27 None None] Subscribe: ._register_pvlan_driver at 0x7c76cf517380> pvlan_plugin before_spawn 55550000, False {{(pid=90015) subscribe /opt/stack/data/venv/lib/python3.12/site-packages/neutron_lib/callbacks/manager.py:52}}
Jun 09 18:50:49.305551 np0000002477 devstack@neutron-api.service[90015]: DEBUG neutron_lib.callbacks.manager [None req-d0872e88-f95d-4eb7-8552-5bf2143d9e27 None None] Subscribe: process after_init 55550000, False {{(pid=90015) subscribe /opt/stack/data/venv/lib/python3.12/site-packages/neutron_lib/callbacks/manager.py:52}}
Jun 09 18:50:49.305660 np0000002477 devstack@neutron-api.service[90014]: INFO neutron.api.extensions [None req-930d0949-20aa-4ae8-b69e-c4348d413e4e None None] Extension aap-reject-multicast not supported by any of loaded plugins
Jun 09 18:50:49.305660 np0000002477 devstack@neutron-api.service[90014]: DEBUG neutron.api.extensions [None req-930d0949-20aa-4ae8-b69e-c4348d413e4e None None] Loading extension file: address_group.py {{(pid=90014) _load_all_extensions_from_path /opt/stack/neutron/neutron/api/extensions.py:449}}
Jun 09 18:50:49.306064 np0000002477 devstack@neutron-api.service[90014]: DEBUG neutron.api.extensions [None req-930d0949-20aa-4ae8-b69e-c4348d413e4e None None] Ext name="Address group" alias="address-group" description="Support address group" updated="2020-07-15T10:00:00-00:00" {{(pid=90014) _check_extension /opt/stack/neutron/neutron/api/extensions.py:415}}
Jun 09 18:50:49.306199 np0000002477 devstack@neutron-api.service[90014]: INFO neutron.api.extensions [None req-930d0949-20aa-4ae8-b69e-c4348d413e4e None None] Loaded extension: address-group
Jun 09 18:50:49.306199 np0000002477 devstack@neutron-api.service[90014]: DEBUG neutron.api.extensions [None req-930d0949-20aa-4ae8-b69e-c4348d413e4e None None] Loading extension file: address_scope.py {{(pid=90014) _load_all_extensions_from_path /opt/stack/neutron/neutron/api/extensions.py:449}}
Jun 09 18:50:49.306552 np0000002477 devstack@neutron-api.service[90014]: DEBUG neutron.api.extensions [None req-930d0949-20aa-4ae8-b69e-c4348d413e4e None None] Ext name="Address scope" alias="address-scope" description="Address scopes extension." updated="2015-07-26T10:00:00-00:00" {{(pid=90014) _check_extension /opt/stack/neutron/neutron/api/extensions.py:415}}
Jun 09 18:50:49.306752 np0000002477 devstack@neutron-api.service[90014]: INFO neutron.api.extensions [None req-930d0949-20aa-4ae8-b69e-c4348d413e4e None None] Loaded extension: address-scope
Jun 09 18:50:49.306841 np0000002477 devstack@neutron-api.service[90014]: DEBUG neutron.api.extensions [None req-930d0949-20aa-4ae8-b69e-c4348d413e4e None None] Loading extension file: admin_state_down_before_update.py {{(pid=90014) _load_all_extensions_from_path /opt/stack/neutron/neutron/api/extensions.py:449}}
Jun 09 18:50:49.307073 np0000002477 devstack@neutron-api.service[90014]: DEBUG neutron.api.extensions [None req-930d0949-20aa-4ae8-b69e-c4348d413e4e None None] Ext name="Enforce Router's Admin State Down Before Update Extension" alias="router-admin-state-down-before-update" description="Ensure that the admin state of a router is DOWN (admin_state_up=False) before updating the distributed attribute" updated="2019-07-02T15:56:00" {{(pid=90014) _check_extension /opt/stack/neutron/neutron/api/extensions.py:415}}
Jun 09 18:50:49.307233 np0000002477 devstack@neutron-api.service[90014]: INFO neutron.api.extensions [None req-930d0949-20aa-4ae8-b69e-c4348d413e4e None None] Extension router-admin-state-down-before-update not supported by any of loaded plugins
Jun 09 18:50:49.307347 np0000002477 devstack@neutron-api.service[90014]: DEBUG neutron.api.extensions [None req-930d0949-20aa-4ae8-b69e-c4348d413e4e None None] Loading extension file: agent.py {{(pid=90014) _load_all_extensions_from_path /opt/stack/neutron/neutron/api/extensions.py:449}}
Jun 09 18:50:49.308387 np0000002477 devstack@neutron-api.service[90014]: DEBUG neutron.api.extensions [None req-930d0949-20aa-4ae8-b69e-c4348d413e4e None None] Ext name="agent" alias="agent" description="The agent management extension." updated="2013-02-03T10:00:00-00:00" {{(pid=90014) _check_extension /opt/stack/neutron/neutron/api/extensions.py:415}}
Jun 09 18:50:49.308387 np0000002477 devstack@neutron-api.service[90014]: INFO neutron.api.extensions [None req-930d0949-20aa-4ae8-b69e-c4348d413e4e None None] Loaded extension: agent
Jun 09 18:50:49.308996 np0000002477 devstack@neutron-api.service[90015]: DEBUG neutron.plugins.ml2.plugin [None req-d0872e88-f95d-4eb7-8552-5bf2143d9e27 None None] neutron.plugins.ml2.plugin.Ml2Plugin method _start_rpc_notifiers called with arguments () {} {{(pid=90015) wrapper /opt/stack/data/venv/lib/python3.12/site-packages/oslo_log/helpers.py:77}}
Jun 09 18:50:49.309261 np0000002477 devstack@neutron-api.service[90014]: DEBUG neutron.api.extensions [None req-930d0949-20aa-4ae8-b69e-c4348d413e4e None None] Loading extension file: agent_resources_synced.py {{(pid=90014) _load_all_extensions_from_path /opt/stack/neutron/neutron/api/extensions.py:449}}
Jun 09 18:50:49.309261 np0000002477 devstack@neutron-api.service[90014]: DEBUG neutron.api.extensions [None req-930d0949-20aa-4ae8-b69e-c4348d413e4e None None] Ext name="Agent's Resource View Synced to Placement" alias="agent-resources-synced" description="Stores success/failure of last sync to Placement" updated="2018-12-19T00:00:00-00:00" {{(pid=90014) _check_extension /opt/stack/neutron/neutron/api/extensions.py:415}}
Jun 09 18:50:49.309451 np0000002477 devstack@neutron-api.service[90015]: DEBUG neutron_lib.callbacks.manager [None req-d0872e88-f95d-4eb7-8552-5bf2143d9e27 None None] Subscribe: > port after_create 55550000, False {{(pid=90015) subscribe /opt/stack/data/venv/lib/python3.12/site-packages/neutron_lib/callbacks/manager.py:52}}
Jun 09 18:50:49.309516 np0000002477 devstack@neutron-api.service[90014]: INFO neutron.api.extensions [None req-930d0949-20aa-4ae8-b69e-c4348d413e4e None None] Extension agent-resources-synced not supported by any of loaded plugins
Jun 09 18:50:49.309516 np0000002477 devstack@neutron-api.service[90014]: DEBUG neutron.api.extensions [None req-930d0949-20aa-4ae8-b69e-c4348d413e4e None None] Loading extension file: agent_sort_key.py {{(pid=90014) _load_all_extensions_from_path /opt/stack/neutron/neutron/api/extensions.py:449}}
Jun 09 18:50:49.309603 np0000002477 devstack@neutron-api.service[90015]: DEBUG neutron_lib.callbacks.manager [None req-d0872e88-f95d-4eb7-8552-5bf2143d9e27 None None] Subscribe: > port after_update 55550000, False {{(pid=90015) subscribe /opt/stack/data/venv/lib/python3.12/site-packages/neutron_lib/callbacks/manager.py:52}}
Jun 09 18:50:49.309603 np0000002477 devstack@neutron-api.service[90015]: DEBUG neutron_lib.callbacks.manager [None req-d0872e88-f95d-4eb7-8552-5bf2143d9e27 None None] Subscribe: > port after_delete 55550000, False {{(pid=90015) subscribe /opt/stack/data/venv/lib/python3.12/site-packages/neutron_lib/callbacks/manager.py:52}}
Jun 09 18:50:49.309687 np0000002477 devstack@neutron-api.service[90014]: DEBUG neutron.api.extensions [None req-930d0949-20aa-4ae8-b69e-c4348d413e4e None None] Ext name="Agents Sort Key" alias="agent_sort_key" description="Enabling the keyword sort_key for sorting in agents." updated="2013-02-03T10:00:00-00:00" {{(pid=90014) _check_extension /opt/stack/neutron/neutron/api/extensions.py:415}}
Jun 09 18:50:49.309730 np0000002477 devstack@neutron-api.service[90015]: DEBUG neutron_lib.callbacks.manager [None req-d0872e88-f95d-4eb7-8552-5bf2143d9e27 None None] Subscribe: > subnet after_create 55550000, False {{(pid=90015) subscribe /opt/stack/data/venv/lib/python3.12/site-packages/neutron_lib/callbacks/manager.py:52}}
Jun 09 18:50:49.309771 np0000002477 devstack@neutron-api.service[90014]: INFO neutron.api.extensions [None req-930d0949-20aa-4ae8-b69e-c4348d413e4e None None] Extension agent_sort_key not supported by any of loaded plugins
Jun 09 18:50:49.309811 np0000002477 devstack@neutron-api.service[90015]: DEBUG neutron_lib.callbacks.manager [None req-d0872e88-f95d-4eb7-8552-5bf2143d9e27 None None] Subscribe: > subnet after_update 55550000, False {{(pid=90015) subscribe /opt/stack/data/venv/lib/python3.12/site-packages/neutron_lib/callbacks/manager.py:52}}
Jun 09 18:50:49.309861 np0000002477 devstack@neutron-api.service[90014]: DEBUG neutron.api.extensions [None req-930d0949-20aa-4ae8-b69e-c4348d413e4e None None] Loading extension file: allowedaddresspairs.py {{(pid=90014) _load_all_extensions_from_path /opt/stack/neutron/neutron/api/extensions.py:449}}
Jun 09 18:50:49.309905 np0000002477 devstack@neutron-api.service[90015]: DEBUG neutron_lib.callbacks.manager [None req-d0872e88-f95d-4eb7-8552-5bf2143d9e27 None None] Subscribe: > subnet after_delete 55550000, False {{(pid=90015) subscribe /opt/stack/data/venv/lib/python3.12/site-packages/neutron_lib/callbacks/manager.py:52}}
Jun 09 18:50:49.309905 np0000002477 devstack@neutron-api.service[90015]: DEBUG neutron_lib.callbacks.manager [None req-d0872e88-f95d-4eb7-8552-5bf2143d9e27 None None] Subscribe: > network after_create 55550000, False {{(pid=90015) subscribe /opt/stack/data/venv/lib/python3.12/site-packages/neutron_lib/callbacks/manager.py:52}}
Jun 09 18:50:49.309905 np0000002477 devstack@neutron-api.service[90015]: DEBUG neutron_lib.callbacks.manager [None req-d0872e88-f95d-4eb7-8552-5bf2143d9e27 None None] Subscribe: > network after_update 55550000, False {{(pid=90015) subscribe /opt/stack/data/venv/lib/python3.12/site-packages/neutron_lib/callbacks/manager.py:52}}
Jun 09 18:50:49.309905 np0000002477 devstack@neutron-api.service[90015]: DEBUG neutron_lib.callbacks.manager [None req-d0872e88-f95d-4eb7-8552-5bf2143d9e27 None None] Subscribe: > network after_delete 55550000, False {{(pid=90015) subscribe /opt/stack/data/venv/lib/python3.12/site-packages/neutron_lib/callbacks/manager.py:52}}
Jun 09 18:50:49.310043 np0000002477 devstack@neutron-api.service[90015]: DEBUG neutron_lib.callbacks.manager [None req-d0872e88-f95d-4eb7-8552-5bf2143d9e27 None None] Subscribe: > security_group after_create 55550000, False {{(pid=90015) subscribe /opt/stack/data/venv/lib/python3.12/site-packages/neutron_lib/callbacks/manager.py:52}}
Jun 09 18:50:49.310043 np0000002477 devstack@neutron-api.service[90015]: DEBUG neutron_lib.callbacks.manager [None req-d0872e88-f95d-4eb7-8552-5bf2143d9e27 None None] Subscribe: > security_group after_update 55550000, False {{(pid=90015) subscribe /opt/stack/data/venv/lib/python3.12/site-packages/neutron_lib/callbacks/manager.py:52}}
Jun 09 18:50:49.310043 np0000002477 devstack@neutron-api.service[90015]: DEBUG neutron_lib.callbacks.manager [None req-d0872e88-f95d-4eb7-8552-5bf2143d9e27 None None] Subscribe: > security_group after_delete 55550000, False {{(pid=90015) subscribe /opt/stack/data/venv/lib/python3.12/site-packages/neutron_lib/callbacks/manager.py:52}}
Jun 09 18:50:49.310157 np0000002477 devstack@neutron-api.service[90014]: DEBUG neutron.api.extensions [None req-930d0949-20aa-4ae8-b69e-c4348d413e4e None None] Ext name="Allowed Address Pairs" alias="allowed-address-pairs" description="Provides allowed address pairs" updated="2013-07-23T10:00:00-00:00" {{(pid=90014) _check_extension /opt/stack/neutron/neutron/api/extensions.py:415}}
Jun 09 18:50:49.310198 np0000002477 devstack@neutron-api.service[90015]: DEBUG neutron_lib.callbacks.manager [None req-d0872e88-f95d-4eb7-8552-5bf2143d9e27 None None] Subscribe: > security_group_rule after_create 55550000, False {{(pid=90015) subscribe /opt/stack/data/venv/lib/python3.12/site-packages/neutron_lib/callbacks/manager.py:52}}
Jun 09 18:50:49.310198 np0000002477 devstack@neutron-api.service[90015]: DEBUG neutron_lib.callbacks.manager [None req-d0872e88-f95d-4eb7-8552-5bf2143d9e27 None None] Subscribe: > security_group_rule after_update 55550000, False {{(pid=90015) subscribe /opt/stack/data/venv/lib/python3.12/site-packages/neutron_lib/callbacks/manager.py:52}}
Jun 09 18:50:49.310278 np0000002477 devstack@neutron-api.service[90014]: INFO neutron.api.extensions [None req-930d0949-20aa-4ae8-b69e-c4348d413e4e None None] Loaded extension: allowed-address-pairs
Jun 09 18:50:49.310278 np0000002477 devstack@neutron-api.service[90014]: DEBUG neutron.api.extensions [None req-930d0949-20aa-4ae8-b69e-c4348d413e4e None None] Loading extension file: auto_allocated_topology.py {{(pid=90014) _load_all_extensions_from_path /opt/stack/neutron/neutron/api/extensions.py:449}}
Jun 09 18:50:49.310419 np0000002477 devstack@neutron-api.service[90015]: DEBUG neutron_lib.callbacks.manager [None req-d0872e88-f95d-4eb7-8552-5bf2143d9e27 None None] Subscribe: > security_group_rule after_delete 55550000, False {{(pid=90015) subscribe /opt/stack/data/venv/lib/python3.12/site-packages/neutron_lib/callbacks/manager.py:52}}
Jun 09 18:50:49.310419 np0000002477 devstack@neutron-api.service[90015]: DEBUG neutron_lib.callbacks.manager [None req-d0872e88-f95d-4eb7-8552-5bf2143d9e27 None None] Subscribe: > address_group after_create 55550000, False {{(pid=90015) subscribe /opt/stack/data/venv/lib/python3.12/site-packages/neutron_lib/callbacks/manager.py:52}}
Jun 09 18:50:49.310419 np0000002477 devstack@neutron-api.service[90015]: DEBUG neutron_lib.callbacks.manager [None req-d0872e88-f95d-4eb7-8552-5bf2143d9e27 None None] Subscribe: > address_group after_update 55550000, False {{(pid=90015) subscribe /opt/stack/data/venv/lib/python3.12/site-packages/neutron_lib/callbacks/manager.py:52}}
