Aug 06 08:06:57.976762 np0000006638 devstack@n-api.service[84315]: DEBUG dbcounter [-] [84315] Writing DB stats nova_cell0:SELECT=7 {{(pid=84315) stat_writer /opt/stack/data/venv/lib/python3.12/site-packages/dbcounter.py:115}}
Aug 06 08:06:57.989576 np0000006638 devstack@n-api.service[84316]: WARNING neutronclient.v2_0.client [None req-33d95760-b867-4a5c-93db-e248d5760c66 tempest-TaggedBootDevicesTest-672357309 tempest-TaggedBootDevicesTest-672357309-project-member] The python binding code in neutronclient is deprecated in favor of OpenstackSDK, please use that as this will be removed in a future release.
Aug 06 08:06:58.218056 np0000006638 devstack@n-api.service[84314]: DEBUG nova.api.openstack.wsgi [req-7a61736e-d295-40bb-bef1-768ce832713a req-950d4e88-491b-458f-be3f-6688b90d8424 service nova] Action: 'create', calling method: >, body: {"events": [{"name": "network-changed", "server_uuid": "e2e0d822-b5eb-415b-9a08-09db0ec03d6f", "tag": "00cec325-93f7-40e9-82c7-d0ca714b295c"}, {"name": "network-changed", "server_uuid": "48a9d2c8-e8a0-4fb2-a5db-8f36ab0936d1", "tag": "de98a75e-4a97-4f82-81af-2c1a1e9744fd"}, {"name": "network-changed", "server_uuid": "48a9d2c8-e8a0-4fb2-a5db-8f36ab0936d1", "tag": "98b7ad54-baf1-45db-8bb8-1ae1434f01c1"}]} {{(pid=84314) _process_stack /opt/stack/nova/nova/api/openstack/wsgi.py:549}}
Aug 06 08:06:58.228778 np0000006638 devstack@n-api.service[84314]: DEBUG oslo_concurrency.lockutils [req-7a61736e-d295-40bb-bef1-768ce832713a req-950d4e88-491b-458f-be3f-6688b90d8424 service nova] Acquiring lock "2e551bc7-0c5e-4dab-a4ef-46ac89f6af3d" by "nova.context.set_target_cell..get_or_set_cached_cell_and_set_connections" {{(pid=84314) inner /opt/stack/data/venv/lib/python3.12/site-packages/oslo_concurrency/lockutils.py:512}}
Aug 06 08:06:58.229163 np0000006638 devstack@n-api.service[84314]: DEBUG oslo_concurrency.lockutils [req-7a61736e-d295-40bb-bef1-768ce832713a req-950d4e88-491b-458f-be3f-6688b90d8424 service nova] Lock "2e551bc7-0c5e-4dab-a4ef-46ac89f6af3d" acquired by "nova.context.set_target_cell..get_or_set_cached_cell_and_set_connections" :: waited 0.000s {{(pid=84314) inner /opt/stack/data/venv/lib/python3.12/site-packages/oslo_concurrency/lockutils.py:525}}
Aug 06 08:06:58.229265 np0000006638 devstack@n-api.service[84314]: DEBUG oslo_concurrency.lockutils [req-7a61736e-d295-40bb-bef1-768ce832713a req-950d4e88-491b-458f-be3f-6688b90d8424 service nova] Lock "2e551bc7-0c5e-4dab-a4ef-46ac89f6af3d" "released" by "nova.context.set_target_cell..get_or_set_cached_cell_and_set_connections" :: held 0.000s {{(pid=84314) inner /opt/stack/data/venv/lib/python3.12/site-packages/oslo_concurrency/lockutils.py:544}}
Aug 06 08:06:58.242203 np0000006638 devstack@n-api.service[84314]: INFO nova.api.openstack.compute.server_external_events [req-7a61736e-d295-40bb-bef1-768ce832713a req-950d4e88-491b-458f-be3f-6688b90d8424 service nova] Creating event network-changed:00cec325-93f7-40e9-82c7-d0ca714b295c for instance e2e0d822-b5eb-415b-9a08-09db0ec03d6f on np0000006638
Aug 06 08:06:58.242479 np0000006638 devstack@n-api.service[84314]: INFO nova.api.openstack.compute.server_external_events [req-7a61736e-d295-40bb-bef1-768ce832713a req-950d4e88-491b-458f-be3f-6688b90d8424 service nova] Creating event network-changed:de98a75e-4a97-4f82-81af-2c1a1e9744fd for instance 48a9d2c8-e8a0-4fb2-a5db-8f36ab0936d1 on np0000006638
Aug 06 08:06:58.242703 np0000006638 devstack@n-api.service[84314]: INFO nova.api.openstack.compute.server_external_events [req-7a61736e-d295-40bb-bef1-768ce832713a req-950d4e88-491b-458f-be3f-6688b90d8424 service nova] Creating event network-changed:98b7ad54-baf1-45db-8bb8-1ae1434f01c1 for instance 48a9d2c8-e8a0-4fb2-a5db-8f36ab0936d1 on np0000006638
Aug 06 08:06:58.243496 np0000006638 devstack@n-api.service[84314]: DEBUG nova.compute.rpcapi [req-7a61736e-d295-40bb-bef1-768ce832713a req-950d4e88-491b-458f-be3f-6688b90d8424 service nova] RPC: Sending the message to topic: compute-alt {{(pid=84314) prepare_for_alt_rpcserver /opt/stack/nova/nova/compute/rpcapi.py:595}}
Aug 06 08:06:58.255008 np0000006638 devstack@n-api.service[84314]: INFO nova.api.openstack.requestlog [req-7a61736e-d295-40bb-bef1-768ce832713a req-950d4e88-491b-458f-be3f-6688b90d8424 service nova] 10.4.3.40 "POST /compute/v2.1/os-server-external-events" status: 200 len: 513 microversion: 2.1 time: 0.044606
Aug 06 08:06:58.255457 np0000006638 devstack@n-api.service[84314]: [pid: 84314|app: 0|req: 38/122] 10.4.3.40 () {72 vars in 1425 bytes} [Thu Aug 6 08:06:58 2026] POST /compute/v2.1/os-server-external-events => generated 513 bytes in 45 msecs (HTTP/1.1 200) 9 headers in 357 bytes (1 switches on core 0)
Aug 06 08:06:58.270986 np0000006638 devstack@n-api.service[84314]: DEBUG nova.api.openstack.wsgi [None req-1fe0e6b5-6a0e-43e6-b896-38c291c4e912 tempest-TaggedBootDevicesTest_v242-605690783 tempest-TaggedBootDevicesTest_v242-605690783-project-member] Calling method '>' {{(pid=84314) _process_stack /opt/stack/nova/nova/api/openstack/wsgi.py:551}}
Aug 06 08:06:58.273660 np0000006638 devstack@n-api.service[84314]: DEBUG nova.compute.api [None req-1fe0e6b5-6a0e-43e6-b896-38c291c4e912 tempest-TaggedBootDevicesTest_v242-605690783 tempest-TaggedBootDevicesTest_v242-605690783-project-member] [instance: 48a9d2c8-e8a0-4fb2-a5db-8f36ab0936d1] Fetching instance by UUID {{(pid=84314) get /opt/stack/nova/nova/compute/api.py:3068}}
Aug 06 08:06:58.297567 np0000006638 devstack@n-api.service[84314]: DEBUG oslo_concurrency.lockutils [None req-1fe0e6b5-6a0e-43e6-b896-38c291c4e912 tempest-TaggedBootDevicesTest_v242-605690783 tempest-TaggedBootDevicesTest_v242-605690783-project-member] Acquiring lock "2e551bc7-0c5e-4dab-a4ef-46ac89f6af3d" by "nova.context.set_target_cell..get_or_set_cached_cell_and_set_connections" {{(pid=84314) inner /opt/stack/data/venv/lib/python3.12/site-packages/oslo_concurrency/lockutils.py:512}}
Aug 06 08:06:58.298538 np0000006638 devstack@n-api.service[84314]: DEBUG oslo_concurrency.lockutils [None req-1fe0e6b5-6a0e-43e6-b896-38c291c4e912 tempest-TaggedBootDevicesTest_v242-605690783 tempest-TaggedBootDevicesTest_v242-605690783-project-member] Lock "2e551bc7-0c5e-4dab-a4ef-46ac89f6af3d" acquired by "nova.context.set_target_cell..get_or_set_cached_cell_and_set_connections" :: waited 0.002s {{(pid=84314) inner /opt/stack/data/venv/lib/python3.12/site-packages/oslo_concurrency/lockutils.py:525}}
Aug 06 08:06:58.299115 np0000006638 devstack@n-api.service[84314]: DEBUG oslo_concurrency.lockutils [None req-1fe0e6b5-6a0e-43e6-b896-38c291c4e912 tempest-TaggedBootDevicesTest_v242-605690783 tempest-TaggedBootDevicesTest_v242-605690783-project-member] Lock "2e551bc7-0c5e-4dab-a4ef-46ac89f6af3d" "released" by "nova.context.set_target_cell..get_or_set_cached_cell_and_set_connections" :: held 0.001s {{(pid=84314) inner /opt/stack/data/venv/lib/python3.12/site-packages/oslo_concurrency/lockutils.py:544}}
Aug 06 08:06:58.299892 np0000006638 devstack@n-api.service[84314]: DEBUG oslo_concurrency.lockutils [None req-1fe0e6b5-6a0e-43e6-b896-38c291c4e912 tempest-TaggedBootDevicesTest_v242-605690783 tempest-TaggedBootDevicesTest_v242-605690783-project-member] Acquiring lock "2e551bc7-0c5e-4dab-a4ef-46ac89f6af3d" by "nova.context.set_target_cell..get_or_set_cached_cell_and_set_connections" {{(pid=84314) inner /opt/stack/data/venv/lib/python3.12/site-packages/oslo_concurrency/lockutils.py:512}}
Aug 06 08:06:58.300356 np0000006638 devstack@n-api.service[84314]: DEBUG oslo_concurrency.lockutils [None req-1fe0e6b5-6a0e-43e6-b896-38c291c4e912 tempest-TaggedBootDevicesTest_v242-605690783 tempest-TaggedBootDevicesTest_v242-605690783-project-member] Lock "2e551bc7-0c5e-4dab-a4ef-46ac89f6af3d" acquired by "nova.context.set_target_cell..get_or_set_cached_cell_and_set_connections" :: waited 0.000s {{(pid=84314) inner /opt/stack/data/venv/lib/python3.12/site-packages/oslo_concurrency/lockutils.py:525}}
Aug 06 08:06:58.300718 np0000006638 devstack@n-api.service[84314]: DEBUG oslo_concurrency.lockutils [None req-1fe0e6b5-6a0e-43e6-b896-38c291c4e912 tempest-TaggedBootDevicesTest_v242-605690783 tempest-TaggedBootDevicesTest_v242-605690783-project-member] Lock "2e551bc7-0c5e-4dab-a4ef-46ac89f6af3d" "released" by "nova.context.set_target_cell..get_or_set_cached_cell_and_set_connections" :: held 0.000s {{(pid=84314) inner /opt/stack/data/venv/lib/python3.12/site-packages/oslo_concurrency/lockutils.py:544}}
Aug 06 08:06:58.323085 np0000006638 devstack@n-api.service[84314]: WARNING neutronclient.v2_0.client [None req-1fe0e6b5-6a0e-43e6-b896-38c291c4e912 tempest-TaggedBootDevicesTest_v242-605690783 tempest-TaggedBootDevicesTest_v242-605690783-project-member] The python binding code in neutronclient is deprecated in favor of OpenstackSDK, please use that as this will be removed in a future release.
Aug 06 08:06:58.424960 np0000006638 devstack@n-api.service[84316]: DEBUG nova.policy [None req-33d95760-b867-4a5c-93db-e248d5760c66 tempest-TaggedBootDevicesTest-672357309 tempest-TaggedBootDevicesTest-672357309-project-member] Policy check for os_compute_api:os-extended-server-attributes failed with credentials {'is_admin': False, 'user_id': 'd79819038c0c44bbb50db37f3e796580', 'user_domain_id': 'default', 'system_scope': None, 'domain_id': None, 'project_id': '7fe1c04c46ca4f78a30dd088f01185a4', 'project_domain_id': 'default', 'roles': ['reader', 'member'], 'is_admin_project': True, 'service_user_id': None, 'service_user_domain_id': None, 'service_project_id': None, 'service_project_domain_id': None, 'service_roles': []} {{(pid=84316) authorize /opt/stack/nova/nova/policy.py:202}}
Aug 06 08:06:58.436257 np0000006638 devstack@n-api.service[84316]: DEBUG nova.policy [None req-33d95760-b867-4a5c-93db-e248d5760c66 tempest-TaggedBootDevicesTest-672357309 tempest-TaggedBootDevicesTest-672357309-project-member] Policy check for os_compute_api:servers:show:host_status failed with credentials {'is_admin': False, 'user_id': 'd79819038c0c44bbb50db37f3e796580', 'user_domain_id': 'default', 'system_scope': None, 'domain_id': None, 'project_id': '7fe1c04c46ca4f78a30dd088f01185a4', 'project_domain_id': 'default', 'roles': ['reader', 'member'], 'is_admin_project': True, 'service_user_id': None, 'service_user_domain_id': None, 'service_project_id': None, 'service_project_domain_id': None, 'service_roles': []} {{(pid=84316) authorize /opt/stack/nova/nova/policy.py:202}}
Aug 06 08:06:58.437477 np0000006638 devstack@n-api.service[84316]: DEBUG nova.policy [None req-33d95760-b867-4a5c-93db-e248d5760c66 tempest-TaggedBootDevicesTest-672357309 tempest-TaggedBootDevicesTest-672357309-project-member] Policy check for os_compute_api:servers:show:host_status:unknown-only failed with credentials {'is_admin': False, 'user_id': 'd79819038c0c44bbb50db37f3e796580', 'user_domain_id': 'default', 'system_scope': None, 'domain_id': None, 'project_id': '7fe1c04c46ca4f78a30dd088f01185a4', 'project_domain_id': 'default', 'roles': ['reader', 'member'], 'is_admin_project': True, 'service_user_id': None, 'service_user_domain_id': None, 'service_project_id': None, 'service_project_domain_id': None, 'service_roles': []} {{(pid=84316) authorize /opt/stack/nova/nova/policy.py:202}}
Aug 06 08:06:58.448298 np0000006638 devstack@n-api.service[84316]: INFO nova.api.openstack.requestlog [None req-33d95760-b867-4a5c-93db-e248d5760c66 tempest-TaggedBootDevicesTest-672357309 tempest-TaggedBootDevicesTest-672357309-project-member] 10.4.3.40 "GET /compute/v2.1/servers/e2e0d822-b5eb-415b-9a08-09db0ec03d6f" status: 200 len: 1873 microversion: 2.32 time: 0.507178
Aug 06 08:06:58.449099 np0000006638 devstack@n-api.service[84316]: [pid: 84316|app: 0|req: 37/123] 10.4.3.40 () {68 vars in 1388 bytes} [Thu Aug 6 08:06:57 2026] GET /compute/v2.1/servers/e2e0d822-b5eb-415b-9a08-09db0ec03d6f => generated 1873 bytes in 509 msecs (HTTP/1.1 200) 9 headers in 360 bytes (1 switches on core 0)
Aug 06 08:06:58.799645 np0000006638 devstack@n-api.service[84315]: INFO nova.api.openstack.requestlog [None req-65c2881a-75d5-4980-a6c1-27c58168499b tempest-ServerBootFromVolumeStableRescueTest-338924211 tempest-ServerBootFromVolumeStableRescueTest-338924211-project-member] 10.4.3.40 "POST /compute/v2.1/servers/dd85b494-3cfa-4d42-95cc-2e7e18e215d3/action" status: 200 len: 29 microversion: 2.87 time: 1.040722
Aug 06 08:06:58.799645 np0000006638 devstack@n-api.service[84315]: [pid: 84315|app: 0|req: 49/124] 10.4.3.40 () {70 vars in 1430 bytes} [Thu Aug 6 08:06:57 2026] POST /compute/v2.1/servers/dd85b494-3cfa-4d42-95cc-2e7e18e215d3/action => generated 29 bytes in 1041 msecs (HTTP/1.1 200) 9 headers in 358 bytes (1 switches on core 0)
Aug 06 08:06:58.812310 np0000006638 devstack@n-api.service[84316]: DEBUG nova.api.openstack.wsgi [None req-392b7004-aae2-492b-be3b-0a549300704d tempest-ServerBootFromVolumeStableRescueTest-338924211 tempest-ServerBootFromVolumeStableRescueTest-338924211-project-member] Calling method '>' {{(pid=84316) _process_stack /opt/stack/nova/nova/api/openstack/wsgi.py:551}}
Aug 06 08:06:58.818180 np0000006638 devstack@n-api.service[84316]: DEBUG nova.compute.api [None req-392b7004-aae2-492b-be3b-0a549300704d tempest-ServerBootFromVolumeStableRescueTest-338924211 tempest-ServerBootFromVolumeStableRescueTest-338924211-project-member] [instance: dd85b494-3cfa-4d42-95cc-2e7e18e215d3] Fetching instance by UUID {{(pid=84316) get /opt/stack/nova/nova/compute/api.py:3068}}
Aug 06 08:06:58.823478 np0000006638 devstack@n-api.service[84316]: DEBUG oslo_concurrency.lockutils [None req-392b7004-aae2-492b-be3b-0a549300704d tempest-ServerBootFromVolumeStableRescueTest-338924211 tempest-ServerBootFromVolumeStableRescueTest-338924211-project-member] Acquiring lock "2e551bc7-0c5e-4dab-a4ef-46ac89f6af3d" by "nova.context.set_target_cell..get_or_set_cached_cell_and_set_connections" {{(pid=84316) inner /opt/stack/data/venv/lib/python3.12/site-packages/oslo_concurrency/lockutils.py:512}}
Aug 06 08:06:58.823896 np0000006638 devstack@n-api.service[84316]: DEBUG oslo_concurrency.lockutils [None req-392b7004-aae2-492b-be3b-0a549300704d tempest-ServerBootFromVolumeStableRescueTest-338924211 tempest-ServerBootFromVolumeStableRescueTest-338924211-project-member] Lock "2e551bc7-0c5e-4dab-a4ef-46ac89f6af3d" acquired by "nova.context.set_target_cell..get_or_set_cached_cell_and_set_connections" :: waited 0.001s {{(pid=84316) inner /opt/stack/data/venv/lib/python3.12/site-packages/oslo_concurrency/lockutils.py:525}}
Aug 06 08:06:58.824543 np0000006638 devstack@n-api.service[84316]: DEBUG oslo_concurrency.lockutils [None req-392b7004-aae2-492b-be3b-0a549300704d tempest-ServerBootFromVolumeStableRescueTest-338924211 tempest-ServerBootFromVolumeStableRescueTest-338924211-project-member] Lock "2e551bc7-0c5e-4dab-a4ef-46ac89f6af3d" "released" by "nova.context.set_target_cell..get_or_set_cached_cell_and_set_connections" :: held 0.000s {{(pid=84316) inner /opt/stack/data/venv/lib/python3.12/site-packages/oslo_concurrency/lockutils.py:544}}
Aug 06 08:06:58.824893 np0000006638 devstack@n-api.service[84316]: DEBUG oslo_concurrency.lockutils [None req-392b7004-aae2-492b-be3b-0a549300704d tempest-ServerBootFromVolumeStableRescueTest-338924211 tempest-ServerBootFromVolumeStableRescueTest-338924211-project-member] Acquiring lock "2e551bc7-0c5e-4dab-a4ef-46ac89f6af3d" by "nova.context.set_target_cell..get_or_set_cached_cell_and_set_connections" {{(pid=84316) inner /opt/stack/data/venv/lib/python3.12/site-packages/oslo_concurrency/lockutils.py:512}}
Aug 06 08:06:58.825776 np0000006638 devstack@n-api.service[84316]: DEBUG oslo_concurrency.lockutils [None req-392b7004-aae2-492b-be3b-0a549300704d tempest-ServerBootFromVolumeStableRescueTest-338924211 tempest-ServerBootFromVolumeStableRescueTest-338924211-project-member] Lock "2e551bc7-0c5e-4dab-a4ef-46ac89f6af3d" acquired by "nova.context.set_target_cell..get_or_set_cached_cell_and_set_connections" :: waited 0.001s {{(pid=84316) inner /opt/stack/data/venv/lib/python3.12/site-packages/oslo_concurrency/lockutils.py:525}}
Aug 06 08:06:58.826028 np0000006638 devstack@n-api.service[84316]: DEBUG oslo_concurrency.lockutils [None req-392b7004-aae2-492b-be3b-0a549300704d tempest-ServerBootFromVolumeStableRescueTest-338924211 tempest-ServerBootFromVolumeStableRescueTest-338924211-project-member] Lock "2e551bc7-0c5e-4dab-a4ef-46ac89f6af3d" "released" by "nova.context.set_target_cell..get_or_set_cached_cell_and_set_connections" :: held 0.001s {{(pid=84316) inner /opt/stack/data/venv/lib/python3.12/site-packages/oslo_concurrency/lockutils.py:544}}
Aug 06 08:06:58.850771 np0000006638 devstack@n-api.service[84316]: WARNING neutronclient.v2_0.client [None req-392b7004-aae2-492b-be3b-0a549300704d tempest-ServerBootFromVolumeStableRescueTest-338924211 tempest-ServerBootFromVolumeStableRescueTest-338924211-project-member] The python binding code in neutronclient is deprecated in favor of OpenstackSDK, please use that as this will be removed in a future release.
Aug 06 08:06:58.860884 np0000006638 devstack@n-api.service[84314]: DEBUG nova.policy [None req-1fe0e6b5-6a0e-43e6-b896-38c291c4e912 tempest-TaggedBootDevicesTest_v242-605690783 tempest-TaggedBootDevicesTest_v242-605690783-project-member] Policy check for os_compute_api:os-extended-server-attributes failed with credentials {'is_admin': False, 'user_id': 'ea2db64a1a864dd79c85734c856855e7', 'user_domain_id': 'default', 'system_scope': None, 'domain_id': None, 'project_id': '622e6613ac394c5daa8079cce7635762', 'project_domain_id': 'default', 'roles': ['reader', 'member'], 'is_admin_project': True, 'service_user_id': None, 'service_user_domain_id': None, 'service_project_id': None, 'service_project_domain_id': None, 'service_roles': []} {{(pid=84314) authorize /opt/stack/nova/nova/policy.py:202}}
Aug 06 08:06:58.866837 np0000006638 devstack@n-api.service[84314]: DEBUG nova.policy [None req-1fe0e6b5-6a0e-43e6-b896-38c291c4e912 tempest-TaggedBootDevicesTest_v242-605690783 tempest-TaggedBootDevicesTest_v242-605690783-project-member] Policy check for os_compute_api:servers:show:host_status failed with credentials {'is_admin': False, 'user_id': 'ea2db64a1a864dd79c85734c856855e7', 'user_domain_id': 'default', 'system_scope': None, 'domain_id': None, 'project_id': '622e6613ac394c5daa8079cce7635762', 'project_domain_id': 'default', 'roles': ['reader', 'member'], 'is_admin_project': True, 'service_user_id': None, 'service_user_domain_id': None, 'service_project_id': None, 'service_project_domain_id': None, 'service_roles': []} {{(pid=84314) authorize /opt/stack/nova/nova/policy.py:202}}
Aug 06 08:06:58.867548 np0000006638 devstack@n-api.service[84314]: DEBUG nova.policy [None req-1fe0e6b5-6a0e-43e6-b896-38c291c4e912 tempest-TaggedBootDevicesTest_v242-605690783 tempest-TaggedBootDevicesTest_v242-605690783-project-member] Policy check for os_compute_api:servers:show:host_status:unknown-only failed with credentials {'is_admin': False, 'user_id': 'ea2db64a1a864dd79c85734c856855e7', 'user_domain_id': 'default', 'system_scope': None, 'domain_id': None, 'project_id': '622e6613ac394c5daa8079cce7635762', 'project_domain_id': 'default', 'roles': ['reader', 'member'], 'is_admin_project': True, 'service_user_id': None, 'service_user_domain_id': None, 'service_project_id': None, 'service_project_domain_id': None, 'service_roles': []} {{(pid=84314) authorize /opt/stack/nova/nova/policy.py:202}}
Aug 06 08:06:58.874270 np0000006638 devstack@n-api.service[84314]: INFO nova.api.openstack.requestlog [None req-1fe0e6b5-6a0e-43e6-b896-38c291c4e912 tempest-TaggedBootDevicesTest_v242-605690783 tempest-TaggedBootDevicesTest_v242-605690783-project-member] 10.4.3.40 "GET /compute/v2.1/servers/48a9d2c8-e8a0-4fb2-a5db-8f36ab0936d1" status: 200 len: 1873 microversion: 2.42 time: 0.605212
Aug 06 08:06:58.874705 np0000006638 devstack@n-api.service[84314]: [pid: 84314|app: 0|req: 39/125] 10.4.3.40 () {68 vars in 1388 bytes} [Thu Aug 6 08:06:58 2026] GET /compute/v2.1/servers/48a9d2c8-e8a0-4fb2-a5db-8f36ab0936d1 => generated 1873 bytes in 607 msecs (HTTP/1.1 200) 9 headers in 360 bytes (1 switches on core 0)
Aug 06 08:06:59.329118 np0000006638 devstack@n-api.service[84314]: DEBUG nova.api.openstack.wsgi [req-b12a6e7e-b183-4772-98ce-67ef35b5a552 req-e644764e-b52e-4ac2-a753-84b305b711d1 service nova] Action: 'create', calling method: >, body: {"events": [{"name": "network-changed", "server_uuid": "e2e0d822-b5eb-415b-9a08-09db0ec03d6f", "tag": "6cec90b3-de62-4172-b0bf-fccbb954119e"}, {"name": "network-changed", "server_uuid": "e2e0d822-b5eb-415b-9a08-09db0ec03d6f", "tag": "48066d0e-e6d8-485f-986b-8eb90873c6d6"}]} {{(pid=84314) _process_stack /opt/stack/nova/nova/api/openstack/wsgi.py:549}}
Aug 06 08:06:59.337156 np0000006638 devstack@n-api.service[84314]: DEBUG oslo_concurrency.lockutils [req-b12a6e7e-b183-4772-98ce-67ef35b5a552 req-e644764e-b52e-4ac2-a753-84b305b711d1 service nova] Acquiring lock "2e551bc7-0c5e-4dab-a4ef-46ac89f6af3d" by "nova.context.set_target_cell..get_or_set_cached_cell_and_set_connections" {{(pid=84314) inner /opt/stack/data/venv/lib/python3.12/site-packages/oslo_concurrency/lockutils.py:512}}
Aug 06 08:06:59.337415 np0000006638 devstack@n-api.service[84314]: DEBUG oslo_concurrency.lockutils [req-b12a6e7e-b183-4772-98ce-67ef35b5a552 req-e644764e-b52e-4ac2-a753-84b305b711d1 service nova] Lock "2e551bc7-0c5e-4dab-a4ef-46ac89f6af3d" acquired by "nova.context.set_target_cell..get_or_set_cached_cell_and_set_connections" :: waited 0.000s {{(pid=84314) inner /opt/stack/data/venv/lib/python3.12/site-packages/oslo_concurrency/lockutils.py:525}}
Aug 06 08:06:59.337621 np0000006638 devstack@n-api.service[84314]: DEBUG oslo_concurrency.lockutils [req-b12a6e7e-b183-4772-98ce-67ef35b5a552 req-e644764e-b52e-4ac2-a753-84b305b711d1 service nova] Lock "2e551bc7-0c5e-4dab-a4ef-46ac89f6af3d" "released" by "nova.context.set_target_cell..get_or_set_cached_cell_and_set_connections" :: held 0.000s {{(pid=84314) inner /opt/stack/data/venv/lib/python3.12/site-packages/oslo_concurrency/lockutils.py:544}}
Aug 06 08:06:59.345357 np0000006638 devstack@n-api.service[84314]: INFO nova.api.openstack.compute.server_external_events [req-b12a6e7e-b183-4772-98ce-67ef35b5a552 req-e644764e-b52e-4ac2-a753-84b305b711d1 service nova] Creating event network-changed:6cec90b3-de62-4172-b0bf-fccbb954119e for instance e2e0d822-b5eb-415b-9a08-09db0ec03d6f on np0000006638
Aug 06 08:06:59.345629 np0000006638 devstack@n-api.service[84314]: INFO nova.api.openstack.compute.server_external_events [req-b12a6e7e-b183-4772-98ce-67ef35b5a552 req-e644764e-b52e-4ac2-a753-84b305b711d1 service nova] Creating event network-changed:48066d0e-e6d8-485f-986b-8eb90873c6d6 for instance e2e0d822-b5eb-415b-9a08-09db0ec03d6f on np0000006638
Aug 06 08:06:59.346259 np0000006638 devstack@n-api.service[84314]: DEBUG nova.compute.rpcapi [req-b12a6e7e-b183-4772-98ce-67ef35b5a552 req-e644764e-b52e-4ac2-a753-84b305b711d1 service nova] RPC: Sending the message to topic: compute-alt {{(pid=84314) prepare_for_alt_rpcserver /opt/stack/nova/nova/compute/rpcapi.py:595}}
Aug 06 08:06:59.351641 np0000006638 devstack@n-api.service[84314]: INFO nova.api.openstack.requestlog [req-b12a6e7e-b183-4772-98ce-67ef35b5a552 req-e644764e-b52e-4ac2-a753-84b305b711d1 service nova] 10.4.3.40 "POST /compute/v2.1/os-server-external-events" status: 200 len: 346 microversion: 2.1 time: 0.026122
Aug 06 08:06:59.352047 np0000006638 devstack@n-api.service[84314]: [pid: 84314|app: 0|req: 40/126] 10.4.3.40 () {72 vars in 1425 bytes} [Thu Aug 6 08:06:59 2026] POST /compute/v2.1/os-server-external-events => generated 346 bytes in 27 msecs (HTTP/1.1 200) 9 headers in 357 bytes (1 switches on core 0)
Aug 06 08:06:59.467974 np0000006638 devstack@n-api.service[84314]: DEBUG nova.api.openstack.wsgi [None req-c39e0148-7954-4de5-b7d3-afe92cd4a06e tempest-TaggedBootDevicesTest-672357309 tempest-TaggedBootDevicesTest-672357309-project-member] Calling method '>' {{(pid=84314) _process_stack /opt/stack/nova/nova/api/openstack/wsgi.py:551}}
Aug 06 08:06:59.469523 np0000006638 devstack@n-api.service[84314]: DEBUG nova.compute.api [None req-c39e0148-7954-4de5-b7d3-afe92cd4a06e tempest-TaggedBootDevicesTest-672357309 tempest-TaggedBootDevicesTest-672357309-project-member] [instance: e2e0d822-b5eb-415b-9a08-09db0ec03d6f] Fetching instance by UUID {{(pid=84314) get /opt/stack/nova/nova/compute/api.py:3068}}
Aug 06 08:06:59.473051 np0000006638 devstack@n-api.service[84315]: DEBUG nova.api.openstack.wsgi [None req-33b13ec1-a753-4d43-8aaf-99bb54771890 tempest-VolumesNegativeTest-2105950915 tempest-VolumesNegativeTest-2105950915-project-member] Action: 'create', calling method: >, body: {"volume": {"size": "#$%", "display_name": "tempest-VolumesNegativeTest-Volume-468530324", "metadata": {"Type": "work"}}} {{(pid=84315) _process_stack /opt/stack/nova/nova/api/openstack/wsgi.py:549}}
Aug 06 08:06:59.473648 np0000006638 devstack@n-api.service[84314]: DEBUG oslo_concurrency.lockutils [None req-c39e0148-7954-4de5-b7d3-afe92cd4a06e tempest-TaggedBootDevicesTest-672357309 tempest-TaggedBootDevicesTest-672357309-project-member] Acquiring lock "2e551bc7-0c5e-4dab-a4ef-46ac89f6af3d" by "nova.context.set_target_cell..get_or_set_cached_cell_and_set_connections" {{(pid=84314) inner /opt/stack/data/venv/lib/python3.12/site-packages/oslo_concurrency/lockutils.py:512}}
Aug 06 08:06:59.473911 np0000006638 devstack@n-api.service[84314]: DEBUG oslo_concurrency.lockutils [None req-c39e0148-7954-4de5-b7d3-afe92cd4a06e tempest-TaggedBootDevicesTest-672357309 tempest-TaggedBootDevicesTest-672357309-project-member] Lock "2e551bc7-0c5e-4dab-a4ef-46ac89f6af3d" acquired by "nova.context.set_target_cell..get_or_set_cached_cell_and_set_connections" :: waited 0.000s {{(pid=84314) inner /opt/stack/data/venv/lib/python3.12/site-packages/oslo_concurrency/lockutils.py:525}}
Aug 06 08:06:59.474105 np0000006638 devstack@n-api.service[84314]: DEBUG oslo_concurrency.lockutils [None req-c39e0148-7954-4de5-b7d3-afe92cd4a06e tempest-TaggedBootDevicesTest-672357309 tempest-TaggedBootDevicesTest-672357309-project-member] Lock "2e551bc7-0c5e-4dab-a4ef-46ac89f6af3d" "released" by "nova.context.set_target_cell..get_or_set_cached_cell_and_set_connections" :: held 0.000s {{(pid=84314) inner /opt/stack/data/venv/lib/python3.12/site-packages/oslo_concurrency/lockutils.py:544}}
Aug 06 08:06:59.474575 np0000006638 devstack@n-api.service[84314]: DEBUG oslo_concurrency.lockutils [None req-c39e0148-7954-4de5-b7d3-afe92cd4a06e tempest-TaggedBootDevicesTest-672357309 tempest-TaggedBootDevicesTest-672357309-project-member] Acquiring lock "2e551bc7-0c5e-4dab-a4ef-46ac89f6af3d" by "nova.context.set_target_cell..get_or_set_cached_cell_and_set_connections" {{(pid=84314) inner /opt/stack/data/venv/lib/python3.12/site-packages/oslo_concurrency/lockutils.py:512}}
Aug 06 08:06:59.474856 np0000006638 devstack@n-api.service[84314]: DEBUG oslo_concurrency.lockutils [None req-c39e0148-7954-4de5-b7d3-afe92cd4a06e tempest-TaggedBootDevicesTest-672357309 tempest-TaggedBootDevicesTest-672357309-project-member] Lock "2e551bc7-0c5e-4dab-a4ef-46ac89f6af3d" acquired by "nova.context.set_target_cell..get_or_set_cached_cell_and_set_connections" :: waited 0.000s {{(pid=84314) inner /opt/stack/data/venv/lib/python3.12/site-packages/oslo_concurrency/lockutils.py:525}}
Aug 06 08:06:59.475165 np0000006638 devstack@n-api.service[84314]: DEBUG oslo_concurrency.lockutils [None req-c39e0148-7954-4de5-b7d3-afe92cd4a06e tempest-TaggedBootDevicesTest-672357309 tempest-TaggedBootDevicesTest-672357309-project-member] Lock "2e551bc7-0c5e-4dab-a4ef-46ac89f6af3d" "released" by "nova.context.set_target_cell..get_or_set_cached_cell_and_set_connections" :: held 0.000s {{(pid=84314) inner /opt/stack/data/venv/lib/python3.12/site-packages/oslo_concurrency/lockutils.py:544}}
Aug 06 08:06:59.479142 np0000006638 devstack@n-api.service[84315]: DEBUG nova.api.openstack.wsgi [None req-33b13ec1-a753-4d43-8aaf-99bb54771890 tempest-VolumesNegativeTest-2105950915 tempest-VolumesNegativeTest-2105950915-project-member] Returning 400 to user: Invalid input for field/attribute size. Value: #$%. '#$%' does not match '^[0-9]+$' {{(pid=84315) __call__ /opt/stack/nova/nova/api/openstack/wsgi.py:908}}
Aug 06 08:06:59.479597 np0000006638 devstack@n-api.service[84315]: INFO nova.api.openstack.requestlog [None req-33b13ec1-a753-4d43-8aaf-99bb54771890 tempest-VolumesNegativeTest-2105950915 tempest-VolumesNegativeTest-2105950915-project-member] 10.4.3.40 "POST /compute/v2.1/os-volumes" status: 400 len: 127 microversion: 2.1 time: 0.267244
Aug 06 08:06:59.479960 np0000006638 devstack@n-api.service[84315]: [pid: 84315|app: 0|req: 50/127] 10.4.3.40 () {68 vars in 1267 bytes} [Thu Aug 6 08:06:59 2026] POST /compute/v2.1/os-volumes => generated 127 bytes in 268 msecs (HTTP/1.1 400) 9 headers in 381 bytes (1 switches on core 0)
Aug 06 08:06:59.492234 np0000006638 devstack@n-api.service[84314]: WARNING neutronclient.v2_0.client [None req-c39e0148-7954-4de5-b7d3-afe92cd4a06e tempest-TaggedBootDevicesTest-672357309 tempest-TaggedBootDevicesTest-672357309-project-member] The python binding code in neutronclient is deprecated in favor of OpenstackSDK, please use that as this will be removed in a future release.
Aug 06 08:06:59.496457 np0000006638 devstack@n-api.service[84315]: DEBUG nova.api.openstack.wsgi [None req-58d62404-ece9-4335-9658-32ff58e699fb tempest-VolumesNegativeTest-2105950915 tempest-VolumesNegativeTest-2105950915-project-member] Action: 'create', calling method: >, body: {"volume": {"size": "0", "display_name": "tempest-VolumesNegativeTest-Volume-415905721", "metadata": {"Type": "work"}}} {{(pid=84315) _process_stack /opt/stack/nova/nova/api/openstack/wsgi.py:549}}
Aug 06 08:06:59.502269 np0000006638 devstack@n-api.service[84315]: DEBUG nova.api.openstack.wsgi [None req-58d62404-ece9-4335-9658-32ff58e699fb tempest-VolumesNegativeTest-2105950915 tempest-VolumesNegativeTest-2105950915-project-member] Returning 400 to user: Invalid input for field/attribute size. Value: 0. 0 is less than the minimum of 1 {{(pid=84315) __call__ /opt/stack/nova/nova/api/openstack/wsgi.py:908}}
Aug 06 08:06:59.502705 np0000006638 devstack@n-api.service[84315]: INFO nova.api.openstack.requestlog [None req-58d62404-ece9-4335-9658-32ff58e699fb tempest-VolumesNegativeTest-2105950915 tempest-VolumesNegativeTest-2105950915-project-member] 10.4.3.40 "POST /compute/v2.1/os-volumes" status: 400 len: 125 microversion: 2.1 time: 0.008296
Aug 06 08:06:59.503083 np0000006638 devstack@n-api.service[84315]: [pid: 84315|app: 0|req: 51/128] 10.4.3.40 () {68 vars in 1267 bytes} [Thu Aug 6 08:06:59 2026] POST /compute/v2.1/os-volumes => generated 125 bytes in 9 msecs (HTTP/1.1 400) 9 headers in 381 bytes (1 switches on core 0)
Aug 06 08:06:59.519700 np0000006638 devstack@n-api.service[84315]: DEBUG nova.api.openstack.wsgi [None req-f85b1f7c-b991-4c34-ae14-b95ab0b08d22 tempest-VolumesNegativeTest-2105950915 tempest-VolumesNegativeTest-2105950915-project-member] Action: 'create', calling method: >, body: {"volume": {"size": "", "display_name": "tempest-VolumesNegativeTest-Volume-711442177", "metadata": {"Type": "work"}}} {{(pid=84315) _process_stack /opt/stack/nova/nova/api/openstack/wsgi.py:549}}
Aug 06 08:06:59.521546 np0000006638 devstack@n-api.service[84315]: DEBUG nova.api.openstack.wsgi [None req-f85b1f7c-b991-4c34-ae14-b95ab0b08d22 tempest-VolumesNegativeTest-2105950915 tempest-VolumesNegativeTest-2105950915-project-member] Returning 400 to user: Invalid input for field/attribute size. Value: . '' does not match '^[0-9]+$' {{(pid=84315) __call__ /opt/stack/nova/nova/api/openstack/wsgi.py:908}}
Aug 06 08:06:59.522159 np0000006638 devstack@n-api.service[84315]: INFO nova.api.openstack.requestlog [None req-f85b1f7c-b991-4c34-ae14-b95ab0b08d22 tempest-VolumesNegativeTest-2105950915 tempest-VolumesNegativeTest-2105950915-project-member] 10.4.3.40 "POST /compute/v2.1/os-volumes" status: 400 len: 121 microversion: 2.1 time: 0.004697
Aug 06 08:06:59.522546 np0000006638 devstack@n-api.service[84315]: [pid: 84315|app: 0|req: 52/129] 10.4.3.40 () {68 vars in 1267 bytes} [Thu Aug 6 08:06:59 2026] POST /compute/v2.1/os-volumes => generated 121 bytes in 5 msecs (HTTP/1.1 400) 9 headers in 381 bytes (1 switches on core 0)
Aug 06 08:06:59.537223 np0000006638 devstack@n-api.service[84315]: DEBUG nova.api.openstack.wsgi [None req-de9caded-08d3-4f97-9f69-98f087b1456f tempest-VolumesNegativeTest-2105950915 tempest-VolumesNegativeTest-2105950915-project-member] Calling method '>' {{(pid=84315) _process_stack /opt/stack/nova/nova/api/openstack/wsgi.py:551}}
Aug 06 08:06:59.560645 np0000006638 devstack@n-api.service[84316]: DEBUG nova.policy [None req-392b7004-aae2-492b-be3b-0a549300704d tempest-ServerBootFromVolumeStableRescueTest-338924211 tempest-ServerBootFromVolumeStableRescueTest-338924211-project-member] Policy check for os_compute_api:os-extended-server-attributes failed with credentials {'is_admin': False, 'user_id': '3002ad36e0bd458c88b60e449073262d', 'user_domain_id': 'default', 'system_scope': None, 'domain_id': None, 'project_id': 'e599cde4e4224b38adcffe1dad6416b8', 'project_domain_id': 'default', 'roles': ['reader', 'member'], 'is_admin_project': True, 'service_user_id': None, 'service_user_domain_id': None, 'service_project_id': None, 'service_project_domain_id': None, 'service_roles': []} {{(pid=84316) authorize /opt/stack/nova/nova/policy.py:202}}
Aug 06 08:06:59.568458 np0000006638 devstack@n-api.service[84315]: INFO nova.api.openstack.wsgi [None req-de9caded-08d3-4f97-9f69-98f087b1456f tempest-VolumesNegativeTest-2105950915 tempest-VolumesNegativeTest-2105950915-project-member] HTTP exception thrown: Volume tempest-invalid-1412302391 could not be found.
Aug 06 08:06:59.568728 np0000006638 devstack@n-api.service[84315]: DEBUG nova.api.openstack.wsgi [None req-de9caded-08d3-4f97-9f69-98f087b1456f tempest-VolumesNegativeTest-2105950915 tempest-VolumesNegativeTest-2105950915-project-member] Returning 404 to user: Volume tempest-invalid-1412302391 could not be found. {{(pid=84315) __call__ /opt/stack/nova/nova/api/openstack/wsgi.py:908}}
Aug 06 08:06:59.569141 np0000006638 devstack@n-api.service[84315]: INFO nova.api.openstack.requestlog [None req-de9caded-08d3-4f97-9f69-98f087b1456f tempest-VolumesNegativeTest-2105950915 tempest-VolumesNegativeTest-2105950915-project-member] 10.4.3.40 "DELETE /compute/v2.1/os-volumes/tempest-invalid-1412302391" status: 404 len: 99 microversion: 2.1 time: 0.036248
Aug 06 08:06:59.569415 np0000006638 devstack@n-api.service[84315]: [pid: 84315|app: 0|req: 53/130] 10.4.3.40 () {66 vars in 1329 bytes} [Thu Aug 6 08:06:59 2026] DELETE /compute/v2.1/os-volumes/tempest-invalid-1412302391 => generated 99 bytes in 37 msecs (HTTP/1.1 404) 9 headers in 378 bytes (1 switches on core 0)
Aug 06 08:06:59.571171 np0000006638 devstack@n-api.service[84316]: DEBUG nova.policy [None req-392b7004-aae2-492b-be3b-0a549300704d tempest-ServerBootFromVolumeStableRescueTest-338924211 tempest-ServerBootFromVolumeStableRescueTest-338924211-project-member] Policy check for os_compute_api:servers:show:host_status failed with credentials {'is_admin': False, 'user_id': '3002ad36e0bd458c88b60e449073262d', 'user_domain_id': 'default', 'system_scope': None, 'domain_id': None, 'project_id': 'e599cde4e4224b38adcffe1dad6416b8', 'project_domain_id': 'default', 'roles': ['reader', 'member'], 'is_admin_project': True, 'service_user_id': None, 'service_user_domain_id': None, 'service_project_id': None, 'service_project_domain_id': None, 'service_roles': []} {{(pid=84316) authorize /opt/stack/nova/nova/policy.py:202}}
Aug 06 08:06:59.572853 np0000006638 devstack@n-api.service[84316]: DEBUG nova.policy [None req-392b7004-aae2-492b-be3b-0a549300704d tempest-ServerBootFromVolumeStableRescueTest-338924211 tempest-ServerBootFromVolumeStableRescueTest-338924211-project-member] Policy check for os_compute_api:servers:show:host_status:unknown-only failed with credentials {'is_admin': False, 'user_id': '3002ad36e0bd458c88b60e449073262d', 'user_domain_id': 'default', 'system_scope': None, 'domain_id': None, 'project_id': 'e599cde4e4224b38adcffe1dad6416b8', 'project_domain_id': 'default', 'roles': ['reader', 'member'], 'is_admin_project': True, 'service_user_id': None, 'service_user_domain_id': None, 'service_project_id': None, 'service_project_domain_id': None, 'service_roles': []} {{(pid=84316) authorize /opt/stack/nova/nova/policy.py:202}}
Aug 06 08:06:59.580991 np0000006638 devstack@n-api.service[84315]: INFO nova.api.openstack.requestlog [None req-7094416b-a7bc-4ecd-a1b3-320f22bea6ae tempest-VolumesNegativeTest-2105950915 tempest-VolumesNegativeTest-2105950915-project-member] 10.4.3.40 "DELETE /compute/v2.1/os-volumes/" status: 404 len: 112 microversion: - time: 0.002068
Aug 06 08:06:59.581267 np0000006638 devstack@n-api.service[84315]: [pid: 84315|app: 0|req: 54/131] 10.4.3.40 () {66 vars in 1251 bytes} [Thu Aug 6 08:06:59 2026] DELETE /compute/v2.1/os-volumes/ => generated 112 bytes in 3 msecs (HTTP/1.1 404) 5 headers in 228 bytes (1 switches on core 0)
Aug 06 08:06:59.584793 np0000006638 devstack@n-api.service[84316]: INFO nova.api.openstack.requestlog [None req-392b7004-aae2-492b-be3b-0a549300704d tempest-ServerBootFromVolumeStableRescueTest-338924211 tempest-ServerBootFromVolumeStableRescueTest-338924211-project-member] 10.4.3.40 "GET /compute/v2.1/servers/dd85b494-3cfa-4d42-95cc-2e7e18e215d3" status: 200 len: 1777 microversion: 2.87 time: 0.777085
Aug 06 08:06:59.585360 np0000006638 devstack@n-api.service[84316]: [pid: 84316|app: 0|req: 38/132] 10.4.3.40 () {68 vars in 1388 bytes} [Thu Aug 6 08:06:58 2026] GET /compute/v2.1/servers/dd85b494-3cfa-4d42-95cc-2e7e18e215d3 => generated 1777 bytes in 778 msecs (HTTP/1.1 200) 9 headers in 360 bytes (1 switches on core 0)
Aug 06 08:06:59.897619 np0000006638 devstack@n-api.service[84316]: DEBUG nova.api.openstack.wsgi [None req-94eaebe8-50d5-426f-8a12-9ecec4f377c3 tempest-TaggedBootDevicesTest_v242-605690783 tempest-TaggedBootDevicesTest_v242-605690783-project-member] Calling method '>' {{(pid=84316) _process_stack /opt/stack/nova/nova/api/openstack/wsgi.py:551}}
Aug 06 08:06:59.905164 np0000006638 devstack@n-api.service[84316]: DEBUG nova.compute.api [None req-94eaebe8-50d5-426f-8a12-9ecec4f377c3 tempest-TaggedBootDevicesTest_v242-605690783 tempest-TaggedBootDevicesTest_v242-605690783-project-member] [instance: 48a9d2c8-e8a0-4fb2-a5db-8f36ab0936d1] Fetching instance by UUID {{(pid=84316) get /opt/stack/nova/nova/compute/api.py:3068}}
Aug 06 08:06:59.911088 np0000006638 devstack@n-api.service[84315]: INFO nova.api.openstack.requestlog [None req-18b99dd6-d1d5-49df-aa78-9bef16b9de48 tempest-VolumesNegativeTest-2105950915 tempest-VolumesNegativeTest-2105950915-project-reader] 10.4.3.40 "GET /compute/v2.1/os-volumes/" status: 404 len: 112 microversion: - time: 0.319469
Aug 06 08:06:59.911585 np0000006638 devstack@n-api.service[84315]: [pid: 84315|app: 0|req: 55/133] 10.4.3.40 () {66 vars in 1248 bytes} [Thu Aug 6 08:06:59 2026] GET /compute/v2.1/os-volumes/ => generated 112 bytes in 320 msecs (HTTP/1.1 404) 5 headers in 228 bytes (1 switches on core 0)
Aug 06 08:06:59.912111 np0000006638 devstack@n-api.service[84316]: DEBUG oslo_concurrency.lockutils [None req-94eaebe8-50d5-426f-8a12-9ecec4f377c3 tempest-TaggedBootDevicesTest_v242-605690783 tempest-TaggedBootDevicesTest_v242-605690783-project-member] Acquiring lock "2e551bc7-0c5e-4dab-a4ef-46ac89f6af3d" by "nova.context.set_target_cell..get_or_set_cached_cell_and_set_connections" {{(pid=84316) inner /opt/stack/data/venv/lib/python3.12/site-packages/oslo_concurrency/lockutils.py:512}}
Aug 06 08:06:59.912556 np0000006638 devstack@n-api.service[84316]: DEBUG oslo_concurrency.lockutils [None req-94eaebe8-50d5-426f-8a12-9ecec4f377c3 tempest-TaggedBootDevicesTest_v242-605690783 tempest-TaggedBootDevicesTest_v242-605690783-project-member] Lock "2e551bc7-0c5e-4dab-a4ef-46ac89f6af3d" acquired by "nova.context.set_target_cell..get_or_set_cached_cell_and_set_connections" :: waited 0.001s {{(pid=84316) inner /opt/stack/data/venv/lib/python3.12/site-packages/oslo_concurrency/lockutils.py:525}}
Aug 06 08:06:59.912722 np0000006638 devstack@n-api.service[84316]: DEBUG oslo_concurrency.lockutils [None req-94eaebe8-50d5-426f-8a12-9ecec4f377c3 tempest-TaggedBootDevicesTest_v242-605690783 tempest-TaggedBootDevicesTest_v242-605690783-project-member] Lock "2e551bc7-0c5e-4dab-a4ef-46ac89f6af3d" "released" by "nova.context.set_target_cell..get_or_set_cached_cell_and_set_connections" :: held 0.000s {{(pid=84316) inner /opt/stack/data/venv/lib/python3.12/site-packages/oslo_concurrency/lockutils.py:544}}
Aug 06 08:06:59.913915 np0000006638 devstack@n-api.service[84316]: DEBUG oslo_concurrency.lockutils [None req-94eaebe8-50d5-426f-8a12-9ecec4f377c3 tempest-TaggedBootDevicesTest_v242-605690783 tempest-TaggedBootDevicesTest_v242-605690783-project-member] Acquiring lock "2e551bc7-0c5e-4dab-a4ef-46ac89f6af3d" by "nova.context.set_target_cell..get_or_set_cached_cell_and_set_connections" {{(pid=84316) inner /opt/stack/data/venv/lib/python3.12/site-packages/oslo_concurrency/lockutils.py:512}}
Aug 06 08:06:59.915211 np0000006638 devstack@n-api.service[84316]: DEBUG oslo_concurrency.lockutils [None req-94eaebe8-50d5-426f-8a12-9ecec4f377c3 tempest-TaggedBootDevicesTest_v242-605690783 tempest-TaggedBootDevicesTest_v242-605690783-project-member] Lock "2e551bc7-0c5e-4dab-a4ef-46ac89f6af3d" acquired by "nova.context.set_target_cell..get_or_set_cached_cell_and_set_connections" :: waited 0.000s {{(pid=84316) inner /opt/stack/data/venv/lib/python3.12/site-packages/oslo_concurrency/lockutils.py:525}}
Aug 06 08:06:59.915354 np0000006638 devstack@n-api.service[84316]: DEBUG oslo_concurrency.lockutils [None req-94eaebe8-50d5-426f-8a12-9ecec4f377c3 tempest-TaggedBootDevicesTest_v242-605690783 tempest-TaggedBootDevicesTest_v242-605690783-project-member] Lock "2e551bc7-0c5e-4dab-a4ef-46ac89f6af3d" "released" by "nova.context.set_target_cell..get_or_set_cached_cell_and_set_connections" :: held 0.001s {{(pid=84316) inner /opt/stack/data/venv/lib/python3.12/site-packages/oslo_concurrency/lockutils.py:544}}
Aug 06 08:06:59.927010 np0000006638 devstack@n-api.service[84315]: DEBUG nova.api.openstack.wsgi [None req-ac5e6f76-5d9e-41cb-96d8-c2da9ad8d75e tempest-VolumesNegativeTest-2105950915 tempest-VolumesNegativeTest-2105950915-project-member] Calling method '>' {{(pid=84315) _process_stack /opt/stack/nova/nova/api/openstack/wsgi.py:551}}
Aug 06 08:06:59.941627 np0000006638 devstack@n-api.service[84316]: WARNING neutronclient.v2_0.client [None req-94eaebe8-50d5-426f-8a12-9ecec4f377c3 tempest-TaggedBootDevicesTest_v242-605690783 tempest-TaggedBootDevicesTest_v242-605690783-project-member] The python binding code in neutronclient is deprecated in favor of OpenstackSDK, please use that as this will be removed in a future release.
Aug 06 08:06:59.948621 np0000006638 devstack@n-api.service[84315]: INFO nova.api.openstack.wsgi [None req-ac5e6f76-5d9e-41cb-96d8-c2da9ad8d75e tempest-VolumesNegativeTest-2105950915 tempest-VolumesNegativeTest-2105950915-project-member] HTTP exception thrown: Volume 43f6575c-9901-4eca-893b-36040f0ac836 could not be found.
Aug 06 08:06:59.948907 np0000006638 devstack@n-api.service[84315]: DEBUG nova.api.openstack.wsgi [None req-ac5e6f76-5d9e-41cb-96d8-c2da9ad8d75e tempest-VolumesNegativeTest-2105950915 tempest-VolumesNegativeTest-2105950915-project-member] Returning 404 to user: Volume 43f6575c-9901-4eca-893b-36040f0ac836 could not be found. {{(pid=84315) __call__ /opt/stack/nova/nova/api/openstack/wsgi.py:908}}
Aug 06 08:06:59.949318 np0000006638 devstack@n-api.service[84315]: INFO nova.api.openstack.requestlog [None req-ac5e6f76-5d9e-41cb-96d8-c2da9ad8d75e tempest-VolumesNegativeTest-2105950915 tempest-VolumesNegativeTest-2105950915-project-member] 10.4.3.40 "DELETE /compute/v2.1/os-volumes/43f6575c-9901-4eca-893b-36040f0ac836" status: 404 len: 109 microversion: 2.1 time: 0.024039
Aug 06 08:06:59.949684 np0000006638 devstack@n-api.service[84315]: [pid: 84315|app: 0|req: 56/134] 10.4.3.40 () {66 vars in 1359 bytes} [Thu Aug 6 08:06:59 2026] DELETE /compute/v2.1/os-volumes/43f6575c-9901-4eca-893b-36040f0ac836 => generated 109 bytes in 24 msecs (HTTP/1.1 404) 9 headers in 379 bytes (1 switches on core 0)
Aug 06 08:06:59.961788 np0000006638 devstack@n-api.service[84315]: DEBUG nova.api.openstack.wsgi [None req-e19091e5-edaf-445d-8033-f1e72c6d87cb tempest-VolumesNegativeTest-2105950915 tempest-VolumesNegativeTest-2105950915-project-reader] Calling method '>' {{(pid=84315) _process_stack /opt/stack/nova/nova/api/openstack/wsgi.py:551}}
Aug 06 08:06:59.970598 np0000006638 devstack@n-api.service[84314]: DEBUG dbcounter [-] [84314] Writing DB stats nova_cell0:SELECT=5 {{(pid=84314) stat_writer /opt/stack/data/venv/lib/python3.12/site-packages/dbcounter.py:115}}
Aug 06 08:06:59.988046 np0000006638 devstack@n-api.service[84315]: INFO nova.api.openstack.wsgi [None req-e19091e5-edaf-445d-8033-f1e72c6d87cb tempest-VolumesNegativeTest-2105950915 tempest-VolumesNegativeTest-2105950915-project-reader] HTTP exception thrown: Volume 4932e446-6a6c-4521-8d6e-70d3b08c0bd0 could not be found.
Aug 06 08:06:59.988304 np0000006638 devstack@n-api.service[84315]: DEBUG nova.api.openstack.wsgi [None req-e19091e5-edaf-445d-8033-f1e72c6d87cb tempest-VolumesNegativeTest-2105950915 tempest-VolumesNegativeTest-2105950915-project-reader] Returning 404 to user: Volume 4932e446-6a6c-4521-8d6e-70d3b08c0bd0 could not be found. {{(pid=84315) __call__ /opt/stack/nova/nova/api/openstack/wsgi.py:908}}
Aug 06 08:06:59.988672 np0000006638 devstack@n-api.service[84315]: INFO nova.api.openstack.requestlog [None req-e19091e5-edaf-445d-8033-f1e72c6d87cb tempest-VolumesNegativeTest-2105950915 tempest-VolumesNegativeTest-2105950915-project-reader] 10.4.3.40 "GET /compute/v2.1/os-volumes/4932e446-6a6c-4521-8d6e-70d3b08c0bd0" status: 404 len: 109 microversion: 2.1 time: 0.029895
Aug 06 08:06:59.989107 np0000006638 devstack@n-api.service[84315]: [pid: 84315|app: 0|req: 57/135] 10.4.3.40 () {66 vars in 1356 bytes} [Thu Aug 6 08:06:59 2026] GET /compute/v2.1/os-volumes/4932e446-6a6c-4521-8d6e-70d3b08c0bd0 => generated 109 bytes in 30 msecs (HTTP/1.1 404) 9 headers in 379 bytes (1 switches on core 0)
Aug 06 08:07:00.321319 np0000006638 devstack@n-api.service[84315]: DEBUG nova.api.openstack.wsgi [req-169ede05-c163-4d07-bfa5-ae002d0f3f08 req-52a37d89-a2d6-4866-8c98-ff9bccee822d service nova] Action: 'create', calling method: >, body: {"events": [{"name": "network-changed", "server_uuid": "48a9d2c8-e8a0-4fb2-a5db-8f36ab0936d1", "tag": "72e0d2e7-3c7a-46a4-bc17-9032442b5af9"}, {"name": "network-changed", "server_uuid": "48a9d2c8-e8a0-4fb2-a5db-8f36ab0936d1", "tag": "d09801ed-1f57-4959-8953-72d7e06a4494"}, {"name": "network-changed", "server_uuid": "48a9d2c8-e8a0-4fb2-a5db-8f36ab0936d1", "tag": "f0ba983b-be3f-4a1d-b245-c4131fe751cb"}]} {{(pid=84315) _process_stack /opt/stack/nova/nova/api/openstack/wsgi.py:549}}
Aug 06 08:07:00.328717 np0000006638 devstack@n-api.service[84315]: DEBUG oslo_concurrency.lockutils [req-169ede05-c163-4d07-bfa5-ae002d0f3f08 req-52a37d89-a2d6-4866-8c98-ff9bccee822d service nova] Acquiring lock "2e551bc7-0c5e-4dab-a4ef-46ac89f6af3d" by "nova.context.set_target_cell..get_or_set_cached_cell_and_set_connections" {{(pid=84315) inner /opt/stack/data/venv/lib/python3.12/site-packages/oslo_concurrency/lockutils.py:512}}
Aug 06 08:07:00.328996 np0000006638 devstack@n-api.service[84315]: DEBUG oslo_concurrency.lockutils [req-169ede05-c163-4d07-bfa5-ae002d0f3f08 req-52a37d89-a2d6-4866-8c98-ff9bccee822d service nova] Lock "2e551bc7-0c5e-4dab-a4ef-46ac89f6af3d" acquired by "nova.context.set_target_cell..get_or_set_cached_cell_and_set_connections" :: waited 0.000s {{(pid=84315) inner /opt/stack/data/venv/lib/python3.12/site-packages/oslo_concurrency/lockutils.py:525}}
Aug 06 08:07:00.329240 np0000006638 devstack@n-api.service[84315]: DEBUG oslo_concurrency.lockutils [req-169ede05-c163-4d07-bfa5-ae002d0f3f08 req-52a37d89-a2d6-4866-8c98-ff9bccee822d service nova] Lock "2e551bc7-0c5e-4dab-a4ef-46ac89f6af3d" "released" by "nova.context.set_target_cell..get_or_set_cached_cell_and_set_connections" :: held 0.000s {{(pid=84315) inner /opt/stack/data/venv/lib/python3.12/site-packages/oslo_concurrency/lockutils.py:544}}
Aug 06 08:07:00.336458 np0000006638 devstack@n-api.service[84315]: INFO nova.api.openstack.compute.server_external_events [req-169ede05-c163-4d07-bfa5-ae002d0f3f08 req-52a37d89-a2d6-4866-8c98-ff9bccee822d service nova] Creating event network-changed:72e0d2e7-3c7a-46a4-bc17-9032442b5af9 for instance 48a9d2c8-e8a0-4fb2-a5db-8f36ab0936d1 on np0000006638
Aug 06 08:07:00.336838 np0000006638 devstack@n-api.service[84315]: INFO nova.api.openstack.compute.server_external_events [req-169ede05-c163-4d07-bfa5-ae002d0f3f08 req-52a37d89-a2d6-4866-8c98-ff9bccee822d service nova] Creating event network-changed:d09801ed-1f57-4959-8953-72d7e06a4494 for instance 48a9d2c8-e8a0-4fb2-a5db-8f36ab0936d1 on np0000006638
Aug 06 08:07:00.337145 np0000006638 devstack@n-api.service[84315]: INFO nova.api.openstack.compute.server_external_events [req-169ede05-c163-4d07-bfa5-ae002d0f3f08 req-52a37d89-a2d6-4866-8c98-ff9bccee822d service nova] Creating event network-changed:f0ba983b-be3f-4a1d-b245-c4131fe751cb for instance 48a9d2c8-e8a0-4fb2-a5db-8f36ab0936d1 on np0000006638
Aug 06 08:07:00.337774 np0000006638 devstack@n-api.service[84315]: DEBUG nova.compute.rpcapi [req-169ede05-c163-4d07-bfa5-ae002d0f3f08 req-52a37d89-a2d6-4866-8c98-ff9bccee822d service nova] RPC: Sending the message to topic: compute-alt {{(pid=84315) prepare_for_alt_rpcserver /opt/stack/nova/nova/compute/rpcapi.py:595}}
