Aug 06 08:04:03.966785 np0000006638 nova-scheduler[93469]: DEBUG cotyledon.oslo_config_glue [-] oslo_messaging_rabbit.rabbit_quorum_max_memory_bytes = 0 {{(pid=93469) log_opt_values /opt/stack/data/venv/lib/python3.12/site-packages/oslo_config/cfg.py:3545}}
Aug 06 08:04:03.966785 np0000006638 nova-scheduler[93469]: DEBUG cotyledon.oslo_config_glue [-] oslo_messaging_rabbit.rabbit_quorum_max_memory_length = 0 {{(pid=93469) log_opt_values /opt/stack/data/venv/lib/python3.12/site-packages/oslo_config/cfg.py:3545}}
Aug 06 08:04:03.966785 np0000006638 nova-scheduler[93469]: DEBUG cotyledon.oslo_config_glue [-] oslo_messaging_rabbit.rabbit_quorum_queue = False {{(pid=93469) log_opt_values /opt/stack/data/venv/lib/python3.12/site-packages/oslo_config/cfg.py:3545}}
Aug 06 08:04:03.966879 np0000006638 nova-scheduler[93478]: INFO nova.service [-] Starting scheduler node (version 33.1.0)
Aug 06 08:04:03.966903 np0000006638 nova-scheduler[93469]: DEBUG cotyledon.oslo_config_glue [-] oslo_messaging_rabbit.rabbit_retry_backoff = 2 {{(pid=93469) log_opt_values /opt/stack/data/venv/lib/python3.12/site-packages/oslo_config/cfg.py:3545}}
Aug 06 08:04:03.966903 np0000006638 nova-scheduler[93469]: DEBUG cotyledon.oslo_config_glue [-] oslo_messaging_rabbit.rabbit_retry_interval = 1 {{(pid=93469) log_opt_values /opt/stack/data/venv/lib/python3.12/site-packages/oslo_config/cfg.py:3545}}
Aug 06 08:04:03.966903 np0000006638 nova-scheduler[93469]: DEBUG cotyledon.oslo_config_glue [-] oslo_messaging_rabbit.rabbit_stream_fanout = False {{(pid=93469) log_opt_values /opt/stack/data/venv/lib/python3.12/site-packages/oslo_config/cfg.py:3545}}
Aug 06 08:04:03.966903 np0000006638 nova-scheduler[93469]: DEBUG cotyledon.oslo_config_glue [-] oslo_messaging_rabbit.rabbit_transient_queues_ttl = 1800 {{(pid=93469) log_opt_values /opt/stack/data/venv/lib/python3.12/site-packages/oslo_config/cfg.py:3545}}
Aug 06 08:04:03.966903 np0000006638 nova-scheduler[93469]: DEBUG cotyledon.oslo_config_glue [-] oslo_messaging_rabbit.rabbit_transient_quorum_queue = False {{(pid=93469) log_opt_values /opt/stack/data/venv/lib/python3.12/site-packages/oslo_config/cfg.py:3545}}
Aug 06 08:04:03.966903 np0000006638 nova-scheduler[93469]: DEBUG cotyledon.oslo_config_glue [-] oslo_messaging_rabbit.rpc_conn_pool_size = 30 {{(pid=93469) log_opt_values /opt/stack/data/venv/lib/python3.12/site-packages/oslo_config/cfg.py:3545}}
Aug 06 08:04:03.966903 np0000006638 nova-scheduler[93469]: DEBUG cotyledon.oslo_config_glue [-] oslo_messaging_rabbit.ssl = False {{(pid=93469) log_opt_values /opt/stack/data/venv/lib/python3.12/site-packages/oslo_config/cfg.py:3545}}
Aug 06 08:04:03.966903 np0000006638 nova-scheduler[93469]: DEBUG cotyledon.oslo_config_glue [-] oslo_messaging_rabbit.ssl_ca_file = {{(pid=93469) log_opt_values /opt/stack/data/venv/lib/python3.12/site-packages/oslo_config/cfg.py:3545}}
Aug 06 08:04:03.966903 np0000006638 nova-scheduler[93469]: DEBUG cotyledon.oslo_config_glue [-] oslo_messaging_rabbit.ssl_cert_file = {{(pid=93469) log_opt_values /opt/stack/data/venv/lib/python3.12/site-packages/oslo_config/cfg.py:3545}}
Aug 06 08:04:03.967077 np0000006638 nova-scheduler[93469]: DEBUG cotyledon.oslo_config_glue [-] oslo_messaging_rabbit.ssl_enforce_fips_mode = False {{(pid=93469) log_opt_values /opt/stack/data/venv/lib/python3.12/site-packages/oslo_config/cfg.py:3545}}
Aug 06 08:04:03.967077 np0000006638 nova-scheduler[93469]: DEBUG cotyledon.oslo_config_glue [-] oslo_messaging_rabbit.ssl_enforce_hostname_verification = True {{(pid=93469) log_opt_values /opt/stack/data/venv/lib/python3.12/site-packages/oslo_config/cfg.py:3545}}
Aug 06 08:04:03.967077 np0000006638 nova-scheduler[93469]: DEBUG cotyledon.oslo_config_glue [-] oslo_messaging_rabbit.ssl_key_file = {{(pid=93469) log_opt_values /opt/stack/data/venv/lib/python3.12/site-packages/oslo_config/cfg.py:3545}}
Aug 06 08:04:03.967077 np0000006638 nova-scheduler[93469]: DEBUG cotyledon.oslo_config_glue [-] oslo_messaging_rabbit.ssl_version = {{(pid=93469) log_opt_values /opt/stack/data/venv/lib/python3.12/site-packages/oslo_config/cfg.py:3545}}
Aug 06 08:04:03.967077 np0000006638 nova-scheduler[93469]: DEBUG cotyledon.oslo_config_glue [-] oslo_messaging_rabbit.use_queue_manager = False {{(pid=93469) log_opt_values /opt/stack/data/venv/lib/python3.12/site-packages/oslo_config/cfg.py:3545}}
Aug 06 08:04:03.967077 np0000006638 nova-scheduler[93469]: DEBUG cotyledon.oslo_config_glue [-] oslo_messaging_notifications.driver = ['messagingv2'] {{(pid=93469) log_opt_values /opt/stack/data/venv/lib/python3.12/site-packages/oslo_config/cfg.py:3545}}
Aug 06 08:04:03.967077 np0000006638 nova-scheduler[93469]: DEBUG cotyledon.oslo_config_glue [-] oslo_messaging_notifications.retry = -1 {{(pid=93469) log_opt_values /opt/stack/data/venv/lib/python3.12/site-packages/oslo_config/cfg.py:3545}}
Aug 06 08:04:03.967077 np0000006638 nova-scheduler[93469]: DEBUG cotyledon.oslo_config_glue [-] oslo_messaging_notifications.topics = ['notifications'] {{(pid=93469) log_opt_values /opt/stack/data/venv/lib/python3.12/site-packages/oslo_config/cfg.py:3545}}
Aug 06 08:04:03.967077 np0000006638 nova-scheduler[93469]: DEBUG cotyledon.oslo_config_glue [-] oslo_messaging_notifications.transport_url = **** {{(pid=93469) log_opt_values /opt/stack/data/venv/lib/python3.12/site-packages/oslo_config/cfg.py:3545}}
Aug 06 08:04:03.967253 np0000006638 nova-scheduler[93469]: DEBUG cotyledon.oslo_config_glue [-] oslo_limit.auth_section = None {{(pid=93469) log_opt_values /opt/stack/data/venv/lib/python3.12/site-packages/oslo_config/cfg.py:3545}}
Aug 06 08:04:03.967253 np0000006638 nova-scheduler[93469]: DEBUG cotyledon.oslo_config_glue [-] oslo_limit.auth_type = None {{(pid=93469) log_opt_values /opt/stack/data/venv/lib/python3.12/site-packages/oslo_config/cfg.py:3545}}
Aug 06 08:04:03.967253 np0000006638 nova-scheduler[93469]: DEBUG cotyledon.oslo_config_glue [-] oslo_limit.cafile = None {{(pid=93469) log_opt_values /opt/stack/data/venv/lib/python3.12/site-packages/oslo_config/cfg.py:3545}}
Aug 06 08:04:03.967253 np0000006638 nova-scheduler[93469]: DEBUG cotyledon.oslo_config_glue [-] oslo_limit.certfile = None {{(pid=93469) log_opt_values /opt/stack/data/venv/lib/python3.12/site-packages/oslo_config/cfg.py:3545}}
Aug 06 08:04:03.967253 np0000006638 nova-scheduler[93469]: DEBUG cotyledon.oslo_config_glue [-] oslo_limit.collect_timing = False {{(pid=93469) log_opt_values /opt/stack/data/venv/lib/python3.12/site-packages/oslo_config/cfg.py:3545}}
Aug 06 08:04:03.967253 np0000006638 nova-scheduler[93469]: DEBUG cotyledon.oslo_config_glue [-] oslo_limit.connect_retries = None {{(pid=93469) log_opt_values /opt/stack/data/venv/lib/python3.12/site-packages/oslo_config/cfg.py:3545}}
Aug 06 08:04:03.967253 np0000006638 nova-scheduler[93469]: DEBUG cotyledon.oslo_config_glue [-] oslo_limit.connect_retry_delay = None {{(pid=93469) log_opt_values /opt/stack/data/venv/lib/python3.12/site-packages/oslo_config/cfg.py:3545}}
Aug 06 08:04:03.967253 np0000006638 nova-scheduler[93469]: DEBUG cotyledon.oslo_config_glue [-] oslo_limit.endpoint_id = None {{(pid=93469) log_opt_values /opt/stack/data/venv/lib/python3.12/site-packages/oslo_config/cfg.py:3545}}
Aug 06 08:04:03.967253 np0000006638 nova-scheduler[93469]: DEBUG cotyledon.oslo_config_glue [-] oslo_limit.endpoint_interface = public {{(pid=93469) log_opt_values /opt/stack/data/venv/lib/python3.12/site-packages/oslo_config/cfg.py:3545}}
Aug 06 08:04:03.967454 np0000006638 nova-scheduler[93469]: DEBUG cotyledon.oslo_config_glue [-] oslo_limit.endpoint_override = None {{(pid=93469) log_opt_values /opt/stack/data/venv/lib/python3.12/site-packages/oslo_config/cfg.py:3545}}
Aug 06 08:04:03.967454 np0000006638 nova-scheduler[93469]: DEBUG cotyledon.oslo_config_glue [-] oslo_limit.endpoint_region_name = None {{(pid=93469) log_opt_values /opt/stack/data/venv/lib/python3.12/site-packages/oslo_config/cfg.py:3545}}
Aug 06 08:04:03.967454 np0000006638 nova-scheduler[93469]: DEBUG cotyledon.oslo_config_glue [-] oslo_limit.endpoint_service_name = None {{(pid=93469) log_opt_values /opt/stack/data/venv/lib/python3.12/site-packages/oslo_config/cfg.py:3545}}
Aug 06 08:04:03.967454 np0000006638 nova-scheduler[93469]: DEBUG cotyledon.oslo_config_glue [-] oslo_limit.endpoint_service_type = None {{(pid=93469) log_opt_values /opt/stack/data/venv/lib/python3.12/site-packages/oslo_config/cfg.py:3545}}
Aug 06 08:04:03.967454 np0000006638 nova-scheduler[93469]: DEBUG cotyledon.oslo_config_glue [-] oslo_limit.insecure = False {{(pid=93469) log_opt_values /opt/stack/data/venv/lib/python3.12/site-packages/oslo_config/cfg.py:3545}}
Aug 06 08:04:03.967454 np0000006638 nova-scheduler[93469]: DEBUG cotyledon.oslo_config_glue [-] oslo_limit.keyfile = None {{(pid=93469) log_opt_values /opt/stack/data/venv/lib/python3.12/site-packages/oslo_config/cfg.py:3545}}
Aug 06 08:04:03.967454 np0000006638 nova-scheduler[93469]: DEBUG cotyledon.oslo_config_glue [-] oslo_limit.max_version = None {{(pid=93469) log_opt_values /opt/stack/data/venv/lib/python3.12/site-packages/oslo_config/cfg.py:3545}}
Aug 06 08:04:03.967454 np0000006638 nova-scheduler[93469]: DEBUG cotyledon.oslo_config_glue [-] oslo_limit.min_version = None {{(pid=93469) log_opt_values /opt/stack/data/venv/lib/python3.12/site-packages/oslo_config/cfg.py:3545}}
Aug 06 08:04:03.967454 np0000006638 nova-scheduler[93469]: DEBUG cotyledon.oslo_config_glue [-] oslo_limit.region_name = None {{(pid=93469) log_opt_values /opt/stack/data/venv/lib/python3.12/site-packages/oslo_config/cfg.py:3545}}
Aug 06 08:04:03.967626 np0000006638 nova-scheduler[93469]: DEBUG cotyledon.oslo_config_glue [-] oslo_limit.retriable_status_codes = None {{(pid=93469) log_opt_values /opt/stack/data/venv/lib/python3.12/site-packages/oslo_config/cfg.py:3545}}
Aug 06 08:04:03.967626 np0000006638 nova-scheduler[93469]: DEBUG cotyledon.oslo_config_glue [-] oslo_limit.service_name = None {{(pid=93469) log_opt_values /opt/stack/data/venv/lib/python3.12/site-packages/oslo_config/cfg.py:3545}}
Aug 06 08:04:03.967626 np0000006638 nova-scheduler[93469]: DEBUG cotyledon.oslo_config_glue [-] oslo_limit.service_type = None {{(pid=93469) log_opt_values /opt/stack/data/venv/lib/python3.12/site-packages/oslo_config/cfg.py:3545}}
Aug 06 08:04:03.967626 np0000006638 nova-scheduler[93469]: DEBUG cotyledon.oslo_config_glue [-] oslo_limit.split_loggers = False {{(pid=93469) log_opt_values /opt/stack/data/venv/lib/python3.12/site-packages/oslo_config/cfg.py:3545}}
Aug 06 08:04:03.967626 np0000006638 nova-scheduler[93469]: DEBUG cotyledon.oslo_config_glue [-] oslo_limit.status_code_retries = None {{(pid=93469) log_opt_values /opt/stack/data/venv/lib/python3.12/site-packages/oslo_config/cfg.py:3545}}
Aug 06 08:04:03.967626 np0000006638 nova-scheduler[93469]: DEBUG cotyledon.oslo_config_glue [-] oslo_limit.status_code_retry_delay = None {{(pid=93469) log_opt_values /opt/stack/data/venv/lib/python3.12/site-packages/oslo_config/cfg.py:3545}}
Aug 06 08:04:03.967626 np0000006638 nova-scheduler[93469]: DEBUG cotyledon.oslo_config_glue [-] oslo_limit.timeout = None {{(pid=93469) log_opt_values /opt/stack/data/venv/lib/python3.12/site-packages/oslo_config/cfg.py:3545}}
Aug 06 08:04:03.967626 np0000006638 nova-scheduler[93469]: DEBUG cotyledon.oslo_config_glue [-] oslo_limit.valid_interfaces = None {{(pid=93469) log_opt_values /opt/stack/data/venv/lib/python3.12/site-packages/oslo_config/cfg.py:3545}}
Aug 06 08:04:03.967626 np0000006638 nova-scheduler[93469]: DEBUG cotyledon.oslo_config_glue [-] oslo_limit.version = None {{(pid=93469) log_opt_values /opt/stack/data/venv/lib/python3.12/site-packages/oslo_config/cfg.py:3545}}
Aug 06 08:04:03.967833 np0000006638 nova-scheduler[93469]: DEBUG cotyledon.oslo_config_glue [-] oslo_reports.file_event_handler = None {{(pid=93469) log_opt_values /opt/stack/data/venv/lib/python3.12/site-packages/oslo_config/cfg.py:3545}}
Aug 06 08:04:03.967833 np0000006638 nova-scheduler[93469]: DEBUG cotyledon.oslo_config_glue [-] oslo_reports.file_event_handler_interval = 1 {{(pid=93469) log_opt_values /opt/stack/data/venv/lib/python3.12/site-packages/oslo_config/cfg.py:3545}}
Aug 06 08:04:03.967833 np0000006638 nova-scheduler[93469]: DEBUG cotyledon.oslo_config_glue [-] oslo_reports.log_dir = None {{(pid=93469) log_opt_values /opt/stack/data/venv/lib/python3.12/site-packages/oslo_config/cfg.py:3545}}
Aug 06 08:04:03.967833 np0000006638 nova-scheduler[93469]: DEBUG cotyledon.oslo_config_glue [-] ******************************************************************************** {{(pid=93469) log_opt_values /opt/stack/data/venv/lib/python3.12/site-packages/oslo_config/cfg.py:3552}}
Aug 06 08:04:03.967833 np0000006638 nova-scheduler[93469]: DEBUG cotyledon._service_worker [-] Run service ServiceWrapper(1) [93469] {{(pid=93469) wait_forever /opt/stack/data/venv/lib/python3.12/site-packages/cotyledon/_service_worker.py:218}}
Aug 06 08:04:03.967833 np0000006638 nova-scheduler[93469]: INFO nova.service [-] Starting scheduler node (version 33.1.0)
Aug 06 08:04:03.967981 np0000006638 nova-scheduler[93467]: DEBUG oslo_db.sqlalchemy.engines [None req-a7e65ddc-31a7-41f5-9aa9-0a6308131340 None None] MySQL server mode set to STRICT_TRANS_TABLES,STRICT_ALL_TABLES,NO_ZERO_IN_DATE,NO_ZERO_DATE,ERROR_FOR_DIVISION_BY_ZERO,TRADITIONAL,NO_ENGINE_SUBSTITUTION {{(pid=93467) _check_effective_sql_mode /opt/stack/data/venv/lib/python3.12/site-packages/oslo_db/sqlalchemy/engines.py:325}}
Aug 06 08:04:03.968010 np0000006638 nova-scheduler[93478]: INFO dbcounter [None req-2045c610-2e5d-40ad-8547-6bc266af5322 None None] Registered counter for database nova_cell0
Aug 06 08:04:03.968492 np0000006638 nova-scheduler[93469]: INFO dbcounter [None req-ec2d409a-4f55-40c1-9638-e19f9d5cead4 None None] Registered counter for database nova_cell0
Aug 06 08:04:03.972561 np0000006638 nova-scheduler[93467]: DEBUG dbcounter [-] [93467] Writer thread running {{(pid=93467) stat_writer /opt/stack/data/venv/lib/python3.12/site-packages/dbcounter.py:102}}
Aug 06 08:04:03.987227 np0000006638 nova-scheduler[93467]: DEBUG nova.service [None req-a7e65ddc-31a7-41f5-9aa9-0a6308131340 None None] Creating RPC server for service: nova-scheduler on topic: scheduler {{(pid=93467) start /opt/stack/nova/nova/service.py:196}}
Aug 06 08:04:03.996496 np0000006638 nova-scheduler[93478]: DEBUG oslo_db.sqlalchemy.engines [None req-2045c610-2e5d-40ad-8547-6bc266af5322 None None] MySQL server mode set to STRICT_TRANS_TABLES,STRICT_ALL_TABLES,NO_ZERO_IN_DATE,NO_ZERO_DATE,ERROR_FOR_DIVISION_BY_ZERO,TRADITIONAL,NO_ENGINE_SUBSTITUTION {{(pid=93478) _check_effective_sql_mode /opt/stack/data/venv/lib/python3.12/site-packages/oslo_db/sqlalchemy/engines.py:325}}
Aug 06 08:04:04.007042 np0000006638 nova-scheduler[93478]: DEBUG dbcounter [-] [93478] Writer thread running {{(pid=93478) stat_writer /opt/stack/data/venv/lib/python3.12/site-packages/dbcounter.py:102}}
Aug 06 08:04:04.010386 np0000006638 nova-scheduler[93478]: DEBUG nova.service [None req-2045c610-2e5d-40ad-8547-6bc266af5322 None None] Creating RPC server for service: nova-scheduler on topic: scheduler {{(pid=93478) start /opt/stack/nova/nova/service.py:196}}
Aug 06 08:04:04.012300 np0000006638 nova-scheduler[93469]: DEBUG oslo_db.sqlalchemy.engines [None req-ec2d409a-4f55-40c1-9638-e19f9d5cead4 None None] MySQL server mode set to STRICT_TRANS_TABLES,STRICT_ALL_TABLES,NO_ZERO_IN_DATE,NO_ZERO_DATE,ERROR_FOR_DIVISION_BY_ZERO,TRADITIONAL,NO_ENGINE_SUBSTITUTION {{(pid=93469) _check_effective_sql_mode /opt/stack/data/venv/lib/python3.12/site-packages/oslo_db/sqlalchemy/engines.py:325}}
Aug 06 08:04:04.012517 np0000006638 nova-scheduler[93467]: DEBUG nova.service [None req-a7e65ddc-31a7-41f5-9aa9-0a6308131340 None None] Join ServiceGroup membership for this service scheduler {{(pid=93467) start /opt/stack/nova/nova/service.py:222}}
Aug 06 08:04:04.012899 np0000006638 nova-scheduler[93467]: DEBUG nova.servicegroup.drivers.db [None req-a7e65ddc-31a7-41f5-9aa9-0a6308131340 None None] DB_Driver: join new ServiceGroup member np0000006638 to the scheduler group, service = {{(pid=93467) join /opt/stack/nova/nova/servicegroup/drivers/db.py:44}}
Aug 06 08:04:04.022344 np0000006638 nova-scheduler[93469]: DEBUG dbcounter [-] [93469] Writer thread running {{(pid=93469) stat_writer /opt/stack/data/venv/lib/python3.12/site-packages/dbcounter.py:102}}
Aug 06 08:04:04.025199 np0000006638 nova-scheduler[93469]: DEBUG nova.service [None req-ec2d409a-4f55-40c1-9638-e19f9d5cead4 None None] Creating RPC server for service: nova-scheduler on topic: scheduler {{(pid=93469) start /opt/stack/nova/nova/service.py:196}}
Aug 06 08:04:04.031621 np0000006638 nova-scheduler[93478]: DEBUG nova.service [None req-2045c610-2e5d-40ad-8547-6bc266af5322 None None] Join ServiceGroup membership for this service scheduler {{(pid=93478) start /opt/stack/nova/nova/service.py:222}}
Aug 06 08:04:04.031935 np0000006638 nova-scheduler[93478]: DEBUG nova.servicegroup.drivers.db [None req-2045c610-2e5d-40ad-8547-6bc266af5322 None None] DB_Driver: join new ServiceGroup member np0000006638 to the scheduler group, service = {{(pid=93478) join /opt/stack/nova/nova/servicegroup/drivers/db.py:44}}
Aug 06 08:04:04.042905 np0000006638 nova-scheduler[93469]: DEBUG nova.service [None req-ec2d409a-4f55-40c1-9638-e19f9d5cead4 None None] Join ServiceGroup membership for this service scheduler {{(pid=93469) start /opt/stack/nova/nova/service.py:222}}
Aug 06 08:04:04.043090 np0000006638 nova-scheduler[93469]: DEBUG nova.servicegroup.drivers.db [None req-ec2d409a-4f55-40c1-9638-e19f9d5cead4 None None] DB_Driver: join new ServiceGroup member np0000006638 to the scheduler group, service = {{(pid=93469) join /opt/stack/nova/nova/servicegroup/drivers/db.py:44}}
Aug 06 08:04:09.025234 np0000006638 nova-scheduler[93467]: DEBUG oslo.service.backend._threading.loopingcall [-] Fixed interval looping call 'nova.servicegroup.drivers.db.DbDriver._report_state' sleeping for 119.99 seconds {{(pid=93467) _run_loop /opt/stack/data/venv/lib/python3.12/site-packages/oslo_service/backend/_threading/loopingcall.py:125}}
Aug 06 08:04:09.044847 np0000006638 nova-scheduler[93478]: DEBUG oslo.service.backend._threading.loopingcall [-] Fixed interval looping call 'nova.servicegroup.drivers.db.DbDriver._report_state' sleeping for 119.99 seconds {{(pid=93478) _run_loop /opt/stack/data/venv/lib/python3.12/site-packages/oslo_service/backend/_threading/loopingcall.py:125}}
Aug 06 08:04:09.056176 np0000006638 nova-scheduler[93469]: DEBUG oslo.service.backend._threading.loopingcall [-] Fixed interval looping call 'nova.servicegroup.drivers.db.DbDriver._report_state' sleeping for 119.99 seconds {{(pid=93469) _run_loop /opt/stack/data/venv/lib/python3.12/site-packages/oslo_service/backend/_threading/loopingcall.py:125}}
Aug 06 08:04:12.609127 np0000006638 nova-scheduler[92212]: DEBUG dbcounter [-] [92212] Writing DB stats nova_api:SELECT=3 {{(pid=92212) stat_writer /opt/stack/data/venv/lib/python3.12/site-packages/dbcounter.py:115}}
Aug 06 08:04:12.762703 np0000006638 nova-scheduler[92212]: DEBUG dbcounter [-] [92212] Writing DB stats nova_cell0:SELECT=1 {{(pid=92212) stat_writer /opt/stack/data/venv/lib/python3.12/site-packages/dbcounter.py:115}}
Aug 06 08:04:12.767149 np0000006638 nova-scheduler[92212]: DEBUG dbcounter [-] [92212] Writing DB stats nova_cell1:SELECT=1 {{(pid=92212) stat_writer /opt/stack/data/venv/lib/python3.12/site-packages/dbcounter.py:115}}
Aug 06 08:04:19.022010 np0000006638 nova-scheduler[93467]: DEBUG dbcounter [-] [93467] Writing DB stats nova_cell0:SELECT=4,nova_cell0:INSERT=1,nova_cell0:UPDATE=1 {{(pid=93467) stat_writer /opt/stack/data/venv/lib/python3.12/site-packages/dbcounter.py:115}}
Aug 06 08:04:19.043225 np0000006638 nova-scheduler[93478]: DEBUG dbcounter [-] [93478] Writing DB stats nova_cell0:SELECT=3 {{(pid=93478) stat_writer /opt/stack/data/venv/lib/python3.12/site-packages/dbcounter.py:115}}
Aug 06 08:04:19.051511 np0000006638 nova-scheduler[93469]: DEBUG dbcounter [-] [93469] Writing DB stats nova_cell0:SELECT=3 {{(pid=93469) stat_writer /opt/stack/data/venv/lib/python3.12/site-packages/dbcounter.py:115}}
Aug 06 08:04:27.045048 np0000006638 nova-scheduler[93469]: DEBUG oslo.service.backend._threading.loopingcall [None req-10b271e6-c607-4175-9619-e12371a0a81a None None] Dynamic interval looping call 'nova.service.Service.periodic_tasks' sleeping for 60.00 seconds {{(pid=93469) _run_loop /opt/stack/data/venv/lib/python3.12/site-packages/oslo_service/backend/_threading/loopingcall.py:125}}
Aug 06 08:04:32.033932 np0000006638 nova-scheduler[93478]: DEBUG oslo.service.backend._threading.loopingcall [None req-0f91e713-765b-4c63-b4dd-094db2cfa64f None None] Dynamic interval looping call 'nova.service.Service.periodic_tasks' sleeping for 60.00 seconds {{(pid=93478) _run_loop /opt/stack/data/venv/lib/python3.12/site-packages/oslo_service/backend/_threading/loopingcall.py:125}}
Aug 06 08:04:59.015273 np0000006638 nova-scheduler[93467]: DEBUG oslo.service.backend._threading.loopingcall [None req-2321b585-b94d-43fd-afc5-bfd181223923 None None] Dynamic interval looping call 'nova.service.Service.periodic_tasks' sleeping for 60.00 seconds {{(pid=93467) _run_loop /opt/stack/data/venv/lib/python3.12/site-packages/oslo_service/backend/_threading/loopingcall.py:125}}
Aug 06 08:05:27.045455 np0000006638 nova-scheduler[93469]: DEBUG oslo.service.backend._threading.loopingcall [None req-10b271e6-c607-4175-9619-e12371a0a81a None None] Dynamic interval looping call 'nova.service.Service.periodic_tasks' sleeping for 60.00 seconds {{(pid=93469) _run_loop /opt/stack/data/venv/lib/python3.12/site-packages/oslo_service/backend/_threading/loopingcall.py:125}}
Aug 06 08:05:32.034487 np0000006638 nova-scheduler[93478]: DEBUG oslo.service.backend._threading.loopingcall [None req-0f91e713-765b-4c63-b4dd-094db2cfa64f None None] Dynamic interval looping call 'nova.service.Service.periodic_tasks' sleeping for 60.00 seconds {{(pid=93478) _run_loop /opt/stack/data/venv/lib/python3.12/site-packages/oslo_service/backend/_threading/loopingcall.py:125}}
Aug 06 08:05:59.015725 np0000006638 nova-scheduler[93467]: DEBUG oslo.service.backend._threading.loopingcall [None req-2321b585-b94d-43fd-afc5-bfd181223923 None None] Dynamic interval looping call 'nova.service.Service.periodic_tasks' sleeping for 60.00 seconds {{(pid=93467) _run_loop /opt/stack/data/venv/lib/python3.12/site-packages/oslo_service/backend/_threading/loopingcall.py:125}}
Aug 06 08:06:09.025587 np0000006638 nova-scheduler[93467]: DEBUG oslo.service.backend._threading.loopingcall [-] Fixed interval looping call 'nova.servicegroup.drivers.db.DbDriver._report_state' sleeping for 119.99 seconds {{(pid=93467) _run_loop /opt/stack/data/venv/lib/python3.12/site-packages/oslo_service/backend/_threading/loopingcall.py:125}}
Aug 06 08:06:09.042370 np0000006638 nova-scheduler[93478]: DEBUG oslo.service.backend._threading.loopingcall [-] Fixed interval looping call 'nova.servicegroup.drivers.db.DbDriver._report_state' sleeping for 119.99 seconds {{(pid=93478) _run_loop /opt/stack/data/venv/lib/python3.12/site-packages/oslo_service/backend/_threading/loopingcall.py:125}}
Aug 06 08:06:09.052335 np0000006638 nova-scheduler[93469]: DEBUG oslo.service.backend._threading.loopingcall [-] Fixed interval looping call 'nova.servicegroup.drivers.db.DbDriver._report_state' sleeping for 119.99 seconds {{(pid=93469) _run_loop /opt/stack/data/venv/lib/python3.12/site-packages/oslo_service/backend/_threading/loopingcall.py:125}}
Aug 06 08:06:19.022414 np0000006638 nova-scheduler[93467]: DEBUG dbcounter [-] [93467] Writing DB stats nova_cell0:SELECT=1,nova_cell0:UPDATE=1 {{(pid=93467) stat_writer /opt/stack/data/venv/lib/python3.12/site-packages/dbcounter.py:115}}
Aug 06 08:06:19.039674 np0000006638 nova-scheduler[93478]: DEBUG dbcounter [-] [93478] Writing DB stats nova_cell0:SELECT=1 {{(pid=93478) stat_writer /opt/stack/data/venv/lib/python3.12/site-packages/dbcounter.py:115}}
Aug 06 08:06:19.050979 np0000006638 nova-scheduler[93469]: DEBUG dbcounter [-] [93469] Writing DB stats nova_cell0:SELECT=1 {{(pid=93469) stat_writer /opt/stack/data/venv/lib/python3.12/site-packages/dbcounter.py:115}}
Aug 06 08:06:27.046008 np0000006638 nova-scheduler[93469]: DEBUG oslo.service.backend._threading.loopingcall [None req-10b271e6-c607-4175-9619-e12371a0a81a None None] Dynamic interval looping call 'nova.service.Service.periodic_tasks' sleeping for 60.00 seconds {{(pid=93469) _run_loop /opt/stack/data/venv/lib/python3.12/site-packages/oslo_service/backend/_threading/loopingcall.py:125}}
Aug 06 08:06:28.702714 np0000006638 nova-scheduler[93467]: DEBUG nova.scheduler.manager [None req-05da0699-e367-4836-adc4-4bb3658d8362 tempest-ServerBootFromVolumeStableRescueTest-338924211 tempest-ServerBootFromVolumeStableRescueTest-338924211-project-member] Starting to schedule for instances: ['018d4206-4881-4818-a997-e8668a70ba94'] {{(pid=93467) select_destinations /opt/stack/nova/nova/scheduler/manager.py:209}}
Aug 06 08:06:28.704544 np0000006638 nova-scheduler[93467]: DEBUG nova.scheduler.request_filter [None req-05da0699-e367-4836-adc4-4bb3658d8362 tempest-ServerBootFromVolumeStableRescueTest-338924211 tempest-ServerBootFromVolumeStableRescueTest-338924211-project-member] compute_status_filter request filter added forbidden trait COMPUTE_STATUS_DISABLED {{(pid=93467) compute_status_filter /opt/stack/nova/nova/scheduler/request_filter.py:253}}
Aug 06 08:06:28.704544 np0000006638 nova-scheduler[93467]: DEBUG nova.scheduler.request_filter [None req-05da0699-e367-4836-adc4-4bb3658d8362 tempest-ServerBootFromVolumeStableRescueTest-338924211 tempest-ServerBootFromVolumeStableRescueTest-338924211-project-member] Request filter 'compute_status_filter' took 0.0 seconds {{(pid=93467) wrapper /opt/stack/nova/nova/scheduler/request_filter.py:46}}
Aug 06 08:06:28.704544 np0000006638 nova-scheduler[93467]: DEBUG nova.scheduler.request_filter [None req-05da0699-e367-4836-adc4-4bb3658d8362 tempest-ServerBootFromVolumeStableRescueTest-338924211 tempest-ServerBootFromVolumeStableRescueTest-338924211-project-member] Request filter 'accelerators_filter' took 0.0 seconds {{(pid=93467) wrapper /opt/stack/nova/nova/scheduler/request_filter.py:46}}
Aug 06 08:06:28.704544 np0000006638 nova-scheduler[93467]: DEBUG nova.scheduler.request_filter [None req-05da0699-e367-4836-adc4-4bb3658d8362 tempest-ServerBootFromVolumeStableRescueTest-338924211 tempest-ServerBootFromVolumeStableRescueTest-338924211-project-member] Request filter 'packed_virtqueue_filter' took 0.0 seconds {{(pid=93467) wrapper /opt/stack/nova/nova/scheduler/request_filter.py:46}}
Aug 06 08:06:28.704544 np0000006638 nova-scheduler[93467]: DEBUG nova.scheduler.request_filter [None req-05da0699-e367-4836-adc4-4bb3658d8362 tempest-ServerBootFromVolumeStableRescueTest-338924211 tempest-ServerBootFromVolumeStableRescueTest-338924211-project-member] Request filter 'remote_managed_ports_filter' took 0.0 seconds {{(pid=93467) wrapper /opt/stack/nova/nova/scheduler/request_filter.py:46}}
Aug 06 08:06:28.704707 np0000006638 nova-scheduler[93467]: DEBUG nova.scheduler.request_filter [None req-05da0699-e367-4836-adc4-4bb3658d8362 tempest-ServerBootFromVolumeStableRescueTest-338924211 tempest-ServerBootFromVolumeStableRescueTest-338924211-project-member] ephemeral_encryption_filter skipped {{(pid=93467) ephemeral_encryption_filter /opt/stack/nova/nova/scheduler/request_filter.py:426}}
Aug 06 08:06:28.704707 np0000006638 nova-scheduler[93467]: DEBUG nova.scheduler.request_filter [None req-05da0699-e367-4836-adc4-4bb3658d8362 tempest-ServerBootFromVolumeStableRescueTest-338924211 tempest-ServerBootFromVolumeStableRescueTest-338924211-project-member] virtio_sound_filter skipped {{(pid=93467) virtio_sound_filter /opt/stack/nova/nova/scheduler/request_filter.py:460}}
Aug 06 08:06:28.704862 np0000006638 nova-scheduler[93467]: DEBUG nova.scheduler.request_filter [None req-05da0699-e367-4836-adc4-4bb3658d8362 tempest-ServerBootFromVolumeStableRescueTest-338924211 tempest-ServerBootFromVolumeStableRescueTest-338924211-project-member] tpm_secret_security_filter skipped {{(pid=93467) tpm_secret_security_filter /opt/stack/nova/nova/scheduler/request_filter.py:477}}
Aug 06 08:06:29.249913 np0000006638 nova-scheduler[93467]: INFO nova.utils [None req-05da0699-e367-4836-adc4-4bb3658d8362 tempest-ServerBootFromVolumeStableRescueTest-338924211 tempest-ServerBootFromVolumeStableRescueTest-338924211-project-member] The cell worker thread pool ForkProcess-1.cell_worker is initialized
Aug 06 08:06:29.250276 np0000006638 nova-scheduler[93467]: DEBUG oslo_concurrency.lockutils [None req-05da0699-e367-4836-adc4-4bb3658d8362 tempest-ServerBootFromVolumeStableRescueTest-338924211 tempest-ServerBootFromVolumeStableRescueTest-338924211-project-member] Acquiring lock "2e551bc7-0c5e-4dab-a4ef-46ac89f6af3d" by "nova.context.set_target_cell..get_or_set_cached_cell_and_set_connections" {{(pid=93467) inner /opt/stack/data/venv/lib/python3.12/site-packages/oslo_concurrency/lockutils.py:512}}
Aug 06 08:06:29.250449 np0000006638 nova-scheduler[93467]: DEBUG oslo_concurrency.lockutils [None req-05da0699-e367-4836-adc4-4bb3658d8362 tempest-ServerBootFromVolumeStableRescueTest-338924211 tempest-ServerBootFromVolumeStableRescueTest-338924211-project-member] Lock "2e551bc7-0c5e-4dab-a4ef-46ac89f6af3d" acquired by "nova.context.set_target_cell..get_or_set_cached_cell_and_set_connections" :: waited 0.000s {{(pid=93467) inner /opt/stack/data/venv/lib/python3.12/site-packages/oslo_concurrency/lockutils.py:525}}
Aug 06 08:06:29.251939 np0000006638 nova-scheduler[93467]: DEBUG oslo_concurrency.lockutils [None req-05da0699-e367-4836-adc4-4bb3658d8362 tempest-ServerBootFromVolumeStableRescueTest-338924211 tempest-ServerBootFromVolumeStableRescueTest-338924211-project-member] Lock "2e551bc7-0c5e-4dab-a4ef-46ac89f6af3d" "released" by "nova.context.set_target_cell..get_or_set_cached_cell_and_set_connections" :: held 0.001s {{(pid=93467) inner /opt/stack/data/venv/lib/python3.12/site-packages/oslo_concurrency/lockutils.py:544}}
Aug 06 08:06:29.253970 np0000006638 nova-scheduler[93467]: INFO dbcounter [None req-05da0699-e367-4836-adc4-4bb3658d8362 tempest-ServerBootFromVolumeStableRescueTest-338924211 tempest-ServerBootFromVolumeStableRescueTest-338924211-project-member] Registered counter for database nova_cell1
Aug 06 08:06:29.284953 np0000006638 nova-scheduler[93467]: DEBUG oslo_db.sqlalchemy.engines [None req-05da0699-e367-4836-adc4-4bb3658d8362 tempest-ServerBootFromVolumeStableRescueTest-338924211 tempest-ServerBootFromVolumeStableRescueTest-338924211-project-member] MySQL server mode set to STRICT_TRANS_TABLES,STRICT_ALL_TABLES,NO_ZERO_IN_DATE,NO_ZERO_DATE,ERROR_FOR_DIVISION_BY_ZERO,TRADITIONAL,NO_ENGINE_SUBSTITUTION {{(pid=93467) _check_effective_sql_mode /opt/stack/data/venv/lib/python3.12/site-packages/oslo_db/sqlalchemy/engines.py:325}}
Aug 06 08:06:29.290489 np0000006638 nova-scheduler[93467]: DEBUG dbcounter [-] [93467] Writer thread running {{(pid=93467) stat_writer /opt/stack/data/venv/lib/python3.12/site-packages/dbcounter.py:102}}
Aug 06 08:06:29.301930 np0000006638 nova-scheduler[93467]: DEBUG oslo_db.sqlalchemy.engines [None req-05da0699-e367-4836-adc4-4bb3658d8362 tempest-ServerBootFromVolumeStableRescueTest-338924211 tempest-ServerBootFromVolumeStableRescueTest-338924211-project-member] Parent process 92212 forked (93467) with an open database connection, which is being discarded and recreated. {{(pid=93467) checkout /opt/stack/data/venv/lib/python3.12/site-packages/oslo_db/sqlalchemy/engines.py:402}}
Aug 06 08:06:29.335665 np0000006638 nova-scheduler[93467]: DEBUG dbcounter [-] [93467] Writer thread running {{(pid=93467) stat_writer /opt/stack/data/venv/lib/python3.12/site-packages/dbcounter.py:102}}
Aug 06 08:06:29.338103 np0000006638 nova-scheduler[93467]: DEBUG oslo_concurrency.lockutils [None req-05da0699-e367-4836-adc4-4bb3658d8362 tempest-ServerBootFromVolumeStableRescueTest-338924211 tempest-ServerBootFromVolumeStableRescueTest-338924211-project-member] Acquiring lock "2e551bc7-0c5e-4dab-a4ef-46ac89f6af3d" by "nova.context.set_target_cell..get_or_set_cached_cell_and_set_connections" {{(pid=93467) inner /opt/stack/data/venv/lib/python3.12/site-packages/oslo_concurrency/lockutils.py:512}}
Aug 06 08:06:29.338469 np0000006638 nova-scheduler[93467]: DEBUG oslo_concurrency.lockutils [None req-05da0699-e367-4836-adc4-4bb3658d8362 tempest-ServerBootFromVolumeStableRescueTest-338924211 tempest-ServerBootFromVolumeStableRescueTest-338924211-project-member] Lock "2e551bc7-0c5e-4dab-a4ef-46ac89f6af3d" acquired by "nova.context.set_target_cell..get_or_set_cached_cell_and_set_connections" :: waited 0.000s {{(pid=93467) inner /opt/stack/data/venv/lib/python3.12/site-packages/oslo_concurrency/lockutils.py:525}}
Aug 06 08:06:29.338597 np0000006638 nova-scheduler[93467]: DEBUG oslo_concurrency.lockutils [None req-05da0699-e367-4836-adc4-4bb3658d8362 tempest-ServerBootFromVolumeStableRescueTest-338924211 tempest-ServerBootFromVolumeStableRescueTest-338924211-project-member] Lock "2e551bc7-0c5e-4dab-a4ef-46ac89f6af3d" "released" by "nova.context.set_target_cell..get_or_set_cached_cell_and_set_connections" :: held 0.000s {{(pid=93467) inner /opt/stack/data/venv/lib/python3.12/site-packages/oslo_concurrency/lockutils.py:544}}
Aug 06 08:06:29.341795 np0000006638 nova-scheduler[93467]: DEBUG oslo_concurrency.lockutils [None req-05da0699-e367-4836-adc4-4bb3658d8362 tempest-ServerBootFromVolumeStableRescueTest-338924211 tempest-ServerBootFromVolumeStableRescueTest-338924211-project-member] Acquiring lock "np0000006638-np0000006638" by "nova.scheduler.host_manager.HostState.update.._locked_update" {{(pid=93467) inner /opt/stack/data/venv/lib/python3.12/site-packages/oslo_concurrency/lockutils.py:512}}
Aug 06 08:06:29.341956 np0000006638 nova-scheduler[93467]: DEBUG oslo_concurrency.lockutils [None req-05da0699-e367-4836-adc4-4bb3658d8362 tempest-ServerBootFromVolumeStableRescueTest-338924211 tempest-ServerBootFromVolumeStableRescueTest-338924211-project-member] Lock "np0000006638-np0000006638" acquired by "nova.scheduler.host_manager.HostState.update.._locked_update" :: waited 0.000s {{(pid=93467) inner /opt/stack/data/venv/lib/python3.12/site-packages/oslo_concurrency/lockutils.py:525}}
Aug 06 08:06:29.342754 np0000006638 nova-scheduler[93467]: DEBUG nova.scheduler.host_manager [None req-05da0699-e367-4836-adc4-4bb3658d8362 tempest-ServerBootFromVolumeStableRescueTest-338924211 tempest-ServerBootFromVolumeStableRescueTest-338924211-project-member] Update host state from compute node: ComputeNode(cpu_allocation_ratio=4.0,cpu_info='{"arch": "x86_64", "model": "EPYC-Milan", "vendor": "AMD", "topology": {"cells": 1, "sockets": 16, "cores": 1, "threads": 1}, "maxphysaddr": {"mode": "emulate", "bits": 40}, "features": ["osvw", "lfence-always-serializing", "misalignsse", "svm", "smap", "rdseed", "rdtscp", "sse2", "sse4.1", "cx8", "hypervisor", "pfthreshold", "3dnowprefetch", "tsc_adjust", "vpclmulqdq", "erms", "aes", "invpcid", "bmi1", "tsc-scale", "ibrs", "clwb", "x2apic", "tsc-deadline", "skip-l1dfl-vmentry", "pause-filter", "bmi2", "fma", "ssse3", "no-nested-data-bp", "virt-ssbd", "pclmuldq", "sep", "pse", "clflushopt", "fpu", "mtrr", "gds-no", "rdrand", "cmov", "flushbyasid", "avx", "smep", "nrip-save", "amd-stibp", "lm", "apic", "perfctr_core", "stibp", "vme", "v-vmsave-vmload", "fsgsbase", "mmx", "wbnoinvd", "msr", "pge", "xsaves", "popcnt", "cr8legacy", "fxsr_opt", "rdctl-no", "clzero", "pat", "rdpid", "mce", "ibpb", "xsavec", "amd-psfd", "spec-ctrl", "pcid", "sse4.2", "tsc", "xgetbv1", "vaes", "sse4a", "movbe", "arat", "cx16", "arch-capabilities", "pku", "clflush", "nx", "mca", "umip", "lbrv", "sse", "fxsr", "xsave", "lahf_lm", "pse36", "adx", "fsrm", "xsaveerptr", "pae", "syscall", "stibp-always-on", "sha-ni", "null-sel-clr-base", "vgif", "pni", "vmcb-clean", "cmp_legacy", "xsaveopt", "abm", "npt", "svme-addr-chk", "de", "mds-no", "f16c", "mmxext", "amd-ssbd", "avx2", "pschange-mc-no", "ssbd", "pdpe1gb", "topoext"]}',created_at=2026-08-06T08:04:24Z,current_workload=0,deleted=False,deleted_at=None,disk_allocation_ratio=1.0,disk_available_least=73,free_disk_gb=95,free_ram_mb=62765,host='np0000006638',host_ip=10.4.3.40,hypervisor_hostname='np0000006638',hypervisor_type='QEMU',hypervisor_version=8002002,id=1,local_gb=95,local_gb_used=0,mapped=1,memory_mb=63277,memory_mb_used=512,metrics='[]',numa_topology='{"nova_object.name": "NUMATopology", "nova_object.namespace": "nova", "nova_object.version": "1.2", "nova_object.data": {"cells": [{"nova_object.name": "NUMACell", "nova_object.namespace": "nova", "nova_object.version": "1.5", "nova_object.data": {"id": 0, "cpuset": [0, 1, 2, 3, 4, 5, 6, 7, 8, 9, 10, 11, 12, 13, 14, 15], "pcpuset": [0, 1, 2, 3, 4, 5, 6, 7, 8, 9, 10, 11, 12, 13, 14, 15], "memory": 63277, "cpu_usage": 0, "memory_usage": 0, "pinned_cpus": [], "siblings": [[6], [12], [2], [15], [5], [11], [8], [14], [4], [1], [7], [10], [0], [13], [3], [9]], "mempages": [{"nova_object.name": "NUMAPagesTopology", "nova_object.namespace": "nova", "nova_object.version": "1.1", "nova_object.data": {"size_kb": 4, "total": 16177928, "used": 0, "reserved": 0}, "nova_object.changes": ["size_kb", "used", "total", "reserved"]}, {"nova_object.name": "NUMAPagesTopology", "nova_object.namespace": "nova", "nova_object.version": "1.1", "nova_object.data": {"size_kb": 2048, "total": 41, "used": 0, "reserved": 0}, "nova_object.changes": ["size_kb", "used", "total", "reserved"]}, {"nova_object.name": "NUMAPagesTopology", "nova_object.namespace": "nova", "nova_object.version": "1.1", "nova_object.data": {"size_kb": 1048576, "total": 0, "used": 0, "reserved": 0}, "nova_object.changes": ["size_kb", "used", "total", "reserved"]}], "network_metadata": {"nova_object.name": "NetworkMetadata", "nova_object.namespace": "nova", "nova_object.version": "1.0", "nova_object.data": {"physnets": [], "tunneled": false}, "nova_object.changes": ["physnets", "tunneled"]}, "socket": null}, "nova_object.changes": ["memory_usage", "pinned_cpus", "cpu_usage", "id", "pcpuset", "socket", "siblings", "memory", "cpuset", "mempages", "network_metadata"]}]}, "nova_object.changes": ["cells"]}',pci_device_pools=PciDevicePoolList,ram_allocation_ratio=1.0,running_vms=0,service_id=2,stats={failed_builds='0',uptime=' 08:06:11 up 13 min, 2 users, load average: 1.33, 1.26, 0.74
Aug 06 08:06:29.342754 np0000006638 nova-scheduler[93467]: '},supported_hv_specs=[HVSpec,HVSpec,HVSpec,HVSpec,HVSpec,HVSpec,HVSpec,HVSpec,HVSpec,HVSpec,HVSpec,HVSpec,HVSpec,HVSpec,HVSpec,HVSpec,HVSpec,HVSpec,HVSpec,HVSpec,HVSpec,HVSpec,HVSpec,HVSpec,HVSpec],updated_at=2026-08-06T08:06:12Z,uuid=24b3864b-c6a9-4b67-bfed-5d3f0da8fe33,vcpus=16,vcpus_used=0) {{(pid=93467) _locked_update /opt/stack/nova/nova/scheduler/host_manager.py:168}}
Aug 06 08:06:29.343462 np0000006638 nova-scheduler[93467]: DEBUG nova.scheduler.host_manager [None req-05da0699-e367-4836-adc4-4bb3658d8362 tempest-ServerBootFromVolumeStableRescueTest-338924211 tempest-ServerBootFromVolumeStableRescueTest-338924211-project-member] Update host state with aggregates: [] {{(pid=93467) _locked_update /opt/stack/nova/nova/scheduler/host_manager.py:171}}
Aug 06 08:06:29.343568 np0000006638 nova-scheduler[93467]: DEBUG nova.scheduler.host_manager [None req-05da0699-e367-4836-adc4-4bb3658d8362 tempest-ServerBootFromVolumeStableRescueTest-338924211 tempest-ServerBootFromVolumeStableRescueTest-338924211-project-member] Update host state with service dict: {'id': 2, 'uuid': 'c7b1208d-4f63-4ef9-874b-2536a40b847f', 'host': 'np0000006638', 'binary': 'nova-compute', 'topic': 'compute', 'report_count': 1, 'disabled': False, 'disabled_reason': None, 'last_seen_up': datetime.datetime(2026, 8, 6, 8, 4, 30, tzinfo=datetime.timezone.utc), 'forced_down': False, 'version': 72, 'created_at': datetime.datetime(2026, 8, 6, 8, 4, 24, tzinfo=datetime.timezone.utc), 'updated_at': datetime.datetime(2026, 8, 6, 8, 4, 30, tzinfo=datetime.timezone.utc), 'deleted_at': None, 'deleted': False} {{(pid=93467) _locked_update /opt/stack/nova/nova/scheduler/host_manager.py:174}}
Aug 06 08:06:29.343681 np0000006638 nova-scheduler[93467]: DEBUG nova.scheduler.host_manager [None req-05da0699-e367-4836-adc4-4bb3658d8362 tempest-ServerBootFromVolumeStableRescueTest-338924211 tempest-ServerBootFromVolumeStableRescueTest-338924211-project-member] Update host state with instances: [] {{(pid=93467) _locked_update /opt/stack/nova/nova/scheduler/host_manager.py:177}}
Aug 06 08:06:29.343825 np0000006638 nova-scheduler[93467]: DEBUG oslo_concurrency.lockutils [None req-05da0699-e367-4836-adc4-4bb3658d8362 tempest-ServerBootFromVolumeStableRescueTest-338924211 tempest-ServerBootFromVolumeStableRescueTest-338924211-project-member] Lock "np0000006638-np0000006638" "released" by "nova.scheduler.host_manager.HostState.update.._locked_update" :: held 0.002s {{(pid=93467) inner /opt/stack/data/venv/lib/python3.12/site-packages/oslo_concurrency/lockutils.py:544}}
Aug 06 08:06:29.344220 np0000006638 nova-scheduler[93467]: DEBUG nova.filters [None req-05da0699-e367-4836-adc4-4bb3658d8362 tempest-ServerBootFromVolumeStableRescueTest-338924211 tempest-ServerBootFromVolumeStableRescueTest-338924211-project-member] Starting with 1 host(s) {{(pid=93467) get_filtered_objects /opt/stack/nova/nova/filters.py:70}}
Aug 06 08:06:29.344419 np0000006638 nova-scheduler[93467]: DEBUG nova.filters [None req-05da0699-e367-4836-adc4-4bb3658d8362 tempest-ServerBootFromVolumeStableRescueTest-338924211 tempest-ServerBootFromVolumeStableRescueTest-338924211-project-member] Filter ComputeFilter returned 1 host(s) {{(pid=93467) get_filtered_objects /opt/stack/nova/nova/filters.py:102}}
Aug 06 08:06:29.344593 np0000006638 nova-scheduler[93467]: DEBUG nova.filters [None req-05da0699-e367-4836-adc4-4bb3658d8362 tempest-ServerBootFromVolumeStableRescueTest-338924211 tempest-ServerBootFromVolumeStableRescueTest-338924211-project-member] Filter ComputeCapabilitiesFilter returned 1 host(s) {{(pid=93467) get_filtered_objects /opt/stack/nova/nova/filters.py:102}}
Aug 06 08:06:29.344799 np0000006638 nova-scheduler[93467]: DEBUG nova.filters [None req-05da0699-e367-4836-adc4-4bb3658d8362 tempest-ServerBootFromVolumeStableRescueTest-338924211 tempest-ServerBootFromVolumeStableRescueTest-338924211-project-member] Filter ImagePropertiesFilter returned 1 host(s) {{(pid=93467) get_filtered_objects /opt/stack/nova/nova/filters.py:102}}
Aug 06 08:06:29.345102 np0000006638 nova-scheduler[93467]: DEBUG nova.filters [None req-05da0699-e367-4836-adc4-4bb3658d8362 tempest-ServerBootFromVolumeStableRescueTest-338924211 tempest-ServerBootFromVolumeStableRescueTest-338924211-project-member] Filter ServerGroupAntiAffinityFilter returned 1 host(s) {{(pid=93467) get_filtered_objects /opt/stack/nova/nova/filters.py:102}}
Aug 06 08:06:29.345102 np0000006638 nova-scheduler[93467]: DEBUG nova.filters [None req-05da0699-e367-4836-adc4-4bb3658d8362 tempest-ServerBootFromVolumeStableRescueTest-338924211 tempest-ServerBootFromVolumeStableRescueTest-338924211-project-member] Filter ServerGroupAffinityFilter returned 1 host(s) {{(pid=93467) get_filtered_objects /opt/stack/nova/nova/filters.py:102}}
Aug 06 08:06:29.345213 np0000006638 nova-scheduler[93467]: DEBUG nova.filters [None req-05da0699-e367-4836-adc4-4bb3658d8362 tempest-ServerBootFromVolumeStableRescueTest-338924211 tempest-ServerBootFromVolumeStableRescueTest-338924211-project-member] Filter SameHostFilter returned 1 host(s) {{(pid=93467) get_filtered_objects /opt/stack/nova/nova/filters.py:102}}
Aug 06 08:06:29.345255 np0000006638 nova-scheduler[93467]: DEBUG nova.filters [None req-05da0699-e367-4836-adc4-4bb3658d8362 tempest-ServerBootFromVolumeStableRescueTest-338924211 tempest-ServerBootFromVolumeStableRescueTest-338924211-project-member] Filter DifferentHostFilter returned 1 host(s) {{(pid=93467) get_filtered_objects /opt/stack/nova/nova/filters.py:102}}
Aug 06 08:06:29.345406 np0000006638 nova-scheduler[93467]: DEBUG nova.scheduler.manager [None req-05da0699-e367-4836-adc4-4bb3658d8362 tempest-ServerBootFromVolumeStableRescueTest-338924211 tempest-ServerBootFromVolumeStableRescueTest-338924211-project-member] Filtered [(np0000006638, np0000006638) ram: 62765MB disk: 74752MB io_ops: 0 instances: 0, allocation_candidates: 1] {{(pid=93467) _get_sorted_hosts /opt/stack/nova/nova/scheduler/manager.py:742}}
Aug 06 08:06:29.345576 np0000006638 nova-scheduler[93467]: DEBUG nova.scheduler.manager [None req-05da0699-e367-4836-adc4-4bb3658d8362 tempest-ServerBootFromVolumeStableRescueTest-338924211 tempest-ServerBootFromVolumeStableRescueTest-338924211-project-member] Weighed [WeighedHost [host: (np0000006638, np0000006638) ram: 62765MB disk: 74752MB io_ops: 0 instances: 0, allocation_candidates: 1, weight: 0.0]] {{(pid=93467) _get_sorted_hosts /opt/stack/nova/nova/scheduler/manager.py:764}}
Aug 06 08:06:29.345725 np0000006638 nova-scheduler[93467]: DEBUG nova.scheduler.utils [None req-05da0699-e367-4836-adc4-4bb3658d8362 tempest-ServerBootFromVolumeStableRescueTest-338924211 tempest-ServerBootFromVolumeStableRescueTest-338924211-project-member] Attempting to claim resources in the placement API for instance 018d4206-4881-4818-a997-e8668a70ba94 {{(pid=93467) claim_resources /opt/stack/nova/nova/scheduler/utils.py:1345}}
Aug 06 08:06:29.482625 np0000006638 nova-scheduler[93467]: DEBUG nova.scheduler.manager [None req-05da0699-e367-4836-adc4-4bb3658d8362 tempest-ServerBootFromVolumeStableRescueTest-338924211 tempest-ServerBootFromVolumeStableRescueTest-338924211-project-member] [instance: 018d4206-4881-4818-a997-e8668a70ba94] Selected host: (np0000006638, np0000006638) ram: 62765MB disk: 74752MB io_ops: 0 instances: 0, allocation_candidates: 1 {{(pid=93467) _consume_selected_host /opt/stack/nova/nova/scheduler/manager.py:624}}
Aug 06 08:06:29.482943 np0000006638 nova-scheduler[93467]: DEBUG oslo_concurrency.lockutils [None req-05da0699-e367-4836-adc4-4bb3658d8362 tempest-ServerBootFromVolumeStableRescueTest-338924211 tempest-ServerBootFromVolumeStableRescueTest-338924211-project-member] Acquiring lock "np0000006638-np0000006638" by "nova.scheduler.host_manager.HostState.consume_from_request.._locked" {{(pid=93467) inner /opt/stack/data/venv/lib/python3.12/site-packages/oslo_concurrency/lockutils.py:512}}
Aug 06 08:06:29.483160 np0000006638 nova-scheduler[93467]: DEBUG oslo_concurrency.lockutils [None req-05da0699-e367-4836-adc4-4bb3658d8362 tempest-ServerBootFromVolumeStableRescueTest-338924211 tempest-ServerBootFromVolumeStableRescueTest-338924211-project-member] Lock "np0000006638-np0000006638" acquired by "nova.scheduler.host_manager.HostState.consume_from_request.._locked" :: waited 0.000s {{(pid=93467) inner /opt/stack/data/venv/lib/python3.12/site-packages/oslo_concurrency/lockutils.py:525}}
Aug 06 08:06:29.483335 np0000006638 nova-scheduler[93467]: DEBUG oslo_concurrency.lockutils [None req-05da0699-e367-4836-adc4-4bb3658d8362 tempest-ServerBootFromVolumeStableRescueTest-338924211 tempest-ServerBootFromVolumeStableRescueTest-338924211-project-member] Lock "np0000006638-np0000006638" "released" by "nova.scheduler.host_manager.HostState.consume_from_request.._locked" :: held 0.000s {{(pid=93467) inner /opt/stack/data/venv/lib/python3.12/site-packages/oslo_concurrency/lockutils.py:544}}
Aug 06 08:06:30.123390 np0000006638 nova-scheduler[93478]: DEBUG nova.scheduler.manager [None req-89142870-995c-42af-b0f1-add5f21ef4a0 tempest-DeleteServersTestJSON-370034262 tempest-DeleteServersTestJSON-370034262-project-member] Starting to schedule for instances: ['1911c5d6-be00-4610-9187-109ce9de30c3'] {{(pid=93478) select_destinations /opt/stack/nova/nova/scheduler/manager.py:209}}
Aug 06 08:06:30.125540 np0000006638 nova-scheduler[93478]: DEBUG nova.scheduler.request_filter [None req-89142870-995c-42af-b0f1-add5f21ef4a0 tempest-DeleteServersTestJSON-370034262 tempest-DeleteServersTestJSON-370034262-project-member] compute_status_filter request filter added forbidden trait COMPUTE_STATUS_DISABLED {{(pid=93478) compute_status_filter /opt/stack/nova/nova/scheduler/request_filter.py:253}}
Aug 06 08:06:30.126789 np0000006638 nova-scheduler[93478]: DEBUG nova.scheduler.request_filter [None req-89142870-995c-42af-b0f1-add5f21ef4a0 tempest-DeleteServersTestJSON-370034262 tempest-DeleteServersTestJSON-370034262-project-member] Request filter 'compute_status_filter' took 0.0 seconds {{(pid=93478) wrapper /opt/stack/nova/nova/scheduler/request_filter.py:46}}
Aug 06 08:06:30.126789 np0000006638 nova-scheduler[93478]: DEBUG nova.scheduler.request_filter [None req-89142870-995c-42af-b0f1-add5f21ef4a0 tempest-DeleteServersTestJSON-370034262 tempest-DeleteServersTestJSON-370034262-project-member] Request filter 'accelerators_filter' took 0.0 seconds {{(pid=93478) wrapper /opt/stack/nova/nova/scheduler/request_filter.py:46}}
Aug 06 08:06:30.126789 np0000006638 nova-scheduler[93478]: DEBUG nova.scheduler.request_filter [None req-89142870-995c-42af-b0f1-add5f21ef4a0 tempest-DeleteServersTestJSON-370034262 tempest-DeleteServersTestJSON-370034262-project-member] Request filter 'packed_virtqueue_filter' took 0.0 seconds {{(pid=93478) wrapper /opt/stack/nova/nova/scheduler/request_filter.py:46}}
Aug 06 08:06:30.127685 np0000006638 nova-scheduler[93478]: DEBUG nova.scheduler.request_filter [None req-89142870-995c-42af-b0f1-add5f21ef4a0 tempest-DeleteServersTestJSON-370034262 tempest-DeleteServersTestJSON-370034262-project-member] Request filter 'remote_managed_ports_filter' took 0.0 seconds {{(pid=93478) wrapper /opt/stack/nova/nova/scheduler/request_filter.py:46}}
