Jul 23 13:42:25.673109 np0000005774 nova-scheduler[96616]: DEBUG cotyledon.oslo_config_glue [-] workarounds.libvirt_disable_apic = False {{(pid=96616) log_opt_values /opt/stack/data/venv/lib/python3.12/site-packages/oslo_config/cfg.py:3253}}
Jul 23 13:42:25.673109 np0000005774 nova-scheduler[96616]: DEBUG cotyledon.oslo_config_glue [-] workarounds.never_download_image_if_on_rbd = False {{(pid=96616) log_opt_values /opt/stack/data/venv/lib/python3.12/site-packages/oslo_config/cfg.py:3253}}
Jul 23 13:42:25.673109 np0000005774 nova-scheduler[96616]: DEBUG cotyledon.oslo_config_glue [-] workarounds.qemu_monitor_announce_self_count = 3 {{(pid=96616) log_opt_values /opt/stack/data/venv/lib/python3.12/site-packages/oslo_config/cfg.py:3253}}
Jul 23 13:42:25.673109 np0000005774 nova-scheduler[96616]: DEBUG cotyledon.oslo_config_glue [-] workarounds.qemu_monitor_announce_self_interval = 1 {{(pid=96616) log_opt_values /opt/stack/data/venv/lib/python3.12/site-packages/oslo_config/cfg.py:3253}}
Jul 23 13:42:25.673109 np0000005774 nova-scheduler[96616]: DEBUG cotyledon.oslo_config_glue [-] workarounds.reserve_disk_resource_for_image_cache = False {{(pid=96616) log_opt_values /opt/stack/data/venv/lib/python3.12/site-packages/oslo_config/cfg.py:3253}}
Jul 23 13:42:25.673389 np0000005774 nova-scheduler[96616]: DEBUG cotyledon.oslo_config_glue [-] workarounds.skip_cpu_compare_at_startup = False {{(pid=96616) log_opt_values /opt/stack/data/venv/lib/python3.12/site-packages/oslo_config/cfg.py:3253}}
Jul 23 13:42:25.673389 np0000005774 nova-scheduler[96616]: DEBUG cotyledon.oslo_config_glue [-] workarounds.skip_cpu_compare_on_dest = False {{(pid=96616) log_opt_values /opt/stack/data/venv/lib/python3.12/site-packages/oslo_config/cfg.py:3253}}
Jul 23 13:42:25.673389 np0000005774 nova-scheduler[96616]: DEBUG cotyledon.oslo_config_glue [-] workarounds.skip_hypervisor_version_check_on_lm = False {{(pid=96616) log_opt_values /opt/stack/data/venv/lib/python3.12/site-packages/oslo_config/cfg.py:3253}}
Jul 23 13:42:25.673389 np0000005774 nova-scheduler[96616]: DEBUG cotyledon.oslo_config_glue [-] workarounds.skip_reserve_in_use_ironic_nodes = False {{(pid=96616) log_opt_values /opt/stack/data/venv/lib/python3.12/site-packages/oslo_config/cfg.py:3253}}
Jul 23 13:42:25.673389 np0000005774 nova-scheduler[96616]: DEBUG cotyledon.oslo_config_glue [-] workarounds.unified_limits_count_pcpu_as_vcpu = False {{(pid=96616) log_opt_values /opt/stack/data/venv/lib/python3.12/site-packages/oslo_config/cfg.py:3253}}
Jul 23 13:42:25.673389 np0000005774 nova-scheduler[96616]: DEBUG cotyledon.oslo_config_glue [-] workarounds.wait_for_vif_plugged_event_during_hard_reboot = [] {{(pid=96616) log_opt_values /opt/stack/data/venv/lib/python3.12/site-packages/oslo_config/cfg.py:3253}}
Jul 23 13:42:25.673389 np0000005774 nova-scheduler[96616]: DEBUG cotyledon.oslo_config_glue [-] wsgi.api_paste_config = /etc/nova/api-paste.ini {{(pid=96616) log_opt_values /opt/stack/data/venv/lib/python3.12/site-packages/oslo_config/cfg.py:3253}}
Jul 23 13:42:25.673389 np0000005774 nova-scheduler[96616]: DEBUG cotyledon.oslo_config_glue [-] wsgi.secure_proxy_ssl_header = None {{(pid=96616) log_opt_values /opt/stack/data/venv/lib/python3.12/site-packages/oslo_config/cfg.py:3253}}
Jul 23 13:42:25.673389 np0000005774 nova-scheduler[96616]: DEBUG cotyledon.oslo_config_glue [-] zvm.ca_file = None {{(pid=96616) log_opt_values /opt/stack/data/venv/lib/python3.12/site-packages/oslo_config/cfg.py:3253}}
Jul 23 13:42:25.673697 np0000005774 nova-scheduler[96616]: DEBUG cotyledon.oslo_config_glue [-] zvm.cloud_connector_url = None {{(pid=96616) log_opt_values /opt/stack/data/venv/lib/python3.12/site-packages/oslo_config/cfg.py:3253}}
Jul 23 13:42:25.673697 np0000005774 nova-scheduler[96616]: DEBUG cotyledon.oslo_config_glue [-] zvm.image_tmp_path = /opt/stack/data/nova/images {{(pid=96616) log_opt_values /opt/stack/data/venv/lib/python3.12/site-packages/oslo_config/cfg.py:3253}}
Jul 23 13:42:25.673697 np0000005774 nova-scheduler[96616]: DEBUG cotyledon.oslo_config_glue [-] zvm.reachable_timeout = 300 {{(pid=96616) log_opt_values /opt/stack/data/venv/lib/python3.12/site-packages/oslo_config/cfg.py:3253}}
Jul 23 13:42:25.673697 np0000005774 nova-scheduler[96616]: DEBUG cotyledon.oslo_config_glue [-] oslo_versionedobjects.fatal_exception_format_errors = False {{(pid=96616) log_opt_values /opt/stack/data/venv/lib/python3.12/site-packages/oslo_config/cfg.py:3253}}
Jul 23 13:42:25.673697 np0000005774 nova-scheduler[96616]: DEBUG cotyledon.oslo_config_glue [-] oslo_middleware.http_basic_auth_user_file = /etc/htpasswd {{(pid=96616) log_opt_values /opt/stack/data/venv/lib/python3.12/site-packages/oslo_config/cfg.py:3253}}
Jul 23 13:42:25.673697 np0000005774 nova-scheduler[96616]: DEBUG cotyledon.oslo_config_glue [-] oslo_messaging_metrics.metrics_buffer_size = 1000 {{(pid=96616) log_opt_values /opt/stack/data/venv/lib/python3.12/site-packages/oslo_config/cfg.py:3253}}
Jul 23 13:42:25.673697 np0000005774 nova-scheduler[96616]: DEBUG cotyledon.oslo_config_glue [-] oslo_messaging_metrics.metrics_enabled = False {{(pid=96616) log_opt_values /opt/stack/data/venv/lib/python3.12/site-packages/oslo_config/cfg.py:3253}}
Jul 23 13:42:25.673697 np0000005774 nova-scheduler[96616]: DEBUG cotyledon.oslo_config_glue [-] oslo_messaging_metrics.metrics_process_name = {{(pid=96616) log_opt_values /opt/stack/data/venv/lib/python3.12/site-packages/oslo_config/cfg.py:3253}}
Jul 23 13:42:25.673984 np0000005774 nova-scheduler[96616]: DEBUG cotyledon.oslo_config_glue [-] oslo_messaging_metrics.metrics_socket_file = /var/tmp/metrics_collector.sock {{(pid=96616) log_opt_values /opt/stack/data/venv/lib/python3.12/site-packages/oslo_config/cfg.py:3253}}
Jul 23 13:42:25.673984 np0000005774 nova-scheduler[96616]: DEBUG cotyledon.oslo_config_glue [-] oslo_messaging_metrics.metrics_thread_stop_timeout = 10 {{(pid=96616) log_opt_values /opt/stack/data/venv/lib/python3.12/site-packages/oslo_config/cfg.py:3253}}
Jul 23 13:42:25.673984 np0000005774 nova-scheduler[96616]: DEBUG cotyledon.oslo_config_glue [-] profiler.connection_string = messaging:// {{(pid=96616) log_opt_values /opt/stack/data/venv/lib/python3.12/site-packages/oslo_config/cfg.py:3253}}
Jul 23 13:42:25.673984 np0000005774 nova-scheduler[96616]: DEBUG cotyledon.oslo_config_glue [-] profiler.enabled = False {{(pid=96616) log_opt_values /opt/stack/data/venv/lib/python3.12/site-packages/oslo_config/cfg.py:3253}}
Jul 23 13:42:25.673984 np0000005774 nova-scheduler[96616]: DEBUG cotyledon.oslo_config_glue [-] profiler.es_doc_type = notification {{(pid=96616) log_opt_values /opt/stack/data/venv/lib/python3.12/site-packages/oslo_config/cfg.py:3253}}
Jul 23 13:42:25.673984 np0000005774 nova-scheduler[96616]: DEBUG cotyledon.oslo_config_glue [-] profiler.es_scroll_size = 10000 {{(pid=96616) log_opt_values /opt/stack/data/venv/lib/python3.12/site-packages/oslo_config/cfg.py:3253}}
Jul 23 13:42:25.673984 np0000005774 nova-scheduler[96616]: DEBUG cotyledon.oslo_config_glue [-] profiler.es_scroll_time = 2m {{(pid=96616) log_opt_values /opt/stack/data/venv/lib/python3.12/site-packages/oslo_config/cfg.py:3253}}
Jul 23 13:42:25.673984 np0000005774 nova-scheduler[96616]: DEBUG cotyledon.oslo_config_glue [-] profiler.filter_error_trace = False {{(pid=96616) log_opt_values /opt/stack/data/venv/lib/python3.12/site-packages/oslo_config/cfg.py:3253}}
Jul 23 13:42:25.673984 np0000005774 nova-scheduler[96616]: DEBUG cotyledon.oslo_config_glue [-] profiler.hmac_keys = **** {{(pid=96616) log_opt_values /opt/stack/data/venv/lib/python3.12/site-packages/oslo_config/cfg.py:3253}}
Jul 23 13:42:25.674265 np0000005774 nova-scheduler[96616]: DEBUG cotyledon.oslo_config_glue [-] profiler.sentinel_service_name = mymaster {{(pid=96616) log_opt_values /opt/stack/data/venv/lib/python3.12/site-packages/oslo_config/cfg.py:3253}}
Jul 23 13:42:25.674265 np0000005774 nova-scheduler[96616]: DEBUG cotyledon.oslo_config_glue [-] profiler.socket_timeout = 0.1 {{(pid=96616) log_opt_values /opt/stack/data/venv/lib/python3.12/site-packages/oslo_config/cfg.py:3253}}
Jul 23 13:42:25.674265 np0000005774 nova-scheduler[96616]: DEBUG cotyledon.oslo_config_glue [-] profiler.trace_requests = False {{(pid=96616) log_opt_values /opt/stack/data/venv/lib/python3.12/site-packages/oslo_config/cfg.py:3253}}
Jul 23 13:42:25.674265 np0000005774 nova-scheduler[96616]: DEBUG cotyledon.oslo_config_glue [-] profiler.trace_sqlalchemy = False {{(pid=96616) log_opt_values /opt/stack/data/venv/lib/python3.12/site-packages/oslo_config/cfg.py:3253}}
Jul 23 13:42:25.674265 np0000005774 nova-scheduler[96616]: DEBUG cotyledon.oslo_config_glue [-] profiler_jaeger.process_tags = {} {{(pid=96616) log_opt_values /opt/stack/data/venv/lib/python3.12/site-packages/oslo_config/cfg.py:3253}}
Jul 23 13:42:25.674265 np0000005774 nova-scheduler[96616]: DEBUG cotyledon.oslo_config_glue [-] profiler_jaeger.service_name_prefix = None {{(pid=96616) log_opt_values /opt/stack/data/venv/lib/python3.12/site-packages/oslo_config/cfg.py:3253}}
Jul 23 13:42:25.674265 np0000005774 nova-scheduler[96616]: DEBUG cotyledon.oslo_config_glue [-] profiler_otlp.service_name_prefix = None {{(pid=96616) log_opt_values /opt/stack/data/venv/lib/python3.12/site-packages/oslo_config/cfg.py:3253}}
Jul 23 13:42:25.674265 np0000005774 nova-scheduler[96616]: DEBUG cotyledon.oslo_config_glue [-] oslo_messaging_rabbit.amqp_auto_delete = False {{(pid=96616) log_opt_values /opt/stack/data/venv/lib/python3.12/site-packages/oslo_config/cfg.py:3253}}
Jul 23 13:42:25.674265 np0000005774 nova-scheduler[96616]: DEBUG cotyledon.oslo_config_glue [-] oslo_messaging_rabbit.amqp_durable_queues = False {{(pid=96616) log_opt_values /opt/stack/data/venv/lib/python3.12/site-packages/oslo_config/cfg.py:3253}}
Jul 23 13:42:25.674607 np0000005774 nova-scheduler[96616]: DEBUG cotyledon.oslo_config_glue [-] oslo_messaging_rabbit.conn_pool_min_size = 2 {{(pid=96616) log_opt_values /opt/stack/data/venv/lib/python3.12/site-packages/oslo_config/cfg.py:3253}}
Jul 23 13:42:25.674607 np0000005774 nova-scheduler[96616]: DEBUG cotyledon.oslo_config_glue [-] oslo_messaging_rabbit.conn_pool_ttl = 1200 {{(pid=96616) log_opt_values /opt/stack/data/venv/lib/python3.12/site-packages/oslo_config/cfg.py:3253}}
Jul 23 13:42:25.674607 np0000005774 nova-scheduler[96616]: DEBUG cotyledon.oslo_config_glue [-] oslo_messaging_rabbit.direct_mandatory_flag = True {{(pid=96616) log_opt_values /opt/stack/data/venv/lib/python3.12/site-packages/oslo_config/cfg.py:3253}}
Jul 23 13:42:25.674607 np0000005774 nova-scheduler[96616]: DEBUG cotyledon.oslo_config_glue [-] oslo_messaging_rabbit.enable_cancel_on_failover = False {{(pid=96616) log_opt_values /opt/stack/data/venv/lib/python3.12/site-packages/oslo_config/cfg.py:3253}}
Jul 23 13:42:25.674607 np0000005774 nova-scheduler[96616]: DEBUG cotyledon.oslo_config_glue [-] oslo_messaging_rabbit.heartbeat_rate = 3 {{(pid=96616) log_opt_values /opt/stack/data/venv/lib/python3.12/site-packages/oslo_config/cfg.py:3253}}
Jul 23 13:42:25.674607 np0000005774 nova-scheduler[96616]: DEBUG cotyledon.oslo_config_glue [-] oslo_messaging_rabbit.heartbeat_timeout_threshold = 60 {{(pid=96616) log_opt_values /opt/stack/data/venv/lib/python3.12/site-packages/oslo_config/cfg.py:3253}}
Jul 23 13:42:25.674607 np0000005774 nova-scheduler[96616]: DEBUG cotyledon.oslo_config_glue [-] oslo_messaging_rabbit.hostname = np0000005774 {{(pid=96616) log_opt_values /opt/stack/data/venv/lib/python3.12/site-packages/oslo_config/cfg.py:3253}}
Jul 23 13:42:25.674607 np0000005774 nova-scheduler[96616]: DEBUG cotyledon.oslo_config_glue [-] oslo_messaging_rabbit.kombu_compression = None {{(pid=96616) log_opt_values /opt/stack/data/venv/lib/python3.12/site-packages/oslo_config/cfg.py:3253}}
Jul 23 13:42:25.674607 np0000005774 nova-scheduler[96616]: DEBUG cotyledon.oslo_config_glue [-] oslo_messaging_rabbit.kombu_failover_strategy = round-robin {{(pid=96616) log_opt_values /opt/stack/data/venv/lib/python3.12/site-packages/oslo_config/cfg.py:3253}}
Jul 23 13:42:25.674903 np0000005774 nova-scheduler[96616]: DEBUG cotyledon.oslo_config_glue [-] oslo_messaging_rabbit.kombu_missing_consumer_retry_timeout = 60 {{(pid=96616) log_opt_values /opt/stack/data/venv/lib/python3.12/site-packages/oslo_config/cfg.py:3253}}
Jul 23 13:42:25.674903 np0000005774 nova-scheduler[96616]: DEBUG cotyledon.oslo_config_glue [-] oslo_messaging_rabbit.kombu_reconnect_delay = 1.0 {{(pid=96616) log_opt_values /opt/stack/data/venv/lib/python3.12/site-packages/oslo_config/cfg.py:3253}}
Jul 23 13:42:25.674903 np0000005774 nova-scheduler[96616]: DEBUG cotyledon.oslo_config_glue [-] oslo_messaging_rabbit.kombu_reconnect_splay = 0.0 {{(pid=96616) log_opt_values /opt/stack/data/venv/lib/python3.12/site-packages/oslo_config/cfg.py:3253}}
Jul 23 13:42:25.674903 np0000005774 nova-scheduler[96616]: DEBUG cotyledon.oslo_config_glue [-] oslo_messaging_rabbit.processname = nova-scheduler {{(pid=96616) log_opt_values /opt/stack/data/venv/lib/python3.12/site-packages/oslo_config/cfg.py:3253}}
Jul 23 13:42:25.674903 np0000005774 nova-scheduler[96616]: DEBUG cotyledon.oslo_config_glue [-] oslo_messaging_rabbit.rabbit_ha_queues = False {{(pid=96616) log_opt_values /opt/stack/data/venv/lib/python3.12/site-packages/oslo_config/cfg.py:3253}}
Jul 23 13:42:25.674903 np0000005774 nova-scheduler[96616]: DEBUG cotyledon.oslo_config_glue [-] oslo_messaging_rabbit.rabbit_interval_max = 30 {{(pid=96616) log_opt_values /opt/stack/data/venv/lib/python3.12/site-packages/oslo_config/cfg.py:3253}}
Jul 23 13:42:25.674903 np0000005774 nova-scheduler[96616]: DEBUG cotyledon.oslo_config_glue [-] oslo_messaging_rabbit.rabbit_login_method = AMQPLAIN {{(pid=96616) log_opt_values /opt/stack/data/venv/lib/python3.12/site-packages/oslo_config/cfg.py:3253}}
Jul 23 13:42:25.674903 np0000005774 nova-scheduler[96616]: DEBUG cotyledon.oslo_config_glue [-] oslo_messaging_rabbit.rabbit_qos_prefetch_count = 0 {{(pid=96616) log_opt_values /opt/stack/data/venv/lib/python3.12/site-packages/oslo_config/cfg.py:3253}}
Jul 23 13:42:25.674903 np0000005774 nova-scheduler[96616]: DEBUG cotyledon.oslo_config_glue [-] oslo_messaging_rabbit.rabbit_quorum_delivery_limit = 0 {{(pid=96616) log_opt_values /opt/stack/data/venv/lib/python3.12/site-packages/oslo_config/cfg.py:3253}}
Jul 23 13:42:25.675157 np0000005774 nova-scheduler[96616]: DEBUG cotyledon.oslo_config_glue [-] oslo_messaging_rabbit.rabbit_quorum_max_memory_bytes = 0 {{(pid=96616) log_opt_values /opt/stack/data/venv/lib/python3.12/site-packages/oslo_config/cfg.py:3253}}
Jul 23 13:42:25.675157 np0000005774 nova-scheduler[96616]: DEBUG cotyledon.oslo_config_glue [-] oslo_messaging_rabbit.rabbit_quorum_max_memory_length = 0 {{(pid=96616) log_opt_values /opt/stack/data/venv/lib/python3.12/site-packages/oslo_config/cfg.py:3253}}
Jul 23 13:42:25.675157 np0000005774 nova-scheduler[96616]: DEBUG cotyledon.oslo_config_glue [-] oslo_messaging_rabbit.rabbit_quorum_queue = False {{(pid=96616) log_opt_values /opt/stack/data/venv/lib/python3.12/site-packages/oslo_config/cfg.py:3253}}
Jul 23 13:42:25.675157 np0000005774 nova-scheduler[96616]: DEBUG cotyledon.oslo_config_glue [-] oslo_messaging_rabbit.rabbit_retry_backoff = 2 {{(pid=96616) log_opt_values /opt/stack/data/venv/lib/python3.12/site-packages/oslo_config/cfg.py:3253}}
Jul 23 13:42:25.675157 np0000005774 nova-scheduler[96616]: DEBUG cotyledon.oslo_config_glue [-] oslo_messaging_rabbit.rabbit_retry_interval = 1 {{(pid=96616) log_opt_values /opt/stack/data/venv/lib/python3.12/site-packages/oslo_config/cfg.py:3253}}
Jul 23 13:42:25.675157 np0000005774 nova-scheduler[96616]: DEBUG cotyledon.oslo_config_glue [-] oslo_messaging_rabbit.rabbit_stream_fanout = False {{(pid=96616) log_opt_values /opt/stack/data/venv/lib/python3.12/site-packages/oslo_config/cfg.py:3253}}
Jul 23 13:42:25.675157 np0000005774 nova-scheduler[96616]: DEBUG cotyledon.oslo_config_glue [-] oslo_messaging_rabbit.rabbit_transient_queues_ttl = 1800 {{(pid=96616) log_opt_values /opt/stack/data/venv/lib/python3.12/site-packages/oslo_config/cfg.py:3253}}
Jul 23 13:42:25.675157 np0000005774 nova-scheduler[96616]: DEBUG cotyledon.oslo_config_glue [-] oslo_messaging_rabbit.rabbit_transient_quorum_queue = False {{(pid=96616) log_opt_values /opt/stack/data/venv/lib/python3.12/site-packages/oslo_config/cfg.py:3253}}
Jul 23 13:42:25.675380 np0000005774 nova-scheduler[96616]: DEBUG cotyledon.oslo_config_glue [-] oslo_messaging_rabbit.rpc_conn_pool_size = 30 {{(pid=96616) log_opt_values /opt/stack/data/venv/lib/python3.12/site-packages/oslo_config/cfg.py:3253}}
Jul 23 13:42:25.675380 np0000005774 nova-scheduler[96616]: DEBUG cotyledon.oslo_config_glue [-] oslo_messaging_rabbit.ssl = False {{(pid=96616) log_opt_values /opt/stack/data/venv/lib/python3.12/site-packages/oslo_config/cfg.py:3253}}
Jul 23 13:42:25.675380 np0000005774 nova-scheduler[96616]: DEBUG cotyledon.oslo_config_glue [-] oslo_messaging_rabbit.ssl_ca_file = {{(pid=96616) log_opt_values /opt/stack/data/venv/lib/python3.12/site-packages/oslo_config/cfg.py:3253}}
Jul 23 13:42:25.675380 np0000005774 nova-scheduler[96616]: DEBUG cotyledon.oslo_config_glue [-] oslo_messaging_rabbit.ssl_cert_file = {{(pid=96616) log_opt_values /opt/stack/data/venv/lib/python3.12/site-packages/oslo_config/cfg.py:3253}}
Jul 23 13:42:25.675380 np0000005774 nova-scheduler[96616]: DEBUG cotyledon.oslo_config_glue [-] oslo_messaging_rabbit.ssl_enforce_fips_mode = False {{(pid=96616) log_opt_values /opt/stack/data/venv/lib/python3.12/site-packages/oslo_config/cfg.py:3253}}
Jul 23 13:42:25.675380 np0000005774 nova-scheduler[96616]: DEBUG cotyledon.oslo_config_glue [-] oslo_messaging_rabbit.ssl_enforce_hostname_verification = True {{(pid=96616) log_opt_values /opt/stack/data/venv/lib/python3.12/site-packages/oslo_config/cfg.py:3253}}
Jul 23 13:42:25.675380 np0000005774 nova-scheduler[96616]: DEBUG cotyledon.oslo_config_glue [-] oslo_messaging_rabbit.ssl_key_file = {{(pid=96616) log_opt_values /opt/stack/data/venv/lib/python3.12/site-packages/oslo_config/cfg.py:3253}}
Jul 23 13:42:25.675380 np0000005774 nova-scheduler[96616]: DEBUG cotyledon.oslo_config_glue [-] oslo_messaging_rabbit.ssl_version = {{(pid=96616) log_opt_values /opt/stack/data/venv/lib/python3.12/site-packages/oslo_config/cfg.py:3253}}
Jul 23 13:42:25.675380 np0000005774 nova-scheduler[96616]: DEBUG cotyledon.oslo_config_glue [-] oslo_messaging_rabbit.use_queue_manager = False {{(pid=96616) log_opt_values /opt/stack/data/venv/lib/python3.12/site-packages/oslo_config/cfg.py:3253}}
Jul 23 13:42:25.675646 np0000005774 nova-scheduler[96616]: DEBUG cotyledon.oslo_config_glue [-] oslo_messaging_notifications.driver = ['messagingv2'] {{(pid=96616) log_opt_values /opt/stack/data/venv/lib/python3.12/site-packages/oslo_config/cfg.py:3253}}
Jul 23 13:42:25.675646 np0000005774 nova-scheduler[96616]: DEBUG cotyledon.oslo_config_glue [-] oslo_messaging_notifications.retry = -1 {{(pid=96616) log_opt_values /opt/stack/data/venv/lib/python3.12/site-packages/oslo_config/cfg.py:3253}}
Jul 23 13:42:25.675646 np0000005774 nova-scheduler[96616]: DEBUG cotyledon.oslo_config_glue [-] oslo_messaging_notifications.topics = ['notifications'] {{(pid=96616) log_opt_values /opt/stack/data/venv/lib/python3.12/site-packages/oslo_config/cfg.py:3253}}
Jul 23 13:42:25.675646 np0000005774 nova-scheduler[96616]: DEBUG cotyledon.oslo_config_glue [-] oslo_messaging_notifications.transport_url = **** {{(pid=96616) log_opt_values /opt/stack/data/venv/lib/python3.12/site-packages/oslo_config/cfg.py:3253}}
Jul 23 13:42:25.675646 np0000005774 nova-scheduler[96616]: DEBUG cotyledon.oslo_config_glue [-] oslo_limit.auth_section = None {{(pid=96616) log_opt_values /opt/stack/data/venv/lib/python3.12/site-packages/oslo_config/cfg.py:3253}}
Jul 23 13:42:25.675646 np0000005774 nova-scheduler[96616]: DEBUG cotyledon.oslo_config_glue [-] oslo_limit.auth_type = None {{(pid=96616) log_opt_values /opt/stack/data/venv/lib/python3.12/site-packages/oslo_config/cfg.py:3253}}
Jul 23 13:42:25.675646 np0000005774 nova-scheduler[96616]: DEBUG cotyledon.oslo_config_glue [-] oslo_limit.cafile = None {{(pid=96616) log_opt_values /opt/stack/data/venv/lib/python3.12/site-packages/oslo_config/cfg.py:3253}}
Jul 23 13:42:25.675646 np0000005774 nova-scheduler[96616]: DEBUG cotyledon.oslo_config_glue [-] oslo_limit.certfile = None {{(pid=96616) log_opt_values /opt/stack/data/venv/lib/python3.12/site-packages/oslo_config/cfg.py:3253}}
Jul 23 13:42:25.675646 np0000005774 nova-scheduler[96616]: DEBUG cotyledon.oslo_config_glue [-] oslo_limit.collect_timing = False {{(pid=96616) log_opt_values /opt/stack/data/venv/lib/python3.12/site-packages/oslo_config/cfg.py:3253}}
Jul 23 13:42:25.676361 np0000005774 nova-scheduler[96616]: DEBUG cotyledon.oslo_config_glue [-] oslo_limit.connect_retries = None {{(pid=96616) log_opt_values /opt/stack/data/venv/lib/python3.12/site-packages/oslo_config/cfg.py:3253}}
Jul 23 13:42:25.676361 np0000005774 nova-scheduler[96616]: DEBUG cotyledon.oslo_config_glue [-] oslo_limit.connect_retry_delay = None {{(pid=96616) log_opt_values /opt/stack/data/venv/lib/python3.12/site-packages/oslo_config/cfg.py:3253}}
Jul 23 13:42:25.676361 np0000005774 nova-scheduler[96616]: DEBUG cotyledon.oslo_config_glue [-] oslo_limit.endpoint_id = None {{(pid=96616) log_opt_values /opt/stack/data/venv/lib/python3.12/site-packages/oslo_config/cfg.py:3253}}
Jul 23 13:42:25.676361 np0000005774 nova-scheduler[96616]: DEBUG cotyledon.oslo_config_glue [-] oslo_limit.endpoint_interface = public {{(pid=96616) log_opt_values /opt/stack/data/venv/lib/python3.12/site-packages/oslo_config/cfg.py:3253}}
Jul 23 13:42:25.676361 np0000005774 nova-scheduler[96616]: DEBUG cotyledon.oslo_config_glue [-] oslo_limit.endpoint_override = None {{(pid=96616) log_opt_values /opt/stack/data/venv/lib/python3.12/site-packages/oslo_config/cfg.py:3253}}
Jul 23 13:42:25.676361 np0000005774 nova-scheduler[96616]: DEBUG cotyledon.oslo_config_glue [-] oslo_limit.endpoint_region_name = None {{(pid=96616) log_opt_values /opt/stack/data/venv/lib/python3.12/site-packages/oslo_config/cfg.py:3253}}
Jul 23 13:42:25.676361 np0000005774 nova-scheduler[96616]: DEBUG cotyledon.oslo_config_glue [-] oslo_limit.endpoint_service_name = None {{(pid=96616) log_opt_values /opt/stack/data/venv/lib/python3.12/site-packages/oslo_config/cfg.py:3253}}
Jul 23 13:42:25.676361 np0000005774 nova-scheduler[96616]: DEBUG cotyledon.oslo_config_glue [-] oslo_limit.endpoint_service_type = None {{(pid=96616) log_opt_values /opt/stack/data/venv/lib/python3.12/site-packages/oslo_config/cfg.py:3253}}
Jul 23 13:42:25.676361 np0000005774 nova-scheduler[96616]: DEBUG cotyledon.oslo_config_glue [-] oslo_limit.insecure = False {{(pid=96616) log_opt_values /opt/stack/data/venv/lib/python3.12/site-packages/oslo_config/cfg.py:3253}}
Jul 23 13:42:25.676675 np0000005774 nova-scheduler[96616]: DEBUG cotyledon.oslo_config_glue [-] oslo_limit.keyfile = None {{(pid=96616) log_opt_values /opt/stack/data/venv/lib/python3.12/site-packages/oslo_config/cfg.py:3253}}
Jul 23 13:42:25.676675 np0000005774 nova-scheduler[96616]: DEBUG cotyledon.oslo_config_glue [-] oslo_limit.max_version = None {{(pid=96616) log_opt_values /opt/stack/data/venv/lib/python3.12/site-packages/oslo_config/cfg.py:3253}}
Jul 23 13:42:25.676675 np0000005774 nova-scheduler[96616]: DEBUG cotyledon.oslo_config_glue [-] oslo_limit.min_version = None {{(pid=96616) log_opt_values /opt/stack/data/venv/lib/python3.12/site-packages/oslo_config/cfg.py:3253}}
Jul 23 13:42:25.676675 np0000005774 nova-scheduler[96616]: DEBUG cotyledon.oslo_config_glue [-] oslo_limit.region_name = None {{(pid=96616) log_opt_values /opt/stack/data/venv/lib/python3.12/site-packages/oslo_config/cfg.py:3253}}
Jul 23 13:42:25.676675 np0000005774 nova-scheduler[96616]: DEBUG cotyledon.oslo_config_glue [-] oslo_limit.retriable_status_codes = None {{(pid=96616) log_opt_values /opt/stack/data/venv/lib/python3.12/site-packages/oslo_config/cfg.py:3253}}
Jul 23 13:42:25.676675 np0000005774 nova-scheduler[96616]: DEBUG cotyledon.oslo_config_glue [-] oslo_limit.service_name = None {{(pid=96616) log_opt_values /opt/stack/data/venv/lib/python3.12/site-packages/oslo_config/cfg.py:3253}}
Jul 23 13:42:25.676675 np0000005774 nova-scheduler[96616]: DEBUG cotyledon.oslo_config_glue [-] oslo_limit.service_type = None {{(pid=96616) log_opt_values /opt/stack/data/venv/lib/python3.12/site-packages/oslo_config/cfg.py:3253}}
Jul 23 13:42:25.676675 np0000005774 nova-scheduler[96616]: DEBUG cotyledon.oslo_config_glue [-] oslo_limit.split_loggers = False {{(pid=96616) log_opt_values /opt/stack/data/venv/lib/python3.12/site-packages/oslo_config/cfg.py:3253}}
Jul 23 13:42:25.676675 np0000005774 nova-scheduler[96616]: DEBUG cotyledon.oslo_config_glue [-] oslo_limit.status_code_retries = None {{(pid=96616) log_opt_values /opt/stack/data/venv/lib/python3.12/site-packages/oslo_config/cfg.py:3253}}
Jul 23 13:42:25.676955 np0000005774 nova-scheduler[96616]: DEBUG cotyledon.oslo_config_glue [-] oslo_limit.status_code_retry_delay = None {{(pid=96616) log_opt_values /opt/stack/data/venv/lib/python3.12/site-packages/oslo_config/cfg.py:3253}}
Jul 23 13:42:25.676955 np0000005774 nova-scheduler[96616]: DEBUG cotyledon.oslo_config_glue [-] oslo_limit.timeout = None {{(pid=96616) log_opt_values /opt/stack/data/venv/lib/python3.12/site-packages/oslo_config/cfg.py:3253}}
Jul 23 13:42:25.676955 np0000005774 nova-scheduler[96616]: DEBUG cotyledon.oslo_config_glue [-] oslo_limit.valid_interfaces = None {{(pid=96616) log_opt_values /opt/stack/data/venv/lib/python3.12/site-packages/oslo_config/cfg.py:3253}}
Jul 23 13:42:25.676955 np0000005774 nova-scheduler[96616]: DEBUG cotyledon.oslo_config_glue [-] oslo_limit.version = None {{(pid=96616) log_opt_values /opt/stack/data/venv/lib/python3.12/site-packages/oslo_config/cfg.py:3253}}
Jul 23 13:42:25.676955 np0000005774 nova-scheduler[96616]: DEBUG cotyledon.oslo_config_glue [-] oslo_reports.file_event_handler = None {{(pid=96616) log_opt_values /opt/stack/data/venv/lib/python3.12/site-packages/oslo_config/cfg.py:3253}}
Jul 23 13:42:25.676955 np0000005774 nova-scheduler[96616]: DEBUG cotyledon.oslo_config_glue [-] oslo_reports.file_event_handler_interval = 1 {{(pid=96616) log_opt_values /opt/stack/data/venv/lib/python3.12/site-packages/oslo_config/cfg.py:3253}}
Jul 23 13:42:25.676955 np0000005774 nova-scheduler[96616]: DEBUG cotyledon.oslo_config_glue [-] oslo_reports.log_dir = None {{(pid=96616) log_opt_values /opt/stack/data/venv/lib/python3.12/site-packages/oslo_config/cfg.py:3253}}
Jul 23 13:42:25.676955 np0000005774 nova-scheduler[96616]: DEBUG cotyledon.oslo_config_glue [-] ******************************************************************************** {{(pid=96616) log_opt_values /opt/stack/data/venv/lib/python3.12/site-packages/oslo_config/cfg.py:3260}}
Jul 23 13:42:25.676955 np0000005774 nova-scheduler[96616]: DEBUG cotyledon._service_worker [-] Run service ServiceWrapper(3) [96616] {{(pid=96616) wait_forever /opt/stack/data/venv/lib/python3.12/site-packages/cotyledon/_service_worker.py:218}}
Jul 23 13:42:25.677229 np0000005774 nova-scheduler[96612]: DEBUG oslo_db.sqlalchemy.engines [None req-def255b7-da06-4292-aca4-2eed557b22e5 None None] MySQL server mode set to STRICT_TRANS_TABLES,STRICT_ALL_TABLES,NO_ZERO_IN_DATE,NO_ZERO_DATE,ERROR_FOR_DIVISION_BY_ZERO,TRADITIONAL,NO_ENGINE_SUBSTITUTION {{(pid=96612) _check_effective_sql_mode /opt/stack/data/venv/lib/python3.12/site-packages/oslo_db/sqlalchemy/engines.py:325}}
Jul 23 13:42:25.677271 np0000005774 nova-scheduler[96616]: INFO nova.service [-] Starting scheduler node (version 33.1.0)
Jul 23 13:42:25.677271 np0000005774 nova-scheduler[96616]: INFO dbcounter [None req-487f3790-2840-42f3-a1cb-e604261d05db None None] Registered counter for database nova_cell0
Jul 23 13:42:25.677356 np0000005774 nova-scheduler[96612]: DEBUG dbcounter [-] [96612] Writer thread running {{(pid=96612) stat_writer /opt/stack/data/venv/lib/python3.12/site-packages/dbcounter.py:102}}
Jul 23 13:42:25.683891 np0000005774 nova-scheduler[96612]: DEBUG nova.service [None req-def255b7-da06-4292-aca4-2eed557b22e5 None None] Creating RPC server for service: nova-scheduler on topic: scheduler {{(pid=96612) start /opt/stack/nova/nova/service.py:196}}
Jul 23 13:42:25.691570 np0000005774 nova-scheduler[96610]: DEBUG oslo_db.sqlalchemy.engines [None req-1eb32baf-ee0d-4d86-beab-4030ce7f898b None None] MySQL server mode set to STRICT_TRANS_TABLES,STRICT_ALL_TABLES,NO_ZERO_IN_DATE,NO_ZERO_DATE,ERROR_FOR_DIVISION_BY_ZERO,TRADITIONAL,NO_ENGINE_SUBSTITUTION {{(pid=96610) _check_effective_sql_mode /opt/stack/data/venv/lib/python3.12/site-packages/oslo_db/sqlalchemy/engines.py:325}}
Jul 23 13:42:25.695187 np0000005774 nova-scheduler[96616]: DEBUG oslo_db.sqlalchemy.engines [None req-487f3790-2840-42f3-a1cb-e604261d05db None None] MySQL server mode set to STRICT_TRANS_TABLES,STRICT_ALL_TABLES,NO_ZERO_IN_DATE,NO_ZERO_DATE,ERROR_FOR_DIVISION_BY_ZERO,TRADITIONAL,NO_ENGINE_SUBSTITUTION {{(pid=96616) _check_effective_sql_mode /opt/stack/data/venv/lib/python3.12/site-packages/oslo_db/sqlalchemy/engines.py:325}}
Jul 23 13:42:25.697300 np0000005774 nova-scheduler[96614]: DEBUG oslo_db.sqlalchemy.engines [None req-6a4f0f66-8f7b-46a6-a75a-68a764f4b343 None None] MySQL server mode set to STRICT_TRANS_TABLES,STRICT_ALL_TABLES,NO_ZERO_IN_DATE,NO_ZERO_DATE,ERROR_FOR_DIVISION_BY_ZERO,TRADITIONAL,NO_ENGINE_SUBSTITUTION {{(pid=96614) _check_effective_sql_mode /opt/stack/data/venv/lib/python3.12/site-packages/oslo_db/sqlalchemy/engines.py:325}}
Jul 23 13:42:25.703315 np0000005774 nova-scheduler[96612]: DEBUG nova.service [None req-def255b7-da06-4292-aca4-2eed557b22e5 None None] Join ServiceGroup membership for this service scheduler {{(pid=96612) start /opt/stack/nova/nova/service.py:222}}
Jul 23 13:42:25.703545 np0000005774 nova-scheduler[96612]: DEBUG nova.servicegroup.drivers.db [None req-def255b7-da06-4292-aca4-2eed557b22e5 None None] DB_Driver: join new ServiceGroup member np0000005774 to the scheduler group, service = {{(pid=96612) join /opt/stack/nova/nova/servicegroup/drivers/db.py:44}}
Jul 23 13:42:25.703845 np0000005774 nova-scheduler[96610]: DEBUG dbcounter [-] [96610] Writer thread running {{(pid=96610) stat_writer /opt/stack/data/venv/lib/python3.12/site-packages/dbcounter.py:102}}
Jul 23 13:42:25.704215 np0000005774 nova-scheduler[96616]: DEBUG dbcounter [-] [96616] Writer thread running {{(pid=96616) stat_writer /opt/stack/data/venv/lib/python3.12/site-packages/dbcounter.py:102}}
Jul 23 13:42:25.707346 np0000005774 nova-scheduler[96616]: DEBUG nova.service [None req-487f3790-2840-42f3-a1cb-e604261d05db None None] Creating RPC server for service: nova-scheduler on topic: scheduler {{(pid=96616) start /opt/stack/nova/nova/service.py:196}}
Jul 23 13:42:25.707449 np0000005774 nova-scheduler[96614]: DEBUG dbcounter [-] [96614] Writer thread running {{(pid=96614) stat_writer /opt/stack/data/venv/lib/python3.12/site-packages/dbcounter.py:102}}
Jul 23 13:42:25.707720 np0000005774 nova-scheduler[96610]: DEBUG nova.service [None req-1eb32baf-ee0d-4d86-beab-4030ce7f898b None None] Creating RPC server for service: nova-scheduler on topic: scheduler {{(pid=96610) start /opt/stack/nova/nova/service.py:196}}
Jul 23 13:42:25.710461 np0000005774 nova-scheduler[96614]: DEBUG nova.service [None req-6a4f0f66-8f7b-46a6-a75a-68a764f4b343 None None] Creating RPC server for service: nova-scheduler on topic: scheduler {{(pid=96614) start /opt/stack/nova/nova/service.py:196}}
Jul 23 13:42:25.725082 np0000005774 nova-scheduler[96616]: DEBUG nova.service [None req-487f3790-2840-42f3-a1cb-e604261d05db None None] Join ServiceGroup membership for this service scheduler {{(pid=96616) start /opt/stack/nova/nova/service.py:222}}
Jul 23 13:42:25.725301 np0000005774 nova-scheduler[96616]: DEBUG nova.servicegroup.drivers.db [None req-487f3790-2840-42f3-a1cb-e604261d05db None None] DB_Driver: join new ServiceGroup member np0000005774 to the scheduler group, service = {{(pid=96616) join /opt/stack/nova/nova/servicegroup/drivers/db.py:44}}
Jul 23 13:42:25.728693 np0000005774 nova-scheduler[96610]: DEBUG nova.service [None req-1eb32baf-ee0d-4d86-beab-4030ce7f898b None None] Join ServiceGroup membership for this service scheduler {{(pid=96610) start /opt/stack/nova/nova/service.py:222}}
Jul 23 13:42:25.728926 np0000005774 nova-scheduler[96610]: DEBUG nova.servicegroup.drivers.db [None req-1eb32baf-ee0d-4d86-beab-4030ce7f898b None None] DB_Driver: join new ServiceGroup member np0000005774 to the scheduler group, service = {{(pid=96610) join /opt/stack/nova/nova/servicegroup/drivers/db.py:44}}
Jul 23 13:42:25.730766 np0000005774 nova-scheduler[96614]: DEBUG nova.service [None req-6a4f0f66-8f7b-46a6-a75a-68a764f4b343 None None] Join ServiceGroup membership for this service scheduler {{(pid=96614) start /opt/stack/nova/nova/service.py:222}}
Jul 23 13:42:25.731025 np0000005774 nova-scheduler[96614]: DEBUG nova.servicegroup.drivers.db [None req-6a4f0f66-8f7b-46a6-a75a-68a764f4b343 None None] DB_Driver: join new ServiceGroup member np0000005774 to the scheduler group, service = {{(pid=96614) join /opt/stack/nova/nova/servicegroup/drivers/db.py:44}}
Jul 23 13:42:30.716938 np0000005774 nova-scheduler[96612]: DEBUG oslo.service.backend._threading.loopingcall [-] Fixed interval looping call 'nova.servicegroup.drivers.db.DbDriver._report_state' sleeping for 119.99 seconds {{(pid=96612) _run_loop /opt/stack/data/venv/lib/python3.12/site-packages/oslo_service/backend/_threading/loopingcall.py:125}}
Jul 23 13:42:30.738141 np0000005774 nova-scheduler[96616]: DEBUG oslo.service.backend._threading.loopingcall [-] Fixed interval looping call 'nova.servicegroup.drivers.db.DbDriver._report_state' sleeping for 119.99 seconds {{(pid=96616) _run_loop /opt/stack/data/venv/lib/python3.12/site-packages/oslo_service/backend/_threading/loopingcall.py:125}}
Jul 23 13:42:30.742446 np0000005774 nova-scheduler[96610]: DEBUG oslo.service.backend._threading.loopingcall [-] Fixed interval looping call 'nova.servicegroup.drivers.db.DbDriver._report_state' sleeping for 119.99 seconds {{(pid=96610) _run_loop /opt/stack/data/venv/lib/python3.12/site-packages/oslo_service/backend/_threading/loopingcall.py:125}}
Jul 23 13:42:30.745069 np0000005774 nova-scheduler[96614]: DEBUG oslo.service.backend._threading.loopingcall [-] Fixed interval looping call 'nova.servicegroup.drivers.db.DbDriver._report_state' sleeping for 119.99 seconds {{(pid=96614) _run_loop /opt/stack/data/venv/lib/python3.12/site-packages/oslo_service/backend/_threading/loopingcall.py:125}}
Jul 23 13:42:34.260881 np0000005774 nova-scheduler[95408]: DEBUG dbcounter [-] [95408] Writing DB stats nova_api:SELECT=3 {{(pid=95408) stat_writer /opt/stack/data/venv/lib/python3.12/site-packages/dbcounter.py:115}}
Jul 23 13:42:34.402477 np0000005774 nova-scheduler[95408]: DEBUG dbcounter [-] [95408] Writing DB stats nova_cell0:SELECT=1 {{(pid=95408) stat_writer /opt/stack/data/venv/lib/python3.12/site-packages/dbcounter.py:115}}
Jul 23 13:42:34.407124 np0000005774 nova-scheduler[95408]: DEBUG dbcounter [-] [95408] Writing DB stats nova_cell1:SELECT=1 {{(pid=95408) stat_writer /opt/stack/data/venv/lib/python3.12/site-packages/dbcounter.py:115}}
Jul 23 13:42:40.713487 np0000005774 nova-scheduler[96612]: DEBUG dbcounter [-] [96612] Writing DB stats nova_cell0:SELECT=4,nova_cell0:INSERT=1,nova_cell0:UPDATE=1 {{(pid=96612) stat_writer /opt/stack/data/venv/lib/python3.12/site-packages/dbcounter.py:115}}
Jul 23 13:42:40.734624 np0000005774 nova-scheduler[96616]: DEBUG dbcounter [-] [96616] Writing DB stats nova_cell0:SELECT=3 {{(pid=96616) stat_writer /opt/stack/data/venv/lib/python3.12/site-packages/dbcounter.py:115}}
Jul 23 13:42:40.740889 np0000005774 nova-scheduler[96610]: DEBUG dbcounter [-] [96610] Writing DB stats nova_cell0:SELECT=3 {{(pid=96610) stat_writer /opt/stack/data/venv/lib/python3.12/site-packages/dbcounter.py:115}}
Jul 23 13:42:40.741187 np0000005774 nova-scheduler[96614]: DEBUG dbcounter [-] [96614] Writing DB stats nova_cell0:SELECT=3 {{(pid=96614) stat_writer /opt/stack/data/venv/lib/python3.12/site-packages/dbcounter.py:115}}
Jul 23 13:42:44.729295 np0000005774 nova-scheduler[96616]: DEBUG oslo.service.backend._threading.loopingcall [None req-53d379e7-1415-4d1a-9374-64a4bf3e824a None None] Dynamic interval looping call 'nova.service.Service.periodic_tasks' sleeping for 60.00 seconds {{(pid=96616) _run_loop /opt/stack/data/venv/lib/python3.12/site-packages/oslo_service/backend/_threading/loopingcall.py:125}}
Jul 23 13:42:46.733339 np0000005774 nova-scheduler[96614]: DEBUG oslo.service.backend._threading.loopingcall [None req-3796aba3-c01b-4815-93d7-3a8e2b3f53fa None None] Dynamic interval looping call 'nova.service.Service.periodic_tasks' sleeping for 60.00 seconds {{(pid=96614) _run_loop /opt/stack/data/venv/lib/python3.12/site-packages/oslo_service/backend/_threading/loopingcall.py:125}}
Jul 23 13:43:08.705514 np0000005774 nova-scheduler[96612]: DEBUG oslo.service.backend._threading.loopingcall [None req-25612d19-8147-421b-a8b3-b6a946049058 None None] Dynamic interval looping call 'nova.service.Service.periodic_tasks' sleeping for 60.00 seconds {{(pid=96612) _run_loop /opt/stack/data/venv/lib/python3.12/site-packages/oslo_service/backend/_threading/loopingcall.py:125}}
Jul 23 13:43:15.731121 np0000005774 nova-scheduler[96610]: DEBUG oslo.service.backend._threading.loopingcall [None req-3fe42beb-502d-4004-b0e5-e7edaf0c8761 None None] Dynamic interval looping call 'nova.service.Service.periodic_tasks' sleeping for 60.00 seconds {{(pid=96610) _run_loop /opt/stack/data/venv/lib/python3.12/site-packages/oslo_service/backend/_threading/loopingcall.py:125}}
Jul 23 13:43:44.727913 np0000005774 nova-scheduler[96616]: DEBUG oslo.service.backend._threading.loopingcall [None req-53d379e7-1415-4d1a-9374-64a4bf3e824a None None] Dynamic interval looping call 'nova.service.Service.periodic_tasks' sleeping for 60.00 seconds {{(pid=96616) _run_loop /opt/stack/data/venv/lib/python3.12/site-packages/oslo_service/backend/_threading/loopingcall.py:125}}
Jul 23 13:43:46.733760 np0000005774 nova-scheduler[96614]: DEBUG oslo.service.backend._threading.loopingcall [None req-3796aba3-c01b-4815-93d7-3a8e2b3f53fa None None] Dynamic interval looping call 'nova.service.Service.periodic_tasks' sleeping for 60.00 seconds {{(pid=96614) _run_loop /opt/stack/data/venv/lib/python3.12/site-packages/oslo_service/backend/_threading/loopingcall.py:125}}
Jul 23 13:44:08.706013 np0000005774 nova-scheduler[96612]: DEBUG oslo.service.backend._threading.loopingcall [None req-25612d19-8147-421b-a8b3-b6a946049058 None None] Dynamic interval looping call 'nova.service.Service.periodic_tasks' sleeping for 60.00 seconds {{(pid=96612) _run_loop /opt/stack/data/venv/lib/python3.12/site-packages/oslo_service/backend/_threading/loopingcall.py:125}}
Jul 23 13:44:15.732382 np0000005774 nova-scheduler[96610]: DEBUG oslo.service.backend._threading.loopingcall [None req-3fe42beb-502d-4004-b0e5-e7edaf0c8761 None None] Dynamic interval looping call 'nova.service.Service.periodic_tasks' sleeping for 60.00 seconds {{(pid=96610) _run_loop /opt/stack/data/venv/lib/python3.12/site-packages/oslo_service/backend/_threading/loopingcall.py:125}}
Jul 23 13:44:30.715026 np0000005774 nova-scheduler[96612]: DEBUG oslo.service.backend._threading.loopingcall [-] Fixed interval looping call 'nova.servicegroup.drivers.db.DbDriver._report_state' sleeping for 119.99 seconds {{(pid=96612) _run_loop /opt/stack/data/venv/lib/python3.12/site-packages/oslo_service/backend/_threading/loopingcall.py:125}}
Jul 23 13:44:30.733781 np0000005774 nova-scheduler[96616]: DEBUG oslo.service.backend._threading.loopingcall [-] Fixed interval looping call 'nova.servicegroup.drivers.db.DbDriver._report_state' sleeping for 120.00 seconds {{(pid=96616) _run_loop /opt/stack/data/venv/lib/python3.12/site-packages/oslo_service/backend/_threading/loopingcall.py:125}}
Jul 23 13:44:30.736072 np0000005774 nova-scheduler[96610]: DEBUG oslo.service.backend._threading.loopingcall [-] Fixed interval looping call 'nova.servicegroup.drivers.db.DbDriver._report_state' sleeping for 120.00 seconds {{(pid=96610) _run_loop /opt/stack/data/venv/lib/python3.12/site-packages/oslo_service/backend/_threading/loopingcall.py:125}}
Jul 23 13:44:30.741472 np0000005774 nova-scheduler[96614]: DEBUG oslo.service.backend._threading.loopingcall [-] Fixed interval looping call 'nova.servicegroup.drivers.db.DbDriver._report_state' sleeping for 119.99 seconds {{(pid=96614) _run_loop /opt/stack/data/venv/lib/python3.12/site-packages/oslo_service/backend/_threading/loopingcall.py:125}}
Jul 23 13:44:40.128398 np0000005774 nova-scheduler[96612]: DEBUG nova.scheduler.manager [None req-da48c720-0da5-4bda-8311-54ab81152eb5 tempest-ServerBootFromVolumeStableRescueTest-1243418437 tempest-ServerBootFromVolumeStableRescueTest-1243418437-project-member] Starting to schedule for instances: ['24ff5737-9aa6-4619-917d-59dd59d23d5b'] {{(pid=96612) select_destinations /opt/stack/nova/nova/scheduler/manager.py:209}}
Jul 23 13:44:40.128885 np0000005774 nova-scheduler[96612]: DEBUG nova.scheduler.request_filter [None req-da48c720-0da5-4bda-8311-54ab81152eb5 tempest-ServerBootFromVolumeStableRescueTest-1243418437 tempest-ServerBootFromVolumeStableRescueTest-1243418437-project-member] compute_status_filter request filter added forbidden trait COMPUTE_STATUS_DISABLED {{(pid=96612) compute_status_filter /opt/stack/nova/nova/scheduler/request_filter.py:253}}
Jul 23 13:44:40.129043 np0000005774 nova-scheduler[96612]: DEBUG nova.scheduler.request_filter [None req-da48c720-0da5-4bda-8311-54ab81152eb5 tempest-ServerBootFromVolumeStableRescueTest-1243418437 tempest-ServerBootFromVolumeStableRescueTest-1243418437-project-member] Request filter 'compute_status_filter' took 0.0 seconds {{(pid=96612) wrapper /opt/stack/nova/nova/scheduler/request_filter.py:46}}
Jul 23 13:44:40.129242 np0000005774 nova-scheduler[96612]: DEBUG nova.scheduler.request_filter [None req-da48c720-0da5-4bda-8311-54ab81152eb5 tempest-ServerBootFromVolumeStableRescueTest-1243418437 tempest-ServerBootFromVolumeStableRescueTest-1243418437-project-member] Request filter 'accelerators_filter' took 0.0 seconds {{(pid=96612) wrapper /opt/stack/nova/nova/scheduler/request_filter.py:46}}
Jul 23 13:44:40.129420 np0000005774 nova-scheduler[96612]: DEBUG nova.scheduler.request_filter [None req-da48c720-0da5-4bda-8311-54ab81152eb5 tempest-ServerBootFromVolumeStableRescueTest-1243418437 tempest-ServerBootFromVolumeStableRescueTest-1243418437-project-member] Request filter 'packed_virtqueue_filter' took 0.0 seconds {{(pid=96612) wrapper /opt/stack/nova/nova/scheduler/request_filter.py:46}}
Jul 23 13:44:40.129750 np0000005774 nova-scheduler[96612]: DEBUG nova.scheduler.request_filter [None req-da48c720-0da5-4bda-8311-54ab81152eb5 tempest-ServerBootFromVolumeStableRescueTest-1243418437 tempest-ServerBootFromVolumeStableRescueTest-1243418437-project-member] Request filter 'remote_managed_ports_filter' took 0.0 seconds {{(pid=96612) wrapper /opt/stack/nova/nova/scheduler/request_filter.py:46}}
Jul 23 13:44:40.130005 np0000005774 nova-scheduler[96612]: DEBUG nova.scheduler.request_filter [None req-da48c720-0da5-4bda-8311-54ab81152eb5 tempest-ServerBootFromVolumeStableRescueTest-1243418437 tempest-ServerBootFromVolumeStableRescueTest-1243418437-project-member] ephemeral_encryption_filter skipped {{(pid=96612) ephemeral_encryption_filter /opt/stack/nova/nova/scheduler/request_filter.py:426}}
Jul 23 13:44:40.130131 np0000005774 nova-scheduler[96612]: DEBUG nova.scheduler.request_filter [None req-da48c720-0da5-4bda-8311-54ab81152eb5 tempest-ServerBootFromVolumeStableRescueTest-1243418437 tempest-ServerBootFromVolumeStableRescueTest-1243418437-project-member] virtio_sound_filter skipped {{(pid=96612) virtio_sound_filter /opt/stack/nova/nova/scheduler/request_filter.py:460}}
Jul 23 13:44:40.130255 np0000005774 nova-scheduler[96612]: DEBUG nova.scheduler.request_filter [None req-da48c720-0da5-4bda-8311-54ab81152eb5 tempest-ServerBootFromVolumeStableRescueTest-1243418437 tempest-ServerBootFromVolumeStableRescueTest-1243418437-project-member] tpm_secret_security_filter skipped {{(pid=96612) tpm_secret_security_filter /opt/stack/nova/nova/scheduler/request_filter.py:477}}
Jul 23 13:44:40.616459 np0000005774 nova-scheduler[96612]: INFO nova.utils [None req-da48c720-0da5-4bda-8311-54ab81152eb5 tempest-ServerBootFromVolumeStableRescueTest-1243418437 tempest-ServerBootFromVolumeStableRescueTest-1243418437-project-member] The cell worker thread pool ForkProcess-2.cell_worker is initialized
Jul 23 13:44:40.616900 np0000005774 nova-scheduler[96612]: DEBUG oslo_concurrency.lockutils [None req-da48c720-0da5-4bda-8311-54ab81152eb5 tempest-ServerBootFromVolumeStableRescueTest-1243418437 tempest-ServerBootFromVolumeStableRescueTest-1243418437-project-member] Acquiring lock "aa87dd2c-cf15-480a-be1b-3d6923ed36ee" by "nova.context.set_target_cell..get_or_set_cached_cell_and_set_connections" {{(pid=96612) inner /opt/stack/data/venv/lib/python3.12/site-packages/oslo_concurrency/lockutils.py:512}}
Jul 23 13:44:40.617157 np0000005774 nova-scheduler[96612]: DEBUG oslo_concurrency.lockutils [None req-da48c720-0da5-4bda-8311-54ab81152eb5 tempest-ServerBootFromVolumeStableRescueTest-1243418437 tempest-ServerBootFromVolumeStableRescueTest-1243418437-project-member] Lock "aa87dd2c-cf15-480a-be1b-3d6923ed36ee" acquired by "nova.context.set_target_cell..get_or_set_cached_cell_and_set_connections" :: waited 0.000s {{(pid=96612) inner /opt/stack/data/venv/lib/python3.12/site-packages/oslo_concurrency/lockutils.py:525}}
Jul 23 13:44:40.618719 np0000005774 nova-scheduler[96612]: DEBUG oslo_concurrency.lockutils [None req-da48c720-0da5-4bda-8311-54ab81152eb5 tempest-ServerBootFromVolumeStableRescueTest-1243418437 tempest-ServerBootFromVolumeStableRescueTest-1243418437-project-member] Lock "aa87dd2c-cf15-480a-be1b-3d6923ed36ee" "released" by "nova.context.set_target_cell..get_or_set_cached_cell_and_set_connections" :: held 0.001s {{(pid=96612) inner /opt/stack/data/venv/lib/python3.12/site-packages/oslo_concurrency/lockutils.py:544}}
Jul 23 13:44:40.620899 np0000005774 nova-scheduler[96612]: INFO dbcounter [None req-da48c720-0da5-4bda-8311-54ab81152eb5 tempest-ServerBootFromVolumeStableRescueTest-1243418437 tempest-ServerBootFromVolumeStableRescueTest-1243418437-project-member] Registered counter for database nova_cell1
Jul 23 13:44:40.664239 np0000005774 nova-scheduler[96612]: DEBUG oslo_db.sqlalchemy.engines [None req-da48c720-0da5-4bda-8311-54ab81152eb5 tempest-ServerBootFromVolumeStableRescueTest-1243418437 tempest-ServerBootFromVolumeStableRescueTest-1243418437-project-member] MySQL server mode set to STRICT_TRANS_TABLES,STRICT_ALL_TABLES,NO_ZERO_IN_DATE,NO_ZERO_DATE,ERROR_FOR_DIVISION_BY_ZERO,TRADITIONAL,NO_ENGINE_SUBSTITUTION {{(pid=96612) _check_effective_sql_mode /opt/stack/data/venv/lib/python3.12/site-packages/oslo_db/sqlalchemy/engines.py:325}}
Jul 23 13:44:40.669664 np0000005774 nova-scheduler[96612]: DEBUG dbcounter [-] [96612] Writer thread running {{(pid=96612) stat_writer /opt/stack/data/venv/lib/python3.12/site-packages/dbcounter.py:102}}
Jul 23 13:44:40.684627 np0000005774 nova-scheduler[96612]: DEBUG oslo_db.sqlalchemy.engines [None req-da48c720-0da5-4bda-8311-54ab81152eb5 tempest-ServerBootFromVolumeStableRescueTest-1243418437 tempest-ServerBootFromVolumeStableRescueTest-1243418437-project-member] Parent process 95408 forked (96612) with an open database connection, which is being discarded and recreated. {{(pid=96612) checkout /opt/stack/data/venv/lib/python3.12/site-packages/oslo_db/sqlalchemy/engines.py:402}}
Jul 23 13:44:40.711815 np0000005774 nova-scheduler[96612]: DEBUG dbcounter [-] [96612] Writing DB stats nova_cell0:SELECT=1,nova_cell0:UPDATE=1 {{(pid=96612) stat_writer /opt/stack/data/venv/lib/python3.12/site-packages/dbcounter.py:115}}
Jul 23 13:44:40.726332 np0000005774 nova-scheduler[96612]: DEBUG dbcounter [-] [96612] Writer thread running {{(pid=96612) stat_writer /opt/stack/data/venv/lib/python3.12/site-packages/dbcounter.py:102}}
Jul 23 13:44:40.729527 np0000005774 nova-scheduler[96612]: DEBUG oslo_concurrency.lockutils [None req-da48c720-0da5-4bda-8311-54ab81152eb5 tempest-ServerBootFromVolumeStableRescueTest-1243418437 tempest-ServerBootFromVolumeStableRescueTest-1243418437-project-member] Acquiring lock "aa87dd2c-cf15-480a-be1b-3d6923ed36ee" by "nova.context.set_target_cell..get_or_set_cached_cell_and_set_connections" {{(pid=96612) inner /opt/stack/data/venv/lib/python3.12/site-packages/oslo_concurrency/lockutils.py:512}}
Jul 23 13:44:40.729527 np0000005774 nova-scheduler[96612]: DEBUG oslo_concurrency.lockutils [None req-da48c720-0da5-4bda-8311-54ab81152eb5 tempest-ServerBootFromVolumeStableRescueTest-1243418437 tempest-ServerBootFromVolumeStableRescueTest-1243418437-project-member] Lock "aa87dd2c-cf15-480a-be1b-3d6923ed36ee" acquired by "nova.context.set_target_cell..get_or_set_cached_cell_and_set_connections" :: waited 0.000s {{(pid=96612) inner /opt/stack/data/venv/lib/python3.12/site-packages/oslo_concurrency/lockutils.py:525}}
Jul 23 13:44:40.729714 np0000005774 nova-scheduler[96612]: DEBUG oslo_concurrency.lockutils [None req-da48c720-0da5-4bda-8311-54ab81152eb5 tempest-ServerBootFromVolumeStableRescueTest-1243418437 tempest-ServerBootFromVolumeStableRescueTest-1243418437-project-member] Lock "aa87dd2c-cf15-480a-be1b-3d6923ed36ee" "released" by "nova.context.set_target_cell..get_or_set_cached_cell_and_set_connections" :: held 0.000s {{(pid=96612) inner /opt/stack/data/venv/lib/python3.12/site-packages/oslo_concurrency/lockutils.py:544}}
