Jul 23 13:42:30.813781 np0000005774 nova-conductor[99085]: DEBUG cotyledon.oslo_config_glue [-] workarounds.disable_group_policy_check_upcall = False {{(pid=99085) log_opt_values /opt/stack/data/venv/lib/python3.12/site-packages/oslo_config/cfg.py:3253}}
Jul 23 13:42:30.813781 np0000005774 nova-conductor[99085]: DEBUG cotyledon.oslo_config_glue [-] workarounds.disable_libvirt_livesnapshot = False {{(pid=99085) log_opt_values /opt/stack/data/venv/lib/python3.12/site-packages/oslo_config/cfg.py:3253}}
Jul 23 13:42:30.813781 np0000005774 nova-conductor[99085]: DEBUG cotyledon.oslo_config_glue [-] workarounds.disable_rootwrap = False {{(pid=99085) log_opt_values /opt/stack/data/venv/lib/python3.12/site-packages/oslo_config/cfg.py:3253}}
Jul 23 13:42:30.813781 np0000005774 nova-conductor[99085]: DEBUG cotyledon.oslo_config_glue [-] workarounds.enable_numa_live_migration = False {{(pid=99085) log_opt_values /opt/stack/data/venv/lib/python3.12/site-packages/oslo_config/cfg.py:3253}}
Jul 23 13:42:30.813781 np0000005774 nova-conductor[99085]: DEBUG cotyledon.oslo_config_glue [-] workarounds.enable_qemu_monitor_announce_self = False {{(pid=99085) log_opt_values /opt/stack/data/venv/lib/python3.12/site-packages/oslo_config/cfg.py:3253}}
Jul 23 13:42:30.814012 np0000005774 nova-conductor[99085]: DEBUG cotyledon.oslo_config_glue [-] workarounds.ensure_libvirt_rbd_instance_dir_cleanup = False {{(pid=99085) log_opt_values /opt/stack/data/venv/lib/python3.12/site-packages/oslo_config/cfg.py:3253}}
Jul 23 13:42:30.814012 np0000005774 nova-conductor[99085]: DEBUG cotyledon.oslo_config_glue [-] workarounds.handle_virt_lifecycle_events = True {{(pid=99085) log_opt_values /opt/stack/data/venv/lib/python3.12/site-packages/oslo_config/cfg.py:3253}}
Jul 23 13:42:30.814012 np0000005774 nova-conductor[99085]: DEBUG cotyledon.oslo_config_glue [-] workarounds.libvirt_disable_apic = False {{(pid=99085) log_opt_values /opt/stack/data/venv/lib/python3.12/site-packages/oslo_config/cfg.py:3253}}
Jul 23 13:42:30.814012 np0000005774 nova-conductor[99085]: DEBUG cotyledon.oslo_config_glue [-] workarounds.never_download_image_if_on_rbd = False {{(pid=99085) log_opt_values /opt/stack/data/venv/lib/python3.12/site-packages/oslo_config/cfg.py:3253}}
Jul 23 13:42:30.814012 np0000005774 nova-conductor[99085]: DEBUG cotyledon.oslo_config_glue [-] workarounds.qemu_monitor_announce_self_count = 3 {{(pid=99085) log_opt_values /opt/stack/data/venv/lib/python3.12/site-packages/oslo_config/cfg.py:3253}}
Jul 23 13:42:30.814012 np0000005774 nova-conductor[99085]: DEBUG cotyledon.oslo_config_glue [-] workarounds.qemu_monitor_announce_self_interval = 1 {{(pid=99085) log_opt_values /opt/stack/data/venv/lib/python3.12/site-packages/oslo_config/cfg.py:3253}}
Jul 23 13:42:30.814012 np0000005774 nova-conductor[99085]: DEBUG cotyledon.oslo_config_glue [-] workarounds.reserve_disk_resource_for_image_cache = False {{(pid=99085) log_opt_values /opt/stack/data/venv/lib/python3.12/site-packages/oslo_config/cfg.py:3253}}
Jul 23 13:42:30.814012 np0000005774 nova-conductor[99085]: DEBUG cotyledon.oslo_config_glue [-] workarounds.skip_cpu_compare_at_startup = False {{(pid=99085) log_opt_values /opt/stack/data/venv/lib/python3.12/site-packages/oslo_config/cfg.py:3253}}
Jul 23 13:42:30.814012 np0000005774 nova-conductor[99085]: DEBUG cotyledon.oslo_config_glue [-] workarounds.skip_cpu_compare_on_dest = False {{(pid=99085) log_opt_values /opt/stack/data/venv/lib/python3.12/site-packages/oslo_config/cfg.py:3253}}
Jul 23 13:42:30.814211 np0000005774 nova-conductor[99085]: DEBUG cotyledon.oslo_config_glue [-] workarounds.skip_hypervisor_version_check_on_lm = False {{(pid=99085) log_opt_values /opt/stack/data/venv/lib/python3.12/site-packages/oslo_config/cfg.py:3253}}
Jul 23 13:42:30.814211 np0000005774 nova-conductor[99085]: DEBUG cotyledon.oslo_config_glue [-] workarounds.skip_reserve_in_use_ironic_nodes = False {{(pid=99085) log_opt_values /opt/stack/data/venv/lib/python3.12/site-packages/oslo_config/cfg.py:3253}}
Jul 23 13:42:30.814300 np0000005774 nova-conductor[99111]: INFO nova.service [-] Starting conductor node (version 33.1.0)
Jul 23 13:42:30.814333 np0000005774 nova-conductor[99085]: DEBUG cotyledon.oslo_config_glue [-] workarounds.unified_limits_count_pcpu_as_vcpu = False {{(pid=99085) log_opt_values /opt/stack/data/venv/lib/python3.12/site-packages/oslo_config/cfg.py:3253}}
Jul 23 13:42:30.814333 np0000005774 nova-conductor[99085]: DEBUG cotyledon.oslo_config_glue [-] workarounds.wait_for_vif_plugged_event_during_hard_reboot = [] {{(pid=99085) log_opt_values /opt/stack/data/venv/lib/python3.12/site-packages/oslo_config/cfg.py:3253}}
Jul 23 13:42:30.814333 np0000005774 nova-conductor[99085]: DEBUG cotyledon.oslo_config_glue [-] wsgi.api_paste_config = /etc/nova/api-paste.ini {{(pid=99085) log_opt_values /opt/stack/data/venv/lib/python3.12/site-packages/oslo_config/cfg.py:3253}}
Jul 23 13:42:30.814333 np0000005774 nova-conductor[99085]: DEBUG cotyledon.oslo_config_glue [-] wsgi.secure_proxy_ssl_header = None {{(pid=99085) log_opt_values /opt/stack/data/venv/lib/python3.12/site-packages/oslo_config/cfg.py:3253}}
Jul 23 13:42:30.814333 np0000005774 nova-conductor[99085]: DEBUG cotyledon.oslo_config_glue [-] zvm.ca_file = None {{(pid=99085) log_opt_values /opt/stack/data/venv/lib/python3.12/site-packages/oslo_config/cfg.py:3253}}
Jul 23 13:42:30.814333 np0000005774 nova-conductor[99085]: DEBUG cotyledon.oslo_config_glue [-] zvm.cloud_connector_url = None {{(pid=99085) log_opt_values /opt/stack/data/venv/lib/python3.12/site-packages/oslo_config/cfg.py:3253}}
Jul 23 13:42:30.814333 np0000005774 nova-conductor[99085]: DEBUG cotyledon.oslo_config_glue [-] zvm.image_tmp_path = /opt/stack/data/nova/images {{(pid=99085) log_opt_values /opt/stack/data/venv/lib/python3.12/site-packages/oslo_config/cfg.py:3253}}
Jul 23 13:42:30.814333 np0000005774 nova-conductor[99085]: DEBUG cotyledon.oslo_config_glue [-] zvm.reachable_timeout = 300 {{(pid=99085) log_opt_values /opt/stack/data/venv/lib/python3.12/site-packages/oslo_config/cfg.py:3253}}
Jul 23 13:42:30.814333 np0000005774 nova-conductor[99085]: DEBUG cotyledon.oslo_config_glue [-] oslo_versionedobjects.fatal_exception_format_errors = False {{(pid=99085) log_opt_values /opt/stack/data/venv/lib/python3.12/site-packages/oslo_config/cfg.py:3253}}
Jul 23 13:42:30.814536 np0000005774 nova-conductor[99085]: DEBUG cotyledon.oslo_config_glue [-] oslo_middleware.http_basic_auth_user_file = /etc/htpasswd {{(pid=99085) log_opt_values /opt/stack/data/venv/lib/python3.12/site-packages/oslo_config/cfg.py:3253}}
Jul 23 13:42:30.814536 np0000005774 nova-conductor[99085]: DEBUG cotyledon.oslo_config_glue [-] profiler.connection_string = messaging:// {{(pid=99085) log_opt_values /opt/stack/data/venv/lib/python3.12/site-packages/oslo_config/cfg.py:3253}}
Jul 23 13:42:30.814536 np0000005774 nova-conductor[99085]: DEBUG cotyledon.oslo_config_glue [-] profiler.enabled = False {{(pid=99085) log_opt_values /opt/stack/data/venv/lib/python3.12/site-packages/oslo_config/cfg.py:3253}}
Jul 23 13:42:30.814536 np0000005774 nova-conductor[99085]: DEBUG cotyledon.oslo_config_glue [-] profiler.es_doc_type = notification {{(pid=99085) log_opt_values /opt/stack/data/venv/lib/python3.12/site-packages/oslo_config/cfg.py:3253}}
Jul 23 13:42:30.814536 np0000005774 nova-conductor[99085]: DEBUG cotyledon.oslo_config_glue [-] profiler.es_scroll_size = 10000 {{(pid=99085) log_opt_values /opt/stack/data/venv/lib/python3.12/site-packages/oslo_config/cfg.py:3253}}
Jul 23 13:42:30.814536 np0000005774 nova-conductor[99085]: DEBUG cotyledon.oslo_config_glue [-] profiler.es_scroll_time = 2m {{(pid=99085) log_opt_values /opt/stack/data/venv/lib/python3.12/site-packages/oslo_config/cfg.py:3253}}
Jul 23 13:42:30.814536 np0000005774 nova-conductor[99085]: DEBUG cotyledon.oslo_config_glue [-] profiler.filter_error_trace = False {{(pid=99085) log_opt_values /opt/stack/data/venv/lib/python3.12/site-packages/oslo_config/cfg.py:3253}}
Jul 23 13:42:30.814536 np0000005774 nova-conductor[99085]: DEBUG cotyledon.oslo_config_glue [-] profiler.hmac_keys = **** {{(pid=99085) log_opt_values /opt/stack/data/venv/lib/python3.12/site-packages/oslo_config/cfg.py:3253}}
Jul 23 13:42:30.814536 np0000005774 nova-conductor[99085]: DEBUG cotyledon.oslo_config_glue [-] profiler.sentinel_service_name = mymaster {{(pid=99085) log_opt_values /opt/stack/data/venv/lib/python3.12/site-packages/oslo_config/cfg.py:3253}}
Jul 23 13:42:30.814715 np0000005774 nova-conductor[99085]: DEBUG cotyledon.oslo_config_glue [-] profiler.socket_timeout = 0.1 {{(pid=99085) log_opt_values /opt/stack/data/venv/lib/python3.12/site-packages/oslo_config/cfg.py:3253}}
Jul 23 13:42:30.814715 np0000005774 nova-conductor[99085]: DEBUG cotyledon.oslo_config_glue [-] profiler.trace_requests = False {{(pid=99085) log_opt_values /opt/stack/data/venv/lib/python3.12/site-packages/oslo_config/cfg.py:3253}}
Jul 23 13:42:30.814715 np0000005774 nova-conductor[99085]: DEBUG cotyledon.oslo_config_glue [-] profiler.trace_sqlalchemy = False {{(pid=99085) log_opt_values /opt/stack/data/venv/lib/python3.12/site-packages/oslo_config/cfg.py:3253}}
Jul 23 13:42:30.814715 np0000005774 nova-conductor[99085]: DEBUG cotyledon.oslo_config_glue [-] profiler_jaeger.process_tags = {} {{(pid=99085) log_opt_values /opt/stack/data/venv/lib/python3.12/site-packages/oslo_config/cfg.py:3253}}
Jul 23 13:42:30.814715 np0000005774 nova-conductor[99085]: DEBUG cotyledon.oslo_config_glue [-] profiler_jaeger.service_name_prefix = None {{(pid=99085) log_opt_values /opt/stack/data/venv/lib/python3.12/site-packages/oslo_config/cfg.py:3253}}
Jul 23 13:42:30.814715 np0000005774 nova-conductor[99085]: DEBUG cotyledon.oslo_config_glue [-] profiler_otlp.service_name_prefix = None {{(pid=99085) log_opt_values /opt/stack/data/venv/lib/python3.12/site-packages/oslo_config/cfg.py:3253}}
Jul 23 13:42:30.814715 np0000005774 nova-conductor[99085]: DEBUG cotyledon.oslo_config_glue [-] oslo_messaging_rabbit.amqp_auto_delete = False {{(pid=99085) log_opt_values /opt/stack/data/venv/lib/python3.12/site-packages/oslo_config/cfg.py:3253}}
Jul 23 13:42:30.814715 np0000005774 nova-conductor[99085]: DEBUG cotyledon.oslo_config_glue [-] oslo_messaging_rabbit.amqp_durable_queues = False {{(pid=99085) log_opt_values /opt/stack/data/venv/lib/python3.12/site-packages/oslo_config/cfg.py:3253}}
Jul 23 13:42:30.814715 np0000005774 nova-conductor[99085]: DEBUG cotyledon.oslo_config_glue [-] oslo_messaging_rabbit.conn_pool_min_size = 2 {{(pid=99085) log_opt_values /opt/stack/data/venv/lib/python3.12/site-packages/oslo_config/cfg.py:3253}}
Jul 23 13:42:30.814909 np0000005774 nova-conductor[99085]: DEBUG cotyledon.oslo_config_glue [-] oslo_messaging_rabbit.conn_pool_ttl = 1200 {{(pid=99085) log_opt_values /opt/stack/data/venv/lib/python3.12/site-packages/oslo_config/cfg.py:3253}}
Jul 23 13:42:30.814909 np0000005774 nova-conductor[99085]: DEBUG cotyledon.oslo_config_glue [-] oslo_messaging_rabbit.direct_mandatory_flag = True {{(pid=99085) log_opt_values /opt/stack/data/venv/lib/python3.12/site-packages/oslo_config/cfg.py:3253}}
Jul 23 13:42:30.814909 np0000005774 nova-conductor[99085]: DEBUG cotyledon.oslo_config_glue [-] oslo_messaging_rabbit.enable_cancel_on_failover = False {{(pid=99085) log_opt_values /opt/stack/data/venv/lib/python3.12/site-packages/oslo_config/cfg.py:3253}}
Jul 23 13:42:30.814909 np0000005774 nova-conductor[99085]: DEBUG cotyledon.oslo_config_glue [-] oslo_messaging_rabbit.heartbeat_rate = 3 {{(pid=99085) log_opt_values /opt/stack/data/venv/lib/python3.12/site-packages/oslo_config/cfg.py:3253}}
Jul 23 13:42:30.814909 np0000005774 nova-conductor[99085]: DEBUG cotyledon.oslo_config_glue [-] oslo_messaging_rabbit.heartbeat_timeout_threshold = 60 {{(pid=99085) log_opt_values /opt/stack/data/venv/lib/python3.12/site-packages/oslo_config/cfg.py:3253}}
Jul 23 13:42:30.814909 np0000005774 nova-conductor[99085]: DEBUG cotyledon.oslo_config_glue [-] oslo_messaging_rabbit.hostname = np0000005774 {{(pid=99085) log_opt_values /opt/stack/data/venv/lib/python3.12/site-packages/oslo_config/cfg.py:3253}}
Jul 23 13:42:30.814909 np0000005774 nova-conductor[99085]: DEBUG cotyledon.oslo_config_glue [-] oslo_messaging_rabbit.kombu_compression = None {{(pid=99085) log_opt_values /opt/stack/data/venv/lib/python3.12/site-packages/oslo_config/cfg.py:3253}}
Jul 23 13:42:30.814909 np0000005774 nova-conductor[99085]: DEBUG cotyledon.oslo_config_glue [-] oslo_messaging_rabbit.kombu_failover_strategy = round-robin {{(pid=99085) log_opt_values /opt/stack/data/venv/lib/python3.12/site-packages/oslo_config/cfg.py:3253}}
Jul 23 13:42:30.814909 np0000005774 nova-conductor[99085]: DEBUG cotyledon.oslo_config_glue [-] oslo_messaging_rabbit.kombu_missing_consumer_retry_timeout = 60 {{(pid=99085) log_opt_values /opt/stack/data/venv/lib/python3.12/site-packages/oslo_config/cfg.py:3253}}
Jul 23 13:42:30.815170 np0000005774 nova-conductor[99085]: DEBUG cotyledon.oslo_config_glue [-] oslo_messaging_rabbit.kombu_reconnect_delay = 1.0 {{(pid=99085) log_opt_values /opt/stack/data/venv/lib/python3.12/site-packages/oslo_config/cfg.py:3253}}
Jul 23 13:42:30.815170 np0000005774 nova-conductor[99085]: DEBUG cotyledon.oslo_config_glue [-] oslo_messaging_rabbit.kombu_reconnect_splay = 0.0 {{(pid=99085) log_opt_values /opt/stack/data/venv/lib/python3.12/site-packages/oslo_config/cfg.py:3253}}
Jul 23 13:42:30.815170 np0000005774 nova-conductor[99085]: DEBUG cotyledon.oslo_config_glue [-] oslo_messaging_rabbit.processname = nova-conductor {{(pid=99085) log_opt_values /opt/stack/data/venv/lib/python3.12/site-packages/oslo_config/cfg.py:3253}}
Jul 23 13:42:30.815170 np0000005774 nova-conductor[99085]: DEBUG cotyledon.oslo_config_glue [-] oslo_messaging_rabbit.rabbit_ha_queues = False {{(pid=99085) log_opt_values /opt/stack/data/venv/lib/python3.12/site-packages/oslo_config/cfg.py:3253}}
Jul 23 13:42:30.815170 np0000005774 nova-conductor[99085]: DEBUG cotyledon.oslo_config_glue [-] oslo_messaging_rabbit.rabbit_interval_max = 30 {{(pid=99085) log_opt_values /opt/stack/data/venv/lib/python3.12/site-packages/oslo_config/cfg.py:3253}}
Jul 23 13:42:30.815170 np0000005774 nova-conductor[99085]: DEBUG cotyledon.oslo_config_glue [-] oslo_messaging_rabbit.rabbit_login_method = AMQPLAIN {{(pid=99085) log_opt_values /opt/stack/data/venv/lib/python3.12/site-packages/oslo_config/cfg.py:3253}}
Jul 23 13:42:30.815170 np0000005774 nova-conductor[99085]: DEBUG cotyledon.oslo_config_glue [-] oslo_messaging_rabbit.rabbit_qos_prefetch_count = 0 {{(pid=99085) log_opt_values /opt/stack/data/venv/lib/python3.12/site-packages/oslo_config/cfg.py:3253}}
Jul 23 13:42:30.815170 np0000005774 nova-conductor[99085]: DEBUG cotyledon.oslo_config_glue [-] oslo_messaging_rabbit.rabbit_quorum_delivery_limit = 0 {{(pid=99085) log_opt_values /opt/stack/data/venv/lib/python3.12/site-packages/oslo_config/cfg.py:3253}}
Jul 23 13:42:30.815170 np0000005774 nova-conductor[99085]: DEBUG cotyledon.oslo_config_glue [-] oslo_messaging_rabbit.rabbit_quorum_max_memory_bytes = 0 {{(pid=99085) log_opt_values /opt/stack/data/venv/lib/python3.12/site-packages/oslo_config/cfg.py:3253}}
Jul 23 13:42:30.815364 np0000005774 nova-conductor[99085]: DEBUG cotyledon.oslo_config_glue [-] oslo_messaging_rabbit.rabbit_quorum_max_memory_length = 0 {{(pid=99085) log_opt_values /opt/stack/data/venv/lib/python3.12/site-packages/oslo_config/cfg.py:3253}}
Jul 23 13:42:30.815364 np0000005774 nova-conductor[99085]: DEBUG cotyledon.oslo_config_glue [-] oslo_messaging_rabbit.rabbit_quorum_queue = False {{(pid=99085) log_opt_values /opt/stack/data/venv/lib/python3.12/site-packages/oslo_config/cfg.py:3253}}
Jul 23 13:42:30.815364 np0000005774 nova-conductor[99085]: DEBUG cotyledon.oslo_config_glue [-] oslo_messaging_rabbit.rabbit_retry_backoff = 2 {{(pid=99085) log_opt_values /opt/stack/data/venv/lib/python3.12/site-packages/oslo_config/cfg.py:3253}}
Jul 23 13:42:30.815364 np0000005774 nova-conductor[99085]: DEBUG cotyledon.oslo_config_glue [-] oslo_messaging_rabbit.rabbit_retry_interval = 1 {{(pid=99085) log_opt_values /opt/stack/data/venv/lib/python3.12/site-packages/oslo_config/cfg.py:3253}}
Jul 23 13:42:30.815364 np0000005774 nova-conductor[99085]: DEBUG cotyledon.oslo_config_glue [-] oslo_messaging_rabbit.rabbit_stream_fanout = False {{(pid=99085) log_opt_values /opt/stack/data/venv/lib/python3.12/site-packages/oslo_config/cfg.py:3253}}
Jul 23 13:42:30.815364 np0000005774 nova-conductor[99085]: DEBUG cotyledon.oslo_config_glue [-] oslo_messaging_rabbit.rabbit_transient_queues_ttl = 1800 {{(pid=99085) log_opt_values /opt/stack/data/venv/lib/python3.12/site-packages/oslo_config/cfg.py:3253}}
Jul 23 13:42:30.815364 np0000005774 nova-conductor[99085]: DEBUG cotyledon.oslo_config_glue [-] oslo_messaging_rabbit.rabbit_transient_quorum_queue = False {{(pid=99085) log_opt_values /opt/stack/data/venv/lib/python3.12/site-packages/oslo_config/cfg.py:3253}}
Jul 23 13:42:30.815364 np0000005774 nova-conductor[99085]: DEBUG cotyledon.oslo_config_glue [-] oslo_messaging_rabbit.rpc_conn_pool_size = 30 {{(pid=99085) log_opt_values /opt/stack/data/venv/lib/python3.12/site-packages/oslo_config/cfg.py:3253}}
Jul 23 13:42:30.815364 np0000005774 nova-conductor[99085]: DEBUG cotyledon.oslo_config_glue [-] oslo_messaging_rabbit.ssl = False {{(pid=99085) log_opt_values /opt/stack/data/venv/lib/python3.12/site-packages/oslo_config/cfg.py:3253}}
Jul 23 13:42:30.815553 np0000005774 nova-conductor[99085]: DEBUG cotyledon.oslo_config_glue [-] oslo_messaging_rabbit.ssl_ca_file = {{(pid=99085) log_opt_values /opt/stack/data/venv/lib/python3.12/site-packages/oslo_config/cfg.py:3253}}
Jul 23 13:42:30.815553 np0000005774 nova-conductor[99085]: DEBUG cotyledon.oslo_config_glue [-] oslo_messaging_rabbit.ssl_cert_file = {{(pid=99085) log_opt_values /opt/stack/data/venv/lib/python3.12/site-packages/oslo_config/cfg.py:3253}}
Jul 23 13:42:30.815553 np0000005774 nova-conductor[99085]: DEBUG cotyledon.oslo_config_glue [-] oslo_messaging_rabbit.ssl_enforce_fips_mode = False {{(pid=99085) log_opt_values /opt/stack/data/venv/lib/python3.12/site-packages/oslo_config/cfg.py:3253}}
Jul 23 13:42:30.815553 np0000005774 nova-conductor[99085]: DEBUG cotyledon.oslo_config_glue [-] oslo_messaging_rabbit.ssl_enforce_hostname_verification = True {{(pid=99085) log_opt_values /opt/stack/data/venv/lib/python3.12/site-packages/oslo_config/cfg.py:3253}}
Jul 23 13:42:30.815553 np0000005774 nova-conductor[99085]: DEBUG cotyledon.oslo_config_glue [-] oslo_messaging_rabbit.ssl_key_file = {{(pid=99085) log_opt_values /opt/stack/data/venv/lib/python3.12/site-packages/oslo_config/cfg.py:3253}}
Jul 23 13:42:30.815553 np0000005774 nova-conductor[99085]: DEBUG cotyledon.oslo_config_glue [-] oslo_messaging_rabbit.ssl_version = {{(pid=99085) log_opt_values /opt/stack/data/venv/lib/python3.12/site-packages/oslo_config/cfg.py:3253}}
Jul 23 13:42:30.815553 np0000005774 nova-conductor[99085]: DEBUG cotyledon.oslo_config_glue [-] oslo_messaging_rabbit.use_queue_manager = False {{(pid=99085) log_opt_values /opt/stack/data/venv/lib/python3.12/site-packages/oslo_config/cfg.py:3253}}
Jul 23 13:42:30.815553 np0000005774 nova-conductor[99085]: DEBUG cotyledon.oslo_config_glue [-] oslo_messaging_notifications.driver = ['messagingv2'] {{(pid=99085) log_opt_values /opt/stack/data/venv/lib/python3.12/site-packages/oslo_config/cfg.py:3253}}
Jul 23 13:42:30.815553 np0000005774 nova-conductor[99085]: DEBUG cotyledon.oslo_config_glue [-] oslo_messaging_notifications.retry = -1 {{(pid=99085) log_opt_values /opt/stack/data/venv/lib/python3.12/site-packages/oslo_config/cfg.py:3253}}
Jul 23 13:42:30.815726 np0000005774 nova-conductor[99085]: DEBUG cotyledon.oslo_config_glue [-] oslo_messaging_notifications.topics = ['notifications'] {{(pid=99085) log_opt_values /opt/stack/data/venv/lib/python3.12/site-packages/oslo_config/cfg.py:3253}}
Jul 23 13:42:30.815726 np0000005774 nova-conductor[99085]: DEBUG cotyledon.oslo_config_glue [-] oslo_messaging_notifications.transport_url = **** {{(pid=99085) log_opt_values /opt/stack/data/venv/lib/python3.12/site-packages/oslo_config/cfg.py:3253}}
Jul 23 13:42:30.815726 np0000005774 nova-conductor[99085]: DEBUG cotyledon.oslo_config_glue [-] oslo_limit.auth_section = None {{(pid=99085) log_opt_values /opt/stack/data/venv/lib/python3.12/site-packages/oslo_config/cfg.py:3253}}
Jul 23 13:42:30.815726 np0000005774 nova-conductor[99085]: DEBUG cotyledon.oslo_config_glue [-] oslo_limit.auth_type = None {{(pid=99085) log_opt_values /opt/stack/data/venv/lib/python3.12/site-packages/oslo_config/cfg.py:3253}}
Jul 23 13:42:30.815726 np0000005774 nova-conductor[99085]: DEBUG cotyledon.oslo_config_glue [-] oslo_limit.cafile = None {{(pid=99085) log_opt_values /opt/stack/data/venv/lib/python3.12/site-packages/oslo_config/cfg.py:3253}}
Jul 23 13:42:30.815726 np0000005774 nova-conductor[99085]: DEBUG cotyledon.oslo_config_glue [-] oslo_limit.certfile = None {{(pid=99085) log_opt_values /opt/stack/data/venv/lib/python3.12/site-packages/oslo_config/cfg.py:3253}}
Jul 23 13:42:30.815726 np0000005774 nova-conductor[99085]: DEBUG cotyledon.oslo_config_glue [-] oslo_limit.collect_timing = False {{(pid=99085) log_opt_values /opt/stack/data/venv/lib/python3.12/site-packages/oslo_config/cfg.py:3253}}
Jul 23 13:42:30.815884 np0000005774 nova-conductor[99111]: INFO dbcounter [None req-318c35f8-9e5d-4df4-b653-852dbd65dec2 None None] Registered counter for database nova_cell0
Jul 23 13:42:30.815921 np0000005774 nova-conductor[99085]: DEBUG cotyledon.oslo_config_glue [-] oslo_limit.connect_retries = None {{(pid=99085) log_opt_values /opt/stack/data/venv/lib/python3.12/site-packages/oslo_config/cfg.py:3253}}
Jul 23 13:42:30.815921 np0000005774 nova-conductor[99085]: DEBUG cotyledon.oslo_config_glue [-] oslo_limit.connect_retry_delay = None {{(pid=99085) log_opt_values /opt/stack/data/venv/lib/python3.12/site-packages/oslo_config/cfg.py:3253}}
Jul 23 13:42:30.815921 np0000005774 nova-conductor[99085]: DEBUG cotyledon.oslo_config_glue [-] oslo_limit.endpoint_id = None {{(pid=99085) log_opt_values /opt/stack/data/venv/lib/python3.12/site-packages/oslo_config/cfg.py:3253}}
Jul 23 13:42:30.815921 np0000005774 nova-conductor[99085]: DEBUG cotyledon.oslo_config_glue [-] oslo_limit.endpoint_interface = public {{(pid=99085) log_opt_values /opt/stack/data/venv/lib/python3.12/site-packages/oslo_config/cfg.py:3253}}
Jul 23 13:42:30.815921 np0000005774 nova-conductor[99085]: DEBUG cotyledon.oslo_config_glue [-] oslo_limit.endpoint_override = None {{(pid=99085) log_opt_values /opt/stack/data/venv/lib/python3.12/site-packages/oslo_config/cfg.py:3253}}
Jul 23 13:42:30.815921 np0000005774 nova-conductor[99085]: DEBUG cotyledon.oslo_config_glue [-] oslo_limit.endpoint_region_name = None {{(pid=99085) log_opt_values /opt/stack/data/venv/lib/python3.12/site-packages/oslo_config/cfg.py:3253}}
Jul 23 13:42:30.815921 np0000005774 nova-conductor[99085]: DEBUG cotyledon.oslo_config_glue [-] oslo_limit.endpoint_service_name = None {{(pid=99085) log_opt_values /opt/stack/data/venv/lib/python3.12/site-packages/oslo_config/cfg.py:3253}}
Jul 23 13:42:30.815921 np0000005774 nova-conductor[99085]: DEBUG cotyledon.oslo_config_glue [-] oslo_limit.endpoint_service_type = None {{(pid=99085) log_opt_values /opt/stack/data/venv/lib/python3.12/site-packages/oslo_config/cfg.py:3253}}
Jul 23 13:42:30.815921 np0000005774 nova-conductor[99085]: DEBUG cotyledon.oslo_config_glue [-] oslo_limit.insecure = False {{(pid=99085) log_opt_values /opt/stack/data/venv/lib/python3.12/site-packages/oslo_config/cfg.py:3253}}
Jul 23 13:42:30.816127 np0000005774 nova-conductor[99085]: DEBUG cotyledon.oslo_config_glue [-] oslo_limit.keyfile = None {{(pid=99085) log_opt_values /opt/stack/data/venv/lib/python3.12/site-packages/oslo_config/cfg.py:3253}}
Jul 23 13:42:30.816127 np0000005774 nova-conductor[99085]: DEBUG cotyledon.oslo_config_glue [-] oslo_limit.max_version = None {{(pid=99085) log_opt_values /opt/stack/data/venv/lib/python3.12/site-packages/oslo_config/cfg.py:3253}}
Jul 23 13:42:30.816127 np0000005774 nova-conductor[99085]: DEBUG cotyledon.oslo_config_glue [-] oslo_limit.min_version = None {{(pid=99085) log_opt_values /opt/stack/data/venv/lib/python3.12/site-packages/oslo_config/cfg.py:3253}}
Jul 23 13:42:30.816127 np0000005774 nova-conductor[99085]: DEBUG cotyledon.oslo_config_glue [-] oslo_limit.region_name = None {{(pid=99085) log_opt_values /opt/stack/data/venv/lib/python3.12/site-packages/oslo_config/cfg.py:3253}}
Jul 23 13:42:30.816127 np0000005774 nova-conductor[99085]: DEBUG cotyledon.oslo_config_glue [-] oslo_limit.retriable_status_codes = None {{(pid=99085) log_opt_values /opt/stack/data/venv/lib/python3.12/site-packages/oslo_config/cfg.py:3253}}
Jul 23 13:42:30.816127 np0000005774 nova-conductor[99085]: DEBUG cotyledon.oslo_config_glue [-] oslo_limit.service_name = None {{(pid=99085) log_opt_values /opt/stack/data/venv/lib/python3.12/site-packages/oslo_config/cfg.py:3253}}
Jul 23 13:42:30.816127 np0000005774 nova-conductor[99085]: DEBUG cotyledon.oslo_config_glue [-] oslo_limit.service_type = None {{(pid=99085) log_opt_values /opt/stack/data/venv/lib/python3.12/site-packages/oslo_config/cfg.py:3253}}
Jul 23 13:42:30.816127 np0000005774 nova-conductor[99085]: DEBUG cotyledon.oslo_config_glue [-] oslo_limit.split_loggers = False {{(pid=99085) log_opt_values /opt/stack/data/venv/lib/python3.12/site-packages/oslo_config/cfg.py:3253}}
Jul 23 13:42:30.816127 np0000005774 nova-conductor[99085]: DEBUG cotyledon.oslo_config_glue [-] oslo_limit.status_code_retries = None {{(pid=99085) log_opt_values /opt/stack/data/venv/lib/python3.12/site-packages/oslo_config/cfg.py:3253}}
Jul 23 13:42:30.816378 np0000005774 nova-conductor[99085]: DEBUG cotyledon.oslo_config_glue [-] oslo_limit.status_code_retry_delay = None {{(pid=99085) log_opt_values /opt/stack/data/venv/lib/python3.12/site-packages/oslo_config/cfg.py:3253}}
Jul 23 13:42:30.816378 np0000005774 nova-conductor[99085]: DEBUG cotyledon.oslo_config_glue [-] oslo_limit.timeout = None {{(pid=99085) log_opt_values /opt/stack/data/venv/lib/python3.12/site-packages/oslo_config/cfg.py:3253}}
Jul 23 13:42:30.816378 np0000005774 nova-conductor[99085]: DEBUG cotyledon.oslo_config_glue [-] oslo_limit.valid_interfaces = None {{(pid=99085) log_opt_values /opt/stack/data/venv/lib/python3.12/site-packages/oslo_config/cfg.py:3253}}
Jul 23 13:42:30.816378 np0000005774 nova-conductor[99085]: DEBUG cotyledon.oslo_config_glue [-] oslo_limit.version = None {{(pid=99085) log_opt_values /opt/stack/data/venv/lib/python3.12/site-packages/oslo_config/cfg.py:3253}}
Jul 23 13:42:30.816378 np0000005774 nova-conductor[99085]: DEBUG cotyledon.oslo_config_glue [-] oslo_reports.file_event_handler = None {{(pid=99085) log_opt_values /opt/stack/data/venv/lib/python3.12/site-packages/oslo_config/cfg.py:3253}}
Jul 23 13:42:30.816378 np0000005774 nova-conductor[99085]: DEBUG cotyledon.oslo_config_glue [-] oslo_reports.file_event_handler_interval = 1 {{(pid=99085) log_opt_values /opt/stack/data/venv/lib/python3.12/site-packages/oslo_config/cfg.py:3253}}
Jul 23 13:42:30.816378 np0000005774 nova-conductor[99085]: DEBUG cotyledon.oslo_config_glue [-] oslo_reports.log_dir = None {{(pid=99085) log_opt_values /opt/stack/data/venv/lib/python3.12/site-packages/oslo_config/cfg.py:3253}}
Jul 23 13:42:30.816378 np0000005774 nova-conductor[99085]: DEBUG cotyledon.oslo_config_glue [-] ******************************************************************************** {{(pid=99085) log_opt_values /opt/stack/data/venv/lib/python3.12/site-packages/oslo_config/cfg.py:3260}}
Jul 23 13:42:30.816378 np0000005774 nova-conductor[99085]: DEBUG cotyledon._service_worker [-] Run service ServiceWrapper(2) [99085] {{(pid=99085) wait_forever /opt/stack/data/venv/lib/python3.12/site-packages/cotyledon/_service_worker.py:218}}
Jul 23 13:42:30.816561 np0000005774 nova-conductor[99077]: DEBUG oslo_db.sqlalchemy.engines [None req-2c7345fe-2fd4-4d5b-a6a2-b9859f9877ad None None] MySQL server mode set to STRICT_TRANS_TABLES,STRICT_ALL_TABLES,NO_ZERO_IN_DATE,NO_ZERO_DATE,ERROR_FOR_DIVISION_BY_ZERO,TRADITIONAL,NO_ENGINE_SUBSTITUTION {{(pid=99077) _check_effective_sql_mode /opt/stack/data/venv/lib/python3.12/site-packages/oslo_db/sqlalchemy/engines.py:325}}
Jul 23 13:42:30.816592 np0000005774 nova-conductor[99085]: INFO nova.service [-] Starting conductor node (version 33.1.0)
Jul 23 13:42:30.816592 np0000005774 nova-conductor[99085]: INFO dbcounter [None req-07917cdc-b8bb-4a21-823a-b7e2e8fd5c20 None None] Registered counter for database nova_cell0
Jul 23 13:42:30.816635 np0000005774 nova-conductor[99077]: DEBUG dbcounter [-] [99077] Writer thread running {{(pid=99077) stat_writer /opt/stack/data/venv/lib/python3.12/site-packages/dbcounter.py:102}}
Jul 23 13:42:30.826334 np0000005774 nova-conductor[99080]: DEBUG oslo_db.sqlalchemy.engines [None req-3ddd55e2-8462-4113-8d58-fa37806b6acd None None] MySQL server mode set to STRICT_TRANS_TABLES,STRICT_ALL_TABLES,NO_ZERO_IN_DATE,NO_ZERO_DATE,ERROR_FOR_DIVISION_BY_ZERO,TRADITIONAL,NO_ENGINE_SUBSTITUTION {{(pid=99080) _check_effective_sql_mode /opt/stack/data/venv/lib/python3.12/site-packages/oslo_db/sqlalchemy/engines.py:325}}
Jul 23 13:42:30.828801 np0000005774 nova-conductor[99077]: DEBUG nova.service [None req-2c7345fe-2fd4-4d5b-a6a2-b9859f9877ad None None] Creating RPC server for service: nova-conductor on topic: conductor {{(pid=99077) start /opt/stack/nova/nova/service.py:196}}
Jul 23 13:42:30.834245 np0000005774 nova-conductor[99111]: DEBUG oslo_db.sqlalchemy.engines [None req-318c35f8-9e5d-4df4-b653-852dbd65dec2 None None] MySQL server mode set to STRICT_TRANS_TABLES,STRICT_ALL_TABLES,NO_ZERO_IN_DATE,NO_ZERO_DATE,ERROR_FOR_DIVISION_BY_ZERO,TRADITIONAL,NO_ENGINE_SUBSTITUTION {{(pid=99111) _check_effective_sql_mode /opt/stack/data/venv/lib/python3.12/site-packages/oslo_db/sqlalchemy/engines.py:325}}
Jul 23 13:42:30.834808 np0000005774 nova-conductor[99080]: DEBUG dbcounter [-] [99080] Writer thread running {{(pid=99080) stat_writer /opt/stack/data/venv/lib/python3.12/site-packages/dbcounter.py:102}}
Jul 23 13:42:30.837608 np0000005774 nova-conductor[99080]: DEBUG nova.service [None req-3ddd55e2-8462-4113-8d58-fa37806b6acd None None] Creating RPC server for service: nova-conductor on topic: conductor {{(pid=99080) start /opt/stack/nova/nova/service.py:196}}
Jul 23 13:42:30.841828 np0000005774 nova-conductor[99085]: DEBUG oslo_db.sqlalchemy.engines [None req-07917cdc-b8bb-4a21-823a-b7e2e8fd5c20 None None] MySQL server mode set to STRICT_TRANS_TABLES,STRICT_ALL_TABLES,NO_ZERO_IN_DATE,NO_ZERO_DATE,ERROR_FOR_DIVISION_BY_ZERO,TRADITIONAL,NO_ENGINE_SUBSTITUTION {{(pid=99085) _check_effective_sql_mode /opt/stack/data/venv/lib/python3.12/site-packages/oslo_db/sqlalchemy/engines.py:325}}
Jul 23 13:42:30.843071 np0000005774 nova-conductor[99111]: DEBUG dbcounter [-] [99111] Writer thread running {{(pid=99111) stat_writer /opt/stack/data/venv/lib/python3.12/site-packages/dbcounter.py:102}}
Jul 23 13:42:30.845447 np0000005774 nova-conductor[99111]: DEBUG nova.service [None req-318c35f8-9e5d-4df4-b653-852dbd65dec2 None None] Creating RPC server for service: nova-conductor on topic: conductor {{(pid=99111) start /opt/stack/nova/nova/service.py:196}}
Jul 23 13:42:30.852518 np0000005774 nova-conductor[99085]: DEBUG dbcounter [-] [99085] Writer thread running {{(pid=99085) stat_writer /opt/stack/data/venv/lib/python3.12/site-packages/dbcounter.py:102}}
Jul 23 13:42:30.854216 np0000005774 nova-conductor[99085]: DEBUG nova.service [None req-07917cdc-b8bb-4a21-823a-b7e2e8fd5c20 None None] Creating RPC server for service: nova-conductor on topic: conductor {{(pid=99085) start /opt/stack/nova/nova/service.py:196}}
Jul 23 13:42:30.858463 np0000005774 nova-conductor[99077]: DEBUG nova.service [None req-2c7345fe-2fd4-4d5b-a6a2-b9859f9877ad None None] Join ServiceGroup membership for this service conductor {{(pid=99077) start /opt/stack/nova/nova/service.py:222}}
Jul 23 13:42:30.858604 np0000005774 nova-conductor[99077]: DEBUG nova.servicegroup.drivers.db [None req-2c7345fe-2fd4-4d5b-a6a2-b9859f9877ad None None] DB_Driver: join new ServiceGroup member np0000005774 to the conductor group, service = {{(pid=99077) join /opt/stack/nova/nova/servicegroup/drivers/db.py:44}}
Jul 23 13:42:30.863593 np0000005774 nova-conductor[99080]: DEBUG nova.service [None req-3ddd55e2-8462-4113-8d58-fa37806b6acd None None] Join ServiceGroup membership for this service conductor {{(pid=99080) start /opt/stack/nova/nova/service.py:222}}
Jul 23 13:42:30.863867 np0000005774 nova-conductor[99080]: DEBUG nova.servicegroup.drivers.db [None req-3ddd55e2-8462-4113-8d58-fa37806b6acd None None] DB_Driver: join new ServiceGroup member np0000005774 to the conductor group, service = {{(pid=99080) join /opt/stack/nova/nova/servicegroup/drivers/db.py:44}}
Jul 23 13:42:30.865516 np0000005774 nova-conductor[99111]: DEBUG nova.service [None req-318c35f8-9e5d-4df4-b653-852dbd65dec2 None None] Join ServiceGroup membership for this service conductor {{(pid=99111) start /opt/stack/nova/nova/service.py:222}}
Jul 23 13:42:30.865761 np0000005774 nova-conductor[99111]: DEBUG nova.servicegroup.drivers.db [None req-318c35f8-9e5d-4df4-b653-852dbd65dec2 None None] DB_Driver: join new ServiceGroup member np0000005774 to the conductor group, service = {{(pid=99111) join /opt/stack/nova/nova/servicegroup/drivers/db.py:44}}
Jul 23 13:42:30.869888 np0000005774 nova-conductor[99085]: DEBUG nova.service [None req-07917cdc-b8bb-4a21-823a-b7e2e8fd5c20 None None] Join ServiceGroup membership for this service conductor {{(pid=99085) start /opt/stack/nova/nova/service.py:222}}
Jul 23 13:42:30.870126 np0000005774 nova-conductor[99085]: DEBUG nova.servicegroup.drivers.db [None req-07917cdc-b8bb-4a21-823a-b7e2e8fd5c20 None None] DB_Driver: join new ServiceGroup member np0000005774 to the conductor group, service = {{(pid=99085) join /opt/stack/nova/nova/servicegroup/drivers/db.py:44}}
Jul 23 13:42:35.873148 np0000005774 nova-conductor[99085]: DEBUG oslo.service.backend._threading.loopingcall [None req-24d7651f-bfb8-45fc-8ab0-fbe7aa11a561 None None] Dynamic interval looping call 'nova.service.Service.periodic_tasks' sleeping for 60.00 seconds {{(pid=99085) _run_loop /opt/stack/data/venv/lib/python3.12/site-packages/oslo_service/backend/_threading/loopingcall.py:125}}
Jul 23 13:42:35.873892 np0000005774 nova-conductor[99077]: DEBUG oslo.service.backend._threading.loopingcall [-] Fixed interval looping call 'nova.servicegroup.drivers.db.DbDriver._report_state' sleeping for 119.99 seconds {{(pid=99077) _run_loop /opt/stack/data/venv/lib/python3.12/site-packages/oslo_service/backend/_threading/loopingcall.py:125}}
Jul 23 13:42:35.877290 np0000005774 nova-conductor[99080]: DEBUG oslo.service.backend._threading.loopingcall [-] Fixed interval looping call 'nova.servicegroup.drivers.db.DbDriver._report_state' sleeping for 119.99 seconds {{(pid=99080) _run_loop /opt/stack/data/venv/lib/python3.12/site-packages/oslo_service/backend/_threading/loopingcall.py:125}}
Jul 23 13:42:35.878603 np0000005774 nova-conductor[99111]: DEBUG oslo.service.backend._threading.loopingcall [-] Fixed interval looping call 'nova.servicegroup.drivers.db.DbDriver._report_state' sleeping for 119.99 seconds {{(pid=99111) _run_loop /opt/stack/data/venv/lib/python3.12/site-packages/oslo_service/backend/_threading/loopingcall.py:125}}
Jul 23 13:42:35.880638 np0000005774 nova-conductor[99085]: DEBUG oslo.service.backend._threading.loopingcall [-] Fixed interval looping call 'nova.servicegroup.drivers.db.DbDriver._report_state' sleeping for 119.99 seconds {{(pid=99085) _run_loop /opt/stack/data/venv/lib/python3.12/site-packages/oslo_service/backend/_threading/loopingcall.py:125}}
Jul 23 13:42:39.456817 np0000005774 nova-conductor[97557]: DEBUG dbcounter [-] [97557] Writing DB stats nova_api:SELECT=1 {{(pid=97557) stat_writer /opt/stack/data/venv/lib/python3.12/site-packages/dbcounter.py:115}}
Jul 23 13:42:39.582324 np0000005774 nova-conductor[97557]: DEBUG dbcounter [-] [97557] Writing DB stats nova_cell1:SELECT=1 {{(pid=97557) stat_writer /opt/stack/data/venv/lib/python3.12/site-packages/dbcounter.py:115}}
Jul 23 13:42:39.585712 np0000005774 nova-conductor[97557]: DEBUG dbcounter [-] [97557] Writing DB stats nova_cell0:SELECT=1 {{(pid=97557) stat_writer /opt/stack/data/venv/lib/python3.12/site-packages/dbcounter.py:115}}
Jul 23 13:42:45.869085 np0000005774 nova-conductor[99077]: DEBUG dbcounter [-] [99077] Writing DB stats nova_cell0:SELECT=4,nova_cell0:INSERT=1,nova_cell0:UPDATE=1 {{(pid=99077) stat_writer /opt/stack/data/venv/lib/python3.12/site-packages/dbcounter.py:115}}
Jul 23 13:42:45.876101 np0000005774 nova-conductor[99111]: DEBUG dbcounter [-] [99111] Writing DB stats nova_cell0:SELECT=3 {{(pid=99111) stat_writer /opt/stack/data/venv/lib/python3.12/site-packages/dbcounter.py:115}}
Jul 23 13:42:45.877940 np0000005774 nova-conductor[99085]: DEBUG dbcounter [-] [99085] Writing DB stats nova_cell0:SELECT=3 {{(pid=99085) stat_writer /opt/stack/data/venv/lib/python3.12/site-packages/dbcounter.py:115}}
Jul 23 13:42:45.878164 np0000005774 nova-conductor[99080]: DEBUG dbcounter [-] [99080] Writing DB stats nova_cell0:SELECT=3,nova_cell0:UPDATE=1 {{(pid=99080) stat_writer /opt/stack/data/venv/lib/python3.12/site-packages/dbcounter.py:115}}
Jul 23 13:43:01.867166 np0000005774 nova-conductor[99111]: DEBUG oslo.service.backend._threading.loopingcall [None req-7d14cd85-3b9a-43fd-89da-cfb553828c4e None None] Dynamic interval looping call 'nova.service.Service.periodic_tasks' sleeping for 60.00 seconds {{(pid=99111) _run_loop /opt/stack/data/venv/lib/python3.12/site-packages/oslo_service/backend/_threading/loopingcall.py:125}}
Jul 23 13:43:06.860379 np0000005774 nova-conductor[99077]: DEBUG oslo.service.backend._threading.loopingcall [None req-fcdec039-c7a7-435e-a9be-c87598b15c5c None None] Dynamic interval looping call 'nova.service.Service.periodic_tasks' sleeping for 60.00 seconds {{(pid=99077) _run_loop /opt/stack/data/venv/lib/python3.12/site-packages/oslo_service/backend/_threading/loopingcall.py:125}}
Jul 23 13:43:20.866381 np0000005774 nova-conductor[99080]: DEBUG oslo.service.backend._threading.loopingcall [None req-3fe949ab-b069-4ee3-866d-358156207368 None None] Dynamic interval looping call 'nova.service.Service.periodic_tasks' sleeping for 60.00 seconds {{(pid=99080) _run_loop /opt/stack/data/venv/lib/python3.12/site-packages/oslo_service/backend/_threading/loopingcall.py:125}}
Jul 23 13:43:35.873624 np0000005774 nova-conductor[99085]: DEBUG oslo.service.backend._threading.loopingcall [None req-24d7651f-bfb8-45fc-8ab0-fbe7aa11a561 None None] Dynamic interval looping call 'nova.service.Service.periodic_tasks' sleeping for 60.00 seconds {{(pid=99085) _run_loop /opt/stack/data/venv/lib/python3.12/site-packages/oslo_service/backend/_threading/loopingcall.py:125}}
Jul 23 13:44:01.867648 np0000005774 nova-conductor[99111]: DEBUG oslo.service.backend._threading.loopingcall [None req-7d14cd85-3b9a-43fd-89da-cfb553828c4e None None] Dynamic interval looping call 'nova.service.Service.periodic_tasks' sleeping for 60.00 seconds {{(pid=99111) _run_loop /opt/stack/data/venv/lib/python3.12/site-packages/oslo_service/backend/_threading/loopingcall.py:125}}
Jul 23 13:44:06.860909 np0000005774 nova-conductor[99077]: DEBUG oslo.service.backend._threading.loopingcall [None req-fcdec039-c7a7-435e-a9be-c87598b15c5c None None] Dynamic interval looping call 'nova.service.Service.periodic_tasks' sleeping for 60.00 seconds {{(pid=99077) _run_loop /opt/stack/data/venv/lib/python3.12/site-packages/oslo_service/backend/_threading/loopingcall.py:125}}
Jul 23 13:44:20.866888 np0000005774 nova-conductor[99080]: DEBUG oslo.service.backend._threading.loopingcall [None req-3fe949ab-b069-4ee3-866d-358156207368 None None] Dynamic interval looping call 'nova.service.Service.periodic_tasks' sleeping for 60.00 seconds {{(pid=99080) _run_loop /opt/stack/data/venv/lib/python3.12/site-packages/oslo_service/backend/_threading/loopingcall.py:125}}
Jul 23 13:44:35.872371 np0000005774 nova-conductor[99077]: DEBUG oslo.service.backend._threading.loopingcall [-] Fixed interval looping call 'nova.servicegroup.drivers.db.DbDriver._report_state' sleeping for 119.99 seconds {{(pid=99077) _run_loop /opt/stack/data/venv/lib/python3.12/site-packages/oslo_service/backend/_threading/loopingcall.py:125}}
Jul 23 13:44:35.872895 np0000005774 nova-conductor[99080]: DEBUG oslo.service.backend._threading.loopingcall [-] Fixed interval looping call 'nova.servicegroup.drivers.db.DbDriver._report_state' sleeping for 119.99 seconds {{(pid=99080) _run_loop /opt/stack/data/venv/lib/python3.12/site-packages/oslo_service/backend/_threading/loopingcall.py:125}}
Jul 23 13:44:35.876753 np0000005774 nova-conductor[99111]: DEBUG oslo.service.backend._threading.loopingcall [-] Fixed interval looping call 'nova.servicegroup.drivers.db.DbDriver._report_state' sleeping for 119.99 seconds {{(pid=99111) _run_loop /opt/stack/data/venv/lib/python3.12/site-packages/oslo_service/backend/_threading/loopingcall.py:125}}
Jul 23 13:44:35.877181 np0000005774 nova-conductor[99085]: DEBUG oslo.service.backend._threading.loopingcall [None req-24d7651f-bfb8-45fc-8ab0-fbe7aa11a561 None None] Dynamic interval looping call 'nova.service.Service.periodic_tasks' sleeping for 60.00 seconds {{(pid=99085) _run_loop /opt/stack/data/venv/lib/python3.12/site-packages/oslo_service/backend/_threading/loopingcall.py:125}}
Jul 23 13:44:35.880428 np0000005774 nova-conductor[99085]: DEBUG oslo.service.backend._threading.loopingcall [-] Fixed interval looping call 'nova.servicegroup.drivers.db.DbDriver._report_state' sleeping for 119.99 seconds {{(pid=99085) _run_loop /opt/stack/data/venv/lib/python3.12/site-packages/oslo_service/backend/_threading/loopingcall.py:125}}
Jul 23 13:44:40.042797 np0000005774 nova-conductor[99077]: DEBUG oslo_db.sqlalchemy.engines [None req-da48c720-0da5-4bda-8311-54ab81152eb5 tempest-ServerBootFromVolumeStableRescueTest-1243418437 tempest-ServerBootFromVolumeStableRescueTest-1243418437-project-member] Parent process 97557 forked (99077) with an open database connection, which is being discarded and recreated. {{(pid=99077) checkout /opt/stack/data/venv/lib/python3.12/site-packages/oslo_db/sqlalchemy/engines.py:402}}
Jul 23 13:44:40.095162 np0000005774 nova-conductor[99077]: DEBUG dbcounter [-] [99077] Writer thread running {{(pid=99077) stat_writer /opt/stack/data/venv/lib/python3.12/site-packages/dbcounter.py:102}}
Jul 23 13:44:40.925798 np0000005774 nova-conductor[99077]: DEBUG nova.conductor.manager [None req-da48c720-0da5-4bda-8311-54ab81152eb5 tempest-ServerBootFromVolumeStableRescueTest-1243418437 tempest-ServerBootFromVolumeStableRescueTest-1243418437-project-member] Took 0.83 seconds to select destinations for 1 instance(s). {{(pid=99077) _schedule_instances /opt/stack/nova/nova/conductor/manager.py:968}}
Jul 23 13:44:40.968790 np0000005774 nova-conductor[99077]: DEBUG oslo_concurrency.lockutils [None req-da48c720-0da5-4bda-8311-54ab81152eb5 tempest-ServerBootFromVolumeStableRescueTest-1243418437 tempest-ServerBootFromVolumeStableRescueTest-1243418437-project-member] Acquiring lock "aa87dd2c-cf15-480a-be1b-3d6923ed36ee" by "nova.context.set_target_cell..get_or_set_cached_cell_and_set_connections" {{(pid=99077) inner /opt/stack/data/venv/lib/python3.12/site-packages/oslo_concurrency/lockutils.py:512}}
Jul 23 13:44:40.969399 np0000005774 nova-conductor[99077]: DEBUG oslo_concurrency.lockutils [None req-da48c720-0da5-4bda-8311-54ab81152eb5 tempest-ServerBootFromVolumeStableRescueTest-1243418437 tempest-ServerBootFromVolumeStableRescueTest-1243418437-project-member] Lock "aa87dd2c-cf15-480a-be1b-3d6923ed36ee" acquired by "nova.context.set_target_cell..get_or_set_cached_cell_and_set_connections" :: waited 0.001s {{(pid=99077) inner /opt/stack/data/venv/lib/python3.12/site-packages/oslo_concurrency/lockutils.py:525}}
Jul 23 13:44:40.971064 np0000005774 nova-conductor[99077]: DEBUG oslo_concurrency.lockutils [None req-da48c720-0da5-4bda-8311-54ab81152eb5 tempest-ServerBootFromVolumeStableRescueTest-1243418437 tempest-ServerBootFromVolumeStableRescueTest-1243418437-project-member] Lock "aa87dd2c-cf15-480a-be1b-3d6923ed36ee" "released" by "nova.context.set_target_cell..get_or_set_cached_cell_and_set_connections" :: held 0.002s {{(pid=99077) inner /opt/stack/data/venv/lib/python3.12/site-packages/oslo_concurrency/lockutils.py:544}}
Jul 23 13:44:40.973420 np0000005774 nova-conductor[99077]: INFO dbcounter [None req-da48c720-0da5-4bda-8311-54ab81152eb5 tempest-ServerBootFromVolumeStableRescueTest-1243418437 tempest-ServerBootFromVolumeStableRescueTest-1243418437-project-member] Registered counter for database nova_cell1
Jul 23 13:44:41.024505 np0000005774 nova-conductor[99077]: DEBUG oslo_db.sqlalchemy.engines [None req-da48c720-0da5-4bda-8311-54ab81152eb5 tempest-ServerBootFromVolumeStableRescueTest-1243418437 tempest-ServerBootFromVolumeStableRescueTest-1243418437-project-member] MySQL server mode set to STRICT_TRANS_TABLES,STRICT_ALL_TABLES,NO_ZERO_IN_DATE,NO_ZERO_DATE,ERROR_FOR_DIVISION_BY_ZERO,TRADITIONAL,NO_ENGINE_SUBSTITUTION {{(pid=99077) _check_effective_sql_mode /opt/stack/data/venv/lib/python3.12/site-packages/oslo_db/sqlalchemy/engines.py:325}}
Jul 23 13:44:41.031878 np0000005774 nova-conductor[99077]: DEBUG dbcounter [-] [99077] Writer thread running {{(pid=99077) stat_writer /opt/stack/data/venv/lib/python3.12/site-packages/dbcounter.py:102}}
Jul 23 13:44:41.103775 np0000005774 nova-conductor[99077]: INFO nova.utils [None req-da48c720-0da5-4bda-8311-54ab81152eb5 tempest-ServerBootFromVolumeStableRescueTest-1243418437 tempest-ServerBootFromVolumeStableRescueTest-1243418437-project-member] The cell worker thread pool ForkProcess-1.cell_worker is initialized
Jul 23 13:44:41.104166 np0000005774 nova-conductor[99077]: DEBUG oslo_concurrency.lockutils [None req-da48c720-0da5-4bda-8311-54ab81152eb5 tempest-ServerBootFromVolumeStableRescueTest-1243418437 tempest-ServerBootFromVolumeStableRescueTest-1243418437-project-member] Acquiring lock "00000000-0000-0000-0000-000000000000" by "nova.context.set_target_cell..get_or_set_cached_cell_and_set_connections" {{(pid=99077) inner /opt/stack/data/venv/lib/python3.12/site-packages/oslo_concurrency/lockutils.py:512}}
Jul 23 13:44:41.104331 np0000005774 nova-conductor[99077]: DEBUG oslo_concurrency.lockutils [None req-da48c720-0da5-4bda-8311-54ab81152eb5 tempest-ServerBootFromVolumeStableRescueTest-1243418437 tempest-ServerBootFromVolumeStableRescueTest-1243418437-project-member] Lock "00000000-0000-0000-0000-000000000000" acquired by "nova.context.set_target_cell..get_or_set_cached_cell_and_set_connections" :: waited 0.000s {{(pid=99077) inner /opt/stack/data/venv/lib/python3.12/site-packages/oslo_concurrency/lockutils.py:525}}
Jul 23 13:44:41.104790 np0000005774 nova-conductor[99077]: DEBUG oslo_concurrency.lockutils [None req-da48c720-0da5-4bda-8311-54ab81152eb5 tempest-ServerBootFromVolumeStableRescueTest-1243418437 tempest-ServerBootFromVolumeStableRescueTest-1243418437-project-member] Lock "00000000-0000-0000-0000-000000000000" "released" by "nova.context.set_target_cell..get_or_set_cached_cell_and_set_connections" :: held 0.000s {{(pid=99077) inner /opt/stack/data/venv/lib/python3.12/site-packages/oslo_concurrency/lockutils.py:544}}
Jul 23 13:44:41.105640 np0000005774 nova-conductor[99077]: DEBUG oslo_concurrency.lockutils [None req-da48c720-0da5-4bda-8311-54ab81152eb5 tempest-ServerBootFromVolumeStableRescueTest-1243418437 tempest-ServerBootFromVolumeStableRescueTest-1243418437-project-member] Acquiring lock "aa87dd2c-cf15-480a-be1b-3d6923ed36ee" by "nova.context.set_target_cell..get_or_set_cached_cell_and_set_connections" {{(pid=99077) inner /opt/stack/data/venv/lib/python3.12/site-packages/oslo_concurrency/lockutils.py:512}}
Jul 23 13:44:41.107035 np0000005774 nova-conductor[99077]: INFO dbcounter [None req-da48c720-0da5-4bda-8311-54ab81152eb5 tempest-ServerBootFromVolumeStableRescueTest-1243418437 tempest-ServerBootFromVolumeStableRescueTest-1243418437-project-member] Registered counter for database nova_cell0
Jul 23 13:44:41.108234 np0000005774 nova-conductor[99077]: DEBUG oslo_concurrency.lockutils [None req-da48c720-0da5-4bda-8311-54ab81152eb5 tempest-ServerBootFromVolumeStableRescueTest-1243418437 tempest-ServerBootFromVolumeStableRescueTest-1243418437-project-member] Lock "aa87dd2c-cf15-480a-be1b-3d6923ed36ee" acquired by "nova.context.set_target_cell..get_or_set_cached_cell_and_set_connections" :: waited 0.001s {{(pid=99077) inner /opt/stack/data/venv/lib/python3.12/site-packages/oslo_concurrency/lockutils.py:525}}
Jul 23 13:44:41.108403 np0000005774 nova-conductor[99077]: DEBUG oslo_concurrency.lockutils [None req-da48c720-0da5-4bda-8311-54ab81152eb5 tempest-ServerBootFromVolumeStableRescueTest-1243418437 tempest-ServerBootFromVolumeStableRescueTest-1243418437-project-member] Lock "aa87dd2c-cf15-480a-be1b-3d6923ed36ee" "released" by "nova.context.set_target_cell..get_or_set_cached_cell_and_set_connections" :: held 0.001s {{(pid=99077) inner /opt/stack/data/venv/lib/python3.12/site-packages/oslo_concurrency/lockutils.py:544}}
Jul 23 13:44:41.154708 np0000005774 nova-conductor[99077]: DEBUG oslo_db.sqlalchemy.engines [None req-da48c720-0da5-4bda-8311-54ab81152eb5 tempest-ServerBootFromVolumeStableRescueTest-1243418437 tempest-ServerBootFromVolumeStableRescueTest-1243418437-project-member] MySQL server mode set to STRICT_TRANS_TABLES,STRICT_ALL_TABLES,NO_ZERO_IN_DATE,NO_ZERO_DATE,ERROR_FOR_DIVISION_BY_ZERO,TRADITIONAL,NO_ENGINE_SUBSTITUTION {{(pid=99077) _check_effective_sql_mode /opt/stack/data/venv/lib/python3.12/site-packages/oslo_db/sqlalchemy/engines.py:325}}
