Jul 29 13:54:41.646989 np0000006083 systemd[1]: Starting devstack@n-api-meta.service - Devstack devstack@n-api-meta.service...
Jul 29 13:54:41.653239 np0000006083 devstack@n-api-meta.service[96068]: [uWSGI] getting INI configuration from /etc/nova/nova-metadata-uwsgi.ini
Jul 29 13:54:41.655922 np0000006083 devstack@n-api-meta.service[96068]: *** Starting uWSGI 2.0.24-debian (64bit) on [Wed Jul 29 13:54:41 2026] ***
Jul 29 13:54:41.655922 np0000006083 devstack@n-api-meta.service[96068]: compiled with version: 13.2.0 on 17 April 2024 16:23:48
Jul 29 13:54:41.655922 np0000006083 devstack@n-api-meta.service[96068]: os: Linux-6.8.0-100-generic #100-Ubuntu SMP PREEMPT_DYNAMIC Tue Jan 13 16:40:06 UTC 2026
Jul 29 13:54:41.655922 np0000006083 devstack@n-api-meta.service[96068]: nodename: np0000006083
Jul 29 13:54:41.655922 np0000006083 devstack@n-api-meta.service[96068]: machine: x86_64
Jul 29 13:54:41.655922 np0000006083 devstack@n-api-meta.service[96068]: clock source: unix
Jul 29 13:54:41.655922 np0000006083 devstack@n-api-meta.service[96068]: pcre jit disabled
Jul 29 13:54:41.655922 np0000006083 devstack@n-api-meta.service[96068]: detected number of CPU cores: 16
Jul 29 13:54:41.655922 np0000006083 devstack@n-api-meta.service[96068]: current working directory: /
Jul 29 13:54:41.655922 np0000006083 devstack@n-api-meta.service[96068]: detected binary path: /usr/bin/uwsgi-core
Jul 29 13:54:41.655922 np0000006083 devstack@n-api-meta.service[96068]: your processes number limit is 257052
Jul 29 13:54:41.655922 np0000006083 devstack@n-api-meta.service[96068]: your memory page size is 4096 bytes
Jul 29 13:54:41.655922 np0000006083 devstack@n-api-meta.service[96068]: detected max file descriptor number: 2048
Jul 29 13:54:41.655922 np0000006083 devstack@n-api-meta.service[96068]: lock engine: pthread robust mutexes
Jul 29 13:54:41.656388 np0000006083 devstack@n-api-meta.service[96068]: thunder lock: enabled
Jul 29 13:54:41.656561 np0000006083 devstack@n-api-meta.service[96068]: uWSGI http bound on 0.0.0.0:8775 fd 5
Jul 29 13:54:41.656561 np0000006083 devstack@n-api-meta.service[96068]: uwsgi socket 0 bound to TCP address 127.0.0.1:46523 (port auto-assigned) fd 4
Jul 29 13:54:41.656561 np0000006083 devstack@n-api-meta.service[96068]: Python version: 3.12.3 (main, Jun 19 2026, 12:46:00) [GCC 13.3.0]
Jul 29 13:54:41.656561 np0000006083 devstack@n-api-meta.service[96068]: PEP 405 virtualenv detected: /opt/stack/data/venv
Jul 29 13:54:41.656561 np0000006083 devstack@n-api-meta.service[96068]: Set PythonHome to /opt/stack/data/venv
Jul 29 13:54:41.691879 np0000006083 devstack@n-api-meta.service[96068]: Python main interpreter initialized at 0x7a32a24a4668
Jul 29 13:54:41.691879 np0000006083 devstack@n-api-meta.service[96068]: python threads support enabled
Jul 29 13:54:41.691879 np0000006083 devstack@n-api-meta.service[96068]: your server socket listen backlog is limited to 100 connections
Jul 29 13:54:41.691879 np0000006083 devstack@n-api-meta.service[96068]: your mercy for graceful operations on workers is 80 seconds
Jul 29 13:54:41.692520 np0000006083 devstack@n-api-meta.service[96068]: mapped 671795 bytes (656 KB) for 4 cores
Jul 29 13:54:41.692688 np0000006083 devstack@n-api-meta.service[96068]: *** Operational MODE: preforking ***
Jul 29 13:54:41.692874 np0000006083 devstack@n-api-meta.service[96068]: *** uWSGI is running in multiple interpreter mode ***
Jul 29 13:54:41.692874 np0000006083 devstack@n-api-meta.service[96068]: spawned uWSGI master process (pid: 96068)
Jul 29 13:54:41.693035 np0000006083 systemd[1]: Started devstack@n-api-meta.service - Devstack devstack@n-api-meta.service.
Jul 29 13:54:41.693458 np0000006083 devstack@n-api-meta.service[96068]: spawned uWSGI worker 1 (pid: 96069, cores: 1)
Jul 29 13:54:41.694090 np0000006083 devstack@n-api-meta.service[96068]: spawned uWSGI worker 2 (pid: 96070, cores: 1)
Jul 29 13:54:41.694614 np0000006083 devstack@n-api-meta.service[96068]: spawned uWSGI worker 3 (pid: 96071, cores: 1)
Jul 29 13:54:41.695172 np0000006083 devstack@n-api-meta.service[96068]: spawned uWSGI worker 4 (pid: 96072, cores: 1)
Jul 29 13:54:41.695691 np0000006083 devstack@n-api-meta.service[96068]: spawned uWSGI http 1 (pid: 96073)
Jul 29 13:54:41.695691 np0000006083 devstack@n-api-meta.service[96068]: running "unix_signal:15 gracefully_kill_them_all" (master-start)...
Jul 29 13:54:43.638073 np0000006083 devstack@n-api-meta.service[96071]: INFO dbcounter [None req-34056f1e-8a25-495b-ba38-4b8c0d5b8d2f None None] Registered counter for database nova_api
Jul 29 13:54:43.667237 np0000006083 devstack@n-api-meta.service[96072]: INFO dbcounter [None req-687b9447-df23-483b-af8a-593bca655b3d None None] Registered counter for database nova_api
Jul 29 13:54:43.685972 np0000006083 devstack@n-api-meta.service[96071]: DEBUG oslo_db.sqlalchemy.engines [None req-34056f1e-8a25-495b-ba38-4b8c0d5b8d2f None None] MySQL server mode set to STRICT_TRANS_TABLES,STRICT_ALL_TABLES,NO_ZERO_IN_DATE,NO_ZERO_DATE,ERROR_FOR_DIVISION_BY_ZERO,TRADITIONAL,NO_ENGINE_SUBSTITUTION {{(pid=96071) _check_effective_sql_mode /opt/stack/data/venv/lib/python3.12/site-packages/oslo_db/sqlalchemy/engines.py:325}}
Jul 29 13:54:43.702466 np0000006083 devstack@n-api-meta.service[96070]: INFO dbcounter [None req-399383d8-b226-42b7-9002-145f40f82d59 None None] Registered counter for database nova_api
Jul 29 13:54:43.716159 np0000006083 devstack@n-api-meta.service[96071]: DEBUG dbcounter [-] [96071] Writer thread running {{(pid=96071) stat_writer /opt/stack/data/venv/lib/python3.12/site-packages/dbcounter.py:102}}
Jul 29 13:54:43.717404 np0000006083 devstack@n-api-meta.service[96072]: DEBUG oslo_db.sqlalchemy.engines [None req-687b9447-df23-483b-af8a-593bca655b3d None None] MySQL server mode set to STRICT_TRANS_TABLES,STRICT_ALL_TABLES,NO_ZERO_IN_DATE,NO_ZERO_DATE,ERROR_FOR_DIVISION_BY_ZERO,TRADITIONAL,NO_ENGINE_SUBSTITUTION {{(pid=96072) _check_effective_sql_mode /opt/stack/data/venv/lib/python3.12/site-packages/oslo_db/sqlalchemy/engines.py:325}}
Jul 29 13:54:43.718831 np0000006083 devstack@n-api-meta.service[96071]: DEBUG nova.context [None req-34056f1e-8a25-495b-ba38-4b8c0d5b8d2f None None] Found 2 cells: 00000000-0000-0000-0000-000000000000(cell0),47def1be-adb0-453c-90a1-b3867bda385a(cell1) {{(pid=96071) load_cells /opt/stack/nova/nova/context.py:509}}
Jul 29 13:54:43.720724 np0000006083 devstack@n-api-meta.service[96071]: INFO nova.utils [None req-34056f1e-8a25-495b-ba38-4b8c0d5b8d2f None None] The cell worker thread pool MainProcess.cell_worker is initialized
Jul 29 13:54:43.720837 np0000006083 devstack@n-api-meta.service[96071]: DEBUG oslo_concurrency.lockutils [None req-34056f1e-8a25-495b-ba38-4b8c0d5b8d2f None None] Acquiring lock "00000000-0000-0000-0000-000000000000" by "nova.context.set_target_cell..get_or_set_cached_cell_and_set_connections" {{(pid=96071) inner /opt/stack/data/venv/lib/python3.12/site-packages/oslo_concurrency/lockutils.py:512}}
Jul 29 13:54:43.720920 np0000006083 devstack@n-api-meta.service[96071]: DEBUG oslo_concurrency.lockutils [None req-34056f1e-8a25-495b-ba38-4b8c0d5b8d2f None None] Lock "00000000-0000-0000-0000-000000000000" acquired by "nova.context.set_target_cell..get_or_set_cached_cell_and_set_connections" :: waited 0.000s {{(pid=96071) inner /opt/stack/data/venv/lib/python3.12/site-packages/oslo_concurrency/lockutils.py:525}}
Jul 29 13:54:43.721276 np0000006083 devstack@n-api-meta.service[96071]: DEBUG oslo_concurrency.lockutils [None req-34056f1e-8a25-495b-ba38-4b8c0d5b8d2f None None] Lock "00000000-0000-0000-0000-000000000000" "released" by "nova.context.set_target_cell..get_or_set_cached_cell_and_set_connections" :: held 0.000s {{(pid=96071) inner /opt/stack/data/venv/lib/python3.12/site-packages/oslo_concurrency/lockutils.py:544}}
Jul 29 13:54:43.721899 np0000006083 devstack@n-api-meta.service[96071]: DEBUG oslo_concurrency.lockutils [None req-34056f1e-8a25-495b-ba38-4b8c0d5b8d2f None None] Acquiring lock "47def1be-adb0-453c-90a1-b3867bda385a" by "nova.context.set_target_cell..get_or_set_cached_cell_and_set_connections" {{(pid=96071) inner /opt/stack/data/venv/lib/python3.12/site-packages/oslo_concurrency/lockutils.py:512}}
Jul 29 13:54:43.722075 np0000006083 devstack@n-api-meta.service[96071]: DEBUG oslo_concurrency.lockutils [None req-34056f1e-8a25-495b-ba38-4b8c0d5b8d2f None None] Lock "47def1be-adb0-453c-90a1-b3867bda385a" acquired by "nova.context.set_target_cell..get_or_set_cached_cell_and_set_connections" :: waited 0.000s {{(pid=96071) inner /opt/stack/data/venv/lib/python3.12/site-packages/oslo_concurrency/lockutils.py:525}}
Jul 29 13:54:43.722876 np0000006083 devstack@n-api-meta.service[96071]: DEBUG oslo_concurrency.lockutils [None req-34056f1e-8a25-495b-ba38-4b8c0d5b8d2f None None] Lock "47def1be-adb0-453c-90a1-b3867bda385a" "released" by "nova.context.set_target_cell..get_or_set_cached_cell_and_set_connections" :: held 0.001s {{(pid=96071) inner /opt/stack/data/venv/lib/python3.12/site-packages/oslo_concurrency/lockutils.py:544}}
Jul 29 13:54:43.726285 np0000006083 devstack@n-api-meta.service[96071]: INFO dbcounter [None req-34056f1e-8a25-495b-ba38-4b8c0d5b8d2f None None] Registered counter for database nova_cell0
Jul 29 13:54:43.727736 np0000006083 devstack@n-api-meta.service[96071]: INFO dbcounter [None req-34056f1e-8a25-495b-ba38-4b8c0d5b8d2f None None] Registered counter for database nova_cell1
Jul 29 13:54:43.751026 np0000006083 devstack@n-api-meta.service[96072]: DEBUG dbcounter [-] [96072] Writer thread running {{(pid=96072) stat_writer /opt/stack/data/venv/lib/python3.12/site-packages/dbcounter.py:102}}
Jul 29 13:54:43.754537 np0000006083 devstack@n-api-meta.service[96072]: DEBUG nova.context [None req-687b9447-df23-483b-af8a-593bca655b3d None None] Found 2 cells: 00000000-0000-0000-0000-000000000000(cell0),47def1be-adb0-453c-90a1-b3867bda385a(cell1) {{(pid=96072) load_cells /opt/stack/nova/nova/context.py:509}}
Jul 29 13:54:43.754851 np0000006083 devstack@n-api-meta.service[96072]: INFO nova.utils [None req-687b9447-df23-483b-af8a-593bca655b3d None None] The cell worker thread pool MainProcess.cell_worker is initialized
Jul 29 13:54:43.755954 np0000006083 devstack@n-api-meta.service[96070]: DEBUG oslo_db.sqlalchemy.engines [None req-399383d8-b226-42b7-9002-145f40f82d59 None None] MySQL server mode set to STRICT_TRANS_TABLES,STRICT_ALL_TABLES,NO_ZERO_IN_DATE,NO_ZERO_DATE,ERROR_FOR_DIVISION_BY_ZERO,TRADITIONAL,NO_ENGINE_SUBSTITUTION {{(pid=96070) _check_effective_sql_mode /opt/stack/data/venv/lib/python3.12/site-packages/oslo_db/sqlalchemy/engines.py:325}}
Jul 29 13:54:43.757424 np0000006083 devstack@n-api-meta.service[96072]: DEBUG oslo_concurrency.lockutils [None req-687b9447-df23-483b-af8a-593bca655b3d None None] Acquiring lock "00000000-0000-0000-0000-000000000000" by "nova.context.set_target_cell..get_or_set_cached_cell_and_set_connections" {{(pid=96072) inner /opt/stack/data/venv/lib/python3.12/site-packages/oslo_concurrency/lockutils.py:512}}
Jul 29 13:54:43.757424 np0000006083 devstack@n-api-meta.service[96072]: DEBUG oslo_concurrency.lockutils [None req-687b9447-df23-483b-af8a-593bca655b3d None None] Lock "00000000-0000-0000-0000-000000000000" acquired by "nova.context.set_target_cell..get_or_set_cached_cell_and_set_connections" :: waited 0.000s {{(pid=96072) inner /opt/stack/data/venv/lib/python3.12/site-packages/oslo_concurrency/lockutils.py:525}}
Jul 29 13:54:43.757424 np0000006083 devstack@n-api-meta.service[96072]: DEBUG oslo_concurrency.lockutils [None req-687b9447-df23-483b-af8a-593bca655b3d None None] Lock "00000000-0000-0000-0000-000000000000" "released" by "nova.context.set_target_cell..get_or_set_cached_cell_and_set_connections" :: held 0.000s {{(pid=96072) inner /opt/stack/data/venv/lib/python3.12/site-packages/oslo_concurrency/lockutils.py:544}}
Jul 29 13:54:43.758205 np0000006083 devstack@n-api-meta.service[96072]: DEBUG oslo_concurrency.lockutils [None req-687b9447-df23-483b-af8a-593bca655b3d None None] Acquiring lock "47def1be-adb0-453c-90a1-b3867bda385a" by "nova.context.set_target_cell..get_or_set_cached_cell_and_set_connections" {{(pid=96072) inner /opt/stack/data/venv/lib/python3.12/site-packages/oslo_concurrency/lockutils.py:512}}
Jul 29 13:54:43.758361 np0000006083 devstack@n-api-meta.service[96072]: DEBUG oslo_concurrency.lockutils [None req-687b9447-df23-483b-af8a-593bca655b3d None None] Lock "47def1be-adb0-453c-90a1-b3867bda385a" acquired by "nova.context.set_target_cell..get_or_set_cached_cell_and_set_connections" :: waited 0.000s {{(pid=96072) inner /opt/stack/data/venv/lib/python3.12/site-packages/oslo_concurrency/lockutils.py:525}}
Jul 29 13:54:43.759488 np0000006083 devstack@n-api-meta.service[96072]: DEBUG oslo_concurrency.lockutils [None req-687b9447-df23-483b-af8a-593bca655b3d None None] Lock "47def1be-adb0-453c-90a1-b3867bda385a" "released" by "nova.context.set_target_cell..get_or_set_cached_cell_and_set_connections" :: held 0.001s {{(pid=96072) inner /opt/stack/data/venv/lib/python3.12/site-packages/oslo_concurrency/lockutils.py:544}}
Jul 29 13:54:43.761631 np0000006083 devstack@n-api-meta.service[96072]: INFO dbcounter [None req-687b9447-df23-483b-af8a-593bca655b3d None None] Registered counter for database nova_cell0
Jul 29 13:54:43.764086 np0000006083 devstack@n-api-meta.service[96072]: INFO dbcounter [None req-687b9447-df23-483b-af8a-593bca655b3d None None] Registered counter for database nova_cell1
Jul 29 13:54:43.778911 np0000006083 devstack@n-api-meta.service[96071]: DEBUG oslo_db.sqlalchemy.engines [None req-34056f1e-8a25-495b-ba38-4b8c0d5b8d2f None None] MySQL server mode set to STRICT_TRANS_TABLES,STRICT_ALL_TABLES,NO_ZERO_IN_DATE,NO_ZERO_DATE,ERROR_FOR_DIVISION_BY_ZERO,TRADITIONAL,NO_ENGINE_SUBSTITUTION {{(pid=96071) _check_effective_sql_mode /opt/stack/data/venv/lib/python3.12/site-packages/oslo_db/sqlalchemy/engines.py:325}}
Jul 29 13:54:43.796985 np0000006083 devstack@n-api-meta.service[96070]: DEBUG dbcounter [-] [96070] Writer thread running {{(pid=96070) stat_writer /opt/stack/data/venv/lib/python3.12/site-packages/dbcounter.py:102}}
Jul 29 13:54:43.801577 np0000006083 devstack@n-api-meta.service[96070]: DEBUG nova.context [None req-399383d8-b226-42b7-9002-145f40f82d59 None None] Found 2 cells: 00000000-0000-0000-0000-000000000000(cell0),47def1be-adb0-453c-90a1-b3867bda385a(cell1) {{(pid=96070) load_cells /opt/stack/nova/nova/context.py:509}}
Jul 29 13:54:43.801933 np0000006083 devstack@n-api-meta.service[96070]: INFO nova.utils [None req-399383d8-b226-42b7-9002-145f40f82d59 None None] The cell worker thread pool MainProcess.cell_worker is initialized
Jul 29 13:54:43.804076 np0000006083 devstack@n-api-meta.service[96070]: DEBUG oslo_concurrency.lockutils [None req-399383d8-b226-42b7-9002-145f40f82d59 None None] Acquiring lock "00000000-0000-0000-0000-000000000000" by "nova.context.set_target_cell..get_or_set_cached_cell_and_set_connections" {{(pid=96070) inner /opt/stack/data/venv/lib/python3.12/site-packages/oslo_concurrency/lockutils.py:512}}
Jul 29 13:54:43.804248 np0000006083 devstack@n-api-meta.service[96070]: DEBUG oslo_concurrency.lockutils [None req-399383d8-b226-42b7-9002-145f40f82d59 None None] Lock "00000000-0000-0000-0000-000000000000" acquired by "nova.context.set_target_cell..get_or_set_cached_cell_and_set_connections" :: waited 0.000s {{(pid=96070) inner /opt/stack/data/venv/lib/python3.12/site-packages/oslo_concurrency/lockutils.py:525}}
Jul 29 13:54:43.804738 np0000006083 devstack@n-api-meta.service[96070]: DEBUG oslo_concurrency.lockutils [None req-399383d8-b226-42b7-9002-145f40f82d59 None None] Lock "00000000-0000-0000-0000-000000000000" "released" by "nova.context.set_target_cell..get_or_set_cached_cell_and_set_connections" :: held 0.000s {{(pid=96070) inner /opt/stack/data/venv/lib/python3.12/site-packages/oslo_concurrency/lockutils.py:544}}
Jul 29 13:54:43.805443 np0000006083 devstack@n-api-meta.service[96070]: DEBUG oslo_concurrency.lockutils [None req-399383d8-b226-42b7-9002-145f40f82d59 None None] Acquiring lock "47def1be-adb0-453c-90a1-b3867bda385a" by "nova.context.set_target_cell..get_or_set_cached_cell_and_set_connections" {{(pid=96070) inner /opt/stack/data/venv/lib/python3.12/site-packages/oslo_concurrency/lockutils.py:512}}
Jul 29 13:54:43.805598 np0000006083 devstack@n-api-meta.service[96070]: DEBUG oslo_concurrency.lockutils [None req-399383d8-b226-42b7-9002-145f40f82d59 None None] Lock "47def1be-adb0-453c-90a1-b3867bda385a" acquired by "nova.context.set_target_cell..get_or_set_cached_cell_and_set_connections" :: waited 0.000s {{(pid=96070) inner /opt/stack/data/venv/lib/python3.12/site-packages/oslo_concurrency/lockutils.py:525}}
Jul 29 13:54:43.806527 np0000006083 devstack@n-api-meta.service[96070]: DEBUG oslo_concurrency.lockutils [None req-399383d8-b226-42b7-9002-145f40f82d59 None None] Lock "47def1be-adb0-453c-90a1-b3867bda385a" "released" by "nova.context.set_target_cell..get_or_set_cached_cell_and_set_connections" :: held 0.001s {{(pid=96070) inner /opt/stack/data/venv/lib/python3.12/site-packages/oslo_concurrency/lockutils.py:544}}
Jul 29 13:54:43.809646 np0000006083 devstack@n-api-meta.service[96069]: INFO dbcounter [None req-e9298d75-e9a1-4ecb-af19-003575f1daa0 None None] Registered counter for database nova_api
Jul 29 13:54:43.810103 np0000006083 devstack@n-api-meta.service[96071]: DEBUG oslo_db.sqlalchemy.engines [None req-34056f1e-8a25-495b-ba38-4b8c0d5b8d2f None None] MySQL server mode set to STRICT_TRANS_TABLES,STRICT_ALL_TABLES,NO_ZERO_IN_DATE,NO_ZERO_DATE,ERROR_FOR_DIVISION_BY_ZERO,TRADITIONAL,NO_ENGINE_SUBSTITUTION {{(pid=96071) _check_effective_sql_mode /opt/stack/data/venv/lib/python3.12/site-packages/oslo_db/sqlalchemy/engines.py:325}}
Jul 29 13:54:43.810198 np0000006083 devstack@n-api-meta.service[96070]: INFO dbcounter [None req-399383d8-b226-42b7-9002-145f40f82d59 None None] Registered counter for database nova_cell0
Jul 29 13:54:43.814731 np0000006083 devstack@n-api-meta.service[96072]: DEBUG oslo_db.sqlalchemy.engines [None req-687b9447-df23-483b-af8a-593bca655b3d None None] MySQL server mode set to STRICT_TRANS_TABLES,STRICT_ALL_TABLES,NO_ZERO_IN_DATE,NO_ZERO_DATE,ERROR_FOR_DIVISION_BY_ZERO,TRADITIONAL,NO_ENGINE_SUBSTITUTION {{(pid=96072) _check_effective_sql_mode /opt/stack/data/venv/lib/python3.12/site-packages/oslo_db/sqlalchemy/engines.py:325}}
Jul 29 13:54:43.814853 np0000006083 devstack@n-api-meta.service[96070]: INFO dbcounter [None req-399383d8-b226-42b7-9002-145f40f82d59 None None] Registered counter for database nova_cell1
Jul 29 13:54:43.823582 np0000006083 devstack@n-api-meta.service[96072]: DEBUG oslo_db.sqlalchemy.engines [None req-687b9447-df23-483b-af8a-593bca655b3d None None] MySQL server mode set to STRICT_TRANS_TABLES,STRICT_ALL_TABLES,NO_ZERO_IN_DATE,NO_ZERO_DATE,ERROR_FOR_DIVISION_BY_ZERO,TRADITIONAL,NO_ENGINE_SUBSTITUTION {{(pid=96072) _check_effective_sql_mode /opt/stack/data/venv/lib/python3.12/site-packages/oslo_db/sqlalchemy/engines.py:325}}
Jul 29 13:54:43.858248 np0000006083 devstack@n-api-meta.service[96069]: DEBUG oslo_db.sqlalchemy.engines [None req-e9298d75-e9a1-4ecb-af19-003575f1daa0 None None] MySQL server mode set to STRICT_TRANS_TABLES,STRICT_ALL_TABLES,NO_ZERO_IN_DATE,NO_ZERO_DATE,ERROR_FOR_DIVISION_BY_ZERO,TRADITIONAL,NO_ENGINE_SUBSTITUTION {{(pid=96069) _check_effective_sql_mode /opt/stack/data/venv/lib/python3.12/site-packages/oslo_db/sqlalchemy/engines.py:325}}
Jul 29 13:54:43.878025 np0000006083 devstack@n-api-meta.service[96070]: DEBUG oslo_db.sqlalchemy.engines [None req-399383d8-b226-42b7-9002-145f40f82d59 None None] MySQL server mode set to STRICT_TRANS_TABLES,STRICT_ALL_TABLES,NO_ZERO_IN_DATE,NO_ZERO_DATE,ERROR_FOR_DIVISION_BY_ZERO,TRADITIONAL,NO_ENGINE_SUBSTITUTION {{(pid=96070) _check_effective_sql_mode /opt/stack/data/venv/lib/python3.12/site-packages/oslo_db/sqlalchemy/engines.py:325}}
Jul 29 13:54:43.891403 np0000006083 devstack@n-api-meta.service[96070]: DEBUG oslo_db.sqlalchemy.engines [None req-399383d8-b226-42b7-9002-145f40f82d59 None None] MySQL server mode set to STRICT_TRANS_TABLES,STRICT_ALL_TABLES,NO_ZERO_IN_DATE,NO_ZERO_DATE,ERROR_FOR_DIVISION_BY_ZERO,TRADITIONAL,NO_ENGINE_SUBSTITUTION {{(pid=96070) _check_effective_sql_mode /opt/stack/data/venv/lib/python3.12/site-packages/oslo_db/sqlalchemy/engines.py:325}}
Jul 29 13:54:43.895421 np0000006083 devstack@n-api-meta.service[96069]: DEBUG dbcounter [-] [96069] Writer thread running {{(pid=96069) stat_writer /opt/stack/data/venv/lib/python3.12/site-packages/dbcounter.py:102}}
Jul 29 13:54:43.898846 np0000006083 devstack@n-api-meta.service[96069]: DEBUG nova.context [None req-e9298d75-e9a1-4ecb-af19-003575f1daa0 None None] Found 2 cells: 00000000-0000-0000-0000-000000000000(cell0),47def1be-adb0-453c-90a1-b3867bda385a(cell1) {{(pid=96069) load_cells /opt/stack/nova/nova/context.py:509}}
Jul 29 13:54:43.900150 np0000006083 devstack@n-api-meta.service[96069]: INFO nova.utils [None req-e9298d75-e9a1-4ecb-af19-003575f1daa0 None None] The cell worker thread pool MainProcess.cell_worker is initialized
Jul 29 13:54:43.902876 np0000006083 devstack@n-api-meta.service[96069]: DEBUG oslo_concurrency.lockutils [None req-e9298d75-e9a1-4ecb-af19-003575f1daa0 None None] Acquiring lock "00000000-0000-0000-0000-000000000000" by "nova.context.set_target_cell..get_or_set_cached_cell_and_set_connections" {{(pid=96069) inner /opt/stack/data/venv/lib/python3.12/site-packages/oslo_concurrency/lockutils.py:512}}
Jul 29 13:54:43.903114 np0000006083 devstack@n-api-meta.service[96069]: DEBUG oslo_concurrency.lockutils [None req-e9298d75-e9a1-4ecb-af19-003575f1daa0 None None] Lock "00000000-0000-0000-0000-000000000000" acquired by "nova.context.set_target_cell..get_or_set_cached_cell_and_set_connections" :: waited 0.000s {{(pid=96069) inner /opt/stack/data/venv/lib/python3.12/site-packages/oslo_concurrency/lockutils.py:525}}
Jul 29 13:54:43.903602 np0000006083 devstack@n-api-meta.service[96069]: DEBUG oslo_concurrency.lockutils [None req-e9298d75-e9a1-4ecb-af19-003575f1daa0 None None] Lock "00000000-0000-0000-0000-000000000000" "released" by "nova.context.set_target_cell..get_or_set_cached_cell_and_set_connections" :: held 0.001s {{(pid=96069) inner /opt/stack/data/venv/lib/python3.12/site-packages/oslo_concurrency/lockutils.py:544}}
Jul 29 13:54:43.904533 np0000006083 devstack@n-api-meta.service[96069]: DEBUG oslo_concurrency.lockutils [None req-e9298d75-e9a1-4ecb-af19-003575f1daa0 None None] Acquiring lock "47def1be-adb0-453c-90a1-b3867bda385a" by "nova.context.set_target_cell..get_or_set_cached_cell_and_set_connections" {{(pid=96069) inner /opt/stack/data/venv/lib/python3.12/site-packages/oslo_concurrency/lockutils.py:512}}
Jul 29 13:54:43.904749 np0000006083 devstack@n-api-meta.service[96069]: DEBUG oslo_concurrency.lockutils [None req-e9298d75-e9a1-4ecb-af19-003575f1daa0 None None] Lock "47def1be-adb0-453c-90a1-b3867bda385a" acquired by "nova.context.set_target_cell..get_or_set_cached_cell_and_set_connections" :: waited 0.000s {{(pid=96069) inner /opt/stack/data/venv/lib/python3.12/site-packages/oslo_concurrency/lockutils.py:525}}
Jul 29 13:54:43.905784 np0000006083 devstack@n-api-meta.service[96069]: DEBUG oslo_concurrency.lockutils [None req-e9298d75-e9a1-4ecb-af19-003575f1daa0 None None] Lock "47def1be-adb0-453c-90a1-b3867bda385a" "released" by "nova.context.set_target_cell..get_or_set_cached_cell_and_set_connections" :: held 0.001s {{(pid=96069) inner /opt/stack/data/venv/lib/python3.12/site-packages/oslo_concurrency/lockutils.py:544}}
Jul 29 13:54:43.906948 np0000006083 devstack@n-api-meta.service[96071]: DEBUG dbcounter [-] [96071] Writer thread running {{(pid=96071) stat_writer /opt/stack/data/venv/lib/python3.12/site-packages/dbcounter.py:102}}
Jul 29 13:54:43.908363 np0000006083 devstack@n-api-meta.service[96069]: INFO dbcounter [None req-e9298d75-e9a1-4ecb-af19-003575f1daa0 None None] Registered counter for database nova_cell0
Jul 29 13:54:43.912738 np0000006083 devstack@n-api-meta.service[96069]: INFO dbcounter [None req-e9298d75-e9a1-4ecb-af19-003575f1daa0 None None] Registered counter for database nova_cell1
Jul 29 13:54:43.913442 np0000006083 devstack@n-api-meta.service[96071]: DEBUG dbcounter [-] [96071] Writer thread running {{(pid=96071) stat_writer /opt/stack/data/venv/lib/python3.12/site-packages/dbcounter.py:102}}
Jul 29 13:54:43.918037 np0000006083 devstack@n-api-meta.service[96071]: INFO dbcounter [None req-34056f1e-8a25-495b-ba38-4b8c0d5b8d2f None None] Registered counter for database nova_cell0
Jul 29 13:54:43.935041 np0000006083 devstack@n-api-meta.service[96072]: DEBUG dbcounter [-] [96072] Writer thread running {{(pid=96072) stat_writer /opt/stack/data/venv/lib/python3.12/site-packages/dbcounter.py:102}}
Jul 29 13:54:43.935443 np0000006083 devstack@n-api-meta.service[96072]: DEBUG dbcounter [-] [96072] Writer thread running {{(pid=96072) stat_writer /opt/stack/data/venv/lib/python3.12/site-packages/dbcounter.py:102}}
Jul 29 13:54:43.945596 np0000006083 devstack@n-api-meta.service[96072]: INFO dbcounter [None req-687b9447-df23-483b-af8a-593bca655b3d None None] Registered counter for database nova_cell0
Jul 29 13:54:43.963716 np0000006083 devstack@n-api-meta.service[96071]: DEBUG oslo_db.sqlalchemy.engines [None req-34056f1e-8a25-495b-ba38-4b8c0d5b8d2f None None] MySQL server mode set to STRICT_TRANS_TABLES,STRICT_ALL_TABLES,NO_ZERO_IN_DATE,NO_ZERO_DATE,ERROR_FOR_DIVISION_BY_ZERO,TRADITIONAL,NO_ENGINE_SUBSTITUTION {{(pid=96071) _check_effective_sql_mode /opt/stack/data/venv/lib/python3.12/site-packages/oslo_db/sqlalchemy/engines.py:325}}
Jul 29 13:54:43.972402 np0000006083 devstack@n-api-meta.service[96071]: DEBUG dbcounter [-] [96071] Writer thread running {{(pid=96071) stat_writer /opt/stack/data/venv/lib/python3.12/site-packages/dbcounter.py:102}}
Jul 29 13:54:43.975616 np0000006083 devstack@n-api-meta.service[96069]: DEBUG oslo_db.sqlalchemy.engines [None req-e9298d75-e9a1-4ecb-af19-003575f1daa0 None None] MySQL server mode set to STRICT_TRANS_TABLES,STRICT_ALL_TABLES,NO_ZERO_IN_DATE,NO_ZERO_DATE,ERROR_FOR_DIVISION_BY_ZERO,TRADITIONAL,NO_ENGINE_SUBSTITUTION {{(pid=96069) _check_effective_sql_mode /opt/stack/data/venv/lib/python3.12/site-packages/oslo_db/sqlalchemy/engines.py:325}}
Jul 29 13:54:43.980145 np0000006083 devstack@n-api-meta.service[96069]: DEBUG oslo_db.sqlalchemy.engines [None req-e9298d75-e9a1-4ecb-af19-003575f1daa0 None None] MySQL server mode set to STRICT_TRANS_TABLES,STRICT_ALL_TABLES,NO_ZERO_IN_DATE,NO_ZERO_DATE,ERROR_FOR_DIVISION_BY_ZERO,TRADITIONAL,NO_ENGINE_SUBSTITUTION {{(pid=96069) _check_effective_sql_mode /opt/stack/data/venv/lib/python3.12/site-packages/oslo_db/sqlalchemy/engines.py:325}}
Jul 29 13:54:44.001356 np0000006083 devstack@n-api-meta.service[96070]: DEBUG dbcounter [-] [96070] Writer thread running {{(pid=96070) stat_writer /opt/stack/data/venv/lib/python3.12/site-packages/dbcounter.py:102}}
Jul 29 13:54:44.004866 np0000006083 devstack@n-api-meta.service[96072]: DEBUG oslo_db.sqlalchemy.engines [None req-687b9447-df23-483b-af8a-593bca655b3d None None] MySQL server mode set to STRICT_TRANS_TABLES,STRICT_ALL_TABLES,NO_ZERO_IN_DATE,NO_ZERO_DATE,ERROR_FOR_DIVISION_BY_ZERO,TRADITIONAL,NO_ENGINE_SUBSTITUTION {{(pid=96072) _check_effective_sql_mode /opt/stack/data/venv/lib/python3.12/site-packages/oslo_db/sqlalchemy/engines.py:325}}
Jul 29 13:54:44.006883 np0000006083 devstack@n-api-meta.service[96070]: DEBUG dbcounter [-] [96070] Writer thread running {{(pid=96070) stat_writer /opt/stack/data/venv/lib/python3.12/site-packages/dbcounter.py:102}}
Jul 29 13:54:44.012578 np0000006083 devstack@n-api-meta.service[96072]: DEBUG dbcounter [-] [96072] Writer thread running {{(pid=96072) stat_writer /opt/stack/data/venv/lib/python3.12/site-packages/dbcounter.py:102}}
Jul 29 13:54:44.015038 np0000006083 devstack@n-api-meta.service[96070]: INFO dbcounter [None req-399383d8-b226-42b7-9002-145f40f82d59 None None] Registered counter for database nova_cell0
Jul 29 13:54:44.026417 np0000006083 devstack@n-api-meta.service[96071]: WARNING nova.api.metadata.handler [None req-34056f1e-8a25-495b-ba38-4b8c0d5b8d2f None None] metadata_proxy_shared_secret is not configured, the metadata information returned by the proxy cannot be trusted
Jul 29 13:54:44.029309 np0000006083 devstack@n-api-meta.service[96071]: DEBUG nova.api.openstack.wsgi_app [None req-34056f1e-8a25-495b-ba38-4b8c0d5b8d2f None None] ******************************************************************************** {{(pid=96071) log_opt_values /opt/stack/data/venv/lib/python3.12/site-packages/oslo_config/cfg.py:3226}}
Jul 29 13:54:44.029494 np0000006083 devstack@n-api-meta.service[96071]: DEBUG nova.api.openstack.wsgi_app [None req-34056f1e-8a25-495b-ba38-4b8c0d5b8d2f None None] Configuration options gathered from: {{(pid=96071) log_opt_values /opt/stack/data/venv/lib/python3.12/site-packages/oslo_config/cfg.py:3227}}
Jul 29 13:54:44.029576 np0000006083 devstack@n-api-meta.service[96071]: DEBUG nova.api.openstack.wsgi_app [None req-34056f1e-8a25-495b-ba38-4b8c0d5b8d2f None None] command line args: [] {{(pid=96071) log_opt_values /opt/stack/data/venv/lib/python3.12/site-packages/oslo_config/cfg.py:3228}}
Jul 29 13:54:44.029696 np0000006083 devstack@n-api-meta.service[96071]: DEBUG nova.api.openstack.wsgi_app [None req-34056f1e-8a25-495b-ba38-4b8c0d5b8d2f None None] config files: ['/etc/nova/api-paste.ini', '/etc/nova/nova.conf'] {{(pid=96071) log_opt_values /opt/stack/data/venv/lib/python3.12/site-packages/oslo_config/cfg.py:3229}}
Jul 29 13:54:44.029793 np0000006083 devstack@n-api-meta.service[96071]: DEBUG nova.api.openstack.wsgi_app [None req-34056f1e-8a25-495b-ba38-4b8c0d5b8d2f None None] ================================================================================ {{(pid=96071) log_opt_values /opt/stack/data/venv/lib/python3.12/site-packages/oslo_config/cfg.py:3234}}
Jul 29 13:54:44.029986 np0000006083 devstack@n-api-meta.service[96071]: DEBUG nova.api.openstack.wsgi_app [None req-34056f1e-8a25-495b-ba38-4b8c0d5b8d2f None None] allow_resize_to_same_host = True {{(pid=96071) log_opt_values /opt/stack/data/venv/lib/python3.12/site-packages/oslo_config/cfg.py:3242}}
Jul 29 13:54:44.030147 np0000006083 devstack@n-api-meta.service[96071]: DEBUG nova.api.openstack.wsgi_app [None req-34056f1e-8a25-495b-ba38-4b8c0d5b8d2f None None] arq_binding_timeout = 300 {{(pid=96071) log_opt_values /opt/stack/data/venv/lib/python3.12/site-packages/oslo_config/cfg.py:3242}}
Jul 29 13:54:44.030268 np0000006083 devstack@n-api-meta.service[96071]: DEBUG nova.api.openstack.wsgi_app [None req-34056f1e-8a25-495b-ba38-4b8c0d5b8d2f None None] block_device_allocate_retries = 60 {{(pid=96071) log_opt_values /opt/stack/data/venv/lib/python3.12/site-packages/oslo_config/cfg.py:3242}}
Jul 29 13:54:44.030387 np0000006083 devstack@n-api-meta.service[96071]: DEBUG nova.api.openstack.wsgi_app [None req-34056f1e-8a25-495b-ba38-4b8c0d5b8d2f None None] block_device_allocate_retries_interval = 3 {{(pid=96071) log_opt_values /opt/stack/data/venv/lib/python3.12/site-packages/oslo_config/cfg.py:3242}}
Jul 29 13:54:44.030501 np0000006083 devstack@n-api-meta.service[96071]: DEBUG nova.api.openstack.wsgi_app [None req-34056f1e-8a25-495b-ba38-4b8c0d5b8d2f None None] cell_worker_thread_pool_size = 5 {{(pid=96071) log_opt_values /opt/stack/data/venv/lib/python3.12/site-packages/oslo_config/cfg.py:3242}}
Jul 29 13:54:44.030715 np0000006083 devstack@n-api-meta.service[96071]: DEBUG nova.api.openstack.wsgi_app [None req-34056f1e-8a25-495b-ba38-4b8c0d5b8d2f None None] cert = self.pem {{(pid=96071) log_opt_values /opt/stack/data/venv/lib/python3.12/site-packages/oslo_config/cfg.py:3242}}
Jul 29 13:54:44.030900 np0000006083 devstack@n-api-meta.service[96071]: DEBUG nova.api.openstack.wsgi_app [None req-34056f1e-8a25-495b-ba38-4b8c0d5b8d2f None None] compute_driver = libvirt.LibvirtDriver {{(pid=96071) log_opt_values /opt/stack/data/venv/lib/python3.12/site-packages/oslo_config/cfg.py:3242}}
Jul 29 13:54:44.031139 np0000006083 devstack@n-api-meta.service[96071]: DEBUG nova.api.openstack.wsgi_app [None req-34056f1e-8a25-495b-ba38-4b8c0d5b8d2f None None] compute_monitors = [] {{(pid=96071) log_opt_values /opt/stack/data/venv/lib/python3.12/site-packages/oslo_config/cfg.py:3242}}
Jul 29 13:54:44.031309 np0000006083 devstack@n-api-meta.service[96071]: DEBUG nova.api.openstack.wsgi_app [None req-34056f1e-8a25-495b-ba38-4b8c0d5b8d2f None None] concurrency_backend = auto {{(pid=96071) log_opt_values /opt/stack/data/venv/lib/python3.12/site-packages/oslo_config/cfg.py:3242}}
Jul 29 13:54:44.031469 np0000006083 devstack@n-api-meta.service[96071]: DEBUG nova.api.openstack.wsgi_app [None req-34056f1e-8a25-495b-ba38-4b8c0d5b8d2f None None] config_dir = [] {{(pid=96071) log_opt_values /opt/stack/data/venv/lib/python3.12/site-packages/oslo_config/cfg.py:3242}}
Jul 29 13:54:44.031668 np0000006083 devstack@n-api-meta.service[96071]: DEBUG nova.api.openstack.wsgi_app [None req-34056f1e-8a25-495b-ba38-4b8c0d5b8d2f None None] config_drive_format = iso9660 {{(pid=96071) log_opt_values /opt/stack/data/venv/lib/python3.12/site-packages/oslo_config/cfg.py:3242}}
Jul 29 13:54:44.031774 np0000006083 devstack@n-api-meta.service[96071]: DEBUG nova.api.openstack.wsgi_app [None req-34056f1e-8a25-495b-ba38-4b8c0d5b8d2f None None] config_file = ['/etc/nova/api-paste.ini', '/etc/nova/nova.conf'] {{(pid=96071) log_opt_values /opt/stack/data/venv/lib/python3.12/site-packages/oslo_config/cfg.py:3242}}
Jul 29 13:54:44.031896 np0000006083 devstack@n-api-meta.service[96071]: DEBUG nova.api.openstack.wsgi_app [None req-34056f1e-8a25-495b-ba38-4b8c0d5b8d2f None None] config_source = [] {{(pid=96071) log_opt_values /opt/stack/data/venv/lib/python3.12/site-packages/oslo_config/cfg.py:3242}}
Jul 29 13:54:44.032017 np0000006083 devstack@n-api-meta.service[96071]: DEBUG nova.api.openstack.wsgi_app [None req-34056f1e-8a25-495b-ba38-4b8c0d5b8d2f None None] console_host = np0000006083 {{(pid=96071) log_opt_values /opt/stack/data/venv/lib/python3.12/site-packages/oslo_config/cfg.py:3242}}
Jul 29 13:54:44.032149 np0000006083 devstack@n-api-meta.service[96071]: DEBUG nova.api.openstack.wsgi_app [None req-34056f1e-8a25-495b-ba38-4b8c0d5b8d2f None None] control_exchange = nova {{(pid=96071) log_opt_values /opt/stack/data/venv/lib/python3.12/site-packages/oslo_config/cfg.py:3242}}
Jul 29 13:54:44.032286 np0000006083 devstack@n-api-meta.service[96071]: DEBUG nova.api.openstack.wsgi_app [None req-34056f1e-8a25-495b-ba38-4b8c0d5b8d2f None None] cpu_allocation_ratio = None {{(pid=96071) log_opt_values /opt/stack/data/venv/lib/python3.12/site-packages/oslo_config/cfg.py:3242}}
Jul 29 13:54:44.032398 np0000006083 devstack@n-api-meta.service[96071]: DEBUG nova.api.openstack.wsgi_app [None req-34056f1e-8a25-495b-ba38-4b8c0d5b8d2f None None] daemon = False {{(pid=96071) log_opt_values /opt/stack/data/venv/lib/python3.12/site-packages/oslo_config/cfg.py:3242}}
Jul 29 13:54:44.032521 np0000006083 devstack@n-api-meta.service[96071]: DEBUG nova.api.openstack.wsgi_app [None req-34056f1e-8a25-495b-ba38-4b8c0d5b8d2f None None] debug = True {{(pid=96071) log_opt_values /opt/stack/data/venv/lib/python3.12/site-packages/oslo_config/cfg.py:3242}}
Jul 29 13:54:44.032650 np0000006083 devstack@n-api-meta.service[96071]: DEBUG nova.api.openstack.wsgi_app [None req-34056f1e-8a25-495b-ba38-4b8c0d5b8d2f None None] default_access_ip_network_name = None {{(pid=96071) log_opt_values /opt/stack/data/venv/lib/python3.12/site-packages/oslo_config/cfg.py:3242}}
Jul 29 13:54:44.032770 np0000006083 devstack@n-api-meta.service[96071]: DEBUG nova.api.openstack.wsgi_app [None req-34056f1e-8a25-495b-ba38-4b8c0d5b8d2f None None] default_availability_zone = nova {{(pid=96071) log_opt_values /opt/stack/data/venv/lib/python3.12/site-packages/oslo_config/cfg.py:3242}}
Jul 29 13:54:44.032888 np0000006083 devstack@n-api-meta.service[96071]: DEBUG nova.api.openstack.wsgi_app [None req-34056f1e-8a25-495b-ba38-4b8c0d5b8d2f None None] default_ephemeral_format = ext4 {{(pid=96071) log_opt_values /opt/stack/data/venv/lib/python3.12/site-packages/oslo_config/cfg.py:3242}}
Jul 29 13:54:44.033145 np0000006083 devstack@n-api-meta.service[96071]: DEBUG nova.api.openstack.wsgi_app [None req-34056f1e-8a25-495b-ba38-4b8c0d5b8d2f None None] default_green_pool_size = 1000 {{(pid=96071) log_opt_values /opt/stack/data/venv/lib/python3.12/site-packages/oslo_config/cfg.py:3242}}
Jul 29 13:54:44.033461 np0000006083 devstack@n-api-meta.service[96071]: DEBUG nova.api.openstack.wsgi_app [None req-34056f1e-8a25-495b-ba38-4b8c0d5b8d2f None None] default_log_levels = ['amqp=WARN', 'boto=WARN', 'sqlalchemy=WARN', 'suds=INFO', 'oslo.messaging=INFO', 'oslo_messaging=INFO', 'iso8601=WARN', 'requests.packages.urllib3.connectionpool=WARN', 'urllib3.connectionpool=WARN', 'websocket=WARN', 'requests.packages.urllib3.util.retry=WARN', 'urllib3.util.retry=WARN', 'keystonemiddleware=WARN', 'routes.middleware=WARN', 'stevedore=WARN', 'taskflow=WARN', 'keystoneauth=WARN', 'oslo.cache=INFO', 'oslo_policy=INFO', 'dogpile.core.dogpile=INFO', 'glanceclient=WARN', 'oslo.privsep.daemon=INFO'] {{(pid=96071) log_opt_values /opt/stack/data/venv/lib/python3.12/site-packages/oslo_config/cfg.py:3242}}
Jul 29 13:54:44.033635 np0000006083 devstack@n-api-meta.service[96071]: DEBUG nova.api.openstack.wsgi_app [None req-34056f1e-8a25-495b-ba38-4b8c0d5b8d2f None None] default_schedule_zone = None {{(pid=96071) log_opt_values /opt/stack/data/venv/lib/python3.12/site-packages/oslo_config/cfg.py:3242}}
Jul 29 13:54:44.033799 np0000006083 devstack@n-api-meta.service[96071]: DEBUG nova.api.openstack.wsgi_app [None req-34056f1e-8a25-495b-ba38-4b8c0d5b8d2f None None] default_thread_pool_size = 10 {{(pid=96071) log_opt_values /opt/stack/data/venv/lib/python3.12/site-packages/oslo_config/cfg.py:3242}}
Jul 29 13:54:44.034245 np0000006083 devstack@n-api-meta.service[96071]: DEBUG nova.api.openstack.wsgi_app [None req-34056f1e-8a25-495b-ba38-4b8c0d5b8d2f None None] disk_allocation_ratio = None {{(pid=96071) log_opt_values /opt/stack/data/venv/lib/python3.12/site-packages/oslo_config/cfg.py:3242}}
Jul 29 13:54:44.034416 np0000006083 devstack@n-api-meta.service[96071]: DEBUG nova.api.openstack.wsgi_app [None req-34056f1e-8a25-495b-ba38-4b8c0d5b8d2f None None] enable_new_services = True {{(pid=96071) log_opt_values /opt/stack/data/venv/lib/python3.12/site-packages/oslo_config/cfg.py:3242}}
Jul 29 13:54:44.034643 np0000006083 devstack@n-api-meta.service[96071]: DEBUG nova.api.openstack.wsgi_app [None req-34056f1e-8a25-495b-ba38-4b8c0d5b8d2f None None] flat_injected = False {{(pid=96071) log_opt_values /opt/stack/data/venv/lib/python3.12/site-packages/oslo_config/cfg.py:3242}}
Jul 29 13:54:44.034643 np0000006083 devstack@n-api-meta.service[96071]: DEBUG nova.api.openstack.wsgi_app [None req-34056f1e-8a25-495b-ba38-4b8c0d5b8d2f None None] force_config_drive = True {{(pid=96071) log_opt_values /opt/stack/data/venv/lib/python3.12/site-packages/oslo_config/cfg.py:3242}}
Jul 29 13:54:44.034862 np0000006083 devstack@n-api-meta.service[96071]: DEBUG nova.api.openstack.wsgi_app [None req-34056f1e-8a25-495b-ba38-4b8c0d5b8d2f None None] force_raw_images = True {{(pid=96071) log_opt_values /opt/stack/data/venv/lib/python3.12/site-packages/oslo_config/cfg.py:3242}}
Jul 29 13:54:44.034949 np0000006083 devstack@n-api-meta.service[96071]: DEBUG nova.api.openstack.wsgi_app [None req-34056f1e-8a25-495b-ba38-4b8c0d5b8d2f None None] graceful_shutdown_timeout = 5 {{(pid=96071) log_opt_values /opt/stack/data/venv/lib/python3.12/site-packages/oslo_config/cfg.py:3242}}
Jul 29 13:54:44.035077 np0000006083 devstack@n-api-meta.service[96071]: DEBUG nova.api.openstack.wsgi_app [None req-34056f1e-8a25-495b-ba38-4b8c0d5b8d2f None None] heal_instance_info_cache_interval = -1 {{(pid=96071) log_opt_values /opt/stack/data/venv/lib/python3.12/site-packages/oslo_config/cfg.py:3242}}
Jul 29 13:54:44.035292 np0000006083 devstack@n-api-meta.service[96071]: DEBUG nova.api.openstack.wsgi_app [None req-34056f1e-8a25-495b-ba38-4b8c0d5b8d2f None None] host = np0000006083 {{(pid=96071) log_opt_values /opt/stack/data/venv/lib/python3.12/site-packages/oslo_config/cfg.py:3242}}
Jul 29 13:54:44.035455 np0000006083 devstack@n-api-meta.service[96071]: DEBUG nova.api.openstack.wsgi_app [None req-34056f1e-8a25-495b-ba38-4b8c0d5b8d2f None None] initial_cpu_allocation_ratio = 4.0 {{(pid=96071) log_opt_values /opt/stack/data/venv/lib/python3.12/site-packages/oslo_config/cfg.py:3242}}
Jul 29 13:54:44.035573 np0000006083 devstack@n-api-meta.service[96071]: DEBUG nova.api.openstack.wsgi_app [None req-34056f1e-8a25-495b-ba38-4b8c0d5b8d2f None None] initial_disk_allocation_ratio = 1.0 {{(pid=96071) log_opt_values /opt/stack/data/venv/lib/python3.12/site-packages/oslo_config/cfg.py:3242}}
Jul 29 13:54:44.035725 np0000006083 devstack@n-api-meta.service[96071]: DEBUG nova.api.openstack.wsgi_app [None req-34056f1e-8a25-495b-ba38-4b8c0d5b8d2f None None] initial_ram_allocation_ratio = 1.0 {{(pid=96071) log_opt_values /opt/stack/data/venv/lib/python3.12/site-packages/oslo_config/cfg.py:3242}}
Jul 29 13:54:44.035992 np0000006083 devstack@n-api-meta.service[96071]: DEBUG nova.api.openstack.wsgi_app [None req-34056f1e-8a25-495b-ba38-4b8c0d5b8d2f None None] injected_network_template = /opt/stack/nova/nova/virt/interfaces.template {{(pid=96071) log_opt_values /opt/stack/data/venv/lib/python3.12/site-packages/oslo_config/cfg.py:3242}}
Jul 29 13:54:44.036089 np0000006083 devstack@n-api-meta.service[96071]: DEBUG nova.api.openstack.wsgi_app [None req-34056f1e-8a25-495b-ba38-4b8c0d5b8d2f None None] instance_build_timeout = 0 {{(pid=96071) log_opt_values /opt/stack/data/venv/lib/python3.12/site-packages/oslo_config/cfg.py:3242}}
Jul 29 13:54:44.036264 np0000006083 devstack@n-api-meta.service[96071]: DEBUG nova.api.openstack.wsgi_app [None req-34056f1e-8a25-495b-ba38-4b8c0d5b8d2f None None] instance_delete_interval = 300 {{(pid=96071) log_opt_values /opt/stack/data/venv/lib/python3.12/site-packages/oslo_config/cfg.py:3242}}
Jul 29 13:54:44.036348 np0000006083 devstack@n-api-meta.service[96071]: DEBUG nova.api.openstack.wsgi_app [None req-34056f1e-8a25-495b-ba38-4b8c0d5b8d2f None None] instance_format = [instance: %(uuid)s] {{(pid=96071) log_opt_values /opt/stack/data/venv/lib/python3.12/site-packages/oslo_config/cfg.py:3242}}
Jul 29 13:54:44.036490 np0000006083 devstack@n-api-meta.service[96071]: DEBUG nova.api.openstack.wsgi_app [None req-34056f1e-8a25-495b-ba38-4b8c0d5b8d2f None None] instance_name_template = instance-%08x {{(pid=96071) log_opt_values /opt/stack/data/venv/lib/python3.12/site-packages/oslo_config/cfg.py:3242}}
Jul 29 13:54:44.036603 np0000006083 devstack@n-api-meta.service[96071]: DEBUG nova.api.openstack.wsgi_app [None req-34056f1e-8a25-495b-ba38-4b8c0d5b8d2f None None] instance_usage_audit = False {{(pid=96071) log_opt_values /opt/stack/data/venv/lib/python3.12/site-packages/oslo_config/cfg.py:3242}}
Jul 29 13:54:44.036815 np0000006083 devstack@n-api-meta.service[96071]: DEBUG nova.api.openstack.wsgi_app [None req-34056f1e-8a25-495b-ba38-4b8c0d5b8d2f None None] instance_usage_audit_period = month {{(pid=96071) log_opt_values /opt/stack/data/venv/lib/python3.12/site-packages/oslo_config/cfg.py:3242}}
Jul 29 13:54:44.036994 np0000006083 devstack@n-api-meta.service[96071]: DEBUG nova.api.openstack.wsgi_app [None req-34056f1e-8a25-495b-ba38-4b8c0d5b8d2f None None] instance_uuid_format = [instance: %(uuid)s] {{(pid=96071) log_opt_values /opt/stack/data/venv/lib/python3.12/site-packages/oslo_config/cfg.py:3242}}
Jul 29 13:54:44.037194 np0000006083 devstack@n-api-meta.service[96071]: DEBUG nova.api.openstack.wsgi_app [None req-34056f1e-8a25-495b-ba38-4b8c0d5b8d2f None None] instances_path = /opt/stack/data/nova/instances {{(pid=96071) log_opt_values /opt/stack/data/venv/lib/python3.12/site-packages/oslo_config/cfg.py:3242}}
Jul 29 13:54:44.037363 np0000006083 devstack@n-api-meta.service[96071]: DEBUG nova.api.openstack.wsgi_app [None req-34056f1e-8a25-495b-ba38-4b8c0d5b8d2f None None] internal_service_availability_zone = internal {{(pid=96071) log_opt_values /opt/stack/data/venv/lib/python3.12/site-packages/oslo_config/cfg.py:3242}}
Jul 29 13:54:44.037507 np0000006083 devstack@n-api-meta.service[96071]: DEBUG nova.api.openstack.wsgi_app [None req-34056f1e-8a25-495b-ba38-4b8c0d5b8d2f None None] key = None {{(pid=96071) log_opt_values /opt/stack/data/venv/lib/python3.12/site-packages/oslo_config/cfg.py:3242}}
Jul 29 13:54:44.037678 np0000006083 devstack@n-api-meta.service[96071]: DEBUG nova.api.openstack.wsgi_app [None req-34056f1e-8a25-495b-ba38-4b8c0d5b8d2f None None] live_migration_retry_count = 30 {{(pid=96071) log_opt_values /opt/stack/data/venv/lib/python3.12/site-packages/oslo_config/cfg.py:3242}}
Jul 29 13:54:44.037850 np0000006083 devstack@n-api-meta.service[96071]: DEBUG nova.api.openstack.wsgi_app [None req-34056f1e-8a25-495b-ba38-4b8c0d5b8d2f None None] log_color = False {{(pid=96071) log_opt_values /opt/stack/data/venv/lib/python3.12/site-packages/oslo_config/cfg.py:3242}}
Jul 29 13:54:44.037989 np0000006083 devstack@n-api-meta.service[96071]: DEBUG nova.api.openstack.wsgi_app [None req-34056f1e-8a25-495b-ba38-4b8c0d5b8d2f None None] log_config_append = None {{(pid=96071) log_opt_values /opt/stack/data/venv/lib/python3.12/site-packages/oslo_config/cfg.py:3242}}
Jul 29 13:54:44.038128 np0000006083 devstack@n-api-meta.service[96071]: DEBUG nova.api.openstack.wsgi_app [None req-34056f1e-8a25-495b-ba38-4b8c0d5b8d2f None None] log_date_format = %Y-%m-%d %H:%M:%S {{(pid=96071) log_opt_values /opt/stack/data/venv/lib/python3.12/site-packages/oslo_config/cfg.py:3242}}
Jul 29 13:54:44.038274 np0000006083 devstack@n-api-meta.service[96071]: DEBUG nova.api.openstack.wsgi_app [None req-34056f1e-8a25-495b-ba38-4b8c0d5b8d2f None None] log_dir = None {{(pid=96071) log_opt_values /opt/stack/data/venv/lib/python3.12/site-packages/oslo_config/cfg.py:3242}}
Jul 29 13:54:44.038374 np0000006083 devstack@n-api-meta.service[96071]: DEBUG nova.api.openstack.wsgi_app [None req-34056f1e-8a25-495b-ba38-4b8c0d5b8d2f None None] log_file = None {{(pid=96071) log_opt_values /opt/stack/data/venv/lib/python3.12/site-packages/oslo_config/cfg.py:3242}}
Jul 29 13:54:44.038463 np0000006083 devstack@n-api-meta.service[96071]: DEBUG nova.api.openstack.wsgi_app [None req-34056f1e-8a25-495b-ba38-4b8c0d5b8d2f None None] log_options = True {{(pid=96071) log_opt_values /opt/stack/data/venv/lib/python3.12/site-packages/oslo_config/cfg.py:3242}}
Jul 29 13:54:44.038564 np0000006083 devstack@n-api-meta.service[96071]: DEBUG nova.api.openstack.wsgi_app [None req-34056f1e-8a25-495b-ba38-4b8c0d5b8d2f None None] log_rotate_interval = 1 {{(pid=96071) log_opt_values /opt/stack/data/venv/lib/python3.12/site-packages/oslo_config/cfg.py:3242}}
Jul 29 13:54:44.038744 np0000006083 devstack@n-api-meta.service[96071]: DEBUG nova.api.openstack.wsgi_app [None req-34056f1e-8a25-495b-ba38-4b8c0d5b8d2f None None] log_rotate_interval_type = days {{(pid=96071) log_opt_values /opt/stack/data/venv/lib/python3.12/site-packages/oslo_config/cfg.py:3242}}
Jul 29 13:54:44.038870 np0000006083 devstack@n-api-meta.service[96071]: DEBUG nova.api.openstack.wsgi_app [None req-34056f1e-8a25-495b-ba38-4b8c0d5b8d2f None None] log_rotation_type = none {{(pid=96071) log_opt_values /opt/stack/data/venv/lib/python3.12/site-packages/oslo_config/cfg.py:3242}}
Jul 29 13:54:44.038966 np0000006083 devstack@n-api-meta.service[96071]: DEBUG nova.api.openstack.wsgi_app [None req-34056f1e-8a25-495b-ba38-4b8c0d5b8d2f None None] logging_context_format_string = %(color)s%(levelname)s %(name)s [%(global_request_id)s %(request_id)s %(project_name)s %(user_name)s%(color)s] %(instance)s%(color)s%(message)s {{(pid=96071) log_opt_values /opt/stack/data/venv/lib/python3.12/site-packages/oslo_config/cfg.py:3242}}
Jul 29 13:54:44.039080 np0000006083 devstack@n-api-meta.service[96071]: DEBUG nova.api.openstack.wsgi_app [None req-34056f1e-8a25-495b-ba38-4b8c0d5b8d2f None None] logging_debug_format_suffix = {{(pid=%(process)d) %(funcName)s %(pathname)s:%(lineno)d}} {{(pid=96071) log_opt_values /opt/stack/data/venv/lib/python3.12/site-packages/oslo_config/cfg.py:3242}}
Jul 29 13:54:44.039221 np0000006083 devstack@n-api-meta.service[96071]: DEBUG nova.api.openstack.wsgi_app [None req-34056f1e-8a25-495b-ba38-4b8c0d5b8d2f None None] logging_default_format_string = %(color)s%(levelname)s %(name)s [-%(color)s] %(instance)s%(color)s%(message)s {{(pid=96071) log_opt_values /opt/stack/data/venv/lib/python3.12/site-packages/oslo_config/cfg.py:3242}}
Jul 29 13:54:44.039359 np0000006083 devstack@n-api-meta.service[96071]: DEBUG nova.api.openstack.wsgi_app [None req-34056f1e-8a25-495b-ba38-4b8c0d5b8d2f None None] logging_exception_prefix = ERROR %(name)s %(instance)s {{(pid=96071) log_opt_values /opt/stack/data/venv/lib/python3.12/site-packages/oslo_config/cfg.py:3242}}
Jul 29 13:54:44.039465 np0000006083 devstack@n-api-meta.service[96071]: DEBUG nova.api.openstack.wsgi_app [None req-34056f1e-8a25-495b-ba38-4b8c0d5b8d2f None None] logging_user_identity_format = %(user)s %(project)s %(domain)s %(system_scope)s %(user_domain)s %(project_domain)s {{(pid=96071) log_opt_values /opt/stack/data/venv/lib/python3.12/site-packages/oslo_config/cfg.py:3242}}
Jul 29 13:54:44.039574 np0000006083 devstack@n-api-meta.service[96071]: DEBUG nova.api.openstack.wsgi_app [None req-34056f1e-8a25-495b-ba38-4b8c0d5b8d2f None None] long_rpc_timeout = 1800 {{(pid=96071) log_opt_values /opt/stack/data/venv/lib/python3.12/site-packages/oslo_config/cfg.py:3242}}
Jul 29 13:54:44.039755 np0000006083 devstack@n-api-meta.service[96071]: DEBUG nova.api.openstack.wsgi_app [None req-34056f1e-8a25-495b-ba38-4b8c0d5b8d2f None None] manager_shutdown_timeout = 160 {{(pid=96071) log_opt_values /opt/stack/data/venv/lib/python3.12/site-packages/oslo_config/cfg.py:3242}}
