Jul 27 05:05:32.197571 np0000005876 systemd[1]: Starting devstack@n-api-meta.service - Devstack devstack@n-api-meta.service...
Jul 27 05:05:32.203403 np0000005876 devstack@n-api-meta.service[96167]: [uWSGI] getting INI configuration from /etc/nova/nova-metadata-uwsgi.ini
Jul 27 05:05:32.205851 np0000005876 devstack@n-api-meta.service[96167]: *** Starting uWSGI 2.0.24-debian (64bit) on [Mon Jul 27 05:05:32 2026] ***
Jul 27 05:05:32.205851 np0000005876 devstack@n-api-meta.service[96167]: compiled with version: 13.2.0 on 17 April 2024 16:23:48
Jul 27 05:05:32.205851 np0000005876 devstack@n-api-meta.service[96167]: os: Linux-6.8.0-100-generic #100-Ubuntu SMP PREEMPT_DYNAMIC Tue Jan 13 16:40:06 UTC 2026
Jul 27 05:05:32.205851 np0000005876 devstack@n-api-meta.service[96167]: nodename: np0000005876
Jul 27 05:05:32.205851 np0000005876 devstack@n-api-meta.service[96167]: machine: x86_64
Jul 27 05:05:32.205851 np0000005876 devstack@n-api-meta.service[96167]: clock source: unix
Jul 27 05:05:32.205851 np0000005876 devstack@n-api-meta.service[96167]: pcre jit disabled
Jul 27 05:05:32.205851 np0000005876 devstack@n-api-meta.service[96167]: detected number of CPU cores: 16
Jul 27 05:05:32.205851 np0000005876 devstack@n-api-meta.service[96167]: current working directory: /
Jul 27 05:05:32.205851 np0000005876 devstack@n-api-meta.service[96167]: detected binary path: /usr/bin/uwsgi-core
Jul 27 05:05:32.206080 np0000005876 devstack@n-api-meta.service[96167]: your processes number limit is 257052
Jul 27 05:05:32.206080 np0000005876 devstack@n-api-meta.service[96167]: your memory page size is 4096 bytes
Jul 27 05:05:32.206080 np0000005876 devstack@n-api-meta.service[96167]: detected max file descriptor number: 2048
Jul 27 05:05:32.206080 np0000005876 devstack@n-api-meta.service[96167]: lock engine: pthread robust mutexes
Jul 27 05:05:32.206198 np0000005876 devstack@n-api-meta.service[96167]: thunder lock: enabled
Jul 27 05:05:32.206415 np0000005876 devstack@n-api-meta.service[96167]: uWSGI http bound on 0.0.0.0:8775 fd 5
Jul 27 05:05:32.206467 np0000005876 devstack@n-api-meta.service[96167]: uwsgi socket 0 bound to TCP address 127.0.0.1:43215 (port auto-assigned) fd 4
Jul 27 05:05:32.206509 np0000005876 devstack@n-api-meta.service[96167]: Python version: 3.12.3 (main, Jun 19 2026, 12:46:00) [GCC 13.3.0]
Jul 27 05:05:32.206509 np0000005876 devstack@n-api-meta.service[96167]: PEP 405 virtualenv detected: /opt/stack/data/venv
Jul 27 05:05:32.206509 np0000005876 devstack@n-api-meta.service[96167]: Set PythonHome to /opt/stack/data/venv
Jul 27 05:05:32.244476 np0000005876 devstack@n-api-meta.service[96167]: Python main interpreter initialized at 0x7b01f00a4668
Jul 27 05:05:32.244476 np0000005876 devstack@n-api-meta.service[96167]: python threads support enabled
Jul 27 05:05:32.244476 np0000005876 devstack@n-api-meta.service[96167]: your server socket listen backlog is limited to 100 connections
Jul 27 05:05:32.244476 np0000005876 devstack@n-api-meta.service[96167]: your mercy for graceful operations on workers is 80 seconds
Jul 27 05:05:32.245035 np0000005876 devstack@n-api-meta.service[96167]: mapped 671795 bytes (656 KB) for 4 cores
Jul 27 05:05:32.245200 np0000005876 devstack@n-api-meta.service[96167]: *** Operational MODE: preforking ***
Jul 27 05:05:32.245404 np0000005876 devstack@n-api-meta.service[96167]: *** uWSGI is running in multiple interpreter mode ***
Jul 27 05:05:32.245404 np0000005876 devstack@n-api-meta.service[96167]: spawned uWSGI master process (pid: 96167)
Jul 27 05:05:32.245593 np0000005876 systemd[1]: Started devstack@n-api-meta.service - Devstack devstack@n-api-meta.service.
Jul 27 05:05:32.246046 np0000005876 devstack@n-api-meta.service[96167]: spawned uWSGI worker 1 (pid: 96168, cores: 1)
Jul 27 05:05:32.246690 np0000005876 devstack@n-api-meta.service[96167]: spawned uWSGI worker 2 (pid: 96169, cores: 1)
Jul 27 05:05:32.247100 np0000005876 devstack@n-api-meta.service[96167]: spawned uWSGI worker 3 (pid: 96170, cores: 1)
Jul 27 05:05:32.247569 np0000005876 devstack@n-api-meta.service[96167]: spawned uWSGI worker 4 (pid: 96171, cores: 1)
Jul 27 05:05:32.248256 np0000005876 devstack@n-api-meta.service[96167]: spawned uWSGI http 1 (pid: 96172)
Jul 27 05:05:32.248256 np0000005876 devstack@n-api-meta.service[96167]: running "unix_signal:15 gracefully_kill_them_all" (master-start)...
Jul 27 05:05:34.030215 np0000005876 devstack@n-api-meta.service[96168]: INFO dbcounter [None req-200daedc-2fd5-4cb5-9420-74f45cc237f5 None None] Registered counter for database nova_api
Jul 27 05:05:34.086361 np0000005876 devstack@n-api-meta.service[96168]: DEBUG oslo_db.sqlalchemy.engines [None req-200daedc-2fd5-4cb5-9420-74f45cc237f5 None None] MySQL server mode set to STRICT_TRANS_TABLES,STRICT_ALL_TABLES,NO_ZERO_IN_DATE,NO_ZERO_DATE,ERROR_FOR_DIVISION_BY_ZERO,TRADITIONAL,NO_ENGINE_SUBSTITUTION {{(pid=96168) _check_effective_sql_mode /opt/stack/data/venv/lib/python3.12/site-packages/oslo_db/sqlalchemy/engines.py:325}}
Jul 27 05:05:34.105563 np0000005876 devstack@n-api-meta.service[96169]: INFO dbcounter [None req-16cf16b6-d000-4703-a734-117a8e2864ef None None] Registered counter for database nova_api
Jul 27 05:05:34.122277 np0000005876 devstack@n-api-meta.service[96168]: DEBUG dbcounter [-] [96168] Writer thread running {{(pid=96168) stat_writer /opt/stack/data/venv/lib/python3.12/site-packages/dbcounter.py:102}}
Jul 27 05:05:34.125450 np0000005876 devstack@n-api-meta.service[96168]: DEBUG nova.context [None req-200daedc-2fd5-4cb5-9420-74f45cc237f5 None None] Found 2 cells: 00000000-0000-0000-0000-000000000000(cell0),59f4c74e-432b-41bb-a4a1-e47207819f1a(cell1) {{(pid=96168) load_cells /opt/stack/nova/nova/context.py:509}}
Jul 27 05:05:34.125800 np0000005876 devstack@n-api-meta.service[96168]: INFO nova.utils [None req-200daedc-2fd5-4cb5-9420-74f45cc237f5 None None] The cell worker thread pool MainProcess.cell_worker is initialized
Jul 27 05:05:34.128269 np0000005876 devstack@n-api-meta.service[96168]: DEBUG oslo_concurrency.lockutils [None req-200daedc-2fd5-4cb5-9420-74f45cc237f5 None None] Acquiring lock "00000000-0000-0000-0000-000000000000" by "nova.context.set_target_cell..get_or_set_cached_cell_and_set_connections" {{(pid=96168) inner /opt/stack/data/venv/lib/python3.12/site-packages/oslo_concurrency/lockutils.py:512}}
Jul 27 05:05:34.128573 np0000005876 devstack@n-api-meta.service[96168]: DEBUG oslo_concurrency.lockutils [None req-200daedc-2fd5-4cb5-9420-74f45cc237f5 None None] Lock "00000000-0000-0000-0000-000000000000" acquired by "nova.context.set_target_cell..get_or_set_cached_cell_and_set_connections" :: waited 0.000s {{(pid=96168) inner /opt/stack/data/venv/lib/python3.12/site-packages/oslo_concurrency/lockutils.py:525}}
Jul 27 05:05:34.130027 np0000005876 devstack@n-api-meta.service[96168]: DEBUG oslo_concurrency.lockutils [None req-200daedc-2fd5-4cb5-9420-74f45cc237f5 None None] Lock "00000000-0000-0000-0000-000000000000" "released" by "nova.context.set_target_cell..get_or_set_cached_cell_and_set_connections" :: held 0.001s {{(pid=96168) inner /opt/stack/data/venv/lib/python3.12/site-packages/oslo_concurrency/lockutils.py:544}}
Jul 27 05:05:34.130027 np0000005876 devstack@n-api-meta.service[96168]: DEBUG oslo_concurrency.lockutils [None req-200daedc-2fd5-4cb5-9420-74f45cc237f5 None None] Acquiring lock "59f4c74e-432b-41bb-a4a1-e47207819f1a" by "nova.context.set_target_cell..get_or_set_cached_cell_and_set_connections" {{(pid=96168) inner /opt/stack/data/venv/lib/python3.12/site-packages/oslo_concurrency/lockutils.py:512}}
Jul 27 05:05:34.130305 np0000005876 devstack@n-api-meta.service[96168]: DEBUG oslo_concurrency.lockutils [None req-200daedc-2fd5-4cb5-9420-74f45cc237f5 None None] Lock "59f4c74e-432b-41bb-a4a1-e47207819f1a" acquired by "nova.context.set_target_cell..get_or_set_cached_cell_and_set_connections" :: waited 0.000s {{(pid=96168) inner /opt/stack/data/venv/lib/python3.12/site-packages/oslo_concurrency/lockutils.py:525}}
Jul 27 05:05:34.131234 np0000005876 devstack@n-api-meta.service[96168]: DEBUG oslo_concurrency.lockutils [None req-200daedc-2fd5-4cb5-9420-74f45cc237f5 None None] Lock "59f4c74e-432b-41bb-a4a1-e47207819f1a" "released" by "nova.context.set_target_cell..get_or_set_cached_cell_and_set_connections" :: held 0.001s {{(pid=96168) inner /opt/stack/data/venv/lib/python3.12/site-packages/oslo_concurrency/lockutils.py:544}}
Jul 27 05:05:34.134200 np0000005876 devstack@n-api-meta.service[96168]: INFO dbcounter [None req-200daedc-2fd5-4cb5-9420-74f45cc237f5 None None] Registered counter for database nova_cell0
Jul 27 05:05:34.137541 np0000005876 devstack@n-api-meta.service[96168]: INFO dbcounter [None req-200daedc-2fd5-4cb5-9420-74f45cc237f5 None None] Registered counter for database nova_cell1
Jul 27 05:05:34.158232 np0000005876 devstack@n-api-meta.service[96169]: DEBUG oslo_db.sqlalchemy.engines [None req-16cf16b6-d000-4703-a734-117a8e2864ef None None] MySQL server mode set to STRICT_TRANS_TABLES,STRICT_ALL_TABLES,NO_ZERO_IN_DATE,NO_ZERO_DATE,ERROR_FOR_DIVISION_BY_ZERO,TRADITIONAL,NO_ENGINE_SUBSTITUTION {{(pid=96169) _check_effective_sql_mode /opt/stack/data/venv/lib/python3.12/site-packages/oslo_db/sqlalchemy/engines.py:325}}
Jul 27 05:05:34.197031 np0000005876 devstack@n-api-meta.service[96168]: DEBUG oslo_db.sqlalchemy.engines [None req-200daedc-2fd5-4cb5-9420-74f45cc237f5 None None] MySQL server mode set to STRICT_TRANS_TABLES,STRICT_ALL_TABLES,NO_ZERO_IN_DATE,NO_ZERO_DATE,ERROR_FOR_DIVISION_BY_ZERO,TRADITIONAL,NO_ENGINE_SUBSTITUTION {{(pid=96168) _check_effective_sql_mode /opt/stack/data/venv/lib/python3.12/site-packages/oslo_db/sqlalchemy/engines.py:325}}
Jul 27 05:05:34.199844 np0000005876 devstack@n-api-meta.service[96168]: DEBUG oslo_db.sqlalchemy.engines [None req-200daedc-2fd5-4cb5-9420-74f45cc237f5 None None] MySQL server mode set to STRICT_TRANS_TABLES,STRICT_ALL_TABLES,NO_ZERO_IN_DATE,NO_ZERO_DATE,ERROR_FOR_DIVISION_BY_ZERO,TRADITIONAL,NO_ENGINE_SUBSTITUTION {{(pid=96168) _check_effective_sql_mode /opt/stack/data/venv/lib/python3.12/site-packages/oslo_db/sqlalchemy/engines.py:325}}
Jul 27 05:05:34.204650 np0000005876 devstack@n-api-meta.service[96169]: DEBUG dbcounter [-] [96169] Writer thread running {{(pid=96169) stat_writer /opt/stack/data/venv/lib/python3.12/site-packages/dbcounter.py:102}}
Jul 27 05:05:34.208086 np0000005876 devstack@n-api-meta.service[96169]: DEBUG nova.context [None req-16cf16b6-d000-4703-a734-117a8e2864ef None None] Found 2 cells: 00000000-0000-0000-0000-000000000000(cell0),59f4c74e-432b-41bb-a4a1-e47207819f1a(cell1) {{(pid=96169) load_cells /opt/stack/nova/nova/context.py:509}}
Jul 27 05:05:34.208440 np0000005876 devstack@n-api-meta.service[96169]: INFO nova.utils [None req-16cf16b6-d000-4703-a734-117a8e2864ef None None] The cell worker thread pool MainProcess.cell_worker is initialized
Jul 27 05:05:34.210725 np0000005876 devstack@n-api-meta.service[96169]: DEBUG oslo_concurrency.lockutils [None req-16cf16b6-d000-4703-a734-117a8e2864ef None None] Acquiring lock "00000000-0000-0000-0000-000000000000" by "nova.context.set_target_cell..get_or_set_cached_cell_and_set_connections" {{(pid=96169) inner /opt/stack/data/venv/lib/python3.12/site-packages/oslo_concurrency/lockutils.py:512}}
Jul 27 05:05:34.210975 np0000005876 devstack@n-api-meta.service[96169]: DEBUG oslo_concurrency.lockutils [None req-16cf16b6-d000-4703-a734-117a8e2864ef None None] Lock "00000000-0000-0000-0000-000000000000" acquired by "nova.context.set_target_cell..get_or_set_cached_cell_and_set_connections" :: waited 0.000s {{(pid=96169) inner /opt/stack/data/venv/lib/python3.12/site-packages/oslo_concurrency/lockutils.py:525}}
Jul 27 05:05:34.211510 np0000005876 devstack@n-api-meta.service[96169]: DEBUG oslo_concurrency.lockutils [None req-16cf16b6-d000-4703-a734-117a8e2864ef None None] Lock "00000000-0000-0000-0000-000000000000" "released" by "nova.context.set_target_cell..get_or_set_cached_cell_and_set_connections" :: held 0.001s {{(pid=96169) inner /opt/stack/data/venv/lib/python3.12/site-packages/oslo_concurrency/lockutils.py:544}}
Jul 27 05:05:34.212455 np0000005876 devstack@n-api-meta.service[96169]: DEBUG oslo_concurrency.lockutils [None req-16cf16b6-d000-4703-a734-117a8e2864ef None None] Acquiring lock "59f4c74e-432b-41bb-a4a1-e47207819f1a" by "nova.context.set_target_cell..get_or_set_cached_cell_and_set_connections" {{(pid=96169) inner /opt/stack/data/venv/lib/python3.12/site-packages/oslo_concurrency/lockutils.py:512}}
Jul 27 05:05:34.214022 np0000005876 devstack@n-api-meta.service[96171]: INFO dbcounter [None req-2a09fa4c-373d-4ce4-980c-8f8404bdf2e5 None None] Registered counter for database nova_api
Jul 27 05:05:34.214866 np0000005876 devstack@n-api-meta.service[96169]: INFO dbcounter [None req-16cf16b6-d000-4703-a734-117a8e2864ef None None] Registered counter for database nova_cell0
Jul 27 05:05:34.216480 np0000005876 devstack@n-api-meta.service[96169]: DEBUG oslo_concurrency.lockutils [None req-16cf16b6-d000-4703-a734-117a8e2864ef None None] Lock "59f4c74e-432b-41bb-a4a1-e47207819f1a" acquired by "nova.context.set_target_cell..get_or_set_cached_cell_and_set_connections" :: waited 0.002s {{(pid=96169) inner /opt/stack/data/venv/lib/python3.12/site-packages/oslo_concurrency/lockutils.py:525}}
Jul 27 05:05:34.218213 np0000005876 devstack@n-api-meta.service[96169]: DEBUG oslo_concurrency.lockutils [None req-16cf16b6-d000-4703-a734-117a8e2864ef None None] Lock "59f4c74e-432b-41bb-a4a1-e47207819f1a" "released" by "nova.context.set_target_cell..get_or_set_cached_cell_and_set_connections" :: held 0.004s {{(pid=96169) inner /opt/stack/data/venv/lib/python3.12/site-packages/oslo_concurrency/lockutils.py:544}}
Jul 27 05:05:34.220062 np0000005876 devstack@n-api-meta.service[96169]: INFO dbcounter [None req-16cf16b6-d000-4703-a734-117a8e2864ef None None] Registered counter for database nova_cell1
Jul 27 05:05:34.220878 np0000005876 devstack@n-api-meta.service[96170]: INFO dbcounter [None req-2cf393dc-d61e-4e1c-9330-b95f76a6c9aa None None] Registered counter for database nova_api
Jul 27 05:05:34.264369 np0000005876 devstack@n-api-meta.service[96171]: DEBUG oslo_db.sqlalchemy.engines [None req-2a09fa4c-373d-4ce4-980c-8f8404bdf2e5 None None] MySQL server mode set to STRICT_TRANS_TABLES,STRICT_ALL_TABLES,NO_ZERO_IN_DATE,NO_ZERO_DATE,ERROR_FOR_DIVISION_BY_ZERO,TRADITIONAL,NO_ENGINE_SUBSTITUTION {{(pid=96171) _check_effective_sql_mode /opt/stack/data/venv/lib/python3.12/site-packages/oslo_db/sqlalchemy/engines.py:325}}
Jul 27 05:05:34.267679 np0000005876 devstack@n-api-meta.service[96169]: DEBUG oslo_db.sqlalchemy.engines [None req-16cf16b6-d000-4703-a734-117a8e2864ef None None] MySQL server mode set to STRICT_TRANS_TABLES,STRICT_ALL_TABLES,NO_ZERO_IN_DATE,NO_ZERO_DATE,ERROR_FOR_DIVISION_BY_ZERO,TRADITIONAL,NO_ENGINE_SUBSTITUTION {{(pid=96169) _check_effective_sql_mode /opt/stack/data/venv/lib/python3.12/site-packages/oslo_db/sqlalchemy/engines.py:325}}
Jul 27 05:05:34.277850 np0000005876 devstack@n-api-meta.service[96170]: DEBUG oslo_db.sqlalchemy.engines [None req-2cf393dc-d61e-4e1c-9330-b95f76a6c9aa None None] MySQL server mode set to STRICT_TRANS_TABLES,STRICT_ALL_TABLES,NO_ZERO_IN_DATE,NO_ZERO_DATE,ERROR_FOR_DIVISION_BY_ZERO,TRADITIONAL,NO_ENGINE_SUBSTITUTION {{(pid=96170) _check_effective_sql_mode /opt/stack/data/venv/lib/python3.12/site-packages/oslo_db/sqlalchemy/engines.py:325}}
Jul 27 05:05:34.309335 np0000005876 devstack@n-api-meta.service[96171]: DEBUG dbcounter [-] [96171] Writer thread running {{(pid=96171) stat_writer /opt/stack/data/venv/lib/python3.12/site-packages/dbcounter.py:102}}
Jul 27 05:05:34.312382 np0000005876 devstack@n-api-meta.service[96171]: DEBUG nova.context [None req-2a09fa4c-373d-4ce4-980c-8f8404bdf2e5 None None] Found 2 cells: 00000000-0000-0000-0000-000000000000(cell0),59f4c74e-432b-41bb-a4a1-e47207819f1a(cell1) {{(pid=96171) load_cells /opt/stack/nova/nova/context.py:509}}
Jul 27 05:05:34.312773 np0000005876 devstack@n-api-meta.service[96171]: INFO nova.utils [None req-2a09fa4c-373d-4ce4-980c-8f8404bdf2e5 None None] The cell worker thread pool MainProcess.cell_worker is initialized
Jul 27 05:05:34.313629 np0000005876 devstack@n-api-meta.service[96170]: DEBUG dbcounter [-] [96170] Writer thread running {{(pid=96170) stat_writer /opt/stack/data/venv/lib/python3.12/site-packages/dbcounter.py:102}}
Jul 27 05:05:34.315707 np0000005876 devstack@n-api-meta.service[96171]: DEBUG oslo_concurrency.lockutils [None req-2a09fa4c-373d-4ce4-980c-8f8404bdf2e5 None None] Acquiring lock "00000000-0000-0000-0000-000000000000" by "nova.context.set_target_cell..get_or_set_cached_cell_and_set_connections" {{(pid=96171) inner /opt/stack/data/venv/lib/python3.12/site-packages/oslo_concurrency/lockutils.py:512}}
Jul 27 05:05:34.315707 np0000005876 devstack@n-api-meta.service[96171]: DEBUG oslo_concurrency.lockutils [None req-2a09fa4c-373d-4ce4-980c-8f8404bdf2e5 None None] Lock "00000000-0000-0000-0000-000000000000" acquired by "nova.context.set_target_cell..get_or_set_cached_cell_and_set_connections" :: waited 0.000s {{(pid=96171) inner /opt/stack/data/venv/lib/python3.12/site-packages/oslo_concurrency/lockutils.py:525}}
Jul 27 05:05:34.315898 np0000005876 devstack@n-api-meta.service[96171]: DEBUG oslo_concurrency.lockutils [None req-2a09fa4c-373d-4ce4-980c-8f8404bdf2e5 None None] Lock "00000000-0000-0000-0000-000000000000" "released" by "nova.context.set_target_cell..get_or_set_cached_cell_and_set_connections" :: held 0.000s {{(pid=96171) inner /opt/stack/data/venv/lib/python3.12/site-packages/oslo_concurrency/lockutils.py:544}}
Jul 27 05:05:34.316389 np0000005876 devstack@n-api-meta.service[96171]: DEBUG oslo_concurrency.lockutils [None req-2a09fa4c-373d-4ce4-980c-8f8404bdf2e5 None None] Acquiring lock "59f4c74e-432b-41bb-a4a1-e47207819f1a" by "nova.context.set_target_cell..get_or_set_cached_cell_and_set_connections" {{(pid=96171) inner /opt/stack/data/venv/lib/python3.12/site-packages/oslo_concurrency/lockutils.py:512}}
Jul 27 05:05:34.316576 np0000005876 devstack@n-api-meta.service[96171]: DEBUG oslo_concurrency.lockutils [None req-2a09fa4c-373d-4ce4-980c-8f8404bdf2e5 None None] Lock "59f4c74e-432b-41bb-a4a1-e47207819f1a" acquired by "nova.context.set_target_cell..get_or_set_cached_cell_and_set_connections" :: waited 0.000s {{(pid=96171) inner /opt/stack/data/venv/lib/python3.12/site-packages/oslo_concurrency/lockutils.py:525}}
Jul 27 05:05:34.317041 np0000005876 devstack@n-api-meta.service[96170]: DEBUG nova.context [None req-2cf393dc-d61e-4e1c-9330-b95f76a6c9aa None None] Found 2 cells: 00000000-0000-0000-0000-000000000000(cell0),59f4c74e-432b-41bb-a4a1-e47207819f1a(cell1) {{(pid=96170) load_cells /opt/stack/nova/nova/context.py:509}}
Jul 27 05:05:34.317369 np0000005876 devstack@n-api-meta.service[96170]: INFO nova.utils [None req-2cf393dc-d61e-4e1c-9330-b95f76a6c9aa None None] The cell worker thread pool MainProcess.cell_worker is initialized
Jul 27 05:05:34.317580 np0000005876 devstack@n-api-meta.service[96171]: DEBUG oslo_concurrency.lockutils [None req-2a09fa4c-373d-4ce4-980c-8f8404bdf2e5 None None] Lock "59f4c74e-432b-41bb-a4a1-e47207819f1a" "released" by "nova.context.set_target_cell..get_or_set_cached_cell_and_set_connections" :: held 0.001s {{(pid=96171) inner /opt/stack/data/venv/lib/python3.12/site-packages/oslo_concurrency/lockutils.py:544}}
Jul 27 05:05:34.319486 np0000005876 devstack@n-api-meta.service[96171]: INFO dbcounter [None req-2a09fa4c-373d-4ce4-980c-8f8404bdf2e5 None None] Registered counter for database nova_cell0
Jul 27 05:05:34.319590 np0000005876 devstack@n-api-meta.service[96170]: DEBUG oslo_concurrency.lockutils [None req-2cf393dc-d61e-4e1c-9330-b95f76a6c9aa None None] Acquiring lock "00000000-0000-0000-0000-000000000000" by "nova.context.set_target_cell..get_or_set_cached_cell_and_set_connections" {{(pid=96170) inner /opt/stack/data/venv/lib/python3.12/site-packages/oslo_concurrency/lockutils.py:512}}
Jul 27 05:05:34.319766 np0000005876 devstack@n-api-meta.service[96170]: DEBUG oslo_concurrency.lockutils [None req-2cf393dc-d61e-4e1c-9330-b95f76a6c9aa None None] Lock "00000000-0000-0000-0000-000000000000" acquired by "nova.context.set_target_cell..get_or_set_cached_cell_and_set_connections" :: waited 0.000s {{(pid=96170) inner /opt/stack/data/venv/lib/python3.12/site-packages/oslo_concurrency/lockutils.py:525}}
Jul 27 05:05:34.320230 np0000005876 devstack@n-api-meta.service[96170]: DEBUG oslo_concurrency.lockutils [None req-2cf393dc-d61e-4e1c-9330-b95f76a6c9aa None None] Lock "00000000-0000-0000-0000-000000000000" "released" by "nova.context.set_target_cell..get_or_set_cached_cell_and_set_connections" :: held 0.000s {{(pid=96170) inner /opt/stack/data/venv/lib/python3.12/site-packages/oslo_concurrency/lockutils.py:544}}
Jul 27 05:05:34.321067 np0000005876 devstack@n-api-meta.service[96170]: DEBUG oslo_concurrency.lockutils [None req-2cf393dc-d61e-4e1c-9330-b95f76a6c9aa None None] Acquiring lock "59f4c74e-432b-41bb-a4a1-e47207819f1a" by "nova.context.set_target_cell..get_or_set_cached_cell_and_set_connections" {{(pid=96170) inner /opt/stack/data/venv/lib/python3.12/site-packages/oslo_concurrency/lockutils.py:512}}
Jul 27 05:05:34.322315 np0000005876 devstack@n-api-meta.service[96168]: DEBUG dbcounter [-] [96168] Writer thread running {{(pid=96168) stat_writer /opt/stack/data/venv/lib/python3.12/site-packages/dbcounter.py:102}}
Jul 27 05:05:34.322763 np0000005876 devstack@n-api-meta.service[96168]: DEBUG dbcounter [-] [96168] Writer thread running {{(pid=96168) stat_writer /opt/stack/data/venv/lib/python3.12/site-packages/dbcounter.py:102}}
Jul 27 05:05:34.322819 np0000005876 devstack@n-api-meta.service[96171]: INFO dbcounter [None req-2a09fa4c-373d-4ce4-980c-8f8404bdf2e5 None None] Registered counter for database nova_cell1
Jul 27 05:05:34.323027 np0000005876 devstack@n-api-meta.service[96170]: INFO dbcounter [None req-2cf393dc-d61e-4e1c-9330-b95f76a6c9aa None None] Registered counter for database nova_cell0
Jul 27 05:05:34.324632 np0000005876 devstack@n-api-meta.service[96170]: DEBUG oslo_concurrency.lockutils [None req-2cf393dc-d61e-4e1c-9330-b95f76a6c9aa None None] Lock "59f4c74e-432b-41bb-a4a1-e47207819f1a" acquired by "nova.context.set_target_cell..get_or_set_cached_cell_and_set_connections" :: waited 0.002s {{(pid=96170) inner /opt/stack/data/venv/lib/python3.12/site-packages/oslo_concurrency/lockutils.py:525}}
Jul 27 05:05:34.326400 np0000005876 devstack@n-api-meta.service[96170]: DEBUG oslo_concurrency.lockutils [None req-2cf393dc-d61e-4e1c-9330-b95f76a6c9aa None None] Lock "59f4c74e-432b-41bb-a4a1-e47207819f1a" "released" by "nova.context.set_target_cell..get_or_set_cached_cell_and_set_connections" :: held 0.003s {{(pid=96170) inner /opt/stack/data/venv/lib/python3.12/site-packages/oslo_concurrency/lockutils.py:544}}
Jul 27 05:05:34.328563 np0000005876 devstack@n-api-meta.service[96170]: INFO dbcounter [None req-2cf393dc-d61e-4e1c-9330-b95f76a6c9aa None None] Registered counter for database nova_cell1
Jul 27 05:05:34.330882 np0000005876 devstack@n-api-meta.service[96168]: INFO dbcounter [None req-200daedc-2fd5-4cb5-9420-74f45cc237f5 None None] Registered counter for database nova_cell0
Jul 27 05:05:34.336924 np0000005876 devstack@n-api-meta.service[96169]: DEBUG oslo_db.sqlalchemy.engines [None req-16cf16b6-d000-4703-a734-117a8e2864ef None None] MySQL server mode set to STRICT_TRANS_TABLES,STRICT_ALL_TABLES,NO_ZERO_IN_DATE,NO_ZERO_DATE,ERROR_FOR_DIVISION_BY_ZERO,TRADITIONAL,NO_ENGINE_SUBSTITUTION {{(pid=96169) _check_effective_sql_mode /opt/stack/data/venv/lib/python3.12/site-packages/oslo_db/sqlalchemy/engines.py:325}}
Jul 27 05:05:34.374687 np0000005876 devstack@n-api-meta.service[96171]: DEBUG oslo_db.sqlalchemy.engines [None req-2a09fa4c-373d-4ce4-980c-8f8404bdf2e5 None None] MySQL server mode set to STRICT_TRANS_TABLES,STRICT_ALL_TABLES,NO_ZERO_IN_DATE,NO_ZERO_DATE,ERROR_FOR_DIVISION_BY_ZERO,TRADITIONAL,NO_ENGINE_SUBSTITUTION {{(pid=96171) _check_effective_sql_mode /opt/stack/data/venv/lib/python3.12/site-packages/oslo_db/sqlalchemy/engines.py:325}}
Jul 27 05:05:34.381006 np0000005876 devstack@n-api-meta.service[96168]: DEBUG oslo_db.sqlalchemy.engines [None req-200daedc-2fd5-4cb5-9420-74f45cc237f5 None None] MySQL server mode set to STRICT_TRANS_TABLES,STRICT_ALL_TABLES,NO_ZERO_IN_DATE,NO_ZERO_DATE,ERROR_FOR_DIVISION_BY_ZERO,TRADITIONAL,NO_ENGINE_SUBSTITUTION {{(pid=96168) _check_effective_sql_mode /opt/stack/data/venv/lib/python3.12/site-packages/oslo_db/sqlalchemy/engines.py:325}}
Jul 27 05:05:34.386158 np0000005876 devstack@n-api-meta.service[96170]: DEBUG oslo_db.sqlalchemy.engines [None req-2cf393dc-d61e-4e1c-9330-b95f76a6c9aa None None] MySQL server mode set to STRICT_TRANS_TABLES,STRICT_ALL_TABLES,NO_ZERO_IN_DATE,NO_ZERO_DATE,ERROR_FOR_DIVISION_BY_ZERO,TRADITIONAL,NO_ENGINE_SUBSTITUTION {{(pid=96170) _check_effective_sql_mode /opt/stack/data/venv/lib/python3.12/site-packages/oslo_db/sqlalchemy/engines.py:325}}
Jul 27 05:05:34.386814 np0000005876 devstack@n-api-meta.service[96169]: DEBUG dbcounter [-] [96169] Writer thread running {{(pid=96169) stat_writer /opt/stack/data/venv/lib/python3.12/site-packages/dbcounter.py:102}}
Jul 27 05:05:34.388159 np0000005876 devstack@n-api-meta.service[96168]: DEBUG dbcounter [-] [96168] Writer thread running {{(pid=96168) stat_writer /opt/stack/data/venv/lib/python3.12/site-packages/dbcounter.py:102}}
Jul 27 05:05:34.393402 np0000005876 devstack@n-api-meta.service[96169]: DEBUG dbcounter [-] [96169] Writer thread running {{(pid=96169) stat_writer /opt/stack/data/venv/lib/python3.12/site-packages/dbcounter.py:102}}
Jul 27 05:05:34.397089 np0000005876 devstack@n-api-meta.service[96171]: DEBUG oslo_db.sqlalchemy.engines [None req-2a09fa4c-373d-4ce4-980c-8f8404bdf2e5 None None] MySQL server mode set to STRICT_TRANS_TABLES,STRICT_ALL_TABLES,NO_ZERO_IN_DATE,NO_ZERO_DATE,ERROR_FOR_DIVISION_BY_ZERO,TRADITIONAL,NO_ENGINE_SUBSTITUTION {{(pid=96171) _check_effective_sql_mode /opt/stack/data/venv/lib/python3.12/site-packages/oslo_db/sqlalchemy/engines.py:325}}
Jul 27 05:05:34.398670 np0000005876 devstack@n-api-meta.service[96169]: INFO dbcounter [None req-16cf16b6-d000-4703-a734-117a8e2864ef None None] Registered counter for database nova_cell0
Jul 27 05:05:34.404451 np0000005876 devstack@n-api-meta.service[96170]: DEBUG oslo_db.sqlalchemy.engines [None req-2cf393dc-d61e-4e1c-9330-b95f76a6c9aa None None] MySQL server mode set to STRICT_TRANS_TABLES,STRICT_ALL_TABLES,NO_ZERO_IN_DATE,NO_ZERO_DATE,ERROR_FOR_DIVISION_BY_ZERO,TRADITIONAL,NO_ENGINE_SUBSTITUTION {{(pid=96170) _check_effective_sql_mode /opt/stack/data/venv/lib/python3.12/site-packages/oslo_db/sqlalchemy/engines.py:325}}
Jul 27 05:05:34.445255 np0000005876 devstack@n-api-meta.service[96168]: WARNING nova.api.metadata.handler [None req-200daedc-2fd5-4cb5-9420-74f45cc237f5 None None] metadata_proxy_shared_secret is not configured, the metadata information returned by the proxy cannot be trusted
Jul 27 05:05:34.445988 np0000005876 devstack@n-api-meta.service[96169]: DEBUG oslo_db.sqlalchemy.engines [None req-16cf16b6-d000-4703-a734-117a8e2864ef None None] MySQL server mode set to STRICT_TRANS_TABLES,STRICT_ALL_TABLES,NO_ZERO_IN_DATE,NO_ZERO_DATE,ERROR_FOR_DIVISION_BY_ZERO,TRADITIONAL,NO_ENGINE_SUBSTITUTION {{(pid=96169) _check_effective_sql_mode /opt/stack/data/venv/lib/python3.12/site-packages/oslo_db/sqlalchemy/engines.py:325}}
Jul 27 05:05:34.447505 np0000005876 devstack@n-api-meta.service[96168]: DEBUG nova.api.openstack.wsgi_app [None req-200daedc-2fd5-4cb5-9420-74f45cc237f5 None None] ******************************************************************************** {{(pid=96168) log_opt_values /opt/stack/data/venv/lib/python3.12/site-packages/oslo_config/cfg.py:3226}}
Jul 27 05:05:34.447613 np0000005876 devstack@n-api-meta.service[96168]: DEBUG nova.api.openstack.wsgi_app [None req-200daedc-2fd5-4cb5-9420-74f45cc237f5 None None] Configuration options gathered from: {{(pid=96168) log_opt_values /opt/stack/data/venv/lib/python3.12/site-packages/oslo_config/cfg.py:3227}}
Jul 27 05:05:34.447720 np0000005876 devstack@n-api-meta.service[96168]: DEBUG nova.api.openstack.wsgi_app [None req-200daedc-2fd5-4cb5-9420-74f45cc237f5 None None] command line args: [] {{(pid=96168) log_opt_values /opt/stack/data/venv/lib/python3.12/site-packages/oslo_config/cfg.py:3228}}
Jul 27 05:05:34.447948 np0000005876 devstack@n-api-meta.service[96168]: DEBUG nova.api.openstack.wsgi_app [None req-200daedc-2fd5-4cb5-9420-74f45cc237f5 None None] config files: ['/etc/nova/api-paste.ini', '/etc/nova/nova.conf'] {{(pid=96168) log_opt_values /opt/stack/data/venv/lib/python3.12/site-packages/oslo_config/cfg.py:3229}}
Jul 27 05:05:34.448118 np0000005876 devstack@n-api-meta.service[96168]: DEBUG nova.api.openstack.wsgi_app [None req-200daedc-2fd5-4cb5-9420-74f45cc237f5 None None] ================================================================================ {{(pid=96168) log_opt_values /opt/stack/data/venv/lib/python3.12/site-packages/oslo_config/cfg.py:3234}}
Jul 27 05:05:34.448271 np0000005876 devstack@n-api-meta.service[96168]: DEBUG nova.api.openstack.wsgi_app [None req-200daedc-2fd5-4cb5-9420-74f45cc237f5 None None] allow_resize_to_same_host = True {{(pid=96168) log_opt_values /opt/stack/data/venv/lib/python3.12/site-packages/oslo_config/cfg.py:3242}}
Jul 27 05:05:34.448427 np0000005876 devstack@n-api-meta.service[96168]: DEBUG nova.api.openstack.wsgi_app [None req-200daedc-2fd5-4cb5-9420-74f45cc237f5 None None] arq_binding_timeout = 300 {{(pid=96168) log_opt_values /opt/stack/data/venv/lib/python3.12/site-packages/oslo_config/cfg.py:3242}}
Jul 27 05:05:34.448587 np0000005876 devstack@n-api-meta.service[96168]: DEBUG nova.api.openstack.wsgi_app [None req-200daedc-2fd5-4cb5-9420-74f45cc237f5 None None] block_device_allocate_retries = 60 {{(pid=96168) log_opt_values /opt/stack/data/venv/lib/python3.12/site-packages/oslo_config/cfg.py:3242}}
Jul 27 05:05:34.449181 np0000005876 devstack@n-api-meta.service[96168]: DEBUG nova.api.openstack.wsgi_app [None req-200daedc-2fd5-4cb5-9420-74f45cc237f5 None None] block_device_allocate_retries_interval = 3 {{(pid=96168) log_opt_values /opt/stack/data/venv/lib/python3.12/site-packages/oslo_config/cfg.py:3242}}
Jul 27 05:05:34.449181 np0000005876 devstack@n-api-meta.service[96168]: DEBUG nova.api.openstack.wsgi_app [None req-200daedc-2fd5-4cb5-9420-74f45cc237f5 None None] cell_worker_thread_pool_size = 5 {{(pid=96168) log_opt_values /opt/stack/data/venv/lib/python3.12/site-packages/oslo_config/cfg.py:3242}}
Jul 27 05:05:34.449181 np0000005876 devstack@n-api-meta.service[96168]: DEBUG nova.api.openstack.wsgi_app [None req-200daedc-2fd5-4cb5-9420-74f45cc237f5 None None] cert = self.pem {{(pid=96168) log_opt_values /opt/stack/data/venv/lib/python3.12/site-packages/oslo_config/cfg.py:3242}}
Jul 27 05:05:34.449181 np0000005876 devstack@n-api-meta.service[96168]: DEBUG nova.api.openstack.wsgi_app [None req-200daedc-2fd5-4cb5-9420-74f45cc237f5 None None] compute_driver = libvirt.LibvirtDriver {{(pid=96168) log_opt_values /opt/stack/data/venv/lib/python3.12/site-packages/oslo_config/cfg.py:3242}}
Jul 27 05:05:34.449441 np0000005876 devstack@n-api-meta.service[96168]: DEBUG nova.api.openstack.wsgi_app [None req-200daedc-2fd5-4cb5-9420-74f45cc237f5 None None] compute_monitors = [] {{(pid=96168) log_opt_values /opt/stack/data/venv/lib/python3.12/site-packages/oslo_config/cfg.py:3242}}
Jul 27 05:05:34.449441 np0000005876 devstack@n-api-meta.service[96168]: DEBUG nova.api.openstack.wsgi_app [None req-200daedc-2fd5-4cb5-9420-74f45cc237f5 None None] concurrency_backend = auto {{(pid=96168) log_opt_values /opt/stack/data/venv/lib/python3.12/site-packages/oslo_config/cfg.py:3242}}
Jul 27 05:05:34.449615 np0000005876 devstack@n-api-meta.service[96168]: DEBUG nova.api.openstack.wsgi_app [None req-200daedc-2fd5-4cb5-9420-74f45cc237f5 None None] config_dir = [] {{(pid=96168) log_opt_values /opt/stack/data/venv/lib/python3.12/site-packages/oslo_config/cfg.py:3242}}
Jul 27 05:05:34.449771 np0000005876 devstack@n-api-meta.service[96168]: DEBUG nova.api.openstack.wsgi_app [None req-200daedc-2fd5-4cb5-9420-74f45cc237f5 None None] config_drive_format = iso9660 {{(pid=96168) log_opt_values /opt/stack/data/venv/lib/python3.12/site-packages/oslo_config/cfg.py:3242}}
Jul 27 05:05:34.449978 np0000005876 devstack@n-api-meta.service[96168]: DEBUG nova.api.openstack.wsgi_app [None req-200daedc-2fd5-4cb5-9420-74f45cc237f5 None None] config_file = ['/etc/nova/api-paste.ini', '/etc/nova/nova.conf'] {{(pid=96168) log_opt_values /opt/stack/data/venv/lib/python3.12/site-packages/oslo_config/cfg.py:3242}}
Jul 27 05:05:34.450236 np0000005876 devstack@n-api-meta.service[96168]: DEBUG nova.api.openstack.wsgi_app [None req-200daedc-2fd5-4cb5-9420-74f45cc237f5 None None] config_source = [] {{(pid=96168) log_opt_values /opt/stack/data/venv/lib/python3.12/site-packages/oslo_config/cfg.py:3242}}
Jul 27 05:05:34.450409 np0000005876 devstack@n-api-meta.service[96168]: DEBUG nova.api.openstack.wsgi_app [None req-200daedc-2fd5-4cb5-9420-74f45cc237f5 None None] console_host = np0000005876 {{(pid=96168) log_opt_values /opt/stack/data/venv/lib/python3.12/site-packages/oslo_config/cfg.py:3242}}
Jul 27 05:05:34.450629 np0000005876 devstack@n-api-meta.service[96168]: DEBUG nova.api.openstack.wsgi_app [None req-200daedc-2fd5-4cb5-9420-74f45cc237f5 None None] control_exchange = nova {{(pid=96168) log_opt_values /opt/stack/data/venv/lib/python3.12/site-packages/oslo_config/cfg.py:3242}}
Jul 27 05:05:34.450838 np0000005876 devstack@n-api-meta.service[96168]: DEBUG nova.api.openstack.wsgi_app [None req-200daedc-2fd5-4cb5-9420-74f45cc237f5 None None] cpu_allocation_ratio = None {{(pid=96168) log_opt_values /opt/stack/data/venv/lib/python3.12/site-packages/oslo_config/cfg.py:3242}}
Jul 27 05:05:34.451014 np0000005876 devstack@n-api-meta.service[96168]: DEBUG nova.api.openstack.wsgi_app [None req-200daedc-2fd5-4cb5-9420-74f45cc237f5 None None] daemon = False {{(pid=96168) log_opt_values /opt/stack/data/venv/lib/python3.12/site-packages/oslo_config/cfg.py:3242}}
Jul 27 05:05:34.451229 np0000005876 devstack@n-api-meta.service[96168]: DEBUG nova.api.openstack.wsgi_app [None req-200daedc-2fd5-4cb5-9420-74f45cc237f5 None None] debug = True {{(pid=96168) log_opt_values /opt/stack/data/venv/lib/python3.12/site-packages/oslo_config/cfg.py:3242}}
Jul 27 05:05:34.451367 np0000005876 devstack@n-api-meta.service[96168]: DEBUG nova.api.openstack.wsgi_app [None req-200daedc-2fd5-4cb5-9420-74f45cc237f5 None None] default_access_ip_network_name = None {{(pid=96168) log_opt_values /opt/stack/data/venv/lib/python3.12/site-packages/oslo_config/cfg.py:3242}}
Jul 27 05:05:34.451538 np0000005876 devstack@n-api-meta.service[96168]: DEBUG nova.api.openstack.wsgi_app [None req-200daedc-2fd5-4cb5-9420-74f45cc237f5 None None] default_availability_zone = nova {{(pid=96168) log_opt_values /opt/stack/data/venv/lib/python3.12/site-packages/oslo_config/cfg.py:3242}}
Jul 27 05:05:34.451675 np0000005876 devstack@n-api-meta.service[96168]: DEBUG nova.api.openstack.wsgi_app [None req-200daedc-2fd5-4cb5-9420-74f45cc237f5 None None] default_ephemeral_format = ext4 {{(pid=96168) log_opt_values /opt/stack/data/venv/lib/python3.12/site-packages/oslo_config/cfg.py:3242}}
Jul 27 05:05:34.451861 np0000005876 devstack@n-api-meta.service[96168]: DEBUG nova.api.openstack.wsgi_app [None req-200daedc-2fd5-4cb5-9420-74f45cc237f5 None None] default_green_pool_size = 1000 {{(pid=96168) log_opt_values /opt/stack/data/venv/lib/python3.12/site-packages/oslo_config/cfg.py:3242}}
Jul 27 05:05:34.452069 np0000005876 devstack@n-api-meta.service[96168]: DEBUG nova.api.openstack.wsgi_app [None req-200daedc-2fd5-4cb5-9420-74f45cc237f5 None None] default_log_levels = ['amqp=WARN', 'boto=WARN', 'sqlalchemy=WARN', 'suds=INFO', 'oslo.messaging=INFO', 'oslo_messaging=INFO', 'iso8601=WARN', 'requests.packages.urllib3.connectionpool=WARN', 'urllib3.connectionpool=WARN', 'websocket=WARN', 'requests.packages.urllib3.util.retry=WARN', 'urllib3.util.retry=WARN', 'keystonemiddleware=WARN', 'routes.middleware=WARN', 'stevedore=WARN', 'taskflow=WARN', 'keystoneauth=WARN', 'oslo.cache=INFO', 'oslo_policy=INFO', 'dogpile.core.dogpile=INFO', 'glanceclient=WARN', 'oslo.privsep.daemon=INFO'] {{(pid=96168) log_opt_values /opt/stack/data/venv/lib/python3.12/site-packages/oslo_config/cfg.py:3242}}
Jul 27 05:05:34.452315 np0000005876 devstack@n-api-meta.service[96168]: DEBUG nova.api.openstack.wsgi_app [None req-200daedc-2fd5-4cb5-9420-74f45cc237f5 None None] default_schedule_zone = None {{(pid=96168) log_opt_values /opt/stack/data/venv/lib/python3.12/site-packages/oslo_config/cfg.py:3242}}
Jul 27 05:05:34.452391 np0000005876 devstack@n-api-meta.service[96168]: DEBUG nova.api.openstack.wsgi_app [None req-200daedc-2fd5-4cb5-9420-74f45cc237f5 None None] default_thread_pool_size = 10 {{(pid=96168) log_opt_values /opt/stack/data/venv/lib/python3.12/site-packages/oslo_config/cfg.py:3242}}
Jul 27 05:05:34.452557 np0000005876 devstack@n-api-meta.service[96168]: DEBUG nova.api.openstack.wsgi_app [None req-200daedc-2fd5-4cb5-9420-74f45cc237f5 None None] disk_allocation_ratio = None {{(pid=96168) log_opt_values /opt/stack/data/venv/lib/python3.12/site-packages/oslo_config/cfg.py:3242}}
Jul 27 05:05:34.452670 np0000005876 devstack@n-api-meta.service[96168]: DEBUG nova.api.openstack.wsgi_app [None req-200daedc-2fd5-4cb5-9420-74f45cc237f5 None None] enable_new_services = True {{(pid=96168) log_opt_values /opt/stack/data/venv/lib/python3.12/site-packages/oslo_config/cfg.py:3242}}
Jul 27 05:05:34.452842 np0000005876 devstack@n-api-meta.service[96168]: DEBUG nova.api.openstack.wsgi_app [None req-200daedc-2fd5-4cb5-9420-74f45cc237f5 None None] flat_injected = False {{(pid=96168) log_opt_values /opt/stack/data/venv/lib/python3.12/site-packages/oslo_config/cfg.py:3242}}
Jul 27 05:05:34.453034 np0000005876 devstack@n-api-meta.service[96168]: DEBUG nova.api.openstack.wsgi_app [None req-200daedc-2fd5-4cb5-9420-74f45cc237f5 None None] force_config_drive = True {{(pid=96168) log_opt_values /opt/stack/data/venv/lib/python3.12/site-packages/oslo_config/cfg.py:3242}}
Jul 27 05:05:34.453245 np0000005876 devstack@n-api-meta.service[96168]: DEBUG nova.api.openstack.wsgi_app [None req-200daedc-2fd5-4cb5-9420-74f45cc237f5 None None] force_raw_images = True {{(pid=96168) log_opt_values /opt/stack/data/venv/lib/python3.12/site-packages/oslo_config/cfg.py:3242}}
Jul 27 05:05:34.453433 np0000005876 devstack@n-api-meta.service[96168]: DEBUG nova.api.openstack.wsgi_app [None req-200daedc-2fd5-4cb5-9420-74f45cc237f5 None None] graceful_shutdown_timeout = 5 {{(pid=96168) log_opt_values /opt/stack/data/venv/lib/python3.12/site-packages/oslo_config/cfg.py:3242}}
Jul 27 05:05:34.453602 np0000005876 devstack@n-api-meta.service[96168]: DEBUG nova.api.openstack.wsgi_app [None req-200daedc-2fd5-4cb5-9420-74f45cc237f5 None None] heal_instance_info_cache_interval = -1 {{(pid=96168) log_opt_values /opt/stack/data/venv/lib/python3.12/site-packages/oslo_config/cfg.py:3242}}
Jul 27 05:05:34.453872 np0000005876 devstack@n-api-meta.service[96168]: DEBUG nova.api.openstack.wsgi_app [None req-200daedc-2fd5-4cb5-9420-74f45cc237f5 None None] host = np0000005876 {{(pid=96168) log_opt_values /opt/stack/data/venv/lib/python3.12/site-packages/oslo_config/cfg.py:3242}}
Jul 27 05:05:34.454050 np0000005876 devstack@n-api-meta.service[96168]: DEBUG nova.api.openstack.wsgi_app [None req-200daedc-2fd5-4cb5-9420-74f45cc237f5 None None] initial_cpu_allocation_ratio = 4.0 {{(pid=96168) log_opt_values /opt/stack/data/venv/lib/python3.12/site-packages/oslo_config/cfg.py:3242}}
Jul 27 05:05:34.454238 np0000005876 devstack@n-api-meta.service[96168]: DEBUG nova.api.openstack.wsgi_app [None req-200daedc-2fd5-4cb5-9420-74f45cc237f5 None None] initial_disk_allocation_ratio = 1.0 {{(pid=96168) log_opt_values /opt/stack/data/venv/lib/python3.12/site-packages/oslo_config/cfg.py:3242}}
Jul 27 05:05:34.454408 np0000005876 devstack@n-api-meta.service[96168]: DEBUG nova.api.openstack.wsgi_app [None req-200daedc-2fd5-4cb5-9420-74f45cc237f5 None None] initial_ram_allocation_ratio = 1.0 {{(pid=96168) log_opt_values /opt/stack/data/venv/lib/python3.12/site-packages/oslo_config/cfg.py:3242}}
Jul 27 05:05:34.454642 np0000005876 devstack@n-api-meta.service[96168]: DEBUG nova.api.openstack.wsgi_app [None req-200daedc-2fd5-4cb5-9420-74f45cc237f5 None None] injected_network_template = /opt/stack/nova/nova/virt/interfaces.template {{(pid=96168) log_opt_values /opt/stack/data/venv/lib/python3.12/site-packages/oslo_config/cfg.py:3242}}
Jul 27 05:05:34.454829 np0000005876 devstack@n-api-meta.service[96168]: DEBUG nova.api.openstack.wsgi_app [None req-200daedc-2fd5-4cb5-9420-74f45cc237f5 None None] instance_build_timeout = 0 {{(pid=96168) log_opt_values /opt/stack/data/venv/lib/python3.12/site-packages/oslo_config/cfg.py:3242}}
Jul 27 05:05:34.454998 np0000005876 devstack@n-api-meta.service[96168]: DEBUG nova.api.openstack.wsgi_app [None req-200daedc-2fd5-4cb5-9420-74f45cc237f5 None None] instance_delete_interval = 300 {{(pid=96168) log_opt_values /opt/stack/data/venv/lib/python3.12/site-packages/oslo_config/cfg.py:3242}}
Jul 27 05:05:34.455184 np0000005876 devstack@n-api-meta.service[96168]: DEBUG nova.api.openstack.wsgi_app [None req-200daedc-2fd5-4cb5-9420-74f45cc237f5 None None] instance_format = [instance: %(uuid)s] {{(pid=96168) log_opt_values /opt/stack/data/venv/lib/python3.12/site-packages/oslo_config/cfg.py:3242}}
Jul 27 05:05:34.455359 np0000005876 devstack@n-api-meta.service[96168]: DEBUG nova.api.openstack.wsgi_app [None req-200daedc-2fd5-4cb5-9420-74f45cc237f5 None None] instance_name_template = instance-%08x {{(pid=96168) log_opt_values /opt/stack/data/venv/lib/python3.12/site-packages/oslo_config/cfg.py:3242}}
Jul 27 05:05:34.455493 np0000005876 devstack@n-api-meta.service[96169]: DEBUG dbcounter [-] [96169] Writer thread running {{(pid=96169) stat_writer /opt/stack/data/venv/lib/python3.12/site-packages/dbcounter.py:102}}
Jul 27 05:05:34.455636 np0000005876 devstack@n-api-meta.service[96168]: DEBUG nova.api.openstack.wsgi_app [None req-200daedc-2fd5-4cb5-9420-74f45cc237f5 None None] instance_usage_audit = False {{(pid=96168) log_opt_values /opt/stack/data/venv/lib/python3.12/site-packages/oslo_config/cfg.py:3242}}
Jul 27 05:05:34.455724 np0000005876 devstack@n-api-meta.service[96168]: DEBUG nova.api.openstack.wsgi_app [None req-200daedc-2fd5-4cb5-9420-74f45cc237f5 None None] instance_usage_audit_period = month {{(pid=96168) log_opt_values /opt/stack/data/venv/lib/python3.12/site-packages/oslo_config/cfg.py:3242}}
Jul 27 05:05:34.455911 np0000005876 devstack@n-api-meta.service[96168]: DEBUG nova.api.openstack.wsgi_app [None req-200daedc-2fd5-4cb5-9420-74f45cc237f5 None None] instance_uuid_format = [instance: %(uuid)s] {{(pid=96168) log_opt_values /opt/stack/data/venv/lib/python3.12/site-packages/oslo_config/cfg.py:3242}}
Jul 27 05:05:34.456083 np0000005876 devstack@n-api-meta.service[96168]: DEBUG nova.api.openstack.wsgi_app [None req-200daedc-2fd5-4cb5-9420-74f45cc237f5 None None] instances_path = /opt/stack/data/nova/instances {{(pid=96168) log_opt_values /opt/stack/data/venv/lib/python3.12/site-packages/oslo_config/cfg.py:3242}}
Jul 27 05:05:34.456438 np0000005876 devstack@n-api-meta.service[96168]: DEBUG nova.api.openstack.wsgi_app [None req-200daedc-2fd5-4cb5-9420-74f45cc237f5 None None] internal_service_availability_zone = internal {{(pid=96168) log_opt_values /opt/stack/data/venv/lib/python3.12/site-packages/oslo_config/cfg.py:3242}}
Jul 27 05:05:34.456506 np0000005876 devstack@n-api-meta.service[96168]: DEBUG nova.api.openstack.wsgi_app [None req-200daedc-2fd5-4cb5-9420-74f45cc237f5 None None] key = None {{(pid=96168) log_opt_values /opt/stack/data/venv/lib/python3.12/site-packages/oslo_config/cfg.py:3242}}
Jul 27 05:05:34.456673 np0000005876 devstack@n-api-meta.service[96168]: DEBUG nova.api.openstack.wsgi_app [None req-200daedc-2fd5-4cb5-9420-74f45cc237f5 None None] live_migration_retry_count = 30 {{(pid=96168) log_opt_values /opt/stack/data/venv/lib/python3.12/site-packages/oslo_config/cfg.py:3242}}
Jul 27 05:05:34.456882 np0000005876 devstack@n-api-meta.service[96168]: DEBUG nova.api.openstack.wsgi_app [None req-200daedc-2fd5-4cb5-9420-74f45cc237f5 None None] log_color = False {{(pid=96168) log_opt_values /opt/stack/data/venv/lib/python3.12/site-packages/oslo_config/cfg.py:3242}}
Jul 27 05:05:34.457074 np0000005876 devstack@n-api-meta.service[96168]: DEBUG nova.api.openstack.wsgi_app [None req-200daedc-2fd5-4cb5-9420-74f45cc237f5 None None] log_config_append = None {{(pid=96168) log_opt_values /opt/stack/data/venv/lib/python3.12/site-packages/oslo_config/cfg.py:3242}}
Jul 27 05:05:34.457294 np0000005876 devstack@n-api-meta.service[96168]: DEBUG nova.api.openstack.wsgi_app [None req-200daedc-2fd5-4cb5-9420-74f45cc237f5 None None] log_date_format = %Y-%m-%d %H:%M:%S {{(pid=96168) log_opt_values /opt/stack/data/venv/lib/python3.12/site-packages/oslo_config/cfg.py:3242}}
Jul 27 05:05:34.457486 np0000005876 devstack@n-api-meta.service[96168]: DEBUG nova.api.openstack.wsgi_app [None req-200daedc-2fd5-4cb5-9420-74f45cc237f5 None None] log_dir = None {{(pid=96168) log_opt_values /opt/stack/data/venv/lib/python3.12/site-packages/oslo_config/cfg.py:3242}}
Jul 27 05:05:34.457638 np0000005876 devstack@n-api-meta.service[96168]: DEBUG nova.api.openstack.wsgi_app [None req-200daedc-2fd5-4cb5-9420-74f45cc237f5 None None] log_file = None {{(pid=96168) log_opt_values /opt/stack/data/venv/lib/python3.12/site-packages/oslo_config/cfg.py:3242}}
Jul 27 05:05:34.457807 np0000005876 devstack@n-api-meta.service[96168]: DEBUG nova.api.openstack.wsgi_app [None req-200daedc-2fd5-4cb5-9420-74f45cc237f5 None None] log_options = True {{(pid=96168) log_opt_values /opt/stack/data/venv/lib/python3.12/site-packages/oslo_config/cfg.py:3242}}
Jul 27 05:05:34.458134 np0000005876 devstack@n-api-meta.service[96168]: DEBUG nova.api.openstack.wsgi_app [None req-200daedc-2fd5-4cb5-9420-74f45cc237f5 None None] log_rotate_interval = 1 {{(pid=96168) log_opt_values /opt/stack/data/venv/lib/python3.12/site-packages/oslo_config/cfg.py:3242}}
Jul 27 05:05:34.458134 np0000005876 devstack@n-api-meta.service[96168]: DEBUG nova.api.openstack.wsgi_app [None req-200daedc-2fd5-4cb5-9420-74f45cc237f5 None None] log_rotate_interval_type = days {{(pid=96168) log_opt_values /opt/stack/data/venv/lib/python3.12/site-packages/oslo_config/cfg.py:3242}}
Jul 27 05:05:34.458343 np0000005876 devstack@n-api-meta.service[96168]: DEBUG nova.api.openstack.wsgi_app [None req-200daedc-2fd5-4cb5-9420-74f45cc237f5 None None] log_rotation_type = none {{(pid=96168) log_opt_values /opt/stack/data/venv/lib/python3.12/site-packages/oslo_config/cfg.py:3242}}
Jul 27 05:05:34.458516 np0000005876 devstack@n-api-meta.service[96168]: DEBUG nova.api.openstack.wsgi_app [None req-200daedc-2fd5-4cb5-9420-74f45cc237f5 None None] logging_context_format_string = %(color)s%(levelname)s %(name)s [%(global_request_id)s %(request_id)s %(project_name)s %(user_name)s%(color)s] %(instance)s%(color)s%(message)s {{(pid=96168) log_opt_values /opt/stack/data/venv/lib/python3.12/site-packages/oslo_config/cfg.py:3242}}
Jul 27 05:05:34.458673 np0000005876 devstack@n-api-meta.service[96168]: DEBUG nova.api.openstack.wsgi_app [None req-200daedc-2fd5-4cb5-9420-74f45cc237f5 None None] logging_debug_format_suffix = {{(pid=%(process)d) %(funcName)s %(pathname)s:%(lineno)d}} {{(pid=96168) log_opt_values /opt/stack/data/venv/lib/python3.12/site-packages/oslo_config/cfg.py:3242}}
Jul 27 05:05:34.458864 np0000005876 devstack@n-api-meta.service[96168]: DEBUG nova.api.openstack.wsgi_app [None req-200daedc-2fd5-4cb5-9420-74f45cc237f5 None None] logging_default_format_string = %(color)s%(levelname)s %(name)s [-%(color)s] %(instance)s%(color)s%(message)s {{(pid=96168) log_opt_values /opt/stack/data/venv/lib/python3.12/site-packages/oslo_config/cfg.py:3242}}
Jul 27 05:05:34.459050 np0000005876 devstack@n-api-meta.service[96168]: DEBUG nova.api.openstack.wsgi_app [None req-200daedc-2fd5-4cb5-9420-74f45cc237f5 None None] logging_exception_prefix = ERROR %(name)s %(instance)s {{(pid=96168) log_opt_values /opt/stack/data/venv/lib/python3.12/site-packages/oslo_config/cfg.py:3242}}
Jul 27 05:05:34.459230 np0000005876 devstack@n-api-meta.service[96168]: DEBUG nova.api.openstack.wsgi_app [None req-200daedc-2fd5-4cb5-9420-74f45cc237f5 None None] logging_user_identity_format = %(user)s %(project)s %(domain)s %(system_scope)s %(user_domain)s %(project_domain)s {{(pid=96168) log_opt_values /opt/stack/data/venv/lib/python3.12/site-packages/oslo_config/cfg.py:3242}}
Jul 27 05:05:34.459433 np0000005876 devstack@n-api-meta.service[96168]: DEBUG nova.api.openstack.wsgi_app [None req-200daedc-2fd5-4cb5-9420-74f45cc237f5 None None] long_rpc_timeout = 1800 {{(pid=96168) log_opt_values /opt/stack/data/venv/lib/python3.12/site-packages/oslo_config/cfg.py:3242}}
Jul 27 05:05:34.459606 np0000005876 devstack@n-api-meta.service[96168]: DEBUG nova.api.openstack.wsgi_app [None req-200daedc-2fd5-4cb5-9420-74f45cc237f5 None None] manager_shutdown_timeout = 160 {{(pid=96168) log_opt_values /opt/stack/data/venv/lib/python3.12/site-packages/oslo_config/cfg.py:3242}}
Jul 27 05:05:34.459878 np0000005876 devstack@n-api-meta.service[96168]: DEBUG nova.api.openstack.wsgi_app [None req-200daedc-2fd5-4cb5-9420-74f45cc237f5 None None] max_concurrent_builds = 10 {{(pid=96168) log_opt_values /opt/stack/data/venv/lib/python3.12/site-packages/oslo_config/cfg.py:3242}}
Jul 27 05:05:34.459994 np0000005876 devstack@n-api-meta.service[96168]: DEBUG nova.api.openstack.wsgi_app [None req-200daedc-2fd5-4cb5-9420-74f45cc237f5 None None] max_concurrent_live_migrations = 1 {{(pid=96168) log_opt_values /opt/stack/data/venv/lib/python3.12/site-packages/oslo_config/cfg.py:3242}}
