Jul 27 05:08:27.083807 np0000005876 devstack@n-api.service[87611]: INFO nova.api.openstack.requestlog [req-681fbba7-9360-43ee-a4fd-09659a20bb20 req-4ec1ceee-0333-406a-af43-c89ad427572b service nova] 10.4.3.53 "POST /compute/v2.1/os-server-external-events" status: 200 len: 183 microversion: 2.1 time: 0.030919
Jul 27 05:08:27.084510 np0000005876 devstack@n-api.service[87611]: [pid: 87611|app: 0|req: 13/52] 10.4.3.53 () {72 vars in 1425 bytes} [Mon Jul 27 05:08:27 2026] POST /compute/v2.1/os-server-external-events => generated 183 bytes in 33 msecs (HTTP/1.1 200) 9 headers in 357 bytes (1 switches on core 0)
Jul 27 05:08:27.404443 np0000005876 devstack@n-api.service[87614]: DEBUG nova.api.openstack.wsgi [None req-cc5d3683-3bc6-4d86-823a-cc92091d661f tempest-ServerRescueNegativeTestJSON-1967321828 tempest-ServerRescueNegativeTestJSON-1967321828-project-member] Calling method '>' {{(pid=87614) _process_stack /opt/stack/nova/nova/api/openstack/wsgi.py:551}}
Jul 27 05:08:27.404443 np0000005876 devstack@n-api.service[87614]: DEBUG nova.compute.api [None req-cc5d3683-3bc6-4d86-823a-cc92091d661f tempest-ServerRescueNegativeTestJSON-1967321828 tempest-ServerRescueNegativeTestJSON-1967321828-project-member] [instance: c824ef71-0e04-44d9-ab09-c01c6c896a06] Fetching instance by UUID {{(pid=87614) get /opt/stack/nova/nova/compute/api.py:3068}}
Jul 27 05:08:27.418433 np0000005876 devstack@n-api.service[87614]: DEBUG oslo_concurrency.lockutils [None req-cc5d3683-3bc6-4d86-823a-cc92091d661f tempest-ServerRescueNegativeTestJSON-1967321828 tempest-ServerRescueNegativeTestJSON-1967321828-project-member] Acquiring lock "59f4c74e-432b-41bb-a4a1-e47207819f1a" by "nova.context.set_target_cell..get_or_set_cached_cell_and_set_connections" {{(pid=87614) inner /opt/stack/data/venv/lib/python3.12/site-packages/oslo_concurrency/lockutils.py:512}}
Jul 27 05:08:27.418874 np0000005876 devstack@n-api.service[87614]: DEBUG oslo_concurrency.lockutils [None req-cc5d3683-3bc6-4d86-823a-cc92091d661f tempest-ServerRescueNegativeTestJSON-1967321828 tempest-ServerRescueNegativeTestJSON-1967321828-project-member] Lock "59f4c74e-432b-41bb-a4a1-e47207819f1a" acquired by "nova.context.set_target_cell..get_or_set_cached_cell_and_set_connections" :: waited 0.001s {{(pid=87614) inner /opt/stack/data/venv/lib/python3.12/site-packages/oslo_concurrency/lockutils.py:525}}
Jul 27 05:08:27.419211 np0000005876 devstack@n-api.service[87614]: DEBUG oslo_concurrency.lockutils [None req-cc5d3683-3bc6-4d86-823a-cc92091d661f tempest-ServerRescueNegativeTestJSON-1967321828 tempest-ServerRescueNegativeTestJSON-1967321828-project-member] Lock "59f4c74e-432b-41bb-a4a1-e47207819f1a" "released" by "nova.context.set_target_cell..get_or_set_cached_cell_and_set_connections" :: held 0.000s {{(pid=87614) inner /opt/stack/data/venv/lib/python3.12/site-packages/oslo_concurrency/lockutils.py:544}}
Jul 27 05:08:27.419865 np0000005876 devstack@n-api.service[87614]: DEBUG oslo_concurrency.lockutils [None req-cc5d3683-3bc6-4d86-823a-cc92091d661f tempest-ServerRescueNegativeTestJSON-1967321828 tempest-ServerRescueNegativeTestJSON-1967321828-project-member] Acquiring lock "59f4c74e-432b-41bb-a4a1-e47207819f1a" by "nova.context.set_target_cell..get_or_set_cached_cell_and_set_connections" {{(pid=87614) inner /opt/stack/data/venv/lib/python3.12/site-packages/oslo_concurrency/lockutils.py:512}}
Jul 27 05:08:27.422249 np0000005876 devstack@n-api.service[87614]: DEBUG oslo_concurrency.lockutils [None req-cc5d3683-3bc6-4d86-823a-cc92091d661f tempest-ServerRescueNegativeTestJSON-1967321828 tempest-ServerRescueNegativeTestJSON-1967321828-project-member] Lock "59f4c74e-432b-41bb-a4a1-e47207819f1a" acquired by "nova.context.set_target_cell..get_or_set_cached_cell_and_set_connections" :: waited 0.000s {{(pid=87614) inner /opt/stack/data/venv/lib/python3.12/site-packages/oslo_concurrency/lockutils.py:525}}
Jul 27 05:08:27.422892 np0000005876 devstack@n-api.service[87614]: DEBUG oslo_concurrency.lockutils [None req-cc5d3683-3bc6-4d86-823a-cc92091d661f tempest-ServerRescueNegativeTestJSON-1967321828 tempest-ServerRescueNegativeTestJSON-1967321828-project-member] Lock "59f4c74e-432b-41bb-a4a1-e47207819f1a" "released" by "nova.context.set_target_cell..get_or_set_cached_cell_and_set_connections" :: held 0.002s {{(pid=87614) inner /opt/stack/data/venv/lib/python3.12/site-packages/oslo_concurrency/lockutils.py:544}}
Jul 27 05:08:27.447066 np0000005876 devstack@n-api.service[87614]: WARNING neutronclient.v2_0.client [None req-cc5d3683-3bc6-4d86-823a-cc92091d661f tempest-ServerRescueNegativeTestJSON-1967321828 tempest-ServerRescueNegativeTestJSON-1967321828-project-member] The python binding code in neutronclient is deprecated in favor of OpenstackSDK, please use that as this will be removed in a future release.
Jul 27 05:08:27.905984 np0000005876 devstack@n-api.service[87611]: DEBUG nova.api.openstack.wsgi [req-c325c7f1-270a-4e0f-a133-1a5f2b23596f req-97b82780-eb8b-4fff-a00f-e0a279ecc172 service nova] Action: 'create', calling method: >, body: {"events": [{"server_uuid": "2185a621-097e-48a5-b968-8ced9f2ddd13", "name": "network-vif-plugged", "status": "completed", "tag": "3b43bdbd-c191-439e-98c0-0e6909d4d772"}]} {{(pid=87611) _process_stack /opt/stack/nova/nova/api/openstack/wsgi.py:549}}
Jul 27 05:08:27.907005 np0000005876 devstack@n-api.service[87613]: DEBUG nova.api.openstack.wsgi [None req-ab8f9971-3bcb-4a5f-9d64-022675e0179f tempest-DeleteServersTestJSON-723503683 tempest-DeleteServersTestJSON-723503683-project-member] Calling method '>' {{(pid=87613) _process_stack /opt/stack/nova/nova/api/openstack/wsgi.py:551}}
Jul 27 05:08:27.909078 np0000005876 devstack@n-api.service[87613]: DEBUG nova.compute.api [None req-ab8f9971-3bcb-4a5f-9d64-022675e0179f tempest-DeleteServersTestJSON-723503683 tempest-DeleteServersTestJSON-723503683-project-member] [instance: e3b703c3-5998-43b4-8dc8-394031e72405] Fetching instance by UUID {{(pid=87613) get /opt/stack/nova/nova/compute/api.py:3068}}
Jul 27 05:08:27.912228 np0000005876 devstack@n-api.service[87611]: DEBUG oslo_concurrency.lockutils [req-c325c7f1-270a-4e0f-a133-1a5f2b23596f req-97b82780-eb8b-4fff-a00f-e0a279ecc172 service nova] Acquiring lock "59f4c74e-432b-41bb-a4a1-e47207819f1a" by "nova.context.set_target_cell..get_or_set_cached_cell_and_set_connections" {{(pid=87611) inner /opt/stack/data/venv/lib/python3.12/site-packages/oslo_concurrency/lockutils.py:512}}
Jul 27 05:08:27.912468 np0000005876 devstack@n-api.service[87611]: DEBUG oslo_concurrency.lockutils [req-c325c7f1-270a-4e0f-a133-1a5f2b23596f req-97b82780-eb8b-4fff-a00f-e0a279ecc172 service nova] Lock "59f4c74e-432b-41bb-a4a1-e47207819f1a" acquired by "nova.context.set_target_cell..get_or_set_cached_cell_and_set_connections" :: waited 0.000s {{(pid=87611) inner /opt/stack/data/venv/lib/python3.12/site-packages/oslo_concurrency/lockutils.py:525}}
Jul 27 05:08:27.912534 np0000005876 devstack@n-api.service[87611]: DEBUG oslo_concurrency.lockutils [req-c325c7f1-270a-4e0f-a133-1a5f2b23596f req-97b82780-eb8b-4fff-a00f-e0a279ecc172 service nova] Lock "59f4c74e-432b-41bb-a4a1-e47207819f1a" "released" by "nova.context.set_target_cell..get_or_set_cached_cell_and_set_connections" :: held 0.000s {{(pid=87611) inner /opt/stack/data/venv/lib/python3.12/site-packages/oslo_concurrency/lockutils.py:544}}
Jul 27 05:08:27.917722 np0000005876 devstack@n-api.service[87613]: DEBUG oslo_concurrency.lockutils [None req-ab8f9971-3bcb-4a5f-9d64-022675e0179f tempest-DeleteServersTestJSON-723503683 tempest-DeleteServersTestJSON-723503683-project-member] Acquiring lock "59f4c74e-432b-41bb-a4a1-e47207819f1a" by "nova.context.set_target_cell..get_or_set_cached_cell_and_set_connections" {{(pid=87613) inner /opt/stack/data/venv/lib/python3.12/site-packages/oslo_concurrency/lockutils.py:512}}
Jul 27 05:08:27.918054 np0000005876 devstack@n-api.service[87613]: DEBUG oslo_concurrency.lockutils [None req-ab8f9971-3bcb-4a5f-9d64-022675e0179f tempest-DeleteServersTestJSON-723503683 tempest-DeleteServersTestJSON-723503683-project-member] Lock "59f4c74e-432b-41bb-a4a1-e47207819f1a" acquired by "nova.context.set_target_cell..get_or_set_cached_cell_and_set_connections" :: waited 0.000s {{(pid=87613) inner /opt/stack/data/venv/lib/python3.12/site-packages/oslo_concurrency/lockutils.py:525}}
Jul 27 05:08:27.918314 np0000005876 devstack@n-api.service[87613]: DEBUG oslo_concurrency.lockutils [None req-ab8f9971-3bcb-4a5f-9d64-022675e0179f tempest-DeleteServersTestJSON-723503683 tempest-DeleteServersTestJSON-723503683-project-member] Lock "59f4c74e-432b-41bb-a4a1-e47207819f1a" "released" by "nova.context.set_target_cell..get_or_set_cached_cell_and_set_connections" :: held 0.000s {{(pid=87613) inner /opt/stack/data/venv/lib/python3.12/site-packages/oslo_concurrency/lockutils.py:544}}
Jul 27 05:08:27.918862 np0000005876 devstack@n-api.service[87613]: DEBUG oslo_concurrency.lockutils [None req-ab8f9971-3bcb-4a5f-9d64-022675e0179f tempest-DeleteServersTestJSON-723503683 tempest-DeleteServersTestJSON-723503683-project-member] Acquiring lock "59f4c74e-432b-41bb-a4a1-e47207819f1a" by "nova.context.set_target_cell..get_or_set_cached_cell_and_set_connections" {{(pid=87613) inner /opt/stack/data/venv/lib/python3.12/site-packages/oslo_concurrency/lockutils.py:512}}
Jul 27 05:08:27.919274 np0000005876 devstack@n-api.service[87613]: DEBUG oslo_concurrency.lockutils [None req-ab8f9971-3bcb-4a5f-9d64-022675e0179f tempest-DeleteServersTestJSON-723503683 tempest-DeleteServersTestJSON-723503683-project-member] Lock "59f4c74e-432b-41bb-a4a1-e47207819f1a" acquired by "nova.context.set_target_cell..get_or_set_cached_cell_and_set_connections" :: waited 0.000s {{(pid=87613) inner /opt/stack/data/venv/lib/python3.12/site-packages/oslo_concurrency/lockutils.py:525}}
Jul 27 05:08:27.921682 np0000005876 devstack@n-api.service[87613]: DEBUG oslo_concurrency.lockutils [None req-ab8f9971-3bcb-4a5f-9d64-022675e0179f tempest-DeleteServersTestJSON-723503683 tempest-DeleteServersTestJSON-723503683-project-member] Lock "59f4c74e-432b-41bb-a4a1-e47207819f1a" "released" by "nova.context.set_target_cell..get_or_set_cached_cell_and_set_connections" :: held 0.000s {{(pid=87613) inner /opt/stack/data/venv/lib/python3.12/site-packages/oslo_concurrency/lockutils.py:544}}
Jul 27 05:08:27.925063 np0000005876 devstack@n-api.service[87611]: INFO nova.api.openstack.compute.server_external_events [req-c325c7f1-270a-4e0f-a133-1a5f2b23596f req-97b82780-eb8b-4fff-a00f-e0a279ecc172 service nova] Creating event network-vif-plugged:3b43bdbd-c191-439e-98c0-0e6909d4d772 for instance 2185a621-097e-48a5-b968-8ced9f2ddd13 on np0000005876
Jul 27 05:08:27.925431 np0000005876 devstack@n-api.service[87611]: DEBUG nova.compute.rpcapi [req-c325c7f1-270a-4e0f-a133-1a5f2b23596f req-97b82780-eb8b-4fff-a00f-e0a279ecc172 service nova] RPC: Sending the message to topic: compute-alt {{(pid=87611) prepare_for_alt_rpcserver /opt/stack/nova/nova/compute/rpcapi.py:595}}
Jul 27 05:08:27.930370 np0000005876 devstack@n-api.service[87611]: INFO nova.api.openstack.requestlog [req-c325c7f1-270a-4e0f-a133-1a5f2b23596f req-97b82780-eb8b-4fff-a00f-e0a279ecc172 service nova] 10.4.3.53 "POST /compute/v2.1/os-server-external-events" status: 200 len: 183 microversion: 2.1 time: 0.026900
Jul 27 05:08:27.930651 np0000005876 devstack@n-api.service[87611]: [pid: 87611|app: 0|req: 14/53] 10.4.3.53 () {72 vars in 1425 bytes} [Mon Jul 27 05:08:27 2026] POST /compute/v2.1/os-server-external-events => generated 183 bytes in 28 msecs (HTTP/1.1 200) 9 headers in 357 bytes (1 switches on core 0)
Jul 27 05:08:27.941974 np0000005876 devstack@n-api.service[87613]: WARNING neutronclient.v2_0.client [None req-ab8f9971-3bcb-4a5f-9d64-022675e0179f tempest-DeleteServersTestJSON-723503683 tempest-DeleteServersTestJSON-723503683-project-member] The python binding code in neutronclient is deprecated in favor of OpenstackSDK, please use that as this will be removed in a future release.
Jul 27 05:08:28.251162 np0000005876 devstack@n-api.service[87611]: DEBUG nova.api.openstack.wsgi [req-0d213e83-f399-4d1d-9e30-b1200f8ec140 req-4e66ac39-2c51-4f64-b086-60a206f20194 service nova] Action: 'create', calling method: >, body: {"events": [{"server_uuid": "c824ef71-0e04-44d9-ab09-c01c6c896a06", "name": "network-vif-plugged", "status": "completed", "tag": "f4674335-7f7a-46e0-aa68-7d62831e9fc7"}, {"server_uuid": "c824ef71-0e04-44d9-ab09-c01c6c896a06", "name": "network-vif-plugged", "status": "completed", "tag": "f4674335-7f7a-46e0-aa68-7d62831e9fc7"}]} {{(pid=87611) _process_stack /opt/stack/nova/nova/api/openstack/wsgi.py:549}}
Jul 27 05:08:28.257281 np0000005876 devstack@n-api.service[87611]: DEBUG oslo_concurrency.lockutils [req-0d213e83-f399-4d1d-9e30-b1200f8ec140 req-4e66ac39-2c51-4f64-b086-60a206f20194 service nova] Acquiring lock "59f4c74e-432b-41bb-a4a1-e47207819f1a" by "nova.context.set_target_cell..get_or_set_cached_cell_and_set_connections" {{(pid=87611) inner /opt/stack/data/venv/lib/python3.12/site-packages/oslo_concurrency/lockutils.py:512}}
Jul 27 05:08:28.257608 np0000005876 devstack@n-api.service[87611]: DEBUG oslo_concurrency.lockutils [req-0d213e83-f399-4d1d-9e30-b1200f8ec140 req-4e66ac39-2c51-4f64-b086-60a206f20194 service nova] Lock "59f4c74e-432b-41bb-a4a1-e47207819f1a" acquired by "nova.context.set_target_cell..get_or_set_cached_cell_and_set_connections" :: waited 0.000s {{(pid=87611) inner /opt/stack/data/venv/lib/python3.12/site-packages/oslo_concurrency/lockutils.py:525}}
Jul 27 05:08:28.257884 np0000005876 devstack@n-api.service[87611]: DEBUG oslo_concurrency.lockutils [req-0d213e83-f399-4d1d-9e30-b1200f8ec140 req-4e66ac39-2c51-4f64-b086-60a206f20194 service nova] Lock "59f4c74e-432b-41bb-a4a1-e47207819f1a" "released" by "nova.context.set_target_cell..get_or_set_cached_cell_and_set_connections" :: held 0.000s {{(pid=87611) inner /opt/stack/data/venv/lib/python3.12/site-packages/oslo_concurrency/lockutils.py:544}}
Jul 27 05:08:28.267042 np0000005876 devstack@n-api.service[87611]: INFO nova.api.openstack.compute.server_external_events [req-0d213e83-f399-4d1d-9e30-b1200f8ec140 req-4e66ac39-2c51-4f64-b086-60a206f20194 service nova] Creating event network-vif-plugged:f4674335-7f7a-46e0-aa68-7d62831e9fc7 for instance c824ef71-0e04-44d9-ab09-c01c6c896a06 on np0000005876
Jul 27 05:08:28.267413 np0000005876 devstack@n-api.service[87611]: INFO nova.api.openstack.compute.server_external_events [req-0d213e83-f399-4d1d-9e30-b1200f8ec140 req-4e66ac39-2c51-4f64-b086-60a206f20194 service nova] Creating event network-vif-plugged:f4674335-7f7a-46e0-aa68-7d62831e9fc7 for instance c824ef71-0e04-44d9-ab09-c01c6c896a06 on np0000005876
Jul 27 05:08:28.269157 np0000005876 devstack@n-api.service[87611]: DEBUG nova.compute.rpcapi [req-0d213e83-f399-4d1d-9e30-b1200f8ec140 req-4e66ac39-2c51-4f64-b086-60a206f20194 service nova] RPC: Sending the message to topic: compute-alt {{(pid=87611) prepare_for_alt_rpcserver /opt/stack/nova/nova/compute/rpcapi.py:595}}
Jul 27 05:08:28.273014 np0000005876 devstack@n-api.service[87611]: INFO nova.api.openstack.requestlog [req-0d213e83-f399-4d1d-9e30-b1200f8ec140 req-4e66ac39-2c51-4f64-b086-60a206f20194 service nova] 10.4.3.53 "POST /compute/v2.1/os-server-external-events" status: 200 len: 354 microversion: 2.1 time: 0.025796
Jul 27 05:08:28.273708 np0000005876 devstack@n-api.service[87611]: [pid: 87611|app: 0|req: 15/54] 10.4.3.53 () {72 vars in 1425 bytes} [Mon Jul 27 05:08:28 2026] POST /compute/v2.1/os-server-external-events => generated 354 bytes in 27 msecs (HTTP/1.1 200) 9 headers in 357 bytes (1 switches on core 0)
Jul 27 05:08:28.437104 np0000005876 devstack@n-api.service[87612]: WARNING neutronclient.v2_0.client [None req-35a2c2bc-f082-4554-88b4-b4bba68f5188 tempest-AttachSCSIVolumeTestJSON-1298217277 tempest-AttachSCSIVolumeTestJSON-1298217277-project-member] The python binding code in neutronclient is deprecated in favor of OpenstackSDK, please use that as this will be removed in a future release.
Jul 27 05:08:28.497808 np0000005876 devstack@n-api.service[87611]: DEBUG dbcounter [-] [87611] Writing DB stats nova_cell0:SELECT=6 {{(pid=87611) stat_writer /opt/stack/data/venv/lib/python3.12/site-packages/dbcounter.py:115}}
Jul 27 05:08:28.973519 np0000005876 devstack@n-api.service[87613]: DEBUG dbcounter [-] [87613] Writing DB stats nova_cell0:SELECT=2 {{(pid=87613) stat_writer /opt/stack/data/venv/lib/python3.12/site-packages/dbcounter.py:115}}
Jul 27 05:08:29.335045 np0000005876 devstack@n-api.service[87614]: DEBUG nova.policy [None req-cc5d3683-3bc6-4d86-823a-cc92091d661f tempest-ServerRescueNegativeTestJSON-1967321828 tempest-ServerRescueNegativeTestJSON-1967321828-project-member] Policy check for os_compute_api:os-extended-server-attributes failed with credentials {'is_admin': False, 'user_id': '1ac33224ec454ea595ddb2a22f28e8d7', 'user_domain_id': 'default', 'system_scope': None, 'domain_id': None, 'project_id': '9f96bbcf32284f5f9c7b451c0c7e41bd', 'project_domain_id': 'default', 'roles': ['member', 'reader'], 'is_admin_project': True, 'service_user_id': None, 'service_user_domain_id': None, 'service_project_id': None, 'service_project_domain_id': None, 'service_roles': []} {{(pid=87614) authorize /opt/stack/nova/nova/policy.py:192}}
Jul 27 05:08:29.358833 np0000005876 devstack@n-api.service[87614]: INFO nova.api.openstack.requestlog [None req-cc5d3683-3bc6-4d86-823a-cc92091d661f tempest-ServerRescueNegativeTestJSON-1967321828 tempest-ServerRescueNegativeTestJSON-1967321828-project-member] 10.4.3.53 "GET /compute/v2.1/servers/c824ef71-0e04-44d9-ab09-c01c6c896a06" status: 200 len: 1316 microversion: 2.1 time: 1.958463
Jul 27 05:08:29.359236 np0000005876 devstack@n-api.service[87614]: [pid: 87614|app: 0|req: 14/55] 10.4.3.53 () {66 vars in 1347 bytes} [Mon Jul 27 05:08:27 2026] GET /compute/v2.1/servers/c824ef71-0e04-44d9-ab09-c01c6c896a06 => generated 1316 bytes in 1959 msecs (HTTP/1.1 200) 9 headers in 358 bytes (1 switches on core 0)
Jul 27 05:08:29.390836 np0000005876 devstack@n-api.service[87611]: DEBUG nova.api.openstack.wsgi [req-3406480b-c06b-48a2-b8cc-50a1d483a8ba req-5db8163a-0d39-4284-831d-87e44c34e010 service nova] Action: 'create', calling method: >, body: {"events": [{"server_uuid": "e3b703c3-5998-43b4-8dc8-394031e72405", "name": "network-vif-plugged", "status": "completed", "tag": "9f051be5-8d53-42e8-9202-0ec1e979ec7c"}]} {{(pid=87611) _process_stack /opt/stack/nova/nova/api/openstack/wsgi.py:549}}
Jul 27 05:08:29.399927 np0000005876 devstack@n-api.service[87611]: DEBUG oslo_concurrency.lockutils [req-3406480b-c06b-48a2-b8cc-50a1d483a8ba req-5db8163a-0d39-4284-831d-87e44c34e010 service nova] Acquiring lock "59f4c74e-432b-41bb-a4a1-e47207819f1a" by "nova.context.set_target_cell..get_or_set_cached_cell_and_set_connections" {{(pid=87611) inner /opt/stack/data/venv/lib/python3.12/site-packages/oslo_concurrency/lockutils.py:512}}
Jul 27 05:08:29.400217 np0000005876 devstack@n-api.service[87611]: DEBUG oslo_concurrency.lockutils [req-3406480b-c06b-48a2-b8cc-50a1d483a8ba req-5db8163a-0d39-4284-831d-87e44c34e010 service nova] Lock "59f4c74e-432b-41bb-a4a1-e47207819f1a" acquired by "nova.context.set_target_cell..get_or_set_cached_cell_and_set_connections" :: waited 0.000s {{(pid=87611) inner /opt/stack/data/venv/lib/python3.12/site-packages/oslo_concurrency/lockutils.py:525}}
Jul 27 05:08:29.400422 np0000005876 devstack@n-api.service[87611]: DEBUG oslo_concurrency.lockutils [req-3406480b-c06b-48a2-b8cc-50a1d483a8ba req-5db8163a-0d39-4284-831d-87e44c34e010 service nova] Lock "59f4c74e-432b-41bb-a4a1-e47207819f1a" "released" by "nova.context.set_target_cell..get_or_set_cached_cell_and_set_connections" :: held 0.000s {{(pid=87611) inner /opt/stack/data/venv/lib/python3.12/site-packages/oslo_concurrency/lockutils.py:544}}
Jul 27 05:08:29.421862 np0000005876 devstack@n-api.service[87611]: INFO nova.api.openstack.compute.server_external_events [req-3406480b-c06b-48a2-b8cc-50a1d483a8ba req-5db8163a-0d39-4284-831d-87e44c34e010 service nova] Creating event network-vif-plugged:9f051be5-8d53-42e8-9202-0ec1e979ec7c for instance e3b703c3-5998-43b4-8dc8-394031e72405 on np0000005876
Jul 27 05:08:29.422118 np0000005876 devstack@n-api.service[87611]: DEBUG nova.compute.rpcapi [req-3406480b-c06b-48a2-b8cc-50a1d483a8ba req-5db8163a-0d39-4284-831d-87e44c34e010 service nova] RPC: Sending the message to topic: compute-alt {{(pid=87611) prepare_for_alt_rpcserver /opt/stack/nova/nova/compute/rpcapi.py:595}}
Jul 27 05:08:29.428598 np0000005876 devstack@n-api.service[87611]: INFO nova.api.openstack.requestlog [req-3406480b-c06b-48a2-b8cc-50a1d483a8ba req-5db8163a-0d39-4284-831d-87e44c34e010 service nova] 10.4.3.53 "POST /compute/v2.1/os-server-external-events" status: 200 len: 183 microversion: 2.1 time: 0.041242
Jul 27 05:08:29.429201 np0000005876 devstack@n-api.service[87611]: [pid: 87611|app: 0|req: 16/56] 10.4.3.53 () {72 vars in 1425 bytes} [Mon Jul 27 05:08:29 2026] POST /compute/v2.1/os-server-external-events => generated 183 bytes in 42 msecs (HTTP/1.1 200) 9 headers in 357 bytes (1 switches on core 0)
Jul 27 05:08:29.440429 np0000005876 devstack@n-api.service[87612]: DEBUG nova.virt.hardware [None req-35a2c2bc-f082-4554-88b4-b4bba68f5188 tempest-AttachSCSIVolumeTestJSON-1298217277 tempest-AttachSCSIVolumeTestJSON-1298217277-project-member] Flavor limits 0:0:0 {{(pid=87612) get_cpu_topology_constraints /opt/stack/nova/nova/virt/hardware.py:516}}
Jul 27 05:08:29.440894 np0000005876 devstack@n-api.service[87612]: DEBUG nova.virt.hardware [None req-35a2c2bc-f082-4554-88b4-b4bba68f5188 tempest-AttachSCSIVolumeTestJSON-1298217277 tempest-AttachSCSIVolumeTestJSON-1298217277-project-member] Image limits 0:0:0 {{(pid=87612) get_cpu_topology_constraints /opt/stack/nova/nova/virt/hardware.py:520}}
Jul 27 05:08:29.441071 np0000005876 devstack@n-api.service[87612]: DEBUG nova.virt.hardware [None req-35a2c2bc-f082-4554-88b4-b4bba68f5188 tempest-AttachSCSIVolumeTestJSON-1298217277 tempest-AttachSCSIVolumeTestJSON-1298217277-project-member] Flavor pref 0:0:0 {{(pid=87612) get_cpu_topology_constraints /opt/stack/nova/nova/virt/hardware.py:556}}
Jul 27 05:08:29.441410 np0000005876 devstack@n-api.service[87612]: DEBUG nova.virt.hardware [None req-35a2c2bc-f082-4554-88b4-b4bba68f5188 tempest-AttachSCSIVolumeTestJSON-1298217277 tempest-AttachSCSIVolumeTestJSON-1298217277-project-member] Image pref 0:0:0 {{(pid=87612) get_cpu_topology_constraints /opt/stack/nova/nova/virt/hardware.py:560}}
Jul 27 05:08:29.442298 np0000005876 devstack@n-api.service[87612]: DEBUG nova.virt.hardware [None req-35a2c2bc-f082-4554-88b4-b4bba68f5188 tempest-AttachSCSIVolumeTestJSON-1298217277 tempest-AttachSCSIVolumeTestJSON-1298217277-project-member] Chose sockets=0, cores=0, threads=0; limits were sockets=65536, cores=65536, threads=65536 {{(pid=87612) get_cpu_topology_constraints /opt/stack/nova/nova/virt/hardware.py:598}}
Jul 27 05:08:29.459467 np0000005876 devstack@n-api.service[87612]: DEBUG oslo_concurrency.lockutils [None req-35a2c2bc-f082-4554-88b4-b4bba68f5188 tempest-AttachSCSIVolumeTestJSON-1298217277 tempest-AttachSCSIVolumeTestJSON-1298217277-project-member] Acquiring lock "00000000-0000-0000-0000-000000000000" by "nova.context.set_target_cell..get_or_set_cached_cell_and_set_connections" {{(pid=87612) inner /opt/stack/data/venv/lib/python3.12/site-packages/oslo_concurrency/lockutils.py:512}}
Jul 27 05:08:29.459723 np0000005876 devstack@n-api.service[87612]: DEBUG oslo_concurrency.lockutils [None req-35a2c2bc-f082-4554-88b4-b4bba68f5188 tempest-AttachSCSIVolumeTestJSON-1298217277 tempest-AttachSCSIVolumeTestJSON-1298217277-project-member] Lock "00000000-0000-0000-0000-000000000000" acquired by "nova.context.set_target_cell..get_or_set_cached_cell_and_set_connections" :: waited 0.000s {{(pid=87612) inner /opt/stack/data/venv/lib/python3.12/site-packages/oslo_concurrency/lockutils.py:525}}
Jul 27 05:08:29.459896 np0000005876 devstack@n-api.service[87612]: DEBUG oslo_concurrency.lockutils [None req-35a2c2bc-f082-4554-88b4-b4bba68f5188 tempest-AttachSCSIVolumeTestJSON-1298217277 tempest-AttachSCSIVolumeTestJSON-1298217277-project-member] Lock "00000000-0000-0000-0000-000000000000" "released" by "nova.context.set_target_cell..get_or_set_cached_cell_and_set_connections" :: held 0.000s {{(pid=87612) inner /opt/stack/data/venv/lib/python3.12/site-packages/oslo_concurrency/lockutils.py:544}}
Jul 27 05:08:29.461235 np0000005876 devstack@n-api.service[87612]: DEBUG oslo_concurrency.lockutils [None req-35a2c2bc-f082-4554-88b4-b4bba68f5188 tempest-AttachSCSIVolumeTestJSON-1298217277 tempest-AttachSCSIVolumeTestJSON-1298217277-project-member] Acquiring lock "59f4c74e-432b-41bb-a4a1-e47207819f1a" by "nova.context.set_target_cell..get_or_set_cached_cell_and_set_connections" {{(pid=87612) inner /opt/stack/data/venv/lib/python3.12/site-packages/oslo_concurrency/lockutils.py:512}}
Jul 27 05:08:29.462341 np0000005876 devstack@n-api.service[87612]: DEBUG oslo_concurrency.lockutils [None req-35a2c2bc-f082-4554-88b4-b4bba68f5188 tempest-AttachSCSIVolumeTestJSON-1298217277 tempest-AttachSCSIVolumeTestJSON-1298217277-project-member] Lock "59f4c74e-432b-41bb-a4a1-e47207819f1a" acquired by "nova.context.set_target_cell..get_or_set_cached_cell_and_set_connections" :: waited 0.002s {{(pid=87612) inner /opt/stack/data/venv/lib/python3.12/site-packages/oslo_concurrency/lockutils.py:525}}
Jul 27 05:08:29.462416 np0000005876 devstack@n-api.service[87612]: DEBUG oslo_concurrency.lockutils [None req-35a2c2bc-f082-4554-88b4-b4bba68f5188 tempest-AttachSCSIVolumeTestJSON-1298217277 tempest-AttachSCSIVolumeTestJSON-1298217277-project-member] Lock "59f4c74e-432b-41bb-a4a1-e47207819f1a" "released" by "nova.context.set_target_cell..get_or_set_cached_cell_and_set_connections" :: held 0.000s {{(pid=87612) inner /opt/stack/data/venv/lib/python3.12/site-packages/oslo_concurrency/lockutils.py:544}}
Jul 27 05:08:29.483418 np0000005876 devstack@n-api.service[87612]: DEBUG nova.quota [None req-35a2c2bc-f082-4554-88b4-b4bba68f5188 tempest-AttachSCSIVolumeTestJSON-1298217277 tempest-AttachSCSIVolumeTestJSON-1298217277-project-member] Getting quotas for project c8951e30ce8042c2988bcd5fe3ac8c8d. Resources: {'cores', 'ram', 'instances'} {{(pid=87612) _get_quotas /opt/stack/nova/nova/quota.py:389}}
Jul 27 05:08:29.489244 np0000005876 devstack@n-api.service[87612]: DEBUG nova.quota [None req-35a2c2bc-f082-4554-88b4-b4bba68f5188 tempest-AttachSCSIVolumeTestJSON-1298217277 tempest-AttachSCSIVolumeTestJSON-1298217277-project-member] Getting quotas for user 9b1ab6aa72fe4742a7b286f2bd9f4034 and project c8951e30ce8042c2988bcd5fe3ac8c8d. Resources: {'cores', 'ram', 'instances'} {{(pid=87612) _get_quotas /opt/stack/nova/nova/quota.py:379}}
Jul 27 05:08:29.509027 np0000005876 devstack@n-api.service[87612]: DEBUG nova.compute.api [None req-35a2c2bc-f082-4554-88b4-b4bba68f5188 tempest-AttachSCSIVolumeTestJSON-1298217277 tempest-AttachSCSIVolumeTestJSON-1298217277-project-member] Going to run 1 instances... {{(pid=87612) _provision_instances /opt/stack/nova/nova/compute/api.py:1480}}
Jul 27 05:08:29.510848 np0000005876 devstack@n-api.service[87612]: DEBUG nova.compute.api [None req-35a2c2bc-f082-4554-88b4-b4bba68f5188 tempest-AttachSCSIVolumeTestJSON-1298217277 tempest-AttachSCSIVolumeTestJSON-1298217277-project-member] [instance: 02b015b3-4d8b-4287-87ec-691e5bcf5fd8] block_device_mapping [BlockDeviceMapping(attachment_id=,boot_index=0,connection_info=None,created_at=,delete_on_termination=True,deleted=,deleted_at=,destination_type='local',device_name=None,device_type='disk',disk_bus=None,encrypted=False,encryption_format=None,encryption_options=None,encryption_secret_uuid=None,guest_format=None,id=,image_id='db079ab3-e38a-4c02-9764-4bf6b75dbc7f',instance=,instance_uuid=,no_device=False,snapshot_id=None,source_type='image',tag=None,updated_at=,uuid=,volume_id=None,volume_size=None,volume_type=None)] {{(pid=87612) _bdm_validate_set_size_and_instance /opt/stack/nova/nova/compute/api.py:1942}}
Jul 27 05:08:29.564807 np0000005876 devstack@n-api.service[87613]: DEBUG nova.policy [None req-ab8f9971-3bcb-4a5f-9d64-022675e0179f tempest-DeleteServersTestJSON-723503683 tempest-DeleteServersTestJSON-723503683-project-member] Policy check for os_compute_api:os-extended-server-attributes failed with credentials {'is_admin': False, 'user_id': '8174decfb4464239bb87d6319b5c9573', 'user_domain_id': 'default', 'system_scope': None, 'domain_id': None, 'project_id': 'aa700fa471f44c30a2fbcfc31f3c4d12', 'project_domain_id': 'default', 'roles': ['member', 'reader'], 'is_admin_project': True, 'service_user_id': None, 'service_user_domain_id': None, 'service_project_id': None, 'service_project_domain_id': None, 'service_roles': []} {{(pid=87613) authorize /opt/stack/nova/nova/policy.py:192}}
Jul 27 05:08:29.582937 np0000005876 devstack@n-api.service[87613]: INFO nova.api.openstack.requestlog [None req-ab8f9971-3bcb-4a5f-9d64-022675e0179f tempest-DeleteServersTestJSON-723503683 tempest-DeleteServersTestJSON-723503683-project-member] 10.4.3.53 "GET /compute/v2.1/servers/e3b703c3-5998-43b4-8dc8-394031e72405" status: 200 len: 1309 microversion: 2.1 time: 1.679841
Jul 27 05:08:29.583359 np0000005876 devstack@n-api.service[87613]: [pid: 87613|app: 0|req: 16/57] 10.4.3.53 () {66 vars in 1347 bytes} [Mon Jul 27 05:08:27 2026] GET /compute/v2.1/servers/e3b703c3-5998-43b4-8dc8-394031e72405 => generated 1309 bytes in 1681 msecs (HTTP/1.1 200) 9 headers in 358 bytes (2 switches on core 0)
Jul 27 05:08:29.615527 np0000005876 devstack@n-api.service[87612]: INFO nova.api.openstack.requestlog [None req-35a2c2bc-f082-4554-88b4-b4bba68f5188 tempest-AttachSCSIVolumeTestJSON-1298217277 tempest-AttachSCSIVolumeTestJSON-1298217277-project-member] 10.4.3.53 "POST /compute/v2.1/servers" status: 202 len: 403 microversion: 2.1 time: 4.361246
Jul 27 05:08:29.615527 np0000005876 devstack@n-api.service[87612]: [pid: 87612|app: 0|req: 12/58] 10.4.3.53 () {68 vars in 1258 bytes} [Mon Jul 27 05:08:25 2026] POST /compute/v2.1/servers => generated 403 bytes in 4363 msecs (HTTP/1.1 202) 10 headers in 450 bytes (1 switches on core 0)
Jul 27 05:08:29.630365 np0000005876 devstack@n-api.service[87614]: DEBUG nova.api.openstack.wsgi [None req-e8cee12b-a88e-49a6-ac3c-3dc2f2867b41 tempest-AttachSCSIVolumeTestJSON-1298217277 tempest-AttachSCSIVolumeTestJSON-1298217277-project-member] Calling method '>' {{(pid=87614) _process_stack /opt/stack/nova/nova/api/openstack/wsgi.py:551}}
Jul 27 05:08:29.632293 np0000005876 devstack@n-api.service[87614]: DEBUG nova.compute.api [None req-e8cee12b-a88e-49a6-ac3c-3dc2f2867b41 tempest-AttachSCSIVolumeTestJSON-1298217277 tempest-AttachSCSIVolumeTestJSON-1298217277-project-member] [instance: 02b015b3-4d8b-4287-87ec-691e5bcf5fd8] Fetching instance by UUID {{(pid=87614) get /opt/stack/nova/nova/compute/api.py:3068}}
Jul 27 05:08:29.649221 np0000005876 devstack@n-api.service[87614]: WARNING neutronclient.v2_0.client [None req-e8cee12b-a88e-49a6-ac3c-3dc2f2867b41 tempest-AttachSCSIVolumeTestJSON-1298217277 tempest-AttachSCSIVolumeTestJSON-1298217277-project-member] The python binding code in neutronclient is deprecated in favor of OpenstackSDK, please use that as this will be removed in a future release.
Jul 27 05:08:30.014332 np0000005876 devstack@n-api.service[87611]: DEBUG nova.api.openstack.wsgi [req-9fe50bd7-2b21-4698-994e-d5cda976e7ba req-80077fb3-3682-48dc-b71e-fa320c7c4922 service nova] Action: 'create', calling method: >, body: {"events": [{"server_uuid": "2185a621-097e-48a5-b968-8ced9f2ddd13", "name": "network-vif-plugged", "status": "completed", "tag": "3b43bdbd-c191-439e-98c0-0e6909d4d772"}]} {{(pid=87611) _process_stack /opt/stack/nova/nova/api/openstack/wsgi.py:549}}
Jul 27 05:08:30.021679 np0000005876 devstack@n-api.service[87611]: DEBUG oslo_concurrency.lockutils [req-9fe50bd7-2b21-4698-994e-d5cda976e7ba req-80077fb3-3682-48dc-b71e-fa320c7c4922 service nova] Acquiring lock "59f4c74e-432b-41bb-a4a1-e47207819f1a" by "nova.context.set_target_cell..get_or_set_cached_cell_and_set_connections" {{(pid=87611) inner /opt/stack/data/venv/lib/python3.12/site-packages/oslo_concurrency/lockutils.py:512}}
Jul 27 05:08:30.022319 np0000005876 devstack@n-api.service[87611]: DEBUG oslo_concurrency.lockutils [req-9fe50bd7-2b21-4698-994e-d5cda976e7ba req-80077fb3-3682-48dc-b71e-fa320c7c4922 service nova] Lock "59f4c74e-432b-41bb-a4a1-e47207819f1a" acquired by "nova.context.set_target_cell..get_or_set_cached_cell_and_set_connections" :: waited 0.000s {{(pid=87611) inner /opt/stack/data/venv/lib/python3.12/site-packages/oslo_concurrency/lockutils.py:525}}
Jul 27 05:08:30.022319 np0000005876 devstack@n-api.service[87611]: DEBUG oslo_concurrency.lockutils [req-9fe50bd7-2b21-4698-994e-d5cda976e7ba req-80077fb3-3682-48dc-b71e-fa320c7c4922 service nova] Lock "59f4c74e-432b-41bb-a4a1-e47207819f1a" "released" by "nova.context.set_target_cell..get_or_set_cached_cell_and_set_connections" :: held 0.000s {{(pid=87611) inner /opt/stack/data/venv/lib/python3.12/site-packages/oslo_concurrency/lockutils.py:544}}
Jul 27 05:08:30.031122 np0000005876 devstack@n-api.service[87611]: INFO nova.api.openstack.compute.server_external_events [req-9fe50bd7-2b21-4698-994e-d5cda976e7ba req-80077fb3-3682-48dc-b71e-fa320c7c4922 service nova] Creating event network-vif-plugged:3b43bdbd-c191-439e-98c0-0e6909d4d772 for instance 2185a621-097e-48a5-b968-8ced9f2ddd13 on np0000005876
Jul 27 05:08:30.032051 np0000005876 devstack@n-api.service[87611]: DEBUG nova.compute.rpcapi [req-9fe50bd7-2b21-4698-994e-d5cda976e7ba req-80077fb3-3682-48dc-b71e-fa320c7c4922 service nova] RPC: Sending the message to topic: compute-alt {{(pid=87611) prepare_for_alt_rpcserver /opt/stack/nova/nova/compute/rpcapi.py:595}}
Jul 27 05:08:30.037760 np0000005876 devstack@n-api.service[87611]: INFO nova.api.openstack.requestlog [req-9fe50bd7-2b21-4698-994e-d5cda976e7ba req-80077fb3-3682-48dc-b71e-fa320c7c4922 service nova] 10.4.3.53 "POST /compute/v2.1/os-server-external-events" status: 200 len: 183 microversion: 2.1 time: 0.025895
Jul 27 05:08:30.038436 np0000005876 devstack@n-api.service[87611]: [pid: 87611|app: 0|req: 17/59] 10.4.3.53 () {72 vars in 1425 bytes} [Mon Jul 27 05:08:30 2026] POST /compute/v2.1/os-server-external-events => generated 183 bytes in 27 msecs (HTTP/1.1 200) 9 headers in 357 bytes (1 switches on core 0)
Jul 27 05:08:30.381746 np0000005876 devstack@n-api.service[87613]: DEBUG nova.api.openstack.wsgi [None req-fc286d56-e61e-4d33-ace6-32b5d0cf0021 tempest-ServerRescueNegativeTestJSON-1967321828 tempest-ServerRescueNegativeTestJSON-1967321828-project-member] Calling method '>' {{(pid=87613) _process_stack /opt/stack/nova/nova/api/openstack/wsgi.py:551}}
Jul 27 05:08:30.383775 np0000005876 devstack@n-api.service[87613]: DEBUG nova.compute.api [None req-fc286d56-e61e-4d33-ace6-32b5d0cf0021 tempest-ServerRescueNegativeTestJSON-1967321828 tempest-ServerRescueNegativeTestJSON-1967321828-project-member] [instance: c824ef71-0e04-44d9-ab09-c01c6c896a06] Fetching instance by UUID {{(pid=87613) get /opt/stack/nova/nova/compute/api.py:3068}}
Jul 27 05:08:30.390685 np0000005876 devstack@n-api.service[87613]: DEBUG oslo_concurrency.lockutils [None req-fc286d56-e61e-4d33-ace6-32b5d0cf0021 tempest-ServerRescueNegativeTestJSON-1967321828 tempest-ServerRescueNegativeTestJSON-1967321828-project-member] Acquiring lock "59f4c74e-432b-41bb-a4a1-e47207819f1a" by "nova.context.set_target_cell..get_or_set_cached_cell_and_set_connections" {{(pid=87613) inner /opt/stack/data/venv/lib/python3.12/site-packages/oslo_concurrency/lockutils.py:512}}
Jul 27 05:08:30.391261 np0000005876 devstack@n-api.service[87613]: DEBUG oslo_concurrency.lockutils [None req-fc286d56-e61e-4d33-ace6-32b5d0cf0021 tempest-ServerRescueNegativeTestJSON-1967321828 tempest-ServerRescueNegativeTestJSON-1967321828-project-member] Lock "59f4c74e-432b-41bb-a4a1-e47207819f1a" acquired by "nova.context.set_target_cell..get_or_set_cached_cell_and_set_connections" :: waited 0.000s {{(pid=87613) inner /opt/stack/data/venv/lib/python3.12/site-packages/oslo_concurrency/lockutils.py:525}}
Jul 27 05:08:30.391261 np0000005876 devstack@n-api.service[87613]: DEBUG oslo_concurrency.lockutils [None req-fc286d56-e61e-4d33-ace6-32b5d0cf0021 tempest-ServerRescueNegativeTestJSON-1967321828 tempest-ServerRescueNegativeTestJSON-1967321828-project-member] Lock "59f4c74e-432b-41bb-a4a1-e47207819f1a" "released" by "nova.context.set_target_cell..get_or_set_cached_cell_and_set_connections" :: held 0.000s {{(pid=87613) inner /opt/stack/data/venv/lib/python3.12/site-packages/oslo_concurrency/lockutils.py:544}}
Jul 27 05:08:30.392130 np0000005876 devstack@n-api.service[87613]: DEBUG oslo_concurrency.lockutils [None req-fc286d56-e61e-4d33-ace6-32b5d0cf0021 tempest-ServerRescueNegativeTestJSON-1967321828 tempest-ServerRescueNegativeTestJSON-1967321828-project-member] Acquiring lock "59f4c74e-432b-41bb-a4a1-e47207819f1a" by "nova.context.set_target_cell..get_or_set_cached_cell_and_set_connections" {{(pid=87613) inner /opt/stack/data/venv/lib/python3.12/site-packages/oslo_concurrency/lockutils.py:512}}
Jul 27 05:08:30.392130 np0000005876 devstack@n-api.service[87613]: DEBUG oslo_concurrency.lockutils [None req-fc286d56-e61e-4d33-ace6-32b5d0cf0021 tempest-ServerRescueNegativeTestJSON-1967321828 tempest-ServerRescueNegativeTestJSON-1967321828-project-member] Lock "59f4c74e-432b-41bb-a4a1-e47207819f1a" acquired by "nova.context.set_target_cell..get_or_set_cached_cell_and_set_connections" :: waited 0.000s {{(pid=87613) inner /opt/stack/data/venv/lib/python3.12/site-packages/oslo_concurrency/lockutils.py:525}}
Jul 27 05:08:30.392399 np0000005876 devstack@n-api.service[87613]: DEBUG oslo_concurrency.lockutils [None req-fc286d56-e61e-4d33-ace6-32b5d0cf0021 tempest-ServerRescueNegativeTestJSON-1967321828 tempest-ServerRescueNegativeTestJSON-1967321828-project-member] Lock "59f4c74e-432b-41bb-a4a1-e47207819f1a" "released" by "nova.context.set_target_cell..get_or_set_cached_cell_and_set_connections" :: held 0.000s {{(pid=87613) inner /opt/stack/data/venv/lib/python3.12/site-packages/oslo_concurrency/lockutils.py:544}}
Jul 27 05:08:30.415647 np0000005876 devstack@n-api.service[87613]: WARNING neutronclient.v2_0.client [None req-fc286d56-e61e-4d33-ace6-32b5d0cf0021 tempest-ServerRescueNegativeTestJSON-1967321828 tempest-ServerRescueNegativeTestJSON-1967321828-project-member] The python binding code in neutronclient is deprecated in favor of OpenstackSDK, please use that as this will be removed in a future release.
Jul 27 05:08:30.604507 np0000005876 devstack@n-api.service[87612]: DEBUG nova.api.openstack.wsgi [None req-de1bb69d-ba8d-440b-8eb0-0988916f40ad tempest-DeleteServersTestJSON-723503683 tempest-DeleteServersTestJSON-723503683-project-member] Calling method '>' {{(pid=87612) _process_stack /opt/stack/nova/nova/api/openstack/wsgi.py:551}}
Jul 27 05:08:30.607215 np0000005876 devstack@n-api.service[87612]: DEBUG nova.compute.api [None req-de1bb69d-ba8d-440b-8eb0-0988916f40ad tempest-DeleteServersTestJSON-723503683 tempest-DeleteServersTestJSON-723503683-project-member] [instance: e3b703c3-5998-43b4-8dc8-394031e72405] Fetching instance by UUID {{(pid=87612) get /opt/stack/nova/nova/compute/api.py:3068}}
Jul 27 05:08:30.612913 np0000005876 devstack@n-api.service[87612]: DEBUG oslo_concurrency.lockutils [None req-de1bb69d-ba8d-440b-8eb0-0988916f40ad tempest-DeleteServersTestJSON-723503683 tempest-DeleteServersTestJSON-723503683-project-member] Acquiring lock "59f4c74e-432b-41bb-a4a1-e47207819f1a" by "nova.context.set_target_cell..get_or_set_cached_cell_and_set_connections" {{(pid=87612) inner /opt/stack/data/venv/lib/python3.12/site-packages/oslo_concurrency/lockutils.py:512}}
Jul 27 05:08:30.613028 np0000005876 devstack@n-api.service[87612]: DEBUG oslo_concurrency.lockutils [None req-de1bb69d-ba8d-440b-8eb0-0988916f40ad tempest-DeleteServersTestJSON-723503683 tempest-DeleteServersTestJSON-723503683-project-member] Lock "59f4c74e-432b-41bb-a4a1-e47207819f1a" acquired by "nova.context.set_target_cell..get_or_set_cached_cell_and_set_connections" :: waited 0.000s {{(pid=87612) inner /opt/stack/data/venv/lib/python3.12/site-packages/oslo_concurrency/lockutils.py:525}}
Jul 27 05:08:30.614066 np0000005876 devstack@n-api.service[87612]: DEBUG oslo_concurrency.lockutils [None req-de1bb69d-ba8d-440b-8eb0-0988916f40ad tempest-DeleteServersTestJSON-723503683 tempest-DeleteServersTestJSON-723503683-project-member] Lock "59f4c74e-432b-41bb-a4a1-e47207819f1a" "released" by "nova.context.set_target_cell..get_or_set_cached_cell_and_set_connections" :: held 0.000s {{(pid=87612) inner /opt/stack/data/venv/lib/python3.12/site-packages/oslo_concurrency/lockutils.py:544}}
Jul 27 05:08:30.614066 np0000005876 devstack@n-api.service[87612]: DEBUG oslo_concurrency.lockutils [None req-de1bb69d-ba8d-440b-8eb0-0988916f40ad tempest-DeleteServersTestJSON-723503683 tempest-DeleteServersTestJSON-723503683-project-member] Acquiring lock "59f4c74e-432b-41bb-a4a1-e47207819f1a" by "nova.context.set_target_cell..get_or_set_cached_cell_and_set_connections" {{(pid=87612) inner /opt/stack/data/venv/lib/python3.12/site-packages/oslo_concurrency/lockutils.py:512}}
Jul 27 05:08:30.614620 np0000005876 devstack@n-api.service[87612]: DEBUG oslo_concurrency.lockutils [None req-de1bb69d-ba8d-440b-8eb0-0988916f40ad tempest-DeleteServersTestJSON-723503683 tempest-DeleteServersTestJSON-723503683-project-member] Lock "59f4c74e-432b-41bb-a4a1-e47207819f1a" acquired by "nova.context.set_target_cell..get_or_set_cached_cell_and_set_connections" :: waited 0.000s {{(pid=87612) inner /opt/stack/data/venv/lib/python3.12/site-packages/oslo_concurrency/lockutils.py:525}}
Jul 27 05:08:30.614849 np0000005876 devstack@n-api.service[87612]: DEBUG oslo_concurrency.lockutils [None req-de1bb69d-ba8d-440b-8eb0-0988916f40ad tempest-DeleteServersTestJSON-723503683 tempest-DeleteServersTestJSON-723503683-project-member] Lock "59f4c74e-432b-41bb-a4a1-e47207819f1a" "released" by "nova.context.set_target_cell..get_or_set_cached_cell_and_set_connections" :: held 0.000s {{(pid=87612) inner /opt/stack/data/venv/lib/python3.12/site-packages/oslo_concurrency/lockutils.py:544}}
Jul 27 05:08:30.639203 np0000005876 devstack@n-api.service[87612]: WARNING neutronclient.v2_0.client [None req-de1bb69d-ba8d-440b-8eb0-0988916f40ad tempest-DeleteServersTestJSON-723503683 tempest-DeleteServersTestJSON-723503683-project-member] The python binding code in neutronclient is deprecated in favor of OpenstackSDK, please use that as this will be removed in a future release.
Jul 27 05:08:31.128995 np0000005876 devstack@n-api.service[87614]: DEBUG nova.policy [None req-e8cee12b-a88e-49a6-ac3c-3dc2f2867b41 tempest-AttachSCSIVolumeTestJSON-1298217277 tempest-AttachSCSIVolumeTestJSON-1298217277-project-member] Policy check for os_compute_api:os-extended-server-attributes failed with credentials {'is_admin': False, 'user_id': '9b1ab6aa72fe4742a7b286f2bd9f4034', 'user_domain_id': 'default', 'system_scope': None, 'domain_id': None, 'project_id': 'c8951e30ce8042c2988bcd5fe3ac8c8d', 'project_domain_id': 'default', 'roles': ['member', 'reader'], 'is_admin_project': True, 'service_user_id': None, 'service_user_domain_id': None, 'service_project_id': None, 'service_project_domain_id': None, 'service_roles': []} {{(pid=87614) authorize /opt/stack/nova/nova/policy.py:192}}
Jul 27 05:08:31.138313 np0000005876 devstack@n-api.service[87614]: INFO nova.api.openstack.requestlog [None req-e8cee12b-a88e-49a6-ac3c-3dc2f2867b41 tempest-AttachSCSIVolumeTestJSON-1298217277 tempest-AttachSCSIVolumeTestJSON-1298217277-project-member] 10.4.3.53 "GET /compute/v2.1/servers/02b015b3-4d8b-4287-87ec-691e5bcf5fd8" status: 200 len: 1238 microversion: 2.1 time: 1.510110
Jul 27 05:08:31.138576 np0000005876 devstack@n-api.service[87614]: [pid: 87614|app: 0|req: 15/60] 10.4.3.53 () {66 vars in 1347 bytes} [Mon Jul 27 05:08:29 2026] GET /compute/v2.1/servers/02b015b3-4d8b-4287-87ec-691e5bcf5fd8 => generated 1238 bytes in 1511 msecs (HTTP/1.1 200) 9 headers in 358 bytes (1 switches on core 0)
Jul 27 05:08:32.151812 np0000005876 devstack@n-api.service[87613]: DEBUG nova.policy [None req-fc286d56-e61e-4d33-ace6-32b5d0cf0021 tempest-ServerRescueNegativeTestJSON-1967321828 tempest-ServerRescueNegativeTestJSON-1967321828-project-member] Policy check for os_compute_api:os-extended-server-attributes failed with credentials {'is_admin': False, 'user_id': '1ac33224ec454ea595ddb2a22f28e8d7', 'user_domain_id': 'default', 'system_scope': None, 'domain_id': None, 'project_id': '9f96bbcf32284f5f9c7b451c0c7e41bd', 'project_domain_id': 'default', 'roles': ['member', 'reader'], 'is_admin_project': True, 'service_user_id': None, 'service_user_domain_id': None, 'service_project_id': None, 'service_project_domain_id': None, 'service_roles': []} {{(pid=87613) authorize /opt/stack/nova/nova/policy.py:192}}
Jul 27 05:08:32.162121 np0000005876 devstack@n-api.service[87613]: INFO nova.api.openstack.requestlog [None req-fc286d56-e61e-4d33-ace6-32b5d0cf0021 tempest-ServerRescueNegativeTestJSON-1967321828 tempest-ServerRescueNegativeTestJSON-1967321828-project-member] 10.4.3.53 "GET /compute/v2.1/servers/c824ef71-0e04-44d9-ab09-c01c6c896a06" status: 200 len: 1316 microversion: 2.1 time: 1.782953
Jul 27 05:08:32.162628 np0000005876 devstack@n-api.service[87613]: [pid: 87613|app: 0|req: 17/61] 10.4.3.53 () {66 vars in 1347 bytes} [Mon Jul 27 05:08:30 2026] GET /compute/v2.1/servers/c824ef71-0e04-44d9-ab09-c01c6c896a06 => generated 1316 bytes in 1784 msecs (HTTP/1.1 200) 9 headers in 358 bytes (1 switches on core 0)
Jul 27 05:08:32.169329 np0000005876 devstack@n-api.service[87611]: DEBUG nova.api.openstack.wsgi [None req-7004baaa-a35b-40e1-8d44-6b7dbf520948 tempest-AttachSCSIVolumeTestJSON-1298217277 tempest-AttachSCSIVolumeTestJSON-1298217277-project-member] Calling method '>' {{(pid=87611) _process_stack /opt/stack/nova/nova/api/openstack/wsgi.py:551}}
Jul 27 05:08:32.173482 np0000005876 devstack@n-api.service[87611]: DEBUG nova.compute.api [None req-7004baaa-a35b-40e1-8d44-6b7dbf520948 tempest-AttachSCSIVolumeTestJSON-1298217277 tempest-AttachSCSIVolumeTestJSON-1298217277-project-member] [instance: 02b015b3-4d8b-4287-87ec-691e5bcf5fd8] Fetching instance by UUID {{(pid=87611) get /opt/stack/nova/nova/compute/api.py:3068}}
Jul 27 05:08:32.178406 np0000005876 devstack@n-api.service[87611]: DEBUG oslo_concurrency.lockutils [None req-7004baaa-a35b-40e1-8d44-6b7dbf520948 tempest-AttachSCSIVolumeTestJSON-1298217277 tempest-AttachSCSIVolumeTestJSON-1298217277-project-member] Acquiring lock "59f4c74e-432b-41bb-a4a1-e47207819f1a" by "nova.context.set_target_cell..get_or_set_cached_cell_and_set_connections" {{(pid=87611) inner /opt/stack/data/venv/lib/python3.12/site-packages/oslo_concurrency/lockutils.py:512}}
Jul 27 05:08:32.179156 np0000005876 devstack@n-api.service[87611]: DEBUG oslo_concurrency.lockutils [None req-7004baaa-a35b-40e1-8d44-6b7dbf520948 tempest-AttachSCSIVolumeTestJSON-1298217277 tempest-AttachSCSIVolumeTestJSON-1298217277-project-member] Lock "59f4c74e-432b-41bb-a4a1-e47207819f1a" acquired by "nova.context.set_target_cell..get_or_set_cached_cell_and_set_connections" :: waited 0.000s {{(pid=87611) inner /opt/stack/data/venv/lib/python3.12/site-packages/oslo_concurrency/lockutils.py:525}}
Jul 27 05:08:32.179156 np0000005876 devstack@n-api.service[87611]: DEBUG oslo_concurrency.lockutils [None req-7004baaa-a35b-40e1-8d44-6b7dbf520948 tempest-AttachSCSIVolumeTestJSON-1298217277 tempest-AttachSCSIVolumeTestJSON-1298217277-project-member] Lock "59f4c74e-432b-41bb-a4a1-e47207819f1a" "released" by "nova.context.set_target_cell..get_or_set_cached_cell_and_set_connections" :: held 0.000s {{(pid=87611) inner /opt/stack/data/venv/lib/python3.12/site-packages/oslo_concurrency/lockutils.py:544}}
Jul 27 05:08:32.180101 np0000005876 devstack@n-api.service[87611]: DEBUG oslo_concurrency.lockutils [None req-7004baaa-a35b-40e1-8d44-6b7dbf520948 tempest-AttachSCSIVolumeTestJSON-1298217277 tempest-AttachSCSIVolumeTestJSON-1298217277-project-member] Acquiring lock "59f4c74e-432b-41bb-a4a1-e47207819f1a" by "nova.context.set_target_cell..get_or_set_cached_cell_and_set_connections" {{(pid=87611) inner /opt/stack/data/venv/lib/python3.12/site-packages/oslo_concurrency/lockutils.py:512}}
Jul 27 05:08:32.180284 np0000005876 devstack@n-api.service[87611]: DEBUG oslo_concurrency.lockutils [None req-7004baaa-a35b-40e1-8d44-6b7dbf520948 tempest-AttachSCSIVolumeTestJSON-1298217277 tempest-AttachSCSIVolumeTestJSON-1298217277-project-member] Lock "59f4c74e-432b-41bb-a4a1-e47207819f1a" acquired by "nova.context.set_target_cell..get_or_set_cached_cell_and_set_connections" :: waited 0.001s {{(pid=87611) inner /opt/stack/data/venv/lib/python3.12/site-packages/oslo_concurrency/lockutils.py:525}}
Jul 27 05:08:32.180758 np0000005876 devstack@n-api.service[87611]: DEBUG oslo_concurrency.lockutils [None req-7004baaa-a35b-40e1-8d44-6b7dbf520948 tempest-AttachSCSIVolumeTestJSON-1298217277 tempest-AttachSCSIVolumeTestJSON-1298217277-project-member] Lock "59f4c74e-432b-41bb-a4a1-e47207819f1a" "released" by "nova.context.set_target_cell..get_or_set_cached_cell_and_set_connections" :: held 0.001s {{(pid=87611) inner /opt/stack/data/venv/lib/python3.12/site-packages/oslo_concurrency/lockutils.py:544}}
