Jul 27 05:05:33.858206 np0000005876 nova-scheduler[96751]: DEBUG cotyledon.oslo_config_glue [-] workarounds.ensure_libvirt_rbd_instance_dir_cleanup = False {{(pid=96751) log_opt_values /opt/stack/data/venv/lib/python3.12/site-packages/oslo_config/cfg.py:3253}}
Jul 27 05:05:33.858206 np0000005876 nova-scheduler[96751]: DEBUG cotyledon.oslo_config_glue [-] workarounds.handle_virt_lifecycle_events = True {{(pid=96751) log_opt_values /opt/stack/data/venv/lib/python3.12/site-packages/oslo_config/cfg.py:3253}}
Jul 27 05:05:33.858206 np0000005876 nova-scheduler[96751]: DEBUG cotyledon.oslo_config_glue [-] workarounds.libvirt_disable_apic = False {{(pid=96751) log_opt_values /opt/stack/data/venv/lib/python3.12/site-packages/oslo_config/cfg.py:3253}}
Jul 27 05:05:33.858206 np0000005876 nova-scheduler[96751]: DEBUG cotyledon.oslo_config_glue [-] workarounds.never_download_image_if_on_rbd = False {{(pid=96751) log_opt_values /opt/stack/data/venv/lib/python3.12/site-packages/oslo_config/cfg.py:3253}}
Jul 27 05:05:33.858206 np0000005876 nova-scheduler[96751]: DEBUG cotyledon.oslo_config_glue [-] workarounds.qemu_monitor_announce_self_count = 3 {{(pid=96751) log_opt_values /opt/stack/data/venv/lib/python3.12/site-packages/oslo_config/cfg.py:3253}}
Jul 27 05:05:33.858206 np0000005876 nova-scheduler[96751]: DEBUG cotyledon.oslo_config_glue [-] workarounds.qemu_monitor_announce_self_interval = 1 {{(pid=96751) log_opt_values /opt/stack/data/venv/lib/python3.12/site-packages/oslo_config/cfg.py:3253}}
Jul 27 05:05:33.858206 np0000005876 nova-scheduler[96751]: DEBUG cotyledon.oslo_config_glue [-] workarounds.reserve_disk_resource_for_image_cache = False {{(pid=96751) log_opt_values /opt/stack/data/venv/lib/python3.12/site-packages/oslo_config/cfg.py:3253}}
Jul 27 05:05:33.858724 np0000005876 nova-scheduler[96751]: DEBUG cotyledon.oslo_config_glue [-] workarounds.skip_cpu_compare_at_startup = False {{(pid=96751) log_opt_values /opt/stack/data/venv/lib/python3.12/site-packages/oslo_config/cfg.py:3253}}
Jul 27 05:05:33.858724 np0000005876 nova-scheduler[96751]: DEBUG cotyledon.oslo_config_glue [-] workarounds.skip_cpu_compare_on_dest = False {{(pid=96751) log_opt_values /opt/stack/data/venv/lib/python3.12/site-packages/oslo_config/cfg.py:3253}}
Jul 27 05:05:33.858724 np0000005876 nova-scheduler[96751]: DEBUG cotyledon.oslo_config_glue [-] workarounds.skip_hypervisor_version_check_on_lm = False {{(pid=96751) log_opt_values /opt/stack/data/venv/lib/python3.12/site-packages/oslo_config/cfg.py:3253}}
Jul 27 05:05:33.858724 np0000005876 nova-scheduler[96751]: DEBUG cotyledon.oslo_config_glue [-] workarounds.skip_reserve_in_use_ironic_nodes = False {{(pid=96751) log_opt_values /opt/stack/data/venv/lib/python3.12/site-packages/oslo_config/cfg.py:3253}}
Jul 27 05:05:33.858724 np0000005876 nova-scheduler[96751]: DEBUG cotyledon.oslo_config_glue [-] workarounds.unified_limits_count_pcpu_as_vcpu = False {{(pid=96751) log_opt_values /opt/stack/data/venv/lib/python3.12/site-packages/oslo_config/cfg.py:3253}}
Jul 27 05:05:33.858724 np0000005876 nova-scheduler[96751]: DEBUG cotyledon.oslo_config_glue [-] workarounds.wait_for_vif_plugged_event_during_hard_reboot = [] {{(pid=96751) log_opt_values /opt/stack/data/venv/lib/python3.12/site-packages/oslo_config/cfg.py:3253}}
Jul 27 05:05:33.858724 np0000005876 nova-scheduler[96751]: DEBUG cotyledon.oslo_config_glue [-] wsgi.api_paste_config = /etc/nova/api-paste.ini {{(pid=96751) log_opt_values /opt/stack/data/venv/lib/python3.12/site-packages/oslo_config/cfg.py:3253}}
Jul 27 05:05:33.858724 np0000005876 nova-scheduler[96751]: DEBUG cotyledon.oslo_config_glue [-] wsgi.secure_proxy_ssl_header = None {{(pid=96751) log_opt_values /opt/stack/data/venv/lib/python3.12/site-packages/oslo_config/cfg.py:3253}}
Jul 27 05:05:33.858724 np0000005876 nova-scheduler[96751]: DEBUG cotyledon.oslo_config_glue [-] zvm.ca_file = None {{(pid=96751) log_opt_values /opt/stack/data/venv/lib/python3.12/site-packages/oslo_config/cfg.py:3253}}
Jul 27 05:05:33.858946 np0000005876 nova-scheduler[96751]: DEBUG cotyledon.oslo_config_glue [-] zvm.cloud_connector_url = None {{(pid=96751) log_opt_values /opt/stack/data/venv/lib/python3.12/site-packages/oslo_config/cfg.py:3253}}
Jul 27 05:05:33.858946 np0000005876 nova-scheduler[96751]: DEBUG cotyledon.oslo_config_glue [-] zvm.image_tmp_path = /opt/stack/data/nova/images {{(pid=96751) log_opt_values /opt/stack/data/venv/lib/python3.12/site-packages/oslo_config/cfg.py:3253}}
Jul 27 05:05:33.858946 np0000005876 nova-scheduler[96751]: DEBUG cotyledon.oslo_config_glue [-] zvm.reachable_timeout = 300 {{(pid=96751) log_opt_values /opt/stack/data/venv/lib/python3.12/site-packages/oslo_config/cfg.py:3253}}
Jul 27 05:05:33.858946 np0000005876 nova-scheduler[96751]: DEBUG cotyledon.oslo_config_glue [-] oslo_versionedobjects.fatal_exception_format_errors = False {{(pid=96751) log_opt_values /opt/stack/data/venv/lib/python3.12/site-packages/oslo_config/cfg.py:3253}}
Jul 27 05:05:33.858946 np0000005876 nova-scheduler[96751]: DEBUG cotyledon.oslo_config_glue [-] oslo_middleware.http_basic_auth_user_file = /etc/htpasswd {{(pid=96751) log_opt_values /opt/stack/data/venv/lib/python3.12/site-packages/oslo_config/cfg.py:3253}}
Jul 27 05:05:33.858946 np0000005876 nova-scheduler[96751]: DEBUG cotyledon.oslo_config_glue [-] oslo_messaging_metrics.metrics_buffer_size = 1000 {{(pid=96751) log_opt_values /opt/stack/data/venv/lib/python3.12/site-packages/oslo_config/cfg.py:3253}}
Jul 27 05:05:33.858946 np0000005876 nova-scheduler[96751]: DEBUG cotyledon.oslo_config_glue [-] oslo_messaging_metrics.metrics_enabled = False {{(pid=96751) log_opt_values /opt/stack/data/venv/lib/python3.12/site-packages/oslo_config/cfg.py:3253}}
Jul 27 05:05:33.858946 np0000005876 nova-scheduler[96751]: DEBUG cotyledon.oslo_config_glue [-] oslo_messaging_metrics.metrics_process_name = {{(pid=96751) log_opt_values /opt/stack/data/venv/lib/python3.12/site-packages/oslo_config/cfg.py:3253}}
Jul 27 05:05:33.859101 np0000005876 nova-scheduler[96751]: DEBUG cotyledon.oslo_config_glue [-] oslo_messaging_metrics.metrics_socket_file = /var/tmp/metrics_collector.sock {{(pid=96751) log_opt_values /opt/stack/data/venv/lib/python3.12/site-packages/oslo_config/cfg.py:3253}}
Jul 27 05:05:33.859101 np0000005876 nova-scheduler[96751]: DEBUG cotyledon.oslo_config_glue [-] oslo_messaging_metrics.metrics_thread_stop_timeout = 10 {{(pid=96751) log_opt_values /opt/stack/data/venv/lib/python3.12/site-packages/oslo_config/cfg.py:3253}}
Jul 27 05:05:33.859101 np0000005876 nova-scheduler[96751]: DEBUG cotyledon.oslo_config_glue [-] profiler.connection_string = messaging:// {{(pid=96751) log_opt_values /opt/stack/data/venv/lib/python3.12/site-packages/oslo_config/cfg.py:3253}}
Jul 27 05:05:33.859101 np0000005876 nova-scheduler[96751]: DEBUG cotyledon.oslo_config_glue [-] profiler.enabled = False {{(pid=96751) log_opt_values /opt/stack/data/venv/lib/python3.12/site-packages/oslo_config/cfg.py:3253}}
Jul 27 05:05:33.859101 np0000005876 nova-scheduler[96751]: DEBUG cotyledon.oslo_config_glue [-] profiler.es_doc_type = notification {{(pid=96751) log_opt_values /opt/stack/data/venv/lib/python3.12/site-packages/oslo_config/cfg.py:3253}}
Jul 27 05:05:33.859101 np0000005876 nova-scheduler[96751]: DEBUG cotyledon.oslo_config_glue [-] profiler.es_scroll_size = 10000 {{(pid=96751) log_opt_values /opt/stack/data/venv/lib/python3.12/site-packages/oslo_config/cfg.py:3253}}
Jul 27 05:05:33.859101 np0000005876 nova-scheduler[96751]: DEBUG cotyledon.oslo_config_glue [-] profiler.es_scroll_time = 2m {{(pid=96751) log_opt_values /opt/stack/data/venv/lib/python3.12/site-packages/oslo_config/cfg.py:3253}}
Jul 27 05:05:33.859101 np0000005876 nova-scheduler[96751]: DEBUG cotyledon.oslo_config_glue [-] profiler.filter_error_trace = False {{(pid=96751) log_opt_values /opt/stack/data/venv/lib/python3.12/site-packages/oslo_config/cfg.py:3253}}
Jul 27 05:05:33.859101 np0000005876 nova-scheduler[96751]: DEBUG cotyledon.oslo_config_glue [-] profiler.hmac_keys = **** {{(pid=96751) log_opt_values /opt/stack/data/venv/lib/python3.12/site-packages/oslo_config/cfg.py:3253}}
Jul 27 05:05:33.859297 np0000005876 nova-scheduler[96751]: DEBUG cotyledon.oslo_config_glue [-] profiler.sentinel_service_name = mymaster {{(pid=96751) log_opt_values /opt/stack/data/venv/lib/python3.12/site-packages/oslo_config/cfg.py:3253}}
Jul 27 05:05:33.859297 np0000005876 nova-scheduler[96751]: DEBUG cotyledon.oslo_config_glue [-] profiler.socket_timeout = 0.1 {{(pid=96751) log_opt_values /opt/stack/data/venv/lib/python3.12/site-packages/oslo_config/cfg.py:3253}}
Jul 27 05:05:33.859297 np0000005876 nova-scheduler[96751]: DEBUG cotyledon.oslo_config_glue [-] profiler.trace_requests = False {{(pid=96751) log_opt_values /opt/stack/data/venv/lib/python3.12/site-packages/oslo_config/cfg.py:3253}}
Jul 27 05:05:33.859297 np0000005876 nova-scheduler[96751]: DEBUG cotyledon.oslo_config_glue [-] profiler.trace_sqlalchemy = False {{(pid=96751) log_opt_values /opt/stack/data/venv/lib/python3.12/site-packages/oslo_config/cfg.py:3253}}
Jul 27 05:05:33.859297 np0000005876 nova-scheduler[96751]: DEBUG cotyledon.oslo_config_glue [-] profiler_jaeger.process_tags = {} {{(pid=96751) log_opt_values /opt/stack/data/venv/lib/python3.12/site-packages/oslo_config/cfg.py:3253}}
Jul 27 05:05:33.859297 np0000005876 nova-scheduler[96751]: DEBUG cotyledon.oslo_config_glue [-] profiler_jaeger.service_name_prefix = None {{(pid=96751) log_opt_values /opt/stack/data/venv/lib/python3.12/site-packages/oslo_config/cfg.py:3253}}
Jul 27 05:05:33.859297 np0000005876 nova-scheduler[96751]: DEBUG cotyledon.oslo_config_glue [-] profiler_otlp.service_name_prefix = None {{(pid=96751) log_opt_values /opt/stack/data/venv/lib/python3.12/site-packages/oslo_config/cfg.py:3253}}
Jul 27 05:05:33.859297 np0000005876 nova-scheduler[96751]: DEBUG cotyledon.oslo_config_glue [-] oslo_messaging_rabbit.amqp_auto_delete = False {{(pid=96751) log_opt_values /opt/stack/data/venv/lib/python3.12/site-packages/oslo_config/cfg.py:3253}}
Jul 27 05:05:33.859297 np0000005876 nova-scheduler[96751]: DEBUG cotyledon.oslo_config_glue [-] oslo_messaging_rabbit.amqp_durable_queues = False {{(pid=96751) log_opt_values /opt/stack/data/venv/lib/python3.12/site-packages/oslo_config/cfg.py:3253}}
Jul 27 05:05:33.859470 np0000005876 nova-scheduler[96751]: DEBUG cotyledon.oslo_config_glue [-] oslo_messaging_rabbit.conn_pool_min_size = 2 {{(pid=96751) log_opt_values /opt/stack/data/venv/lib/python3.12/site-packages/oslo_config/cfg.py:3253}}
Jul 27 05:05:33.859470 np0000005876 nova-scheduler[96751]: DEBUG cotyledon.oslo_config_glue [-] oslo_messaging_rabbit.conn_pool_ttl = 1200 {{(pid=96751) log_opt_values /opt/stack/data/venv/lib/python3.12/site-packages/oslo_config/cfg.py:3253}}
Jul 27 05:05:33.859470 np0000005876 nova-scheduler[96751]: DEBUG cotyledon.oslo_config_glue [-] oslo_messaging_rabbit.direct_mandatory_flag = True {{(pid=96751) log_opt_values /opt/stack/data/venv/lib/python3.12/site-packages/oslo_config/cfg.py:3253}}
Jul 27 05:05:33.859470 np0000005876 nova-scheduler[96751]: DEBUG cotyledon.oslo_config_glue [-] oslo_messaging_rabbit.enable_cancel_on_failover = False {{(pid=96751) log_opt_values /opt/stack/data/venv/lib/python3.12/site-packages/oslo_config/cfg.py:3253}}
Jul 27 05:05:33.859470 np0000005876 nova-scheduler[96751]: DEBUG cotyledon.oslo_config_glue [-] oslo_messaging_rabbit.heartbeat_rate = 3 {{(pid=96751) log_opt_values /opt/stack/data/venv/lib/python3.12/site-packages/oslo_config/cfg.py:3253}}
Jul 27 05:05:33.859470 np0000005876 nova-scheduler[96751]: DEBUG cotyledon.oslo_config_glue [-] oslo_messaging_rabbit.heartbeat_timeout_threshold = 60 {{(pid=96751) log_opt_values /opt/stack/data/venv/lib/python3.12/site-packages/oslo_config/cfg.py:3253}}
Jul 27 05:05:33.859470 np0000005876 nova-scheduler[96751]: DEBUG cotyledon.oslo_config_glue [-] oslo_messaging_rabbit.hostname = np0000005876 {{(pid=96751) log_opt_values /opt/stack/data/venv/lib/python3.12/site-packages/oslo_config/cfg.py:3253}}
Jul 27 05:05:33.859470 np0000005876 nova-scheduler[96751]: DEBUG cotyledon.oslo_config_glue [-] oslo_messaging_rabbit.kombu_compression = None {{(pid=96751) log_opt_values /opt/stack/data/venv/lib/python3.12/site-packages/oslo_config/cfg.py:3253}}
Jul 27 05:05:33.859470 np0000005876 nova-scheduler[96751]: DEBUG cotyledon.oslo_config_glue [-] oslo_messaging_rabbit.kombu_failover_strategy = round-robin {{(pid=96751) log_opt_values /opt/stack/data/venv/lib/python3.12/site-packages/oslo_config/cfg.py:3253}}
Jul 27 05:05:33.859652 np0000005876 nova-scheduler[96751]: DEBUG cotyledon.oslo_config_glue [-] oslo_messaging_rabbit.kombu_missing_consumer_retry_timeout = 60 {{(pid=96751) log_opt_values /opt/stack/data/venv/lib/python3.12/site-packages/oslo_config/cfg.py:3253}}
Jul 27 05:05:33.859652 np0000005876 nova-scheduler[96751]: DEBUG cotyledon.oslo_config_glue [-] oslo_messaging_rabbit.kombu_reconnect_delay = 1.0 {{(pid=96751) log_opt_values /opt/stack/data/venv/lib/python3.12/site-packages/oslo_config/cfg.py:3253}}
Jul 27 05:05:33.859652 np0000005876 nova-scheduler[96751]: DEBUG cotyledon.oslo_config_glue [-] oslo_messaging_rabbit.kombu_reconnect_splay = 0.0 {{(pid=96751) log_opt_values /opt/stack/data/venv/lib/python3.12/site-packages/oslo_config/cfg.py:3253}}
Jul 27 05:05:33.859652 np0000005876 nova-scheduler[96751]: DEBUG cotyledon.oslo_config_glue [-] oslo_messaging_rabbit.processname = nova-scheduler {{(pid=96751) log_opt_values /opt/stack/data/venv/lib/python3.12/site-packages/oslo_config/cfg.py:3253}}
Jul 27 05:05:33.859652 np0000005876 nova-scheduler[96751]: DEBUG cotyledon.oslo_config_glue [-] oslo_messaging_rabbit.rabbit_ha_queues = False {{(pid=96751) log_opt_values /opt/stack/data/venv/lib/python3.12/site-packages/oslo_config/cfg.py:3253}}
Jul 27 05:05:33.859652 np0000005876 nova-scheduler[96751]: DEBUG cotyledon.oslo_config_glue [-] oslo_messaging_rabbit.rabbit_interval_max = 30 {{(pid=96751) log_opt_values /opt/stack/data/venv/lib/python3.12/site-packages/oslo_config/cfg.py:3253}}
Jul 27 05:05:33.859652 np0000005876 nova-scheduler[96751]: DEBUG cotyledon.oslo_config_glue [-] oslo_messaging_rabbit.rabbit_login_method = AMQPLAIN {{(pid=96751) log_opt_values /opt/stack/data/venv/lib/python3.12/site-packages/oslo_config/cfg.py:3253}}
Jul 27 05:05:33.859652 np0000005876 nova-scheduler[96751]: DEBUG cotyledon.oslo_config_glue [-] oslo_messaging_rabbit.rabbit_qos_prefetch_count = 0 {{(pid=96751) log_opt_values /opt/stack/data/venv/lib/python3.12/site-packages/oslo_config/cfg.py:3253}}
Jul 27 05:05:33.859652 np0000005876 nova-scheduler[96751]: DEBUG cotyledon.oslo_config_glue [-] oslo_messaging_rabbit.rabbit_quorum_delivery_limit = 0 {{(pid=96751) log_opt_values /opt/stack/data/venv/lib/python3.12/site-packages/oslo_config/cfg.py:3253}}
Jul 27 05:05:33.859874 np0000005876 nova-scheduler[96751]: DEBUG cotyledon.oslo_config_glue [-] oslo_messaging_rabbit.rabbit_quorum_max_memory_bytes = 0 {{(pid=96751) log_opt_values /opt/stack/data/venv/lib/python3.12/site-packages/oslo_config/cfg.py:3253}}
Jul 27 05:05:33.859874 np0000005876 nova-scheduler[96751]: DEBUG cotyledon.oslo_config_glue [-] oslo_messaging_rabbit.rabbit_quorum_max_memory_length = 0 {{(pid=96751) log_opt_values /opt/stack/data/venv/lib/python3.12/site-packages/oslo_config/cfg.py:3253}}
Jul 27 05:05:33.859874 np0000005876 nova-scheduler[96751]: DEBUG cotyledon.oslo_config_glue [-] oslo_messaging_rabbit.rabbit_quorum_queue = False {{(pid=96751) log_opt_values /opt/stack/data/venv/lib/python3.12/site-packages/oslo_config/cfg.py:3253}}
Jul 27 05:05:33.859874 np0000005876 nova-scheduler[96751]: DEBUG cotyledon.oslo_config_glue [-] oslo_messaging_rabbit.rabbit_retry_backoff = 2 {{(pid=96751) log_opt_values /opt/stack/data/venv/lib/python3.12/site-packages/oslo_config/cfg.py:3253}}
Jul 27 05:05:33.859874 np0000005876 nova-scheduler[96751]: DEBUG cotyledon.oslo_config_glue [-] oslo_messaging_rabbit.rabbit_retry_interval = 1 {{(pid=96751) log_opt_values /opt/stack/data/venv/lib/python3.12/site-packages/oslo_config/cfg.py:3253}}
Jul 27 05:05:33.859874 np0000005876 nova-scheduler[96751]: DEBUG cotyledon.oslo_config_glue [-] oslo_messaging_rabbit.rabbit_stream_fanout = False {{(pid=96751) log_opt_values /opt/stack/data/venv/lib/python3.12/site-packages/oslo_config/cfg.py:3253}}
Jul 27 05:05:33.859874 np0000005876 nova-scheduler[96751]: DEBUG cotyledon.oslo_config_glue [-] oslo_messaging_rabbit.rabbit_transient_queues_ttl = 1800 {{(pid=96751) log_opt_values /opt/stack/data/venv/lib/python3.12/site-packages/oslo_config/cfg.py:3253}}
Jul 27 05:05:33.859874 np0000005876 nova-scheduler[96751]: DEBUG cotyledon.oslo_config_glue [-] oslo_messaging_rabbit.rabbit_transient_quorum_queue = False {{(pid=96751) log_opt_values /opt/stack/data/venv/lib/python3.12/site-packages/oslo_config/cfg.py:3253}}
Jul 27 05:05:33.860042 np0000005876 nova-scheduler[96751]: DEBUG cotyledon.oslo_config_glue [-] oslo_messaging_rabbit.rpc_conn_pool_size = 30 {{(pid=96751) log_opt_values /opt/stack/data/venv/lib/python3.12/site-packages/oslo_config/cfg.py:3253}}
Jul 27 05:05:33.860042 np0000005876 nova-scheduler[96751]: DEBUG cotyledon.oslo_config_glue [-] oslo_messaging_rabbit.ssl = False {{(pid=96751) log_opt_values /opt/stack/data/venv/lib/python3.12/site-packages/oslo_config/cfg.py:3253}}
Jul 27 05:05:33.860042 np0000005876 nova-scheduler[96751]: DEBUG cotyledon.oslo_config_glue [-] oslo_messaging_rabbit.ssl_ca_file = {{(pid=96751) log_opt_values /opt/stack/data/venv/lib/python3.12/site-packages/oslo_config/cfg.py:3253}}
Jul 27 05:05:33.860042 np0000005876 nova-scheduler[96751]: DEBUG cotyledon.oslo_config_glue [-] oslo_messaging_rabbit.ssl_cert_file = {{(pid=96751) log_opt_values /opt/stack/data/venv/lib/python3.12/site-packages/oslo_config/cfg.py:3253}}
Jul 27 05:05:33.860042 np0000005876 nova-scheduler[96751]: DEBUG cotyledon.oslo_config_glue [-] oslo_messaging_rabbit.ssl_enforce_fips_mode = False {{(pid=96751) log_opt_values /opt/stack/data/venv/lib/python3.12/site-packages/oslo_config/cfg.py:3253}}
Jul 27 05:05:33.860042 np0000005876 nova-scheduler[96751]: DEBUG cotyledon.oslo_config_glue [-] oslo_messaging_rabbit.ssl_enforce_hostname_verification = True {{(pid=96751) log_opt_values /opt/stack/data/venv/lib/python3.12/site-packages/oslo_config/cfg.py:3253}}
Jul 27 05:05:33.860042 np0000005876 nova-scheduler[96751]: DEBUG cotyledon.oslo_config_glue [-] oslo_messaging_rabbit.ssl_key_file = {{(pid=96751) log_opt_values /opt/stack/data/venv/lib/python3.12/site-packages/oslo_config/cfg.py:3253}}
Jul 27 05:05:33.860042 np0000005876 nova-scheduler[96751]: DEBUG cotyledon.oslo_config_glue [-] oslo_messaging_rabbit.ssl_version = {{(pid=96751) log_opt_values /opt/stack/data/venv/lib/python3.12/site-packages/oslo_config/cfg.py:3253}}
Jul 27 05:05:33.860042 np0000005876 nova-scheduler[96751]: DEBUG cotyledon.oslo_config_glue [-] oslo_messaging_rabbit.use_queue_manager = False {{(pid=96751) log_opt_values /opt/stack/data/venv/lib/python3.12/site-packages/oslo_config/cfg.py:3253}}
Jul 27 05:05:33.860227 np0000005876 nova-scheduler[96751]: DEBUG cotyledon.oslo_config_glue [-] oslo_messaging_notifications.driver = ['messagingv2'] {{(pid=96751) log_opt_values /opt/stack/data/venv/lib/python3.12/site-packages/oslo_config/cfg.py:3253}}
Jul 27 05:05:33.860227 np0000005876 nova-scheduler[96751]: DEBUG cotyledon.oslo_config_glue [-] oslo_messaging_notifications.retry = -1 {{(pid=96751) log_opt_values /opt/stack/data/venv/lib/python3.12/site-packages/oslo_config/cfg.py:3253}}
Jul 27 05:05:33.860227 np0000005876 nova-scheduler[96751]: DEBUG cotyledon.oslo_config_glue [-] oslo_messaging_notifications.topics = ['notifications'] {{(pid=96751) log_opt_values /opt/stack/data/venv/lib/python3.12/site-packages/oslo_config/cfg.py:3253}}
Jul 27 05:05:33.860227 np0000005876 nova-scheduler[96751]: DEBUG cotyledon.oslo_config_glue [-] oslo_messaging_notifications.transport_url = **** {{(pid=96751) log_opt_values /opt/stack/data/venv/lib/python3.12/site-packages/oslo_config/cfg.py:3253}}
Jul 27 05:05:33.860227 np0000005876 nova-scheduler[96751]: DEBUG cotyledon.oslo_config_glue [-] oslo_limit.auth_section = None {{(pid=96751) log_opt_values /opt/stack/data/venv/lib/python3.12/site-packages/oslo_config/cfg.py:3253}}
Jul 27 05:05:33.860227 np0000005876 nova-scheduler[96751]: DEBUG cotyledon.oslo_config_glue [-] oslo_limit.auth_type = None {{(pid=96751) log_opt_values /opt/stack/data/venv/lib/python3.12/site-packages/oslo_config/cfg.py:3253}}
Jul 27 05:05:33.860227 np0000005876 nova-scheduler[96751]: DEBUG cotyledon.oslo_config_glue [-] oslo_limit.cafile = None {{(pid=96751) log_opt_values /opt/stack/data/venv/lib/python3.12/site-packages/oslo_config/cfg.py:3253}}
Jul 27 05:05:33.860227 np0000005876 nova-scheduler[96751]: DEBUG cotyledon.oslo_config_glue [-] oslo_limit.certfile = None {{(pid=96751) log_opt_values /opt/stack/data/venv/lib/python3.12/site-packages/oslo_config/cfg.py:3253}}
Jul 27 05:05:33.860227 np0000005876 nova-scheduler[96751]: DEBUG cotyledon.oslo_config_glue [-] oslo_limit.collect_timing = False {{(pid=96751) log_opt_values /opt/stack/data/venv/lib/python3.12/site-packages/oslo_config/cfg.py:3253}}
Jul 27 05:05:33.860380 np0000005876 nova-scheduler[96751]: DEBUG cotyledon.oslo_config_glue [-] oslo_limit.connect_retries = None {{(pid=96751) log_opt_values /opt/stack/data/venv/lib/python3.12/site-packages/oslo_config/cfg.py:3253}}
Jul 27 05:05:33.860380 np0000005876 nova-scheduler[96751]: DEBUG cotyledon.oslo_config_glue [-] oslo_limit.connect_retry_delay = None {{(pid=96751) log_opt_values /opt/stack/data/venv/lib/python3.12/site-packages/oslo_config/cfg.py:3253}}
Jul 27 05:05:33.860380 np0000005876 nova-scheduler[96751]: DEBUG cotyledon.oslo_config_glue [-] oslo_limit.endpoint_id = None {{(pid=96751) log_opt_values /opt/stack/data/venv/lib/python3.12/site-packages/oslo_config/cfg.py:3253}}
Jul 27 05:05:33.860380 np0000005876 nova-scheduler[96751]: DEBUG cotyledon.oslo_config_glue [-] oslo_limit.endpoint_interface = public {{(pid=96751) log_opt_values /opt/stack/data/venv/lib/python3.12/site-packages/oslo_config/cfg.py:3253}}
Jul 27 05:05:33.860380 np0000005876 nova-scheduler[96751]: DEBUG cotyledon.oslo_config_glue [-] oslo_limit.endpoint_override = None {{(pid=96751) log_opt_values /opt/stack/data/venv/lib/python3.12/site-packages/oslo_config/cfg.py:3253}}
Jul 27 05:05:33.860380 np0000005876 nova-scheduler[96751]: DEBUG cotyledon.oslo_config_glue [-] oslo_limit.endpoint_region_name = None {{(pid=96751) log_opt_values /opt/stack/data/venv/lib/python3.12/site-packages/oslo_config/cfg.py:3253}}
Jul 27 05:05:33.860380 np0000005876 nova-scheduler[96751]: DEBUG cotyledon.oslo_config_glue [-] oslo_limit.endpoint_service_name = None {{(pid=96751) log_opt_values /opt/stack/data/venv/lib/python3.12/site-packages/oslo_config/cfg.py:3253}}
Jul 27 05:05:33.860380 np0000005876 nova-scheduler[96751]: DEBUG cotyledon.oslo_config_glue [-] oslo_limit.endpoint_service_type = None {{(pid=96751) log_opt_values /opt/stack/data/venv/lib/python3.12/site-packages/oslo_config/cfg.py:3253}}
Jul 27 05:05:33.860380 np0000005876 nova-scheduler[96751]: DEBUG cotyledon.oslo_config_glue [-] oslo_limit.insecure = False {{(pid=96751) log_opt_values /opt/stack/data/venv/lib/python3.12/site-packages/oslo_config/cfg.py:3253}}
Jul 27 05:05:33.860602 np0000005876 nova-scheduler[96751]: DEBUG cotyledon.oslo_config_glue [-] oslo_limit.keyfile = None {{(pid=96751) log_opt_values /opt/stack/data/venv/lib/python3.12/site-packages/oslo_config/cfg.py:3253}}
Jul 27 05:05:33.860602 np0000005876 nova-scheduler[96751]: DEBUG cotyledon.oslo_config_glue [-] oslo_limit.max_version = None {{(pid=96751) log_opt_values /opt/stack/data/venv/lib/python3.12/site-packages/oslo_config/cfg.py:3253}}
Jul 27 05:05:33.860602 np0000005876 nova-scheduler[96751]: DEBUG cotyledon.oslo_config_glue [-] oslo_limit.min_version = None {{(pid=96751) log_opt_values /opt/stack/data/venv/lib/python3.12/site-packages/oslo_config/cfg.py:3253}}
Jul 27 05:05:33.860602 np0000005876 nova-scheduler[96751]: DEBUG cotyledon.oslo_config_glue [-] oslo_limit.region_name = None {{(pid=96751) log_opt_values /opt/stack/data/venv/lib/python3.12/site-packages/oslo_config/cfg.py:3253}}
Jul 27 05:05:33.860602 np0000005876 nova-scheduler[96751]: DEBUG cotyledon.oslo_config_glue [-] oslo_limit.retriable_status_codes = None {{(pid=96751) log_opt_values /opt/stack/data/venv/lib/python3.12/site-packages/oslo_config/cfg.py:3253}}
Jul 27 05:05:33.860602 np0000005876 nova-scheduler[96751]: DEBUG cotyledon.oslo_config_glue [-] oslo_limit.service_name = None {{(pid=96751) log_opt_values /opt/stack/data/venv/lib/python3.12/site-packages/oslo_config/cfg.py:3253}}
Jul 27 05:05:33.860602 np0000005876 nova-scheduler[96751]: DEBUG cotyledon.oslo_config_glue [-] oslo_limit.service_type = None {{(pid=96751) log_opt_values /opt/stack/data/venv/lib/python3.12/site-packages/oslo_config/cfg.py:3253}}
Jul 27 05:05:33.860602 np0000005876 nova-scheduler[96751]: DEBUG cotyledon.oslo_config_glue [-] oslo_limit.split_loggers = False {{(pid=96751) log_opt_values /opt/stack/data/venv/lib/python3.12/site-packages/oslo_config/cfg.py:3253}}
Jul 27 05:05:33.860602 np0000005876 nova-scheduler[96751]: DEBUG cotyledon.oslo_config_glue [-] oslo_limit.status_code_retries = None {{(pid=96751) log_opt_values /opt/stack/data/venv/lib/python3.12/site-packages/oslo_config/cfg.py:3253}}
Jul 27 05:05:33.860836 np0000005876 nova-scheduler[96751]: DEBUG cotyledon.oslo_config_glue [-] oslo_limit.status_code_retry_delay = None {{(pid=96751) log_opt_values /opt/stack/data/venv/lib/python3.12/site-packages/oslo_config/cfg.py:3253}}
Jul 27 05:05:33.860836 np0000005876 nova-scheduler[96751]: DEBUG cotyledon.oslo_config_glue [-] oslo_limit.timeout = None {{(pid=96751) log_opt_values /opt/stack/data/venv/lib/python3.12/site-packages/oslo_config/cfg.py:3253}}
Jul 27 05:05:33.860836 np0000005876 nova-scheduler[96751]: DEBUG cotyledon.oslo_config_glue [-] oslo_limit.valid_interfaces = None {{(pid=96751) log_opt_values /opt/stack/data/venv/lib/python3.12/site-packages/oslo_config/cfg.py:3253}}
Jul 27 05:05:33.860836 np0000005876 nova-scheduler[96751]: DEBUG cotyledon.oslo_config_glue [-] oslo_limit.version = None {{(pid=96751) log_opt_values /opt/stack/data/venv/lib/python3.12/site-packages/oslo_config/cfg.py:3253}}
Jul 27 05:05:33.860836 np0000005876 nova-scheduler[96751]: DEBUG cotyledon.oslo_config_glue [-] oslo_reports.file_event_handler = None {{(pid=96751) log_opt_values /opt/stack/data/venv/lib/python3.12/site-packages/oslo_config/cfg.py:3253}}
Jul 27 05:05:33.860836 np0000005876 nova-scheduler[96751]: DEBUG cotyledon.oslo_config_glue [-] oslo_reports.file_event_handler_interval = 1 {{(pid=96751) log_opt_values /opt/stack/data/venv/lib/python3.12/site-packages/oslo_config/cfg.py:3253}}
Jul 27 05:05:33.860836 np0000005876 nova-scheduler[96751]: DEBUG cotyledon.oslo_config_glue [-] oslo_reports.log_dir = None {{(pid=96751) log_opt_values /opt/stack/data/venv/lib/python3.12/site-packages/oslo_config/cfg.py:3253}}
Jul 27 05:05:33.860836 np0000005876 nova-scheduler[96751]: DEBUG cotyledon.oslo_config_glue [-] ******************************************************************************** {{(pid=96751) log_opt_values /opt/stack/data/venv/lib/python3.12/site-packages/oslo_config/cfg.py:3260}}
Jul 27 05:05:33.860836 np0000005876 nova-scheduler[96751]: DEBUG cotyledon._service_worker [-] Run service ServiceWrapper(3) [96751] {{(pid=96751) wait_forever /opt/stack/data/venv/lib/python3.12/site-packages/cotyledon/_service_worker.py:218}}
Jul 27 05:05:33.861016 np0000005876 nova-scheduler[96751]: INFO nova.service [-] Starting scheduler node (version 33.1.0)
Jul 27 05:05:33.861039 np0000005876 nova-scheduler[96740]: DEBUG oslo_db.sqlalchemy.engines [None req-00aa34c5-22ee-4e25-807a-4b845186fa53 None None] MySQL server mode set to STRICT_TRANS_TABLES,STRICT_ALL_TABLES,NO_ZERO_IN_DATE,NO_ZERO_DATE,ERROR_FOR_DIVISION_BY_ZERO,TRADITIONAL,NO_ENGINE_SUBSTITUTION {{(pid=96740) _check_effective_sql_mode /opt/stack/data/venv/lib/python3.12/site-packages/oslo_db/sqlalchemy/engines.py:325}}
Jul 27 05:05:33.861067 np0000005876 nova-scheduler[96751]: INFO dbcounter [None req-a801cdad-4fce-4829-918e-92910ce1c83c None None] Registered counter for database nova_cell0
Jul 27 05:05:33.861089 np0000005876 nova-scheduler[96740]: DEBUG dbcounter [-] [96740] Writer thread running {{(pid=96740) stat_writer /opt/stack/data/venv/lib/python3.12/site-packages/dbcounter.py:102}}
Jul 27 05:05:33.861113 np0000005876 nova-scheduler[96749]: DEBUG oslo_db.sqlalchemy.engines [None req-d28104df-35ac-4bbc-af6a-66da2aada68a None None] MySQL server mode set to STRICT_TRANS_TABLES,STRICT_ALL_TABLES,NO_ZERO_IN_DATE,NO_ZERO_DATE,ERROR_FOR_DIVISION_BY_ZERO,TRADITIONAL,NO_ENGINE_SUBSTITUTION {{(pid=96749) _check_effective_sql_mode /opt/stack/data/venv/lib/python3.12/site-packages/oslo_db/sqlalchemy/engines.py:325}}
Jul 27 05:05:33.861158 np0000005876 nova-scheduler[96746]: DEBUG oslo_db.sqlalchemy.engines [None req-0ac2ac1b-8438-4366-8bc3-1e01054cdb2d None None] MySQL server mode set to STRICT_TRANS_TABLES,STRICT_ALL_TABLES,NO_ZERO_IN_DATE,NO_ZERO_DATE,ERROR_FOR_DIVISION_BY_ZERO,TRADITIONAL,NO_ENGINE_SUBSTITUTION {{(pid=96746) _check_effective_sql_mode /opt/stack/data/venv/lib/python3.12/site-packages/oslo_db/sqlalchemy/engines.py:325}}
Jul 27 05:05:33.861186 np0000005876 nova-scheduler[96749]: DEBUG dbcounter [-] [96749] Writer thread running {{(pid=96749) stat_writer /opt/stack/data/venv/lib/python3.12/site-packages/dbcounter.py:102}}
Jul 27 05:05:33.861216 np0000005876 nova-scheduler[96746]: DEBUG dbcounter [-] [96746] Writer thread running {{(pid=96746) stat_writer /opt/stack/data/venv/lib/python3.12/site-packages/dbcounter.py:102}}
Jul 27 05:05:33.861252 np0000005876 nova-scheduler[96740]: DEBUG nova.service [None req-00aa34c5-22ee-4e25-807a-4b845186fa53 None None] Creating RPC server for service: nova-scheduler on topic: scheduler {{(pid=96740) start /opt/stack/nova/nova/service.py:196}}
Jul 27 05:05:33.861281 np0000005876 nova-scheduler[96751]: DEBUG oslo_db.sqlalchemy.engines [None req-a801cdad-4fce-4829-918e-92910ce1c83c None None] MySQL server mode set to STRICT_TRANS_TABLES,STRICT_ALL_TABLES,NO_ZERO_IN_DATE,NO_ZERO_DATE,ERROR_FOR_DIVISION_BY_ZERO,TRADITIONAL,NO_ENGINE_SUBSTITUTION {{(pid=96751) _check_effective_sql_mode /opt/stack/data/venv/lib/python3.12/site-packages/oslo_db/sqlalchemy/engines.py:325}}
Jul 27 05:05:33.861281 np0000005876 nova-scheduler[96751]: DEBUG dbcounter [-] [96751] Writer thread running {{(pid=96751) stat_writer /opt/stack/data/venv/lib/python3.12/site-packages/dbcounter.py:102}}
Jul 27 05:05:33.862170 np0000005876 nova-scheduler[96751]: DEBUG nova.service [None req-a801cdad-4fce-4829-918e-92910ce1c83c None None] Creating RPC server for service: nova-scheduler on topic: scheduler {{(pid=96751) start /opt/stack/nova/nova/service.py:196}}
Jul 27 05:05:33.862370 np0000005876 nova-scheduler[96746]: DEBUG nova.service [None req-0ac2ac1b-8438-4366-8bc3-1e01054cdb2d None None] Creating RPC server for service: nova-scheduler on topic: scheduler {{(pid=96746) start /opt/stack/nova/nova/service.py:196}}
Jul 27 05:05:33.863238 np0000005876 nova-scheduler[96749]: DEBUG nova.service [None req-d28104df-35ac-4bbc-af6a-66da2aada68a None None] Creating RPC server for service: nova-scheduler on topic: scheduler {{(pid=96749) start /opt/stack/nova/nova/service.py:196}}
Jul 27 05:05:33.879355 np0000005876 nova-scheduler[96740]: DEBUG nova.service [None req-00aa34c5-22ee-4e25-807a-4b845186fa53 None None] Join ServiceGroup membership for this service scheduler {{(pid=96740) start /opt/stack/nova/nova/service.py:222}}
Jul 27 05:05:33.879526 np0000005876 nova-scheduler[96740]: DEBUG nova.servicegroup.drivers.db [None req-00aa34c5-22ee-4e25-807a-4b845186fa53 None None] DB_Driver: join new ServiceGroup member np0000005876 to the scheduler group, service = {{(pid=96740) join /opt/stack/nova/nova/servicegroup/drivers/db.py:44}}
Jul 27 05:05:33.884670 np0000005876 nova-scheduler[96746]: DEBUG nova.service [None req-0ac2ac1b-8438-4366-8bc3-1e01054cdb2d None None] Join ServiceGroup membership for this service scheduler {{(pid=96746) start /opt/stack/nova/nova/service.py:222}}
Jul 27 05:05:33.884864 np0000005876 nova-scheduler[96751]: DEBUG nova.service [None req-a801cdad-4fce-4829-918e-92910ce1c83c None None] Join ServiceGroup membership for this service scheduler {{(pid=96751) start /opt/stack/nova/nova/service.py:222}}
Jul 27 05:05:33.884937 np0000005876 nova-scheduler[96746]: DEBUG nova.servicegroup.drivers.db [None req-0ac2ac1b-8438-4366-8bc3-1e01054cdb2d None None] DB_Driver: join new ServiceGroup member np0000005876 to the scheduler group, service = {{(pid=96746) join /opt/stack/nova/nova/servicegroup/drivers/db.py:44}}
Jul 27 05:05:33.884995 np0000005876 nova-scheduler[96751]: DEBUG nova.servicegroup.drivers.db [None req-a801cdad-4fce-4829-918e-92910ce1c83c None None] DB_Driver: join new ServiceGroup member np0000005876 to the scheduler group, service = {{(pid=96751) join /opt/stack/nova/nova/servicegroup/drivers/db.py:44}}
Jul 27 05:05:33.894763 np0000005876 nova-scheduler[96749]: DEBUG nova.service [None req-d28104df-35ac-4bbc-af6a-66da2aada68a None None] Join ServiceGroup membership for this service scheduler {{(pid=96749) start /opt/stack/nova/nova/service.py:222}}
Jul 27 05:05:33.895008 np0000005876 nova-scheduler[96749]: DEBUG nova.servicegroup.drivers.db [None req-d28104df-35ac-4bbc-af6a-66da2aada68a None None] DB_Driver: join new ServiceGroup member np0000005876 to the scheduler group, service = {{(pid=96749) join /opt/stack/nova/nova/servicegroup/drivers/db.py:44}}
Jul 27 05:05:38.905470 np0000005876 nova-scheduler[96740]: DEBUG oslo.service.backend._threading.loopingcall [-] Fixed interval looping call 'nova.servicegroup.drivers.db.DbDriver._report_state' sleeping for 119.98 seconds {{(pid=96740) _run_loop /opt/stack/data/venv/lib/python3.12/site-packages/oslo_service/backend/_threading/loopingcall.py:125}}
Jul 27 05:05:38.906216 np0000005876 nova-scheduler[96746]: DEBUG oslo.service.backend._threading.loopingcall [-] Fixed interval looping call 'nova.servicegroup.drivers.db.DbDriver._report_state' sleeping for 119.98 seconds {{(pid=96746) _run_loop /opt/stack/data/venv/lib/python3.12/site-packages/oslo_service/backend/_threading/loopingcall.py:125}}
Jul 27 05:05:38.907159 np0000005876 nova-scheduler[96751]: DEBUG oslo.service.backend._threading.loopingcall [-] Fixed interval looping call 'nova.servicegroup.drivers.db.DbDriver._report_state' sleeping for 119.98 seconds {{(pid=96751) _run_loop /opt/stack/data/venv/lib/python3.12/site-packages/oslo_service/backend/_threading/loopingcall.py:125}}
Jul 27 05:05:38.909314 np0000005876 nova-scheduler[96749]: DEBUG oslo.service.backend._threading.loopingcall [-] Fixed interval looping call 'nova.servicegroup.drivers.db.DbDriver._report_state' sleeping for 119.99 seconds {{(pid=96749) _run_loop /opt/stack/data/venv/lib/python3.12/site-packages/oslo_service/backend/_threading/loopingcall.py:125}}
Jul 27 05:05:42.358112 np0000005876 nova-scheduler[95548]: DEBUG dbcounter [-] [95548] Writing DB stats nova_api:SELECT=3 {{(pid=95548) stat_writer /opt/stack/data/venv/lib/python3.12/site-packages/dbcounter.py:115}}
Jul 27 05:05:42.521419 np0000005876 nova-scheduler[95548]: DEBUG dbcounter [-] [95548] Writing DB stats nova_cell1:SELECT=1 {{(pid=95548) stat_writer /opt/stack/data/venv/lib/python3.12/site-packages/dbcounter.py:115}}
Jul 27 05:05:42.526065 np0000005876 nova-scheduler[95548]: DEBUG dbcounter [-] [95548] Writing DB stats nova_cell0:SELECT=1 {{(pid=95548) stat_writer /opt/stack/data/venv/lib/python3.12/site-packages/dbcounter.py:115}}
Jul 27 05:05:44.897745 np0000005876 nova-scheduler[96749]: DEBUG oslo.service.backend._threading.loopingcall [None req-117555c8-26c2-409a-8de6-d95b615d2324 None None] Dynamic interval looping call 'nova.service.Service.periodic_tasks' sleeping for 60.00 seconds {{(pid=96749) _run_loop /opt/stack/data/venv/lib/python3.12/site-packages/oslo_service/backend/_threading/loopingcall.py:125}}
Jul 27 05:05:47.888366 np0000005876 nova-scheduler[96751]: DEBUG oslo.service.backend._threading.loopingcall [None req-2b6f1a99-8601-49d3-aab1-8fb830004784 None None] Dynamic interval looping call 'nova.service.Service.periodic_tasks' sleeping for 60.00 seconds {{(pid=96751) _run_loop /opt/stack/data/venv/lib/python3.12/site-packages/oslo_service/backend/_threading/loopingcall.py:125}}
Jul 27 05:05:48.890834 np0000005876 nova-scheduler[96740]: DEBUG dbcounter [-] [96740] Writing DB stats nova_cell0:SELECT=4,nova_cell0:INSERT=1,nova_cell0:UPDATE=1 {{(pid=96740) stat_writer /opt/stack/data/venv/lib/python3.12/site-packages/dbcounter.py:115}}
Jul 27 05:05:48.895235 np0000005876 nova-scheduler[96746]: DEBUG dbcounter [-] [96746] Writing DB stats nova_cell0:SELECT=5,nova_cell0:INSERT=1,nova_cell0:UPDATE=1 {{(pid=96746) stat_writer /opt/stack/data/venv/lib/python3.12/site-packages/dbcounter.py:115}}
Jul 27 05:05:48.898948 np0000005876 nova-scheduler[96751]: DEBUG dbcounter [-] [96751] Writing DB stats nova_cell0:SELECT=3,nova_cell0:UPDATE=1 {{(pid=96751) stat_writer /opt/stack/data/venv/lib/python3.12/site-packages/dbcounter.py:115}}
Jul 27 05:05:48.907811 np0000005876 nova-scheduler[96749]: DEBUG dbcounter [-] [96749] Writing DB stats nova_cell0:SELECT=5,nova_cell0:INSERT=1,nova_cell0:UPDATE=1 {{(pid=96749) stat_writer /opt/stack/data/venv/lib/python3.12/site-packages/dbcounter.py:115}}
Jul 27 05:05:56.888070 np0000005876 nova-scheduler[96746]: DEBUG oslo.service.backend._threading.loopingcall [None req-59c5827c-68a8-4b36-b9bf-17beb3f1e6cb None None] Dynamic interval looping call 'nova.service.Service.periodic_tasks' sleeping for 60.00 seconds {{(pid=96746) _run_loop /opt/stack/data/venv/lib/python3.12/site-packages/oslo_service/backend/_threading/loopingcall.py:125}}
Jul 27 05:06:22.881841 np0000005876 nova-scheduler[96740]: DEBUG oslo.service.backend._threading.loopingcall [None req-72a4cebe-b3ce-4f27-8cec-af67acf80a1d None None] Dynamic interval looping call 'nova.service.Service.periodic_tasks' sleeping for 60.00 seconds {{(pid=96740) _run_loop /opt/stack/data/venv/lib/python3.12/site-packages/oslo_service/backend/_threading/loopingcall.py:125}}
Jul 27 05:06:44.898166 np0000005876 nova-scheduler[96749]: DEBUG oslo.service.backend._threading.loopingcall [None req-117555c8-26c2-409a-8de6-d95b615d2324 None None] Dynamic interval looping call 'nova.service.Service.periodic_tasks' sleeping for 60.00 seconds {{(pid=96749) _run_loop /opt/stack/data/venv/lib/python3.12/site-packages/oslo_service/backend/_threading/loopingcall.py:125}}
Jul 27 05:06:47.888895 np0000005876 nova-scheduler[96751]: DEBUG oslo.service.backend._threading.loopingcall [None req-2b6f1a99-8601-49d3-aab1-8fb830004784 None None] Dynamic interval looping call 'nova.service.Service.periodic_tasks' sleeping for 60.00 seconds {{(pid=96751) _run_loop /opt/stack/data/venv/lib/python3.12/site-packages/oslo_service/backend/_threading/loopingcall.py:125}}
Jul 27 05:06:56.888633 np0000005876 nova-scheduler[96746]: DEBUG oslo.service.backend._threading.loopingcall [None req-59c5827c-68a8-4b36-b9bf-17beb3f1e6cb None None] Dynamic interval looping call 'nova.service.Service.periodic_tasks' sleeping for 60.00 seconds {{(pid=96746) _run_loop /opt/stack/data/venv/lib/python3.12/site-packages/oslo_service/backend/_threading/loopingcall.py:125}}
Jul 27 05:07:22.882394 np0000005876 nova-scheduler[96740]: DEBUG oslo.service.backend._threading.loopingcall [None req-72a4cebe-b3ce-4f27-8cec-af67acf80a1d None None] Dynamic interval looping call 'nova.service.Service.periodic_tasks' sleeping for 60.00 seconds {{(pid=96740) _run_loop /opt/stack/data/venv/lib/python3.12/site-packages/oslo_service/backend/_threading/loopingcall.py:125}}
Jul 27 05:07:38.895569 np0000005876 nova-scheduler[96740]: DEBUG oslo.service.backend._threading.loopingcall [-] Fixed interval looping call 'nova.servicegroup.drivers.db.DbDriver._report_state' sleeping for 119.99 seconds {{(pid=96740) _run_loop /opt/stack/data/venv/lib/python3.12/site-packages/oslo_service/backend/_threading/loopingcall.py:125}}
Jul 27 05:07:38.896224 np0000005876 nova-scheduler[96746]: DEBUG oslo.service.backend._threading.loopingcall [-] Fixed interval looping call 'nova.servicegroup.drivers.db.DbDriver._report_state' sleeping for 119.99 seconds {{(pid=96746) _run_loop /opt/stack/data/venv/lib/python3.12/site-packages/oslo_service/backend/_threading/loopingcall.py:125}}
Jul 27 05:07:38.896793 np0000005876 nova-scheduler[96751]: DEBUG oslo.service.backend._threading.loopingcall [-] Fixed interval looping call 'nova.servicegroup.drivers.db.DbDriver._report_state' sleeping for 119.99 seconds {{(pid=96751) _run_loop /opt/stack/data/venv/lib/python3.12/site-packages/oslo_service/backend/_threading/loopingcall.py:125}}
Jul 27 05:07:38.903383 np0000005876 nova-scheduler[96749]: DEBUG oslo.service.backend._threading.loopingcall [-] Fixed interval looping call 'nova.servicegroup.drivers.db.DbDriver._report_state' sleeping for 120.00 seconds {{(pid=96749) _run_loop /opt/stack/data/venv/lib/python3.12/site-packages/oslo_service/backend/_threading/loopingcall.py:125}}
Jul 27 05:07:44.898724 np0000005876 nova-scheduler[96749]: DEBUG oslo.service.backend._threading.loopingcall [None req-117555c8-26c2-409a-8de6-d95b615d2324 None None] Dynamic interval looping call 'nova.service.Service.periodic_tasks' sleeping for 60.00 seconds {{(pid=96749) _run_loop /opt/stack/data/venv/lib/python3.12/site-packages/oslo_service/backend/_threading/loopingcall.py:125}}
Jul 27 05:07:47.889595 np0000005876 nova-scheduler[96751]: DEBUG oslo.service.backend._threading.loopingcall [None req-2b6f1a99-8601-49d3-aab1-8fb830004784 None None] Dynamic interval looping call 'nova.service.Service.periodic_tasks' sleeping for 60.00 seconds {{(pid=96751) _run_loop /opt/stack/data/venv/lib/python3.12/site-packages/oslo_service/backend/_threading/loopingcall.py:125}}
Jul 27 05:07:48.888675 np0000005876 nova-scheduler[96740]: DEBUG dbcounter [-] [96740] Writing DB stats nova_cell0:SELECT=1,nova_cell0:UPDATE=1 {{(pid=96740) stat_writer /opt/stack/data/venv/lib/python3.12/site-packages/dbcounter.py:115}}
Jul 27 05:07:48.889761 np0000005876 nova-scheduler[96746]: DEBUG dbcounter [-] [96746] Writing DB stats nova_cell0:SELECT=1,nova_cell0:UPDATE=1 {{(pid=96746) stat_writer /opt/stack/data/venv/lib/python3.12/site-packages/dbcounter.py:115}}
Jul 27 05:07:48.890508 np0000005876 nova-scheduler[96751]: DEBUG dbcounter [-] [96751] Writing DB stats nova_cell0:SELECT=1,nova_cell0:UPDATE=1 {{(pid=96751) stat_writer /opt/stack/data/venv/lib/python3.12/site-packages/dbcounter.py:115}}
Jul 27 05:07:48.902035 np0000005876 nova-scheduler[96749]: DEBUG dbcounter [-] [96749] Writing DB stats nova_cell0:SELECT=1 {{(pid=96749) stat_writer /opt/stack/data/venv/lib/python3.12/site-packages/dbcounter.py:115}}
Jul 27 05:07:56.889170 np0000005876 nova-scheduler[96746]: DEBUG oslo.service.backend._threading.loopingcall [None req-59c5827c-68a8-4b36-b9bf-17beb3f1e6cb None None] Dynamic interval looping call 'nova.service.Service.periodic_tasks' sleeping for 60.00 seconds {{(pid=96746) _run_loop /opt/stack/data/venv/lib/python3.12/site-packages/oslo_service/backend/_threading/loopingcall.py:125}}
Jul 27 05:08:15.578476 np0000005876 nova-scheduler[96740]: DEBUG nova.scheduler.manager [None req-b0ec0534-52b1-4e1d-bb38-8de0a25d36fa tempest-DeleteServersTestJSON-723503683 tempest-DeleteServersTestJSON-723503683-project-member] Starting to schedule for instances: ['e3b703c3-5998-43b4-8dc8-394031e72405'] {{(pid=96740) select_destinations /opt/stack/nova/nova/scheduler/manager.py:209}}
Jul 27 05:08:15.579923 np0000005876 nova-scheduler[96740]: DEBUG nova.scheduler.request_filter [None req-b0ec0534-52b1-4e1d-bb38-8de0a25d36fa tempest-DeleteServersTestJSON-723503683 tempest-DeleteServersTestJSON-723503683-project-member] compute_status_filter request filter added forbidden trait COMPUTE_STATUS_DISABLED {{(pid=96740) compute_status_filter /opt/stack/nova/nova/scheduler/request_filter.py:253}}
Jul 27 05:08:15.579923 np0000005876 nova-scheduler[96740]: DEBUG nova.scheduler.request_filter [None req-b0ec0534-52b1-4e1d-bb38-8de0a25d36fa tempest-DeleteServersTestJSON-723503683 tempest-DeleteServersTestJSON-723503683-project-member] Request filter 'compute_status_filter' took 0.0 seconds {{(pid=96740) wrapper /opt/stack/nova/nova/scheduler/request_filter.py:46}}
Jul 27 05:08:15.579923 np0000005876 nova-scheduler[96740]: DEBUG nova.scheduler.request_filter [None req-b0ec0534-52b1-4e1d-bb38-8de0a25d36fa tempest-DeleteServersTestJSON-723503683 tempest-DeleteServersTestJSON-723503683-project-member] Request filter 'accelerators_filter' took 0.0 seconds {{(pid=96740) wrapper /opt/stack/nova/nova/scheduler/request_filter.py:46}}
Jul 27 05:08:15.579923 np0000005876 nova-scheduler[96740]: DEBUG nova.scheduler.request_filter [None req-b0ec0534-52b1-4e1d-bb38-8de0a25d36fa tempest-DeleteServersTestJSON-723503683 tempest-DeleteServersTestJSON-723503683-project-member] Request filter 'packed_virtqueue_filter' took 0.0 seconds {{(pid=96740) wrapper /opt/stack/nova/nova/scheduler/request_filter.py:46}}
Jul 27 05:08:15.580075 np0000005876 nova-scheduler[96740]: DEBUG nova.scheduler.request_filter [None req-b0ec0534-52b1-4e1d-bb38-8de0a25d36fa tempest-DeleteServersTestJSON-723503683 tempest-DeleteServersTestJSON-723503683-project-member] Request filter 'remote_managed_ports_filter' took 0.0 seconds {{(pid=96740) wrapper /opt/stack/nova/nova/scheduler/request_filter.py:46}}
Jul 27 05:08:15.580112 np0000005876 nova-scheduler[96740]: DEBUG nova.scheduler.request_filter [None req-b0ec0534-52b1-4e1d-bb38-8de0a25d36fa tempest-DeleteServersTestJSON-723503683 tempest-DeleteServersTestJSON-723503683-project-member] ephemeral_encryption_filter skipped {{(pid=96740) ephemeral_encryption_filter /opt/stack/nova/nova/scheduler/request_filter.py:426}}
Jul 27 05:08:15.580334 np0000005876 nova-scheduler[96740]: DEBUG nova.scheduler.request_filter [None req-b0ec0534-52b1-4e1d-bb38-8de0a25d36fa tempest-DeleteServersTestJSON-723503683 tempest-DeleteServersTestJSON-723503683-project-member] virtio_sound_filter skipped {{(pid=96740) virtio_sound_filter /opt/stack/nova/nova/scheduler/request_filter.py:460}}
Jul 27 05:08:15.580510 np0000005876 nova-scheduler[96740]: DEBUG nova.scheduler.request_filter [None req-b0ec0534-52b1-4e1d-bb38-8de0a25d36fa tempest-DeleteServersTestJSON-723503683 tempest-DeleteServersTestJSON-723503683-project-member] tpm_secret_security_filter skipped {{(pid=96740) tpm_secret_security_filter /opt/stack/nova/nova/scheduler/request_filter.py:477}}
Jul 27 05:08:16.281577 np0000005876 nova-scheduler[96740]: INFO nova.utils [None req-b0ec0534-52b1-4e1d-bb38-8de0a25d36fa tempest-DeleteServersTestJSON-723503683 tempest-DeleteServersTestJSON-723503683-project-member] The cell worker thread pool ForkProcess-1.cell_worker is initialized
Jul 27 05:08:16.282089 np0000005876 nova-scheduler[96740]: DEBUG oslo_concurrency.lockutils [None req-b0ec0534-52b1-4e1d-bb38-8de0a25d36fa tempest-DeleteServersTestJSON-723503683 tempest-DeleteServersTestJSON-723503683-project-member] Acquiring lock "59f4c74e-432b-41bb-a4a1-e47207819f1a" by "nova.context.set_target_cell..get_or_set_cached_cell_and_set_connections" {{(pid=96740) inner /opt/stack/data/venv/lib/python3.12/site-packages/oslo_concurrency/lockutils.py:512}}
Jul 27 05:08:16.282348 np0000005876 nova-scheduler[96740]: DEBUG oslo_concurrency.lockutils [None req-b0ec0534-52b1-4e1d-bb38-8de0a25d36fa tempest-DeleteServersTestJSON-723503683 tempest-DeleteServersTestJSON-723503683-project-member] Lock "59f4c74e-432b-41bb-a4a1-e47207819f1a" acquired by "nova.context.set_target_cell..get_or_set_cached_cell_and_set_connections" :: waited 0.000s {{(pid=96740) inner /opt/stack/data/venv/lib/python3.12/site-packages/oslo_concurrency/lockutils.py:525}}
Jul 27 05:08:16.284329 np0000005876 nova-scheduler[96740]: DEBUG oslo_concurrency.lockutils [None req-b0ec0534-52b1-4e1d-bb38-8de0a25d36fa tempest-DeleteServersTestJSON-723503683 tempest-DeleteServersTestJSON-723503683-project-member] Lock "59f4c74e-432b-41bb-a4a1-e47207819f1a" "released" by "nova.context.set_target_cell..get_or_set_cached_cell_and_set_connections" :: held 0.002s {{(pid=96740) inner /opt/stack/data/venv/lib/python3.12/site-packages/oslo_concurrency/lockutils.py:544}}
Jul 27 05:08:16.286398 np0000005876 nova-scheduler[96740]: INFO dbcounter [None req-b0ec0534-52b1-4e1d-bb38-8de0a25d36fa tempest-DeleteServersTestJSON-723503683 tempest-DeleteServersTestJSON-723503683-project-member] Registered counter for database nova_cell1
Jul 27 05:08:16.335851 np0000005876 nova-scheduler[96740]: DEBUG oslo_db.sqlalchemy.engines [None req-b0ec0534-52b1-4e1d-bb38-8de0a25d36fa tempest-DeleteServersTestJSON-723503683 tempest-DeleteServersTestJSON-723503683-project-member] MySQL server mode set to STRICT_TRANS_TABLES,STRICT_ALL_TABLES,NO_ZERO_IN_DATE,NO_ZERO_DATE,ERROR_FOR_DIVISION_BY_ZERO,TRADITIONAL,NO_ENGINE_SUBSTITUTION {{(pid=96740) _check_effective_sql_mode /opt/stack/data/venv/lib/python3.12/site-packages/oslo_db/sqlalchemy/engines.py:325}}
Jul 27 05:08:16.345090 np0000005876 nova-scheduler[96740]: DEBUG dbcounter [-] [96740] Writer thread running {{(pid=96740) stat_writer /opt/stack/data/venv/lib/python3.12/site-packages/dbcounter.py:102}}
Jul 27 05:08:16.387835 np0000005876 nova-scheduler[96740]: DEBUG oslo_db.sqlalchemy.engines [None req-b0ec0534-52b1-4e1d-bb38-8de0a25d36fa tempest-DeleteServersTestJSON-723503683 tempest-DeleteServersTestJSON-723503683-project-member] Parent process 95548 forked (96740) with an open database connection, which is being discarded and recreated. {{(pid=96740) checkout /opt/stack/data/venv/lib/python3.12/site-packages/oslo_db/sqlalchemy/engines.py:402}}
