Jun 15 16:08:16.176934 np0000002867 devstack@g-api.service[101789]: DEBUG glance_store.backend [-] Attempting to import store swift {{(pid=101789) _load_store /opt/stack/data/venv/lib/python3.12/site-packages/glance_store/backend.py:215}}
Jun 15 16:08:16.177061 np0000002867 devstack@g-api.service[101787]: DEBUG glance.sqlite_migration [-] SQLite caching database not located, skipping migration {{(pid=101787) get_db_path /opt/stack/glance/glance/sqlite_migration.py:68}}
Jun 15 16:08:16.177121 np0000002867 devstack@g-api.service[101789]: WARNING oslo_config.cfg [-] Deprecated: Option "default_store" from group "glance_store" is deprecated for removal (
Jun 15 16:08:16.177121 np0000002867 devstack@g-api.service[101789]: This option is deprecated against new config option
Jun 15 16:08:16.177121 np0000002867 devstack@g-api.service[101789]: ``default_backend`` which acts similar to ``default_store`` config
Jun 15 16:08:16.177121 np0000002867 devstack@g-api.service[101789]: option.
Jun 15 16:08:16.177121 np0000002867 devstack@g-api.service[101789]: This option is scheduled for removal in the U development
Jun 15 16:08:16.177121 np0000002867 devstack@g-api.service[101789]: cycle.
Jun 15 16:08:16.177121 np0000002867 devstack@g-api.service[101789]: ). Its value may be silently ignored in the future.
Jun 15 16:08:16.177338 np0000002867 devstack@g-api.service[101787]: WARNING glance.common.wsgi_app [-] Import methods are enabled but staging directory /tmp/staging/ does not exist; Imports will fail!
Jun 15 16:08:16.178669 np0000002867 devstack@g-api.service[101789]: DEBUG glance_store.capabilities [-] Store glance_store._drivers.swift.store.SingleTenantStore doesn't support updating dynamic storage capabilities. Please overwrite 'update_capabilities' method of the store to implement updating logics if needed. {{(pid=101789) update_capabilities /opt/stack/data/venv/lib/python3.12/site-packages/glance_store/capabilities.py:91}}
Jun 15 16:08:16.178734 np0000002867 devstack@g-api.service[101789]: DEBUG glance_store.backend [-] Registering store swift with schemes ('swift+https', 'swift', 'swift+http', 'swift+config') {{(pid=101789) create_stores /opt/stack/data/venv/lib/python3.12/site-packages/glance_store/backend.py:261}}
Jun 15 16:08:16.179091 np0000002867 devstack@g-api.service[101789]: DEBUG glance_store.driver [-] Late loading location class glance_store._drivers.swift.store.StoreLocation {{(pid=101789) get_store_location_class /opt/stack/data/venv/lib/python3.12/site-packages/glance_store/driver.py:134}}
Jun 15 16:08:16.179091 np0000002867 devstack@g-api.service[101789]: DEBUG glance_store.location [-] Registering scheme swift+https with {'store': , 'location_class': , 'store_entry': 'swift'} {{(pid=101789) register_scheme_map /opt/stack/data/venv/lib/python3.12/site-packages/glance_store/location.py:146}}
Jun 15 16:08:16.179091 np0000002867 devstack@g-api.service[101789]: DEBUG glance_store.location [-] Registering scheme swift with {'store': , 'location_class': , 'store_entry': 'swift'} {{(pid=101789) register_scheme_map /opt/stack/data/venv/lib/python3.12/site-packages/glance_store/location.py:146}}
Jun 15 16:08:16.179091 np0000002867 devstack@g-api.service[101789]: DEBUG glance_store.location [-] Registering scheme swift+http with {'store': , 'location_class': , 'store_entry': 'swift'} {{(pid=101789) register_scheme_map /opt/stack/data/venv/lib/python3.12/site-packages/glance_store/location.py:146}}
Jun 15 16:08:16.179091 np0000002867 devstack@g-api.service[101789]: DEBUG glance_store.location [-] Registering scheme swift+config with {'store': , 'location_class': , 'store_entry': 'swift'} {{(pid=101789) register_scheme_map /opt/stack/data/venv/lib/python3.12/site-packages/glance_store/location.py:146}}
Jun 15 16:08:16.179256 np0000002867 devstack@g-api.service[101789]: DEBUG glance_store.backend [-] Attempting to import store swift {{(pid=101789) _load_store /opt/stack/data/venv/lib/python3.12/site-packages/glance_store/backend.py:215}}
Jun 15 16:08:16.180703 np0000002867 devstack@g-api.service[101789]: DEBUG glance_store.capabilities [-] Store glance_store._drivers.swift.store.SingleTenantStore doesn't support updating dynamic storage capabilities. Please overwrite 'update_capabilities' method of the store to implement updating logics if needed. {{(pid=101789) update_capabilities /opt/stack/data/venv/lib/python3.12/site-packages/glance_store/capabilities.py:91}}
Jun 15 16:08:16.180769 np0000002867 devstack@g-api.service[101789]: DEBUG glance_store.driver [-] Late loading location class glance_store._drivers.swift.store.StoreLocation {{(pid=101789) get_store_location_class /opt/stack/data/venv/lib/python3.12/site-packages/glance_store/driver.py:134}}
Jun 15 16:08:16.180842 np0000002867 devstack@g-api.service[101789]: DEBUG glance_store.location [-] Registering scheme swift+https with {'store': , 'location_class': , 'store_entry': 'swift'} {{(pid=101789) register_scheme_map /opt/stack/data/venv/lib/python3.12/site-packages/glance_store/location.py:146}}
Jun 15 16:08:16.180905 np0000002867 devstack@g-api.service[101789]: DEBUG glance_store.location [-] Registering scheme swift+https with {'store': , 'location_class': , 'store_entry': 'swift'} {{(pid=101789) register_scheme_map /opt/stack/data/venv/lib/python3.12/site-packages/glance_store/location.py:146}}
Jun 15 16:08:16.180997 np0000002867 devstack@g-api.service[101789]: DEBUG glance_store.location [-] Registering scheme swift with {'store': , 'location_class': , 'store_entry': 'swift'} {{(pid=101789) register_scheme_map /opt/stack/data/venv/lib/python3.12/site-packages/glance_store/location.py:146}}
Jun 15 16:08:16.181074 np0000002867 devstack@g-api.service[101789]: DEBUG glance_store.location [-] Registering scheme swift+https with {'store': , 'location_class': , 'store_entry': 'swift'} {{(pid=101789) register_scheme_map /opt/stack/data/venv/lib/python3.12/site-packages/glance_store/location.py:146}}
Jun 15 16:08:16.181105 np0000002867 devstack@g-api.service[101789]: DEBUG glance_store.location [-] Registering scheme swift with {'store': , 'location_class': , 'store_entry': 'swift'} {{(pid=101789) register_scheme_map /opt/stack/data/venv/lib/python3.12/site-packages/glance_store/location.py:146}}
Jun 15 16:08:16.181190 np0000002867 devstack@g-api.service[101789]: DEBUG glance_store.location [-] Registering scheme swift+http with {'store': , 'location_class': , 'store_entry': 'swift'} {{(pid=101789) register_scheme_map /opt/stack/data/venv/lib/python3.12/site-packages/glance_store/location.py:146}}
Jun 15 16:08:16.181257 np0000002867 devstack@g-api.service[101789]: DEBUG glance_store.location [-] Registering scheme swift+https with {'store': , 'location_class': , 'store_entry': 'swift'} {{(pid=101789) register_scheme_map /opt/stack/data/venv/lib/python3.12/site-packages/glance_store/location.py:146}}
Jun 15 16:08:16.181331 np0000002867 devstack@g-api.service[101789]: DEBUG glance_store.location [-] Registering scheme swift with {'store': , 'location_class': , 'store_entry': 'swift'} {{(pid=101789) register_scheme_map /opt/stack/data/venv/lib/python3.12/site-packages/glance_store/location.py:146}}
Jun 15 16:08:16.181405 np0000002867 devstack@g-api.service[101789]: DEBUG glance_store.location [-] Registering scheme swift+http with {'store': , 'location_class': , 'store_entry': 'swift'} {{(pid=101789) register_scheme_map /opt/stack/data/venv/lib/python3.12/site-packages/glance_store/location.py:146}}
Jun 15 16:08:16.181449 np0000002867 devstack@g-api.service[101789]: DEBUG glance_store.location [-] Registering scheme swift+config with {'store': , 'location_class': , 'store_entry': 'swift'} {{(pid=101789) register_scheme_map /opt/stack/data/venv/lib/python3.12/site-packages/glance_store/location.py:146}}
Jun 15 16:08:16.181763 np0000002867 devstack@g-api.service[101789]: DEBUG glance.sqlite_migration [-] SQLite caching database not located, skipping migration {{(pid=101789) get_db_path /opt/stack/glance/glance/sqlite_migration.py:68}}
Jun 15 16:08:16.182002 np0000002867 devstack@g-api.service[101789]: WARNING glance.common.wsgi_app [-] Import methods are enabled but staging directory /tmp/staging/ does not exist; Imports will fail!
Jun 15 16:08:16.428347 np0000002867 devstack@g-api.service[101788]: DEBUG glance.common.config [None req-16bb249a-bb44-4bff-9b1a-cb58dcb9a7c7 None None] Loading glance-api-keystone+cachemanagement from /etc/glance/glance-api-paste.ini {{(pid=101788) load_paste_app /opt/stack/glance/glance/common/config.py:758}}
Jun 15 16:08:16.442180 np0000002867 devstack@g-api.service[101787]: DEBUG glance.common.config [None req-8e25a61c-7f64-4a4f-856c-e817a5ed65c2 None None] Loading glance-api-keystone+cachemanagement from /etc/glance/glance-api-paste.ini {{(pid=101787) load_paste_app /opt/stack/glance/glance/common/config.py:758}}
Jun 15 16:08:16.457676 np0000002867 devstack@g-api.service[101789]: DEBUG glance.common.config [None req-9af16e5f-9546-4cd8-af35-ab37825dae86 None None] Loading glance-api-keystone+cachemanagement from /etc/glance/glance-api-paste.ini {{(pid=101789) load_paste_app /opt/stack/glance/glance/common/config.py:758}}
Jun 15 16:08:17.004271 np0000002867 devstack@g-api.service[101788]: INFO glance.image_cache [None req-16bb249a-bb44-4bff-9b1a-cb58dcb9a7c7 None None] Image cache loaded driver 'centralized_db'.
Jun 15 16:08:17.004662 np0000002867 devstack@g-api.service[101789]: INFO glance.image_cache [None req-9af16e5f-9546-4cd8-af35-ab37825dae86 None None] Image cache loaded driver 'centralized_db'.
Jun 15 16:08:17.006534 np0000002867 devstack@g-api.service[101787]: INFO glance.image_cache [None req-8e25a61c-7f64-4a4f-856c-e817a5ed65c2 None None] Image cache loaded driver 'centralized_db'.
Jun 15 16:08:17.046564 np0000002867 devstack@g-api.service[101788]: INFO dbcounter [None req-16bb249a-bb44-4bff-9b1a-cb58dcb9a7c7 None None] Registered counter for database glance
Jun 15 16:08:17.047138 np0000002867 devstack@g-api.service[101789]: INFO dbcounter [None req-9af16e5f-9546-4cd8-af35-ab37825dae86 None None] Registered counter for database glance
Jun 15 16:08:17.050150 np0000002867 devstack@g-api.service[101787]: INFO dbcounter [None req-8e25a61c-7f64-4a4f-856c-e817a5ed65c2 None None] Registered counter for database glance
Jun 15 16:08:17.088670 np0000002867 devstack@g-api.service[101788]: DEBUG oslo_db.sqlalchemy.engines [None req-16bb249a-bb44-4bff-9b1a-cb58dcb9a7c7 None None] MySQL server mode set to STRICT_TRANS_TABLES,STRICT_ALL_TABLES,NO_ZERO_IN_DATE,NO_ZERO_DATE,ERROR_FOR_DIVISION_BY_ZERO,TRADITIONAL,NO_ENGINE_SUBSTITUTION {{(pid=101788) _check_effective_sql_mode /opt/stack/data/venv/lib/python3.12/site-packages/oslo_db/sqlalchemy/engines.py:325}}
Jun 15 16:08:17.091209 np0000002867 devstack@g-api.service[101789]: DEBUG oslo_db.sqlalchemy.engines [None req-9af16e5f-9546-4cd8-af35-ab37825dae86 None None] MySQL server mode set to STRICT_TRANS_TABLES,STRICT_ALL_TABLES,NO_ZERO_IN_DATE,NO_ZERO_DATE,ERROR_FOR_DIVISION_BY_ZERO,TRADITIONAL,NO_ENGINE_SUBSTITUTION {{(pid=101789) _check_effective_sql_mode /opt/stack/data/venv/lib/python3.12/site-packages/oslo_db/sqlalchemy/engines.py:325}}
Jun 15 16:08:17.093728 np0000002867 devstack@g-api.service[101787]: DEBUG oslo_db.sqlalchemy.engines [None req-8e25a61c-7f64-4a4f-856c-e817a5ed65c2 None None] MySQL server mode set to STRICT_TRANS_TABLES,STRICT_ALL_TABLES,NO_ZERO_IN_DATE,NO_ZERO_DATE,ERROR_FOR_DIVISION_BY_ZERO,TRADITIONAL,NO_ENGINE_SUBSTITUTION {{(pid=101787) _check_effective_sql_mode /opt/stack/data/venv/lib/python3.12/site-packages/oslo_db/sqlalchemy/engines.py:325}}
Jun 15 16:08:17.108128 np0000002867 devstack@g-api.service[101788]: DEBUG dbcounter [-] [101788] Writer thread running {{(pid=101788) stat_writer /opt/stack/data/venv/lib/python3.12/site-packages/dbcounter.py:102}}
Jun 15 16:08:17.111277 np0000002867 devstack@g-api.service[101789]: DEBUG dbcounter [-] [101789] Writer thread running {{(pid=101789) stat_writer /opt/stack/data/venv/lib/python3.12/site-packages/dbcounter.py:102}}
Jun 15 16:08:17.114180 np0000002867 devstack@g-api.service[101787]: DEBUG dbcounter [-] [101787] Writer thread running {{(pid=101787) stat_writer /opt/stack/data/venv/lib/python3.12/site-packages/dbcounter.py:102}}
Jun 15 16:08:17.114530 np0000002867 devstack@g-api.service[101789]: DEBUG glance.image_cache.drivers.centralized_db [None req-9af16e5f-9546-4cd8-af35-ab37825dae86 None None] Node reference is already recorded, ignoring it {{(pid=101789) configure /opt/stack/glance/glance/image_cache/drivers/centralized_db.py:71}}
Jun 15 16:08:17.116309 np0000002867 devstack@g-api.service[101787]: DEBUG glance.image_cache.drivers.centralized_db [None req-8e25a61c-7f64-4a4f-856c-e817a5ed65c2 None None] Node reference is already recorded, ignoring it {{(pid=101787) configure /opt/stack/glance/glance/image_cache/drivers/centralized_db.py:71}}
Jun 15 16:08:17.119247 np0000002867 devstack@g-api.service[101788]: INFO glance.image_cache [None req-16bb249a-bb44-4bff-9b1a-cb58dcb9a7c7 None None] Image cache loaded driver 'centralized_db'.
Jun 15 16:08:17.119407 np0000002867 devstack@g-api.service[101789]: INFO glance.image_cache [None req-9af16e5f-9546-4cd8-af35-ab37825dae86 None None] Image cache loaded driver 'centralized_db'.
Jun 15 16:08:17.121201 np0000002867 devstack@g-api.service[101787]: INFO glance.image_cache [None req-8e25a61c-7f64-4a4f-856c-e817a5ed65c2 None None] Image cache loaded driver 'centralized_db'.
Jun 15 16:08:17.125856 np0000002867 devstack@g-api.service[101789]: DEBUG glance.image_cache.drivers.centralized_db [None req-9af16e5f-9546-4cd8-af35-ab37825dae86 None None] Node reference is already recorded, ignoring it {{(pid=101789) configure /opt/stack/glance/glance/image_cache/drivers/centralized_db.py:71}}
Jun 15 16:08:17.125972 np0000002867 devstack@g-api.service[101788]: DEBUG glance.image_cache.drivers.centralized_db [None req-16bb249a-bb44-4bff-9b1a-cb58dcb9a7c7 None None] Node reference is already recorded, ignoring it {{(pid=101788) configure /opt/stack/glance/glance/image_cache/drivers/centralized_db.py:71}}
Jun 15 16:08:17.127414 np0000002867 devstack@g-api.service[101787]: DEBUG glance.image_cache.drivers.centralized_db [None req-8e25a61c-7f64-4a4f-856c-e817a5ed65c2 None None] Node reference is already recorded, ignoring it {{(pid=101787) configure /opt/stack/glance/glance/image_cache/drivers/centralized_db.py:71}}
Jun 15 16:08:17.130305 np0000002867 devstack@g-api.service[101789]: DEBUG glance.api.v2.cached_images [None req-9af16e5f-9546-4cd8-af35-ab37825dae86 None None] Started cache worker thread {{(pid=101789) __init__ /opt/stack/glance/glance/api/v2/cached_images.py:69}}
Jun 15 16:08:17.130451 np0000002867 devstack@g-api.service[101788]: DEBUG glance.api.v2.cached_images [None req-16bb249a-bb44-4bff-9b1a-cb58dcb9a7c7 None None] Started cache worker thread {{(pid=101788) __init__ /opt/stack/glance/glance/api/v2/cached_images.py:69}}
Jun 15 16:08:17.130862 np0000002867 devstack@g-api.service[101789]: INFO glance.image_cache [None req-9af16e5f-9546-4cd8-af35-ab37825dae86 None None] Image cache loaded driver 'centralized_db'.
Jun 15 16:08:17.130914 np0000002867 devstack@g-api.service[101788]: INFO glance.image_cache [None req-16bb249a-bb44-4bff-9b1a-cb58dcb9a7c7 None None] Image cache loaded driver 'centralized_db'.
Jun 15 16:08:17.131983 np0000002867 devstack@g-api.service[101787]: DEBUG glance.api.v2.cached_images [None req-8e25a61c-7f64-4a4f-856c-e817a5ed65c2 None None] Started cache worker thread {{(pid=101787) __init__ /opt/stack/glance/glance/api/v2/cached_images.py:69}}
Jun 15 16:08:17.132483 np0000002867 devstack@g-api.service[101787]: INFO glance.image_cache [None req-8e25a61c-7f64-4a4f-856c-e817a5ed65c2 None None] Image cache loaded driver 'centralized_db'.
Jun 15 16:08:17.137904 np0000002867 devstack@g-api.service[101788]: DEBUG glance.image_cache.drivers.centralized_db [None req-16bb249a-bb44-4bff-9b1a-cb58dcb9a7c7 None None] Node reference is already recorded, ignoring it {{(pid=101788) configure /opt/stack/glance/glance/image_cache/drivers/centralized_db.py:71}}
Jun 15 16:08:17.138432 np0000002867 devstack@g-api.service[101789]: DEBUG glance.image_cache.drivers.centralized_db [None req-9af16e5f-9546-4cd8-af35-ab37825dae86 None None] Node reference is already recorded, ignoring it {{(pid=101789) configure /opt/stack/glance/glance/image_cache/drivers/centralized_db.py:71}}
Jun 15 16:08:17.138589 np0000002867 devstack@g-api.service[101787]: DEBUG glance.image_cache.drivers.centralized_db [None req-8e25a61c-7f64-4a4f-856c-e817a5ed65c2 None None] Node reference is already recorded, ignoring it {{(pid=101787) configure /opt/stack/glance/glance/image_cache/drivers/centralized_db.py:71}}
Jun 15 16:08:17.145878 np0000002867 devstack@g-api.service[101787]: INFO glance.api.middleware.cache_manage [None req-8e25a61c-7f64-4a4f-856c-e817a5ed65c2 None None] Initialized image cache management middleware
Jun 15 16:08:17.146011 np0000002867 devstack@g-api.service[101787]: INFO glance.image_cache [None req-8e25a61c-7f64-4a4f-856c-e817a5ed65c2 None None] Image cache loaded driver 'centralized_db'.
Jun 15 16:08:17.239220 np0000002867 devstack@g-api.service[101788]: INFO glance.api.middleware.cache_manage [None req-16bb249a-bb44-4bff-9b1a-cb58dcb9a7c7 None None] Initialized image cache management middleware
Jun 15 16:08:17.239368 np0000002867 devstack@g-api.service[101788]: INFO glance.image_cache [None req-16bb249a-bb44-4bff-9b1a-cb58dcb9a7c7 None None] Image cache loaded driver 'centralized_db'.
Jun 15 16:08:17.247223 np0000002867 devstack@g-api.service[101788]: DEBUG glance.image_cache.drivers.centralized_db [None req-16bb249a-bb44-4bff-9b1a-cb58dcb9a7c7 None None] Node reference is already recorded, ignoring it {{(pid=101788) configure /opt/stack/glance/glance/image_cache/drivers/centralized_db.py:71}}
Jun 15 16:08:17.251110 np0000002867 devstack@g-api.service[101788]: INFO glance.api.middleware.cache [None req-16bb249a-bb44-4bff-9b1a-cb58dcb9a7c7 None None] Initialized image cache middleware
Jun 15 16:08:17.253408 np0000002867 devstack@g-api.service[101789]: INFO glance.api.middleware.cache_manage [None req-9af16e5f-9546-4cd8-af35-ab37825dae86 None None] Initialized image cache management middleware
Jun 15 16:08:17.253566 np0000002867 devstack@g-api.service[101789]: INFO glance.image_cache [None req-9af16e5f-9546-4cd8-af35-ab37825dae86 None None] Image cache loaded driver 'centralized_db'.
Jun 15 16:08:17.262686 np0000002867 devstack@g-api.service[101789]: DEBUG glance.image_cache.drivers.centralized_db [None req-9af16e5f-9546-4cd8-af35-ab37825dae86 None None] Node reference is already recorded, ignoring it {{(pid=101789) configure /opt/stack/glance/glance/image_cache/drivers/centralized_db.py:71}}
Jun 15 16:08:17.263208 np0000002867 devstack@g-api.service[101788]: DEBUG glance.common.config [None req-16bb249a-bb44-4bff-9b1a-cb58dcb9a7c7 None None] ******************************************************************************** {{(pid=101788) log_opt_values /opt/stack/data/venv/lib/python3.12/site-packages/oslo_config/cfg.py:3226}}
Jun 15 16:08:17.263276 np0000002867 devstack@g-api.service[101788]: DEBUG glance.common.config [None req-16bb249a-bb44-4bff-9b1a-cb58dcb9a7c7 None None] Configuration options gathered from: {{(pid=101788) log_opt_values /opt/stack/data/venv/lib/python3.12/site-packages/oslo_config/cfg.py:3227}}
Jun 15 16:08:17.263615 np0000002867 devstack@g-api.service[101788]: DEBUG glance.common.config [None req-16bb249a-bb44-4bff-9b1a-cb58dcb9a7c7 None None] command line args: [] {{(pid=101788) log_opt_values /opt/stack/data/venv/lib/python3.12/site-packages/oslo_config/cfg.py:3228}}
Jun 15 16:08:17.263763 np0000002867 devstack@g-api.service[101788]: DEBUG glance.common.config [None req-16bb249a-bb44-4bff-9b1a-cb58dcb9a7c7 None None] config files: ['/etc/glance/glance-image-import.conf', '/etc/glance/glance-api.conf'] {{(pid=101788) log_opt_values /opt/stack/data/venv/lib/python3.12/site-packages/oslo_config/cfg.py:3229}}
Jun 15 16:08:17.263843 np0000002867 devstack@g-api.service[101788]: DEBUG glance.common.config [None req-16bb249a-bb44-4bff-9b1a-cb58dcb9a7c7 None None] ================================================================================ {{(pid=101788) log_opt_values /opt/stack/data/venv/lib/python3.12/site-packages/oslo_config/cfg.py:3234}}
Jun 15 16:08:17.263956 np0000002867 devstack@g-api.service[101788]: DEBUG glance.common.config [None req-16bb249a-bb44-4bff-9b1a-cb58dcb9a7c7 None None] allow_anonymous_access = False {{(pid=101788) log_opt_values /opt/stack/data/venv/lib/python3.12/site-packages/oslo_config/cfg.py:3242}}
Jun 15 16:08:17.264059 np0000002867 devstack@g-api.service[101788]: DEBUG glance.common.config [None req-16bb249a-bb44-4bff-9b1a-cb58dcb9a7c7 None None] api_limit_max = 1000 {{(pid=101788) log_opt_values /opt/stack/data/venv/lib/python3.12/site-packages/oslo_config/cfg.py:3242}}
Jun 15 16:08:17.264161 np0000002867 devstack@g-api.service[101788]: DEBUG glance.common.config [None req-16bb249a-bb44-4bff-9b1a-cb58dcb9a7c7 None None] backlog = 4096 {{(pid=101788) log_opt_values /opt/stack/data/venv/lib/python3.12/site-packages/oslo_config/cfg.py:3242}}
Jun 15 16:08:17.264284 np0000002867 devstack@g-api.service[101788]: DEBUG glance.common.config [None req-16bb249a-bb44-4bff-9b1a-cb58dcb9a7c7 None None] bind_host = 0.0.0.0 {{(pid=101788) log_opt_values /opt/stack/data/venv/lib/python3.12/site-packages/oslo_config/cfg.py:3242}}
Jun 15 16:08:17.264524 np0000002867 devstack@g-api.service[101788]: DEBUG glance.common.config [None req-16bb249a-bb44-4bff-9b1a-cb58dcb9a7c7 None None] bind_port = 19292 {{(pid=101788) log_opt_values /opt/stack/data/venv/lib/python3.12/site-packages/oslo_config/cfg.py:3242}}
Jun 15 16:08:17.264636 np0000002867 devstack@g-api.service[101788]: DEBUG glance.common.config [None req-16bb249a-bb44-4bff-9b1a-cb58dcb9a7c7 None None] client_socket_timeout = 900 {{(pid=101788) log_opt_values /opt/stack/data/venv/lib/python3.12/site-packages/oslo_config/cfg.py:3242}}
Jun 15 16:08:17.264774 np0000002867 devstack@g-api.service[101788]: DEBUG glance.common.config [None req-16bb249a-bb44-4bff-9b1a-cb58dcb9a7c7 None None] config_dir = [] {{(pid=101788) log_opt_values /opt/stack/data/venv/lib/python3.12/site-packages/oslo_config/cfg.py:3242}}
Jun 15 16:08:17.264893 np0000002867 devstack@g-api.service[101788]: DEBUG glance.common.config [None req-16bb249a-bb44-4bff-9b1a-cb58dcb9a7c7 None None] config_file = ['/etc/glance/glance-image-import.conf', '/etc/glance/glance-api.conf'] {{(pid=101788) log_opt_values /opt/stack/data/venv/lib/python3.12/site-packages/oslo_config/cfg.py:3242}}
Jun 15 16:08:17.265050 np0000002867 devstack@g-api.service[101788]: DEBUG glance.common.config [None req-16bb249a-bb44-4bff-9b1a-cb58dcb9a7c7 None None] config_source = [] {{(pid=101788) log_opt_values /opt/stack/data/venv/lib/python3.12/site-packages/oslo_config/cfg.py:3242}}
Jun 15 16:08:17.265216 np0000002867 devstack@g-api.service[101788]: DEBUG glance.common.config [None req-16bb249a-bb44-4bff-9b1a-cb58dcb9a7c7 None None] control_exchange = glance {{(pid=101788) log_opt_values /opt/stack/data/venv/lib/python3.12/site-packages/oslo_config/cfg.py:3242}}
Jun 15 16:08:17.265336 np0000002867 devstack@g-api.service[101788]: DEBUG glance.common.config [None req-16bb249a-bb44-4bff-9b1a-cb58dcb9a7c7 None None] debug = True {{(pid=101788) log_opt_values /opt/stack/data/venv/lib/python3.12/site-packages/oslo_config/cfg.py:3242}}
Jun 15 16:08:17.265637 np0000002867 devstack@g-api.service[101788]: DEBUG glance.common.config [None req-16bb249a-bb44-4bff-9b1a-cb58dcb9a7c7 None None] default_log_levels = ['amqp=WARN', 'boto=WARN', 'sqlalchemy=WARN', 'suds=INFO', 'oslo.messaging=INFO', 'oslo_messaging=INFO', 'iso8601=WARN', 'requests.packages.urllib3.connectionpool=WARN', 'urllib3.connectionpool=WARN', 'websocket=WARN', 'requests.packages.urllib3.util.retry=WARN', 'urllib3.util.retry=WARN', 'keystonemiddleware=WARN', 'routes.middleware=WARN', 'stevedore=WARN', 'taskflow=WARN', 'keystoneauth=WARN', 'oslo.cache=INFO', 'oslo_policy=INFO', 'dogpile.core.dogpile=INFO'] {{(pid=101788) log_opt_values /opt/stack/data/venv/lib/python3.12/site-packages/oslo_config/cfg.py:3242}}
Jun 15 16:08:17.265781 np0000002867 devstack@g-api.service[101788]: DEBUG glance.common.config [None req-16bb249a-bb44-4bff-9b1a-cb58dcb9a7c7 None None] default_publisher_id = image.localhost {{(pid=101788) log_opt_values /opt/stack/data/venv/lib/python3.12/site-packages/oslo_config/cfg.py:3242}}
Jun 15 16:08:17.265906 np0000002867 devstack@g-api.service[101788]: DEBUG glance.common.config [None req-16bb249a-bb44-4bff-9b1a-cb58dcb9a7c7 None None] delayed_delete = False {{(pid=101788) log_opt_values /opt/stack/data/venv/lib/python3.12/site-packages/oslo_config/cfg.py:3242}}
Jun 15 16:08:17.266059 np0000002867 devstack@g-api.service[101788]: DEBUG glance.common.config [None req-16bb249a-bb44-4bff-9b1a-cb58dcb9a7c7 None None] digest_algorithm = sha256 {{(pid=101788) log_opt_values /opt/stack/data/venv/lib/python3.12/site-packages/oslo_config/cfg.py:3242}}
Jun 15 16:08:17.266229 np0000002867 devstack@g-api.service[101788]: DEBUG glance.common.config [None req-16bb249a-bb44-4bff-9b1a-cb58dcb9a7c7 None None] disabled_notifications = [] {{(pid=101788) log_opt_values /opt/stack/data/venv/lib/python3.12/site-packages/oslo_config/cfg.py:3242}}
Jun 15 16:08:17.266378 np0000002867 devstack@g-api.service[101788]: DEBUG glance.common.config [None req-16bb249a-bb44-4bff-9b1a-cb58dcb9a7c7 None None] do_secure_hash = True {{(pid=101788) log_opt_values /opt/stack/data/venv/lib/python3.12/site-packages/oslo_config/cfg.py:3242}}
Jun 15 16:08:17.266546 np0000002867 devstack@g-api.service[101788]: DEBUG glance.common.config [None req-16bb249a-bb44-4bff-9b1a-cb58dcb9a7c7 None None] enabled_backends = None {{(pid=101788) log_opt_values /opt/stack/data/venv/lib/python3.12/site-packages/oslo_config/cfg.py:3242}}
Jun 15 16:08:17.266730 np0000002867 devstack@g-api.service[101788]: DEBUG glance.common.config [None req-16bb249a-bb44-4bff-9b1a-cb58dcb9a7c7 None None] enabled_import_methods = ['glance-direct', 'web-download', 'copy-image'] {{(pid=101788) log_opt_values /opt/stack/data/venv/lib/python3.12/site-packages/oslo_config/cfg.py:3242}}
Jun 15 16:08:17.266891 np0000002867 devstack@g-api.service[101788]: DEBUG glance.common.config [None req-16bb249a-bb44-4bff-9b1a-cb58dcb9a7c7 None None] fatal_deprecations = False {{(pid=101788) log_opt_values /opt/stack/data/venv/lib/python3.12/site-packages/oslo_config/cfg.py:3242}}
Jun 15 16:08:17.267047 np0000002867 devstack@g-api.service[101788]: DEBUG glance.common.config [None req-16bb249a-bb44-4bff-9b1a-cb58dcb9a7c7 None None] hashing_algorithm = sha512 {{(pid=101788) log_opt_values /opt/stack/data/venv/lib/python3.12/site-packages/oslo_config/cfg.py:3242}}
Jun 15 16:08:17.267120 np0000002867 devstack@g-api.service[101789]: INFO glance.api.middleware.cache [None req-9af16e5f-9546-4cd8-af35-ab37825dae86 None None] Initialized image cache middleware
Jun 15 16:08:17.267212 np0000002867 devstack@g-api.service[101788]: DEBUG glance.common.config [None req-16bb249a-bb44-4bff-9b1a-cb58dcb9a7c7 None None] http_keepalive = True {{(pid=101788) log_opt_values /opt/stack/data/venv/lib/python3.12/site-packages/oslo_config/cfg.py:3242}}
Jun 15 16:08:17.267361 np0000002867 devstack@g-api.service[101788]: DEBUG glance.common.config [None req-16bb249a-bb44-4bff-9b1a-cb58dcb9a7c7 None None] http_retries = 3 {{(pid=101788) log_opt_values /opt/stack/data/venv/lib/python3.12/site-packages/oslo_config/cfg.py:3242}}
Jun 15 16:08:17.267543 np0000002867 devstack@g-api.service[101788]: DEBUG glance.common.config [None req-16bb249a-bb44-4bff-9b1a-cb58dcb9a7c7 None None] image_cache_dir = /opt/stack/data/glance/cache/ {{(pid=101788) log_opt_values /opt/stack/data/venv/lib/python3.12/site-packages/oslo_config/cfg.py:3242}}
Jun 15 16:08:17.267701 np0000002867 devstack@g-api.service[101788]: DEBUG glance.common.config [None req-16bb249a-bb44-4bff-9b1a-cb58dcb9a7c7 None None] image_cache_driver = centralized_db {{(pid=101788) log_opt_values /opt/stack/data/venv/lib/python3.12/site-packages/oslo_config/cfg.py:3242}}
Jun 15 16:08:17.267881 np0000002867 devstack@g-api.service[101788]: DEBUG glance.common.config [None req-16bb249a-bb44-4bff-9b1a-cb58dcb9a7c7 None None] image_cache_max_size = 10737418240 {{(pid=101788) log_opt_values /opt/stack/data/venv/lib/python3.12/site-packages/oslo_config/cfg.py:3242}}
Jun 15 16:08:17.267991 np0000002867 devstack@g-api.service[101788]: DEBUG glance.common.config [None req-16bb249a-bb44-4bff-9b1a-cb58dcb9a7c7 None None] image_cache_sqlite_db = cache.db {{(pid=101788) log_opt_values /opt/stack/data/venv/lib/python3.12/site-packages/oslo_config/cfg.py:3242}}
Jun 15 16:08:17.268093 np0000002867 devstack@g-api.service[101788]: DEBUG glance.common.config [None req-16bb249a-bb44-4bff-9b1a-cb58dcb9a7c7 None None] image_cache_stall_time = 86400 {{(pid=101788) log_opt_values /opt/stack/data/venv/lib/python3.12/site-packages/oslo_config/cfg.py:3242}}
Jun 15 16:08:17.268204 np0000002867 devstack@g-api.service[101788]: DEBUG glance.common.config [None req-16bb249a-bb44-4bff-9b1a-cb58dcb9a7c7 None None] image_location_quota = 10 {{(pid=101788) log_opt_values /opt/stack/data/venv/lib/python3.12/site-packages/oslo_config/cfg.py:3242}}
Jun 15 16:08:17.268294 np0000002867 devstack@g-api.service[101788]: DEBUG glance.common.config [None req-16bb249a-bb44-4bff-9b1a-cb58dcb9a7c7 None None] image_member_quota = 128 {{(pid=101788) log_opt_values /opt/stack/data/venv/lib/python3.12/site-packages/oslo_config/cfg.py:3242}}
Jun 15 16:08:17.268385 np0000002867 devstack@g-api.service[101788]: DEBUG glance.common.config [None req-16bb249a-bb44-4bff-9b1a-cb58dcb9a7c7 None None] image_property_quota = 128 {{(pid=101788) log_opt_values /opt/stack/data/venv/lib/python3.12/site-packages/oslo_config/cfg.py:3242}}
Jun 15 16:08:17.268492 np0000002867 devstack@g-api.service[101788]: DEBUG glance.common.config [None req-16bb249a-bb44-4bff-9b1a-cb58dcb9a7c7 None None] image_size_cap = 1099511627776 {{(pid=101788) log_opt_values /opt/stack/data/venv/lib/python3.12/site-packages/oslo_config/cfg.py:3242}}
Jun 15 16:08:17.268579 np0000002867 devstack@g-api.service[101788]: DEBUG glance.common.config [None req-16bb249a-bb44-4bff-9b1a-cb58dcb9a7c7 None None] image_tag_quota = 128 {{(pid=101788) log_opt_values /opt/stack/data/venv/lib/python3.12/site-packages/oslo_config/cfg.py:3242}}
Jun 15 16:08:17.268673 np0000002867 devstack@g-api.service[101788]: DEBUG glance.common.config [None req-16bb249a-bb44-4bff-9b1a-cb58dcb9a7c7 None None] instance_format = [instance: %(uuid)s] {{(pid=101788) log_opt_values /opt/stack/data/venv/lib/python3.12/site-packages/oslo_config/cfg.py:3242}}
Jun 15 16:08:17.268764 np0000002867 devstack@g-api.service[101788]: DEBUG glance.common.config [None req-16bb249a-bb44-4bff-9b1a-cb58dcb9a7c7 None None] instance_uuid_format = [instance: %(uuid)s] {{(pid=101788) log_opt_values /opt/stack/data/venv/lib/python3.12/site-packages/oslo_config/cfg.py:3242}}
Jun 15 16:08:17.268851 np0000002867 devstack@g-api.service[101788]: DEBUG glance.common.config [None req-16bb249a-bb44-4bff-9b1a-cb58dcb9a7c7 None None] limit_param_default = 25 {{(pid=101788) log_opt_values /opt/stack/data/venv/lib/python3.12/site-packages/oslo_config/cfg.py:3242}}
Jun 15 16:08:17.268946 np0000002867 devstack@g-api.service[101788]: DEBUG glance.common.config [None req-16bb249a-bb44-4bff-9b1a-cb58dcb9a7c7 None None] log_color = False {{(pid=101788) log_opt_values /opt/stack/data/venv/lib/python3.12/site-packages/oslo_config/cfg.py:3242}}
Jun 15 16:08:17.269019 np0000002867 devstack@g-api.service[101787]: DEBUG glance.image_cache.drivers.centralized_db [None req-8e25a61c-7f64-4a4f-856c-e817a5ed65c2 None None] Node reference is already recorded, ignoring it {{(pid=101787) configure /opt/stack/glance/glance/image_cache/drivers/centralized_db.py:71}}
Jun 15 16:08:17.269056 np0000002867 devstack@g-api.service[101788]: DEBUG glance.common.config [None req-16bb249a-bb44-4bff-9b1a-cb58dcb9a7c7 None None] log_config_append = None {{(pid=101788) log_opt_values /opt/stack/data/venv/lib/python3.12/site-packages/oslo_config/cfg.py:3242}}
Jun 15 16:08:17.269129 np0000002867 devstack@g-api.service[101788]: DEBUG glance.common.config [None req-16bb249a-bb44-4bff-9b1a-cb58dcb9a7c7 None None] log_date_format = %Y-%m-%d %H:%M:%S {{(pid=101788) log_opt_values /opt/stack/data/venv/lib/python3.12/site-packages/oslo_config/cfg.py:3242}}
Jun 15 16:08:17.269228 np0000002867 devstack@g-api.service[101788]: DEBUG glance.common.config [None req-16bb249a-bb44-4bff-9b1a-cb58dcb9a7c7 None None] log_dir = None {{(pid=101788) log_opt_values /opt/stack/data/venv/lib/python3.12/site-packages/oslo_config/cfg.py:3242}}
Jun 15 16:08:17.269339 np0000002867 devstack@g-api.service[101788]: DEBUG glance.common.config [None req-16bb249a-bb44-4bff-9b1a-cb58dcb9a7c7 None None] log_file = None {{(pid=101788) log_opt_values /opt/stack/data/venv/lib/python3.12/site-packages/oslo_config/cfg.py:3242}}
Jun 15 16:08:17.269408 np0000002867 devstack@g-api.service[101788]: DEBUG glance.common.config [None req-16bb249a-bb44-4bff-9b1a-cb58dcb9a7c7 None None] log_rotate_interval = 1 {{(pid=101788) log_opt_values /opt/stack/data/venv/lib/python3.12/site-packages/oslo_config/cfg.py:3242}}
Jun 15 16:08:17.269532 np0000002867 devstack@g-api.service[101788]: DEBUG glance.common.config [None req-16bb249a-bb44-4bff-9b1a-cb58dcb9a7c7 None None] log_rotate_interval_type = days {{(pid=101788) log_opt_values /opt/stack/data/venv/lib/python3.12/site-packages/oslo_config/cfg.py:3242}}
Jun 15 16:08:17.269612 np0000002867 devstack@g-api.service[101788]: DEBUG glance.common.config [None req-16bb249a-bb44-4bff-9b1a-cb58dcb9a7c7 None None] log_rotation_type = none {{(pid=101788) log_opt_values /opt/stack/data/venv/lib/python3.12/site-packages/oslo_config/cfg.py:3242}}
Jun 15 16:08:17.269692 np0000002867 devstack@g-api.service[101788]: DEBUG glance.common.config [None req-16bb249a-bb44-4bff-9b1a-cb58dcb9a7c7 None None] logging_context_format_string = %(color)s%(levelname)s %(name)s [%(global_request_id)s %(request_id)s %(project_name)s %(user_name)s%(color)s] %(instance)s%(color)s%(message)s {{(pid=101788) log_opt_values /opt/stack/data/venv/lib/python3.12/site-packages/oslo_config/cfg.py:3242}}
Jun 15 16:08:17.269804 np0000002867 devstack@g-api.service[101788]: DEBUG glance.common.config [None req-16bb249a-bb44-4bff-9b1a-cb58dcb9a7c7 None None] logging_debug_format_suffix = {{(pid=%(process)d) %(funcName)s %(pathname)s:%(lineno)d}} {{(pid=101788) log_opt_values /opt/stack/data/venv/lib/python3.12/site-packages/oslo_config/cfg.py:3242}}
Jun 15 16:08:17.269919 np0000002867 devstack@g-api.service[101788]: DEBUG glance.common.config [None req-16bb249a-bb44-4bff-9b1a-cb58dcb9a7c7 None None] logging_default_format_string = %(color)s%(levelname)s %(name)s [-%(color)s] %(instance)s%(color)s%(message)s {{(pid=101788) log_opt_values /opt/stack/data/venv/lib/python3.12/site-packages/oslo_config/cfg.py:3242}}
Jun 15 16:08:17.270054 np0000002867 devstack@g-api.service[101788]: DEBUG glance.common.config [None req-16bb249a-bb44-4bff-9b1a-cb58dcb9a7c7 None None] logging_exception_prefix = ERROR %(name)s %(instance)s {{(pid=101788) log_opt_values /opt/stack/data/venv/lib/python3.12/site-packages/oslo_config/cfg.py:3242}}
Jun 15 16:08:17.270150 np0000002867 devstack@g-api.service[101788]: DEBUG glance.common.config [None req-16bb249a-bb44-4bff-9b1a-cb58dcb9a7c7 None None] logging_user_identity_format = %(user)s %(project)s %(domain)s %(system_scope)s %(user_domain)s %(project_domain)s {{(pid=101788) log_opt_values /opt/stack/data/venv/lib/python3.12/site-packages/oslo_config/cfg.py:3242}}
Jun 15 16:08:17.270294 np0000002867 devstack@g-api.service[101788]: DEBUG glance.common.config [None req-16bb249a-bb44-4bff-9b1a-cb58dcb9a7c7 None None] max_header_line = 16384 {{(pid=101788) log_opt_values /opt/stack/data/venv/lib/python3.12/site-packages/oslo_config/cfg.py:3242}}
Jun 15 16:08:17.270420 np0000002867 devstack@g-api.service[101788]: DEBUG glance.common.config [None req-16bb249a-bb44-4bff-9b1a-cb58dcb9a7c7 None None] max_logfile_count = 30 {{(pid=101788) log_opt_values /opt/stack/data/venv/lib/python3.12/site-packages/oslo_config/cfg.py:3242}}
Jun 15 16:08:17.270571 np0000002867 devstack@g-api.service[101788]: DEBUG glance.common.config [None req-16bb249a-bb44-4bff-9b1a-cb58dcb9a7c7 None None] max_logfile_size_mb = 200 {{(pid=101788) log_opt_values /opt/stack/data/venv/lib/python3.12/site-packages/oslo_config/cfg.py:3242}}
Jun 15 16:08:17.270717 np0000002867 devstack@g-api.service[101788]: DEBUG glance.common.config [None req-16bb249a-bb44-4bff-9b1a-cb58dcb9a7c7 None None] max_request_id_length = 64 {{(pid=101788) log_opt_values /opt/stack/data/venv/lib/python3.12/site-packages/oslo_config/cfg.py:3242}}
Jun 15 16:08:17.270823 np0000002867 devstack@g-api.service[101788]: DEBUG glance.common.config [None req-16bb249a-bb44-4bff-9b1a-cb58dcb9a7c7 None None] metadata_encryption_key = **** {{(pid=101788) log_opt_values /opt/stack/data/venv/lib/python3.12/site-packages/oslo_config/cfg.py:3242}}
Jun 15 16:08:17.270979 np0000002867 devstack@g-api.service[101788]: DEBUG glance.common.config [None req-16bb249a-bb44-4bff-9b1a-cb58dcb9a7c7 None None] node_staging_uri = file:///tmp/staging/ {{(pid=101788) log_opt_values /opt/stack/data/venv/lib/python3.12/site-packages/oslo_config/cfg.py:3242}}
Jun 15 16:08:17.271110 np0000002867 devstack@g-api.service[101788]: DEBUG glance.common.config [None req-16bb249a-bb44-4bff-9b1a-cb58dcb9a7c7 None None] property_protection_file = None {{(pid=101788) log_opt_values /opt/stack/data/venv/lib/python3.12/site-packages/oslo_config/cfg.py:3242}}
Jun 15 16:08:17.271266 np0000002867 devstack@g-api.service[101788]: DEBUG glance.common.config [None req-16bb249a-bb44-4bff-9b1a-cb58dcb9a7c7 None None] property_protection_rule_format = roles {{(pid=101788) log_opt_values /opt/stack/data/venv/lib/python3.12/site-packages/oslo_config/cfg.py:3242}}
Jun 15 16:08:17.271375 np0000002867 devstack@g-api.service[101788]: DEBUG glance.common.config [None req-16bb249a-bb44-4bff-9b1a-cb58dcb9a7c7 None None] public_endpoint = https://10.4.3.114/image {{(pid=101788) log_opt_values /opt/stack/data/venv/lib/python3.12/site-packages/oslo_config/cfg.py:3242}}
Jun 15 16:08:17.271480 np0000002867 devstack@g-api.service[101788]: DEBUG glance.common.config [None req-16bb249a-bb44-4bff-9b1a-cb58dcb9a7c7 None None] publish_errors = False {{(pid=101788) log_opt_values /opt/stack/data/venv/lib/python3.12/site-packages/oslo_config/cfg.py:3242}}
Jun 15 16:08:17.271591 np0000002867 devstack@g-api.service[101788]: DEBUG glance.common.config [None req-16bb249a-bb44-4bff-9b1a-cb58dcb9a7c7 None None] pydev_worker_debug_host = None {{(pid=101788) log_opt_values /opt/stack/data/venv/lib/python3.12/site-packages/oslo_config/cfg.py:3242}}
Jun 15 16:08:17.271685 np0000002867 devstack@g-api.service[101788]: DEBUG glance.common.config [None req-16bb249a-bb44-4bff-9b1a-cb58dcb9a7c7 None None] pydev_worker_debug_port = 5678 {{(pid=101788) log_opt_values /opt/stack/data/venv/lib/python3.12/site-packages/oslo_config/cfg.py:3242}}
Jun 15 16:08:17.271772 np0000002867 devstack@g-api.service[101788]: DEBUG glance.common.config [None req-16bb249a-bb44-4bff-9b1a-cb58dcb9a7c7 None None] rate_limit_burst = 0 {{(pid=101788) log_opt_values /opt/stack/data/venv/lib/python3.12/site-packages/oslo_config/cfg.py:3242}}
Jun 15 16:08:17.271865 np0000002867 devstack@g-api.service[101788]: DEBUG glance.common.config [None req-16bb249a-bb44-4bff-9b1a-cb58dcb9a7c7 None None] rate_limit_except_level = CRITICAL {{(pid=101788) log_opt_values /opt/stack/data/venv/lib/python3.12/site-packages/oslo_config/cfg.py:3242}}
Jun 15 16:08:17.271953 np0000002867 devstack@g-api.service[101788]: DEBUG glance.common.config [None req-16bb249a-bb44-4bff-9b1a-cb58dcb9a7c7 None None] rate_limit_interval = 0 {{(pid=101788) log_opt_values /opt/stack/data/venv/lib/python3.12/site-packages/oslo_config/cfg.py:3242}}
Jun 15 16:08:17.272039 np0000002867 devstack@g-api.service[101788]: DEBUG glance.common.config [None req-16bb249a-bb44-4bff-9b1a-cb58dcb9a7c7 None None] scrub_pool_size = 1 {{(pid=101788) log_opt_values /opt/stack/data/venv/lib/python3.12/site-packages/oslo_config/cfg.py:3242}}
Jun 15 16:08:17.272123 np0000002867 devstack@g-api.service[101788]: DEBUG glance.common.config [None req-16bb249a-bb44-4bff-9b1a-cb58dcb9a7c7 None None] scrub_time = 0 {{(pid=101788) log_opt_values /opt/stack/data/venv/lib/python3.12/site-packages/oslo_config/cfg.py:3242}}
Jun 15 16:08:17.272225 np0000002867 devstack@g-api.service[101788]: DEBUG glance.common.config [None req-16bb249a-bb44-4bff-9b1a-cb58dcb9a7c7 None None] shell_completion = None {{(pid=101788) log_opt_values /opt/stack/data/venv/lib/python3.12/site-packages/oslo_config/cfg.py:3242}}
Jun 15 16:08:17.272323 np0000002867 devstack@g-api.service[101788]: DEBUG glance.common.config [None req-16bb249a-bb44-4bff-9b1a-cb58dcb9a7c7 None None] show_image_direct_url = False {{(pid=101788) log_opt_values /opt/stack/data/venv/lib/python3.12/site-packages/oslo_config/cfg.py:3242}}
Jun 15 16:08:17.272621 np0000002867 devstack@g-api.service[101787]: INFO glance.api.middleware.cache [None req-8e25a61c-7f64-4a4f-856c-e817a5ed65c2 None None] Initialized image cache middleware
Jun 15 16:08:17.272707 np0000002867 devstack@g-api.service[101788]: WARNING oslo_config.cfg [None req-16bb249a-bb44-4bff-9b1a-cb58dcb9a7c7 None None] Deprecated: Option "show_multiple_locations" from group "DEFAULT" is deprecated for removal (Use of this option, deprecated since Newton, is a security risk and will be removed once we figure out a way to satisfy those use cases that currently require it. An earlier announcement that the same functionality can be achieved with greater granularity by using policies is incorrect. You cannot work around this option via policy configuration at the present time, though that is the direction we believe the fix will take. Please keep an eye on the Glance release notes to stay up to date on progress in addressing this issue.). Its value may be silently ignored in the future.
Jun 15 16:08:17.272870 np0000002867 devstack@g-api.service[101788]: DEBUG glance.common.config [None req-16bb249a-bb44-4bff-9b1a-cb58dcb9a7c7 None None] show_multiple_locations = False {{(pid=101788) log_opt_values /opt/stack/data/venv/lib/python3.12/site-packages/oslo_config/cfg.py:3242}}
Jun 15 16:08:17.273024 np0000002867 devstack@g-api.service[101788]: DEBUG glance.common.config [None req-16bb249a-bb44-4bff-9b1a-cb58dcb9a7c7 None None] syslog_log_facility = LOG_USER {{(pid=101788) log_opt_values /opt/stack/data/venv/lib/python3.12/site-packages/oslo_config/cfg.py:3242}}
Jun 15 16:08:17.273213 np0000002867 devstack@g-api.service[101788]: DEBUG glance.common.config [None req-16bb249a-bb44-4bff-9b1a-cb58dcb9a7c7 None None] tcp_keepidle = 600 {{(pid=101788) log_opt_values /opt/stack/data/venv/lib/python3.12/site-packages/oslo_config/cfg.py:3242}}
Jun 15 16:08:17.273331 np0000002867 devstack@g-api.service[101788]: DEBUG glance.common.config [None req-16bb249a-bb44-4bff-9b1a-cb58dcb9a7c7 None None] transport_url = **** {{(pid=101788) log_opt_values /opt/stack/data/venv/lib/python3.12/site-packages/oslo_config/cfg.py:3242}}
Jun 15 16:08:17.273428 np0000002867 devstack@g-api.service[101788]: DEBUG glance.common.config [None req-16bb249a-bb44-4bff-9b1a-cb58dcb9a7c7 None None] use_journal = False {{(pid=101788) log_opt_values /opt/stack/data/venv/lib/python3.12/site-packages/oslo_config/cfg.py:3242}}
Jun 15 16:08:17.273532 np0000002867 devstack@g-api.service[101788]: DEBUG glance.common.config [None req-16bb249a-bb44-4bff-9b1a-cb58dcb9a7c7 None None] use_json = False {{(pid=101788) log_opt_values /opt/stack/data/venv/lib/python3.12/site-packages/oslo_config/cfg.py:3242}}
Jun 15 16:08:17.273629 np0000002867 devstack@g-api.service[101788]: DEBUG glance.common.config [None req-16bb249a-bb44-4bff-9b1a-cb58dcb9a7c7 None None] use_keystone_limits = True {{(pid=101788) log_opt_values /opt/stack/data/venv/lib/python3.12/site-packages/oslo_config/cfg.py:3242}}
Jun 15 16:08:17.273753 np0000002867 devstack@g-api.service[101788]: DEBUG glance.common.config [None req-16bb249a-bb44-4bff-9b1a-cb58dcb9a7c7 None None] use_stderr = False {{(pid=101788) log_opt_values /opt/stack/data/venv/lib/python3.12/site-packages/oslo_config/cfg.py:3242}}
Jun 15 16:08:17.273904 np0000002867 devstack@g-api.service[101788]: DEBUG glance.common.config [None req-16bb249a-bb44-4bff-9b1a-cb58dcb9a7c7 None None] use_syslog = False {{(pid=101788) log_opt_values /opt/stack/data/venv/lib/python3.12/site-packages/oslo_config/cfg.py:3242}}
Jun 15 16:08:17.274028 np0000002867 devstack@g-api.service[101788]: DEBUG glance.common.config [None req-16bb249a-bb44-4bff-9b1a-cb58dcb9a7c7 None None] user_storage_quota = 0 {{(pid=101788) log_opt_values /opt/stack/data/venv/lib/python3.12/site-packages/oslo_config/cfg.py:3242}}
Jun 15 16:08:17.274157 np0000002867 devstack@g-api.service[101788]: DEBUG glance.common.config [None req-16bb249a-bb44-4bff-9b1a-cb58dcb9a7c7 None None] worker_self_reference_url = http://127.0.0.1:60999 {{(pid=101788) log_opt_values /opt/stack/data/venv/lib/python3.12/site-packages/oslo_config/cfg.py:3242}}
Jun 15 16:08:17.274300 np0000002867 devstack@g-api.service[101788]: DEBUG glance.common.config [None req-16bb249a-bb44-4bff-9b1a-cb58dcb9a7c7 None None] workers = None {{(pid=101788) log_opt_values /opt/stack/data/venv/lib/python3.12/site-packages/oslo_config/cfg.py:3242}}
Jun 15 16:08:17.274612 np0000002867 devstack@g-api.service[101788]: DEBUG glance.common.config [None req-16bb249a-bb44-4bff-9b1a-cb58dcb9a7c7 None None] oslo_concurrency.disable_process_locking = False {{(pid=101788) log_opt_values /opt/stack/data/venv/lib/python3.12/site-packages/oslo_config/cfg.py:3253}}
Jun 15 16:08:17.274791 np0000002867 devstack@g-api.service[101788]: DEBUG glance.common.config [None req-16bb249a-bb44-4bff-9b1a-cb58dcb9a7c7 None None] oslo_concurrency.lock_path = /opt/stack/data/glance/locks {{(pid=101788) log_opt_values /opt/stack/data/venv/lib/python3.12/site-packages/oslo_config/cfg.py:3253}}
Jun 15 16:08:17.274952 np0000002867 devstack@g-api.service[101788]: DEBUG glance.common.config [None req-16bb249a-bb44-4bff-9b1a-cb58dcb9a7c7 None None] oslo_middleware.enable_proxy_headers_parsing = False {{(pid=101788) log_opt_values /opt/stack/data/venv/lib/python3.12/site-packages/oslo_config/cfg.py:3253}}
Jun 15 16:08:17.275103 np0000002867 devstack@g-api.service[101788]: DEBUG glance.common.config [None req-16bb249a-bb44-4bff-9b1a-cb58dcb9a7c7 None None] oslo_middleware.http_basic_auth_user_file = /etc/htpasswd {{(pid=101788) log_opt_values /opt/stack/data/venv/lib/python3.12/site-packages/oslo_config/cfg.py:3253}}
Jun 15 16:08:17.275254 np0000002867 devstack@g-api.service[101788]: DEBUG glance.common.config [None req-16bb249a-bb44-4bff-9b1a-cb58dcb9a7c7 None None] paste_deploy.config_file = None {{(pid=101788) log_opt_values /opt/stack/data/venv/lib/python3.12/site-packages/oslo_config/cfg.py:3253}}
Jun 15 16:08:17.275376 np0000002867 devstack@g-api.service[101788]: DEBUG glance.common.config [None req-16bb249a-bb44-4bff-9b1a-cb58dcb9a7c7 None None] paste_deploy.flavor = keystone+cachemanagement {{(pid=101788) log_opt_values /opt/stack/data/venv/lib/python3.12/site-packages/oslo_config/cfg.py:3253}}
Jun 15 16:08:17.275631 np0000002867 devstack@g-api.service[101788]: DEBUG glance.common.config [None req-16bb249a-bb44-4bff-9b1a-cb58dcb9a7c7 None None] image_format.container_formats = ['ami', 'ari', 'aki', 'bare', 'ovf', 'ova', 'docker', 'compressed'] {{(pid=101788) log_opt_values /opt/stack/data/venv/lib/python3.12/site-packages/oslo_config/cfg.py:3253}}
Jun 15 16:08:17.275835 np0000002867 devstack@g-api.service[101788]: DEBUG glance.common.config [None req-16bb249a-bb44-4bff-9b1a-cb58dcb9a7c7 None None] image_format.disk_formats = ['ami', 'ari', 'aki', 'vhd', 'vhdx', 'vmdk', 'raw', 'qcow2', 'vdi', 'iso', 'ploop'] {{(pid=101788) log_opt_values /opt/stack/data/venv/lib/python3.12/site-packages/oslo_config/cfg.py:3253}}
Jun 15 16:08:17.275943 np0000002867 devstack@g-api.service[101788]: DEBUG glance.common.config [None req-16bb249a-bb44-4bff-9b1a-cb58dcb9a7c7 None None] image_format.gpt_safety_checks_nonfatal = [] {{(pid=101788) log_opt_values /opt/stack/data/venv/lib/python3.12/site-packages/oslo_config/cfg.py:3253}}
Jun 15 16:08:17.276045 np0000002867 devstack@g-api.service[101788]: DEBUG glance.common.config [None req-16bb249a-bb44-4bff-9b1a-cb58dcb9a7c7 None None] image_format.require_image_format_match = True {{(pid=101788) log_opt_values /opt/stack/data/venv/lib/python3.12/site-packages/oslo_config/cfg.py:3253}}
Jun 15 16:08:17.276147 np0000002867 devstack@g-api.service[101788]: DEBUG glance.common.config [None req-16bb249a-bb44-4bff-9b1a-cb58dcb9a7c7 None None] image_format.vmdk_allowed_types = ['streamOptimized', 'monolithicSparse'] {{(pid=101788) log_opt_values /opt/stack/data/venv/lib/python3.12/site-packages/oslo_config/cfg.py:3253}}
Jun 15 16:08:17.276268 np0000002867 devstack@g-api.service[101788]: DEBUG glance.common.config [None req-16bb249a-bb44-4bff-9b1a-cb58dcb9a7c7 None None] task.task_executor = taskflow {{(pid=101788) log_opt_values /opt/stack/data/venv/lib/python3.12/site-packages/oslo_config/cfg.py:3253}}
Jun 15 16:08:17.276364 np0000002867 devstack@g-api.service[101788]: DEBUG glance.common.config [None req-16bb249a-bb44-4bff-9b1a-cb58dcb9a7c7 None None] task.task_time_to_live = 48 {{(pid=101788) log_opt_values /opt/stack/data/venv/lib/python3.12/site-packages/oslo_config/cfg.py:3253}}
