Jul 28 16:50:37.815464 np0000006029 nova-conductor[99155]: DEBUG cotyledon.oslo_config_glue [-] workarounds.disable_fallback_pcpu_query = False {{(pid=99155) log_opt_values /opt/stack/data/venv/lib/python3.12/site-packages/oslo_config/cfg.py:3253}}
Jul 28 16:50:37.815464 np0000006029 nova-conductor[99155]: DEBUG cotyledon.oslo_config_glue [-] workarounds.disable_group_policy_check_upcall = False {{(pid=99155) log_opt_values /opt/stack/data/venv/lib/python3.12/site-packages/oslo_config/cfg.py:3253}}
Jul 28 16:50:37.815464 np0000006029 nova-conductor[99155]: DEBUG cotyledon.oslo_config_glue [-] workarounds.disable_libvirt_livesnapshot = False {{(pid=99155) log_opt_values /opt/stack/data/venv/lib/python3.12/site-packages/oslo_config/cfg.py:3253}}
Jul 28 16:50:37.815464 np0000006029 nova-conductor[99155]: DEBUG cotyledon.oslo_config_glue [-] workarounds.disable_rootwrap = False {{(pid=99155) log_opt_values /opt/stack/data/venv/lib/python3.12/site-packages/oslo_config/cfg.py:3253}}
Jul 28 16:50:37.815464 np0000006029 nova-conductor[99155]: DEBUG cotyledon.oslo_config_glue [-] workarounds.enable_numa_live_migration = False {{(pid=99155) log_opt_values /opt/stack/data/venv/lib/python3.12/site-packages/oslo_config/cfg.py:3253}}
Jul 28 16:50:37.815464 np0000006029 nova-conductor[99155]: DEBUG cotyledon.oslo_config_glue [-] workarounds.enable_qemu_monitor_announce_self = False {{(pid=99155) log_opt_values /opt/stack/data/venv/lib/python3.12/site-packages/oslo_config/cfg.py:3253}}
Jul 28 16:50:37.815464 np0000006029 nova-conductor[99155]: DEBUG cotyledon.oslo_config_glue [-] workarounds.ensure_libvirt_rbd_instance_dir_cleanup = False {{(pid=99155) log_opt_values /opt/stack/data/venv/lib/python3.12/site-packages/oslo_config/cfg.py:3253}}
Jul 28 16:50:37.815823 np0000006029 nova-conductor[99155]: DEBUG cotyledon.oslo_config_glue [-] workarounds.handle_virt_lifecycle_events = True {{(pid=99155) log_opt_values /opt/stack/data/venv/lib/python3.12/site-packages/oslo_config/cfg.py:3253}}
Jul 28 16:50:37.815823 np0000006029 nova-conductor[99155]: DEBUG cotyledon.oslo_config_glue [-] workarounds.libvirt_disable_apic = False {{(pid=99155) log_opt_values /opt/stack/data/venv/lib/python3.12/site-packages/oslo_config/cfg.py:3253}}
Jul 28 16:50:37.815823 np0000006029 nova-conductor[99155]: DEBUG cotyledon.oslo_config_glue [-] workarounds.never_download_image_if_on_rbd = False {{(pid=99155) log_opt_values /opt/stack/data/venv/lib/python3.12/site-packages/oslo_config/cfg.py:3253}}
Jul 28 16:50:37.815823 np0000006029 nova-conductor[99155]: DEBUG cotyledon.oslo_config_glue [-] workarounds.qemu_monitor_announce_self_count = 3 {{(pid=99155) log_opt_values /opt/stack/data/venv/lib/python3.12/site-packages/oslo_config/cfg.py:3253}}
Jul 28 16:50:37.815823 np0000006029 nova-conductor[99155]: DEBUG cotyledon.oslo_config_glue [-] workarounds.qemu_monitor_announce_self_interval = 1 {{(pid=99155) log_opt_values /opt/stack/data/venv/lib/python3.12/site-packages/oslo_config/cfg.py:3253}}
Jul 28 16:50:37.815823 np0000006029 nova-conductor[99155]: DEBUG cotyledon.oslo_config_glue [-] workarounds.reserve_disk_resource_for_image_cache = False {{(pid=99155) log_opt_values /opt/stack/data/venv/lib/python3.12/site-packages/oslo_config/cfg.py:3253}}
Jul 28 16:50:37.815823 np0000006029 nova-conductor[99155]: DEBUG cotyledon.oslo_config_glue [-] workarounds.skip_cpu_compare_at_startup = False {{(pid=99155) log_opt_values /opt/stack/data/venv/lib/python3.12/site-packages/oslo_config/cfg.py:3253}}
Jul 28 16:50:37.815823 np0000006029 nova-conductor[99155]: DEBUG cotyledon.oslo_config_glue [-] workarounds.skip_cpu_compare_on_dest = False {{(pid=99155) log_opt_values /opt/stack/data/venv/lib/python3.12/site-packages/oslo_config/cfg.py:3253}}
Jul 28 16:50:37.815823 np0000006029 nova-conductor[99155]: DEBUG cotyledon.oslo_config_glue [-] workarounds.skip_hypervisor_version_check_on_lm = False {{(pid=99155) log_opt_values /opt/stack/data/venv/lib/python3.12/site-packages/oslo_config/cfg.py:3253}}
Jul 28 16:50:37.816171 np0000006029 nova-conductor[99155]: DEBUG cotyledon.oslo_config_glue [-] workarounds.skip_reserve_in_use_ironic_nodes = False {{(pid=99155) log_opt_values /opt/stack/data/venv/lib/python3.12/site-packages/oslo_config/cfg.py:3253}}
Jul 28 16:50:37.816171 np0000006029 nova-conductor[99155]: DEBUG cotyledon.oslo_config_glue [-] workarounds.unified_limits_count_pcpu_as_vcpu = False {{(pid=99155) log_opt_values /opt/stack/data/venv/lib/python3.12/site-packages/oslo_config/cfg.py:3253}}
Jul 28 16:50:37.816171 np0000006029 nova-conductor[99155]: DEBUG cotyledon.oslo_config_glue [-] workarounds.wait_for_vif_plugged_event_during_hard_reboot = [] {{(pid=99155) log_opt_values /opt/stack/data/venv/lib/python3.12/site-packages/oslo_config/cfg.py:3253}}
Jul 28 16:50:37.816171 np0000006029 nova-conductor[99155]: DEBUG cotyledon.oslo_config_glue [-] wsgi.api_paste_config = /etc/nova/api-paste.ini {{(pid=99155) log_opt_values /opt/stack/data/venv/lib/python3.12/site-packages/oslo_config/cfg.py:3253}}
Jul 28 16:50:37.816171 np0000006029 nova-conductor[99155]: DEBUG cotyledon.oslo_config_glue [-] wsgi.secure_proxy_ssl_header = None {{(pid=99155) log_opt_values /opt/stack/data/venv/lib/python3.12/site-packages/oslo_config/cfg.py:3253}}
Jul 28 16:50:37.816171 np0000006029 nova-conductor[99155]: DEBUG cotyledon.oslo_config_glue [-] zvm.ca_file = None {{(pid=99155) log_opt_values /opt/stack/data/venv/lib/python3.12/site-packages/oslo_config/cfg.py:3253}}
Jul 28 16:50:37.816171 np0000006029 nova-conductor[99155]: DEBUG cotyledon.oslo_config_glue [-] zvm.cloud_connector_url = None {{(pid=99155) log_opt_values /opt/stack/data/venv/lib/python3.12/site-packages/oslo_config/cfg.py:3253}}
Jul 28 16:50:37.816171 np0000006029 nova-conductor[99155]: DEBUG cotyledon.oslo_config_glue [-] zvm.image_tmp_path = /opt/stack/data/nova/images {{(pid=99155) log_opt_values /opt/stack/data/venv/lib/python3.12/site-packages/oslo_config/cfg.py:3253}}
Jul 28 16:50:37.816171 np0000006029 nova-conductor[99155]: DEBUG cotyledon.oslo_config_glue [-] zvm.reachable_timeout = 300 {{(pid=99155) log_opt_values /opt/stack/data/venv/lib/python3.12/site-packages/oslo_config/cfg.py:3253}}
Jul 28 16:50:37.816503 np0000006029 nova-conductor[99155]: DEBUG cotyledon.oslo_config_glue [-] oslo_versionedobjects.fatal_exception_format_errors = False {{(pid=99155) log_opt_values /opt/stack/data/venv/lib/python3.12/site-packages/oslo_config/cfg.py:3253}}
Jul 28 16:50:37.816503 np0000006029 nova-conductor[99155]: DEBUG cotyledon.oslo_config_glue [-] oslo_middleware.http_basic_auth_user_file = /etc/htpasswd {{(pid=99155) log_opt_values /opt/stack/data/venv/lib/python3.12/site-packages/oslo_config/cfg.py:3253}}
Jul 28 16:50:37.816503 np0000006029 nova-conductor[99155]: DEBUG cotyledon.oslo_config_glue [-] profiler.connection_string = messaging:// {{(pid=99155) log_opt_values /opt/stack/data/venv/lib/python3.12/site-packages/oslo_config/cfg.py:3253}}
Jul 28 16:50:37.816503 np0000006029 nova-conductor[99155]: DEBUG cotyledon.oslo_config_glue [-] profiler.enabled = False {{(pid=99155) log_opt_values /opt/stack/data/venv/lib/python3.12/site-packages/oslo_config/cfg.py:3253}}
Jul 28 16:50:37.816503 np0000006029 nova-conductor[99155]: DEBUG cotyledon.oslo_config_glue [-] profiler.es_doc_type = notification {{(pid=99155) log_opt_values /opt/stack/data/venv/lib/python3.12/site-packages/oslo_config/cfg.py:3253}}
Jul 28 16:50:37.816503 np0000006029 nova-conductor[99155]: DEBUG cotyledon.oslo_config_glue [-] profiler.es_scroll_size = 10000 {{(pid=99155) log_opt_values /opt/stack/data/venv/lib/python3.12/site-packages/oslo_config/cfg.py:3253}}
Jul 28 16:50:37.816503 np0000006029 nova-conductor[99155]: DEBUG cotyledon.oslo_config_glue [-] profiler.es_scroll_time = 2m {{(pid=99155) log_opt_values /opt/stack/data/venv/lib/python3.12/site-packages/oslo_config/cfg.py:3253}}
Jul 28 16:50:37.816503 np0000006029 nova-conductor[99155]: DEBUG cotyledon.oslo_config_glue [-] profiler.filter_error_trace = False {{(pid=99155) log_opt_values /opt/stack/data/venv/lib/python3.12/site-packages/oslo_config/cfg.py:3253}}
Jul 28 16:50:37.816503 np0000006029 nova-conductor[99155]: DEBUG cotyledon.oslo_config_glue [-] profiler.hmac_keys = **** {{(pid=99155) log_opt_values /opt/stack/data/venv/lib/python3.12/site-packages/oslo_config/cfg.py:3253}}
Jul 28 16:50:37.816726 np0000006029 nova-conductor[99155]: DEBUG cotyledon.oslo_config_glue [-] profiler.sentinel_service_name = mymaster {{(pid=99155) log_opt_values /opt/stack/data/venv/lib/python3.12/site-packages/oslo_config/cfg.py:3253}}
Jul 28 16:50:37.816726 np0000006029 nova-conductor[99155]: DEBUG cotyledon.oslo_config_glue [-] profiler.socket_timeout = 0.1 {{(pid=99155) log_opt_values /opt/stack/data/venv/lib/python3.12/site-packages/oslo_config/cfg.py:3253}}
Jul 28 16:50:37.816726 np0000006029 nova-conductor[99155]: DEBUG cotyledon.oslo_config_glue [-] profiler.trace_requests = False {{(pid=99155) log_opt_values /opt/stack/data/venv/lib/python3.12/site-packages/oslo_config/cfg.py:3253}}
Jul 28 16:50:37.816726 np0000006029 nova-conductor[99155]: DEBUG cotyledon.oslo_config_glue [-] profiler.trace_sqlalchemy = False {{(pid=99155) log_opt_values /opt/stack/data/venv/lib/python3.12/site-packages/oslo_config/cfg.py:3253}}
Jul 28 16:50:37.816726 np0000006029 nova-conductor[99155]: DEBUG cotyledon.oslo_config_glue [-] profiler_jaeger.process_tags = {} {{(pid=99155) log_opt_values /opt/stack/data/venv/lib/python3.12/site-packages/oslo_config/cfg.py:3253}}
Jul 28 16:50:37.816726 np0000006029 nova-conductor[99155]: DEBUG cotyledon.oslo_config_glue [-] profiler_jaeger.service_name_prefix = None {{(pid=99155) log_opt_values /opt/stack/data/venv/lib/python3.12/site-packages/oslo_config/cfg.py:3253}}
Jul 28 16:50:37.816726 np0000006029 nova-conductor[99155]: DEBUG cotyledon.oslo_config_glue [-] profiler_otlp.service_name_prefix = None {{(pid=99155) log_opt_values /opt/stack/data/venv/lib/python3.12/site-packages/oslo_config/cfg.py:3253}}
Jul 28 16:50:37.816726 np0000006029 nova-conductor[99155]: DEBUG cotyledon.oslo_config_glue [-] oslo_messaging_rabbit.amqp_auto_delete = False {{(pid=99155) log_opt_values /opt/stack/data/venv/lib/python3.12/site-packages/oslo_config/cfg.py:3253}}
Jul 28 16:50:37.816726 np0000006029 nova-conductor[99155]: DEBUG cotyledon.oslo_config_glue [-] oslo_messaging_rabbit.amqp_durable_queues = False {{(pid=99155) log_opt_values /opt/stack/data/venv/lib/python3.12/site-packages/oslo_config/cfg.py:3253}}
Jul 28 16:50:37.816919 np0000006029 nova-conductor[99155]: DEBUG cotyledon.oslo_config_glue [-] oslo_messaging_rabbit.conn_pool_min_size = 2 {{(pid=99155) log_opt_values /opt/stack/data/venv/lib/python3.12/site-packages/oslo_config/cfg.py:3253}}
Jul 28 16:50:37.816919 np0000006029 nova-conductor[99155]: DEBUG cotyledon.oslo_config_glue [-] oslo_messaging_rabbit.conn_pool_ttl = 1200 {{(pid=99155) log_opt_values /opt/stack/data/venv/lib/python3.12/site-packages/oslo_config/cfg.py:3253}}
Jul 28 16:50:37.816919 np0000006029 nova-conductor[99155]: DEBUG cotyledon.oslo_config_glue [-] oslo_messaging_rabbit.direct_mandatory_flag = True {{(pid=99155) log_opt_values /opt/stack/data/venv/lib/python3.12/site-packages/oslo_config/cfg.py:3253}}
Jul 28 16:50:37.816919 np0000006029 nova-conductor[99155]: DEBUG cotyledon.oslo_config_glue [-] oslo_messaging_rabbit.enable_cancel_on_failover = False {{(pid=99155) log_opt_values /opt/stack/data/venv/lib/python3.12/site-packages/oslo_config/cfg.py:3253}}
Jul 28 16:50:37.816919 np0000006029 nova-conductor[99155]: DEBUG cotyledon.oslo_config_glue [-] oslo_messaging_rabbit.heartbeat_rate = 3 {{(pid=99155) log_opt_values /opt/stack/data/venv/lib/python3.12/site-packages/oslo_config/cfg.py:3253}}
Jul 28 16:50:37.816919 np0000006029 nova-conductor[99155]: DEBUG cotyledon.oslo_config_glue [-] oslo_messaging_rabbit.heartbeat_timeout_threshold = 60 {{(pid=99155) log_opt_values /opt/stack/data/venv/lib/python3.12/site-packages/oslo_config/cfg.py:3253}}
Jul 28 16:50:37.816919 np0000006029 nova-conductor[99155]: DEBUG cotyledon.oslo_config_glue [-] oslo_messaging_rabbit.hostname = np0000006029 {{(pid=99155) log_opt_values /opt/stack/data/venv/lib/python3.12/site-packages/oslo_config/cfg.py:3253}}
Jul 28 16:50:37.816919 np0000006029 nova-conductor[99155]: DEBUG cotyledon.oslo_config_glue [-] oslo_messaging_rabbit.kombu_compression = None {{(pid=99155) log_opt_values /opt/stack/data/venv/lib/python3.12/site-packages/oslo_config/cfg.py:3253}}
Jul 28 16:50:37.816919 np0000006029 nova-conductor[99155]: DEBUG cotyledon.oslo_config_glue [-] oslo_messaging_rabbit.kombu_failover_strategy = round-robin {{(pid=99155) log_opt_values /opt/stack/data/venv/lib/python3.12/site-packages/oslo_config/cfg.py:3253}}
Jul 28 16:50:37.817895 np0000006029 nova-conductor[99155]: DEBUG cotyledon.oslo_config_glue [-] oslo_messaging_rabbit.kombu_missing_consumer_retry_timeout = 60 {{(pid=99155) log_opt_values /opt/stack/data/venv/lib/python3.12/site-packages/oslo_config/cfg.py:3253}}
Jul 28 16:50:37.817895 np0000006029 nova-conductor[99155]: DEBUG cotyledon.oslo_config_glue [-] oslo_messaging_rabbit.kombu_reconnect_delay = 1.0 {{(pid=99155) log_opt_values /opt/stack/data/venv/lib/python3.12/site-packages/oslo_config/cfg.py:3253}}
Jul 28 16:50:37.817895 np0000006029 nova-conductor[99155]: DEBUG cotyledon.oslo_config_glue [-] oslo_messaging_rabbit.kombu_reconnect_splay = 0.0 {{(pid=99155) log_opt_values /opt/stack/data/venv/lib/python3.12/site-packages/oslo_config/cfg.py:3253}}
Jul 28 16:50:37.817895 np0000006029 nova-conductor[99155]: DEBUG cotyledon.oslo_config_glue [-] oslo_messaging_rabbit.processname = nova-conductor {{(pid=99155) log_opt_values /opt/stack/data/venv/lib/python3.12/site-packages/oslo_config/cfg.py:3253}}
Jul 28 16:50:37.817895 np0000006029 nova-conductor[99155]: DEBUG cotyledon.oslo_config_glue [-] oslo_messaging_rabbit.rabbit_ha_queues = False {{(pid=99155) log_opt_values /opt/stack/data/venv/lib/python3.12/site-packages/oslo_config/cfg.py:3253}}
Jul 28 16:50:37.817895 np0000006029 nova-conductor[99155]: DEBUG cotyledon.oslo_config_glue [-] oslo_messaging_rabbit.rabbit_interval_max = 30 {{(pid=99155) log_opt_values /opt/stack/data/venv/lib/python3.12/site-packages/oslo_config/cfg.py:3253}}
Jul 28 16:50:37.817895 np0000006029 nova-conductor[99155]: DEBUG cotyledon.oslo_config_glue [-] oslo_messaging_rabbit.rabbit_login_method = AMQPLAIN {{(pid=99155) log_opt_values /opt/stack/data/venv/lib/python3.12/site-packages/oslo_config/cfg.py:3253}}
Jul 28 16:50:37.817895 np0000006029 nova-conductor[99155]: DEBUG cotyledon.oslo_config_glue [-] oslo_messaging_rabbit.rabbit_qos_prefetch_count = 0 {{(pid=99155) log_opt_values /opt/stack/data/venv/lib/python3.12/site-packages/oslo_config/cfg.py:3253}}
Jul 28 16:50:37.817895 np0000006029 nova-conductor[99155]: DEBUG cotyledon.oslo_config_glue [-] oslo_messaging_rabbit.rabbit_quorum_delivery_limit = 0 {{(pid=99155) log_opt_values /opt/stack/data/venv/lib/python3.12/site-packages/oslo_config/cfg.py:3253}}
Jul 28 16:50:37.818674 np0000006029 nova-conductor[99155]: DEBUG cotyledon.oslo_config_glue [-] oslo_messaging_rabbit.rabbit_quorum_max_memory_bytes = 0 {{(pid=99155) log_opt_values /opt/stack/data/venv/lib/python3.12/site-packages/oslo_config/cfg.py:3253}}
Jul 28 16:50:37.818674 np0000006029 nova-conductor[99155]: DEBUG cotyledon.oslo_config_glue [-] oslo_messaging_rabbit.rabbit_quorum_max_memory_length = 0 {{(pid=99155) log_opt_values /opt/stack/data/venv/lib/python3.12/site-packages/oslo_config/cfg.py:3253}}
Jul 28 16:50:37.818674 np0000006029 nova-conductor[99155]: DEBUG cotyledon.oslo_config_glue [-] oslo_messaging_rabbit.rabbit_quorum_queue = False {{(pid=99155) log_opt_values /opt/stack/data/venv/lib/python3.12/site-packages/oslo_config/cfg.py:3253}}
Jul 28 16:50:37.818674 np0000006029 nova-conductor[99155]: DEBUG cotyledon.oslo_config_glue [-] oslo_messaging_rabbit.rabbit_retry_backoff = 2 {{(pid=99155) log_opt_values /opt/stack/data/venv/lib/python3.12/site-packages/oslo_config/cfg.py:3253}}
Jul 28 16:50:37.818674 np0000006029 nova-conductor[99155]: DEBUG cotyledon.oslo_config_glue [-] oslo_messaging_rabbit.rabbit_retry_interval = 1 {{(pid=99155) log_opt_values /opt/stack/data/venv/lib/python3.12/site-packages/oslo_config/cfg.py:3253}}
Jul 28 16:50:37.818674 np0000006029 nova-conductor[99155]: DEBUG cotyledon.oslo_config_glue [-] oslo_messaging_rabbit.rabbit_stream_fanout = False {{(pid=99155) log_opt_values /opt/stack/data/venv/lib/python3.12/site-packages/oslo_config/cfg.py:3253}}
Jul 28 16:50:37.818674 np0000006029 nova-conductor[99155]: DEBUG cotyledon.oslo_config_glue [-] oslo_messaging_rabbit.rabbit_transient_queues_ttl = 1800 {{(pid=99155) log_opt_values /opt/stack/data/venv/lib/python3.12/site-packages/oslo_config/cfg.py:3253}}
Jul 28 16:50:37.818674 np0000006029 nova-conductor[99155]: DEBUG cotyledon.oslo_config_glue [-] oslo_messaging_rabbit.rabbit_transient_quorum_queue = False {{(pid=99155) log_opt_values /opt/stack/data/venv/lib/python3.12/site-packages/oslo_config/cfg.py:3253}}
Jul 28 16:50:37.819070 np0000006029 nova-conductor[99155]: DEBUG cotyledon.oslo_config_glue [-] oslo_messaging_rabbit.rpc_conn_pool_size = 30 {{(pid=99155) log_opt_values /opt/stack/data/venv/lib/python3.12/site-packages/oslo_config/cfg.py:3253}}
Jul 28 16:50:37.819070 np0000006029 nova-conductor[99155]: DEBUG cotyledon.oslo_config_glue [-] oslo_messaging_rabbit.ssl = False {{(pid=99155) log_opt_values /opt/stack/data/venv/lib/python3.12/site-packages/oslo_config/cfg.py:3253}}
Jul 28 16:50:37.819070 np0000006029 nova-conductor[99155]: DEBUG cotyledon.oslo_config_glue [-] oslo_messaging_rabbit.ssl_ca_file = {{(pid=99155) log_opt_values /opt/stack/data/venv/lib/python3.12/site-packages/oslo_config/cfg.py:3253}}
Jul 28 16:50:37.819070 np0000006029 nova-conductor[99155]: DEBUG cotyledon.oslo_config_glue [-] oslo_messaging_rabbit.ssl_cert_file = {{(pid=99155) log_opt_values /opt/stack/data/venv/lib/python3.12/site-packages/oslo_config/cfg.py:3253}}
Jul 28 16:50:37.819070 np0000006029 nova-conductor[99155]: DEBUG cotyledon.oslo_config_glue [-] oslo_messaging_rabbit.ssl_enforce_fips_mode = False {{(pid=99155) log_opt_values /opt/stack/data/venv/lib/python3.12/site-packages/oslo_config/cfg.py:3253}}
Jul 28 16:50:37.819070 np0000006029 nova-conductor[99155]: DEBUG cotyledon.oslo_config_glue [-] oslo_messaging_rabbit.ssl_enforce_hostname_verification = True {{(pid=99155) log_opt_values /opt/stack/data/venv/lib/python3.12/site-packages/oslo_config/cfg.py:3253}}
Jul 28 16:50:37.819070 np0000006029 nova-conductor[99155]: DEBUG cotyledon.oslo_config_glue [-] oslo_messaging_rabbit.ssl_key_file = {{(pid=99155) log_opt_values /opt/stack/data/venv/lib/python3.12/site-packages/oslo_config/cfg.py:3253}}
Jul 28 16:50:37.819070 np0000006029 nova-conductor[99155]: DEBUG cotyledon.oslo_config_glue [-] oslo_messaging_rabbit.ssl_version = {{(pid=99155) log_opt_values /opt/stack/data/venv/lib/python3.12/site-packages/oslo_config/cfg.py:3253}}
Jul 28 16:50:37.819070 np0000006029 nova-conductor[99155]: DEBUG cotyledon.oslo_config_glue [-] oslo_messaging_rabbit.use_queue_manager = False {{(pid=99155) log_opt_values /opt/stack/data/venv/lib/python3.12/site-packages/oslo_config/cfg.py:3253}}
Jul 28 16:50:37.819511 np0000006029 nova-conductor[99155]: DEBUG cotyledon.oslo_config_glue [-] oslo_messaging_notifications.driver = ['messagingv2'] {{(pid=99155) log_opt_values /opt/stack/data/venv/lib/python3.12/site-packages/oslo_config/cfg.py:3253}}
Jul 28 16:50:37.819511 np0000006029 nova-conductor[99155]: DEBUG cotyledon.oslo_config_glue [-] oslo_messaging_notifications.retry = -1 {{(pid=99155) log_opt_values /opt/stack/data/venv/lib/python3.12/site-packages/oslo_config/cfg.py:3253}}
Jul 28 16:50:37.819511 np0000006029 nova-conductor[99155]: DEBUG cotyledon.oslo_config_glue [-] oslo_messaging_notifications.topics = ['notifications'] {{(pid=99155) log_opt_values /opt/stack/data/venv/lib/python3.12/site-packages/oslo_config/cfg.py:3253}}
Jul 28 16:50:37.819511 np0000006029 nova-conductor[99155]: DEBUG cotyledon.oslo_config_glue [-] oslo_messaging_notifications.transport_url = **** {{(pid=99155) log_opt_values /opt/stack/data/venv/lib/python3.12/site-packages/oslo_config/cfg.py:3253}}
Jul 28 16:50:37.819511 np0000006029 nova-conductor[99155]: DEBUG cotyledon.oslo_config_glue [-] oslo_limit.auth_section = None {{(pid=99155) log_opt_values /opt/stack/data/venv/lib/python3.12/site-packages/oslo_config/cfg.py:3253}}
Jul 28 16:50:37.819511 np0000006029 nova-conductor[99155]: DEBUG cotyledon.oslo_config_glue [-] oslo_limit.auth_type = None {{(pid=99155) log_opt_values /opt/stack/data/venv/lib/python3.12/site-packages/oslo_config/cfg.py:3253}}
Jul 28 16:50:37.819511 np0000006029 nova-conductor[99155]: DEBUG cotyledon.oslo_config_glue [-] oslo_limit.cafile = None {{(pid=99155) log_opt_values /opt/stack/data/venv/lib/python3.12/site-packages/oslo_config/cfg.py:3253}}
Jul 28 16:50:37.819511 np0000006029 nova-conductor[99155]: DEBUG cotyledon.oslo_config_glue [-] oslo_limit.certfile = None {{(pid=99155) log_opt_values /opt/stack/data/venv/lib/python3.12/site-packages/oslo_config/cfg.py:3253}}
Jul 28 16:50:37.819511 np0000006029 nova-conductor[99155]: DEBUG cotyledon.oslo_config_glue [-] oslo_limit.collect_timing = False {{(pid=99155) log_opt_values /opt/stack/data/venv/lib/python3.12/site-packages/oslo_config/cfg.py:3253}}
Jul 28 16:50:37.819751 np0000006029 nova-conductor[99155]: DEBUG cotyledon.oslo_config_glue [-] oslo_limit.connect_retries = None {{(pid=99155) log_opt_values /opt/stack/data/venv/lib/python3.12/site-packages/oslo_config/cfg.py:3253}}
Jul 28 16:50:37.819751 np0000006029 nova-conductor[99155]: DEBUG cotyledon.oslo_config_glue [-] oslo_limit.connect_retry_delay = None {{(pid=99155) log_opt_values /opt/stack/data/venv/lib/python3.12/site-packages/oslo_config/cfg.py:3253}}
Jul 28 16:50:37.819751 np0000006029 nova-conductor[99155]: DEBUG cotyledon.oslo_config_glue [-] oslo_limit.endpoint_id = None {{(pid=99155) log_opt_values /opt/stack/data/venv/lib/python3.12/site-packages/oslo_config/cfg.py:3253}}
Jul 28 16:50:37.819751 np0000006029 nova-conductor[99155]: DEBUG cotyledon.oslo_config_glue [-] oslo_limit.endpoint_interface = public {{(pid=99155) log_opt_values /opt/stack/data/venv/lib/python3.12/site-packages/oslo_config/cfg.py:3253}}
Jul 28 16:50:37.819751 np0000006029 nova-conductor[99155]: DEBUG cotyledon.oslo_config_glue [-] oslo_limit.endpoint_override = None {{(pid=99155) log_opt_values /opt/stack/data/venv/lib/python3.12/site-packages/oslo_config/cfg.py:3253}}
Jul 28 16:50:37.819751 np0000006029 nova-conductor[99155]: DEBUG cotyledon.oslo_config_glue [-] oslo_limit.endpoint_region_name = None {{(pid=99155) log_opt_values /opt/stack/data/venv/lib/python3.12/site-packages/oslo_config/cfg.py:3253}}
Jul 28 16:50:37.819751 np0000006029 nova-conductor[99155]: DEBUG cotyledon.oslo_config_glue [-] oslo_limit.endpoint_service_name = None {{(pid=99155) log_opt_values /opt/stack/data/venv/lib/python3.12/site-packages/oslo_config/cfg.py:3253}}
Jul 28 16:50:37.819751 np0000006029 nova-conductor[99155]: DEBUG cotyledon.oslo_config_glue [-] oslo_limit.endpoint_service_type = None {{(pid=99155) log_opt_values /opt/stack/data/venv/lib/python3.12/site-packages/oslo_config/cfg.py:3253}}
Jul 28 16:50:37.819751 np0000006029 nova-conductor[99155]: DEBUG cotyledon.oslo_config_glue [-] oslo_limit.insecure = False {{(pid=99155) log_opt_values /opt/stack/data/venv/lib/python3.12/site-packages/oslo_config/cfg.py:3253}}
Jul 28 16:50:37.819953 np0000006029 nova-conductor[99155]: DEBUG cotyledon.oslo_config_glue [-] oslo_limit.keyfile = None {{(pid=99155) log_opt_values /opt/stack/data/venv/lib/python3.12/site-packages/oslo_config/cfg.py:3253}}
Jul 28 16:50:37.819953 np0000006029 nova-conductor[99155]: DEBUG cotyledon.oslo_config_glue [-] oslo_limit.max_version = None {{(pid=99155) log_opt_values /opt/stack/data/venv/lib/python3.12/site-packages/oslo_config/cfg.py:3253}}
Jul 28 16:50:37.819953 np0000006029 nova-conductor[99155]: DEBUG cotyledon.oslo_config_glue [-] oslo_limit.min_version = None {{(pid=99155) log_opt_values /opt/stack/data/venv/lib/python3.12/site-packages/oslo_config/cfg.py:3253}}
Jul 28 16:50:37.819953 np0000006029 nova-conductor[99155]: DEBUG cotyledon.oslo_config_glue [-] oslo_limit.region_name = None {{(pid=99155) log_opt_values /opt/stack/data/venv/lib/python3.12/site-packages/oslo_config/cfg.py:3253}}
Jul 28 16:50:37.819953 np0000006029 nova-conductor[99155]: DEBUG cotyledon.oslo_config_glue [-] oslo_limit.retriable_status_codes = None {{(pid=99155) log_opt_values /opt/stack/data/venv/lib/python3.12/site-packages/oslo_config/cfg.py:3253}}
Jul 28 16:50:37.819953 np0000006029 nova-conductor[99155]: DEBUG cotyledon.oslo_config_glue [-] oslo_limit.service_name = None {{(pid=99155) log_opt_values /opt/stack/data/venv/lib/python3.12/site-packages/oslo_config/cfg.py:3253}}
Jul 28 16:50:37.819953 np0000006029 nova-conductor[99155]: DEBUG cotyledon.oslo_config_glue [-] oslo_limit.service_type = None {{(pid=99155) log_opt_values /opt/stack/data/venv/lib/python3.12/site-packages/oslo_config/cfg.py:3253}}
Jul 28 16:50:37.819953 np0000006029 nova-conductor[99155]: DEBUG cotyledon.oslo_config_glue [-] oslo_limit.split_loggers = False {{(pid=99155) log_opt_values /opt/stack/data/venv/lib/python3.12/site-packages/oslo_config/cfg.py:3253}}
Jul 28 16:50:37.819953 np0000006029 nova-conductor[99155]: DEBUG cotyledon.oslo_config_glue [-] oslo_limit.status_code_retries = None {{(pid=99155) log_opt_values /opt/stack/data/venv/lib/python3.12/site-packages/oslo_config/cfg.py:3253}}
Jul 28 16:50:37.820235 np0000006029 nova-conductor[99155]: DEBUG cotyledon.oslo_config_glue [-] oslo_limit.status_code_retry_delay = None {{(pid=99155) log_opt_values /opt/stack/data/venv/lib/python3.12/site-packages/oslo_config/cfg.py:3253}}
Jul 28 16:50:37.820235 np0000006029 nova-conductor[99155]: DEBUG cotyledon.oslo_config_glue [-] oslo_limit.timeout = None {{(pid=99155) log_opt_values /opt/stack/data/venv/lib/python3.12/site-packages/oslo_config/cfg.py:3253}}
Jul 28 16:50:37.820235 np0000006029 nova-conductor[99155]: DEBUG cotyledon.oslo_config_glue [-] oslo_limit.valid_interfaces = None {{(pid=99155) log_opt_values /opt/stack/data/venv/lib/python3.12/site-packages/oslo_config/cfg.py:3253}}
Jul 28 16:50:37.820235 np0000006029 nova-conductor[99155]: DEBUG cotyledon.oslo_config_glue [-] oslo_limit.version = None {{(pid=99155) log_opt_values /opt/stack/data/venv/lib/python3.12/site-packages/oslo_config/cfg.py:3253}}
Jul 28 16:50:37.820235 np0000006029 nova-conductor[99155]: DEBUG cotyledon.oslo_config_glue [-] oslo_reports.file_event_handler = None {{(pid=99155) log_opt_values /opt/stack/data/venv/lib/python3.12/site-packages/oslo_config/cfg.py:3253}}
Jul 28 16:50:37.820235 np0000006029 nova-conductor[99155]: DEBUG cotyledon.oslo_config_glue [-] oslo_reports.file_event_handler_interval = 1 {{(pid=99155) log_opt_values /opt/stack/data/venv/lib/python3.12/site-packages/oslo_config/cfg.py:3253}}
Jul 28 16:50:37.820235 np0000006029 nova-conductor[99155]: DEBUG cotyledon.oslo_config_glue [-] oslo_reports.log_dir = None {{(pid=99155) log_opt_values /opt/stack/data/venv/lib/python3.12/site-packages/oslo_config/cfg.py:3253}}
Jul 28 16:50:37.820235 np0000006029 nova-conductor[99155]: DEBUG cotyledon.oslo_config_glue [-] ******************************************************************************** {{(pid=99155) log_opt_values /opt/stack/data/venv/lib/python3.12/site-packages/oslo_config/cfg.py:3260}}
Jul 28 16:50:37.820235 np0000006029 nova-conductor[99155]: DEBUG cotyledon._service_worker [-] Run service ServiceWrapper(3) [99155] {{(pid=99155) wait_forever /opt/stack/data/venv/lib/python3.12/site-packages/cotyledon/_service_worker.py:218}}
Jul 28 16:50:37.820606 np0000006029 nova-conductor[99155]: INFO nova.service [-] Starting conductor node (version 33.1.0)
Jul 28 16:50:37.820655 np0000006029 nova-conductor[99128]: DEBUG oslo_db.sqlalchemy.engines [None req-b1b28b40-a1ce-4f8c-9d57-5282896bec11 None None] MySQL server mode set to STRICT_TRANS_TABLES,STRICT_ALL_TABLES,NO_ZERO_IN_DATE,NO_ZERO_DATE,ERROR_FOR_DIVISION_BY_ZERO,TRADITIONAL,NO_ENGINE_SUBSTITUTION {{(pid=99128) _check_effective_sql_mode /opt/stack/data/venv/lib/python3.12/site-packages/oslo_db/sqlalchemy/engines.py:325}}
Jul 28 16:50:37.820684 np0000006029 nova-conductor[99155]: INFO dbcounter [None req-14ddb7c6-3370-4ee4-8e4b-22839d33386c None None] Registered counter for database nova_cell0
Jul 28 16:50:37.820709 np0000006029 nova-conductor[99128]: DEBUG dbcounter [-] [99128] Writer thread running {{(pid=99128) stat_writer /opt/stack/data/venv/lib/python3.12/site-packages/dbcounter.py:102}}
Jul 28 16:50:37.820753 np0000006029 nova-conductor[99145]: DEBUG oslo_db.sqlalchemy.engines [None req-90d6ff62-6093-4d1b-8295-848f6ccdc2e8 None None] MySQL server mode set to STRICT_TRANS_TABLES,STRICT_ALL_TABLES,NO_ZERO_IN_DATE,NO_ZERO_DATE,ERROR_FOR_DIVISION_BY_ZERO,TRADITIONAL,NO_ENGINE_SUBSTITUTION {{(pid=99145) _check_effective_sql_mode /opt/stack/data/venv/lib/python3.12/site-packages/oslo_db/sqlalchemy/engines.py:325}}
Jul 28 16:50:37.820807 np0000006029 nova-conductor[99132]: DEBUG oslo_db.sqlalchemy.engines [None req-41686574-73ef-45f2-b0dd-5dbd97d7e099 None None] MySQL server mode set to STRICT_TRANS_TABLES,STRICT_ALL_TABLES,NO_ZERO_IN_DATE,NO_ZERO_DATE,ERROR_FOR_DIVISION_BY_ZERO,TRADITIONAL,NO_ENGINE_SUBSTITUTION {{(pid=99132) _check_effective_sql_mode /opt/stack/data/venv/lib/python3.12/site-packages/oslo_db/sqlalchemy/engines.py:325}}
Jul 28 16:50:37.820839 np0000006029 nova-conductor[99145]: DEBUG dbcounter [-] [99145] Writer thread running {{(pid=99145) stat_writer /opt/stack/data/venv/lib/python3.12/site-packages/dbcounter.py:102}}
Jul 28 16:50:37.820865 np0000006029 nova-conductor[99132]: DEBUG dbcounter [-] [99132] Writer thread running {{(pid=99132) stat_writer /opt/stack/data/venv/lib/python3.12/site-packages/dbcounter.py:102}}
Jul 28 16:50:37.820889 np0000006029 nova-conductor[99128]: DEBUG nova.service [None req-b1b28b40-a1ce-4f8c-9d57-5282896bec11 None None] Creating RPC server for service: nova-conductor on topic: conductor {{(pid=99128) start /opt/stack/nova/nova/service.py:196}}
Jul 28 16:50:37.832920 np0000006029 nova-conductor[99145]: DEBUG nova.service [None req-90d6ff62-6093-4d1b-8295-848f6ccdc2e8 None None] Creating RPC server for service: nova-conductor on topic: conductor {{(pid=99145) start /opt/stack/nova/nova/service.py:196}}
Jul 28 16:50:37.834276 np0000006029 nova-conductor[99155]: DEBUG oslo_db.sqlalchemy.engines [None req-14ddb7c6-3370-4ee4-8e4b-22839d33386c None None] MySQL server mode set to STRICT_TRANS_TABLES,STRICT_ALL_TABLES,NO_ZERO_IN_DATE,NO_ZERO_DATE,ERROR_FOR_DIVISION_BY_ZERO,TRADITIONAL,NO_ENGINE_SUBSTITUTION {{(pid=99155) _check_effective_sql_mode /opt/stack/data/venv/lib/python3.12/site-packages/oslo_db/sqlalchemy/engines.py:325}}
Jul 28 16:50:37.835580 np0000006029 nova-conductor[99132]: DEBUG nova.service [None req-41686574-73ef-45f2-b0dd-5dbd97d7e099 None None] Creating RPC server for service: nova-conductor on topic: conductor {{(pid=99132) start /opt/stack/nova/nova/service.py:196}}
Jul 28 16:50:37.845986 np0000006029 nova-conductor[99128]: DEBUG nova.service [None req-b1b28b40-a1ce-4f8c-9d57-5282896bec11 None None] Join ServiceGroup membership for this service conductor {{(pid=99128) start /opt/stack/nova/nova/service.py:222}}
Jul 28 16:50:37.846335 np0000006029 nova-conductor[99128]: DEBUG nova.servicegroup.drivers.db [None req-b1b28b40-a1ce-4f8c-9d57-5282896bec11 None None] DB_Driver: join new ServiceGroup member np0000006029 to the conductor group, service = {{(pid=99128) join /opt/stack/nova/nova/servicegroup/drivers/db.py:44}}
Jul 28 16:50:37.846539 np0000006029 nova-conductor[99155]: DEBUG dbcounter [-] [99155] Writer thread running {{(pid=99155) stat_writer /opt/stack/data/venv/lib/python3.12/site-packages/dbcounter.py:102}}
Jul 28 16:50:37.850852 np0000006029 nova-conductor[99155]: DEBUG nova.service [None req-14ddb7c6-3370-4ee4-8e4b-22839d33386c None None] Creating RPC server for service: nova-conductor on topic: conductor {{(pid=99155) start /opt/stack/nova/nova/service.py:196}}
Jul 28 16:50:37.855771 np0000006029 nova-conductor[99145]: DEBUG nova.service [None req-90d6ff62-6093-4d1b-8295-848f6ccdc2e8 None None] Join ServiceGroup membership for this service conductor {{(pid=99145) start /opt/stack/nova/nova/service.py:222}}
Jul 28 16:50:37.856026 np0000006029 nova-conductor[99145]: DEBUG nova.servicegroup.drivers.db [None req-90d6ff62-6093-4d1b-8295-848f6ccdc2e8 None None] DB_Driver: join new ServiceGroup member np0000006029 to the conductor group, service = {{(pid=99145) join /opt/stack/nova/nova/servicegroup/drivers/db.py:44}}
Jul 28 16:50:37.857429 np0000006029 nova-conductor[99132]: DEBUG nova.service [None req-41686574-73ef-45f2-b0dd-5dbd97d7e099 None None] Join ServiceGroup membership for this service conductor {{(pid=99132) start /opt/stack/nova/nova/service.py:222}}
Jul 28 16:50:37.857657 np0000006029 nova-conductor[99132]: DEBUG nova.servicegroup.drivers.db [None req-41686574-73ef-45f2-b0dd-5dbd97d7e099 None None] DB_Driver: join new ServiceGroup member np0000006029 to the conductor group, service = {{(pid=99132) join /opt/stack/nova/nova/servicegroup/drivers/db.py:44}}
Jul 28 16:50:37.873415 np0000006029 nova-conductor[99155]: DEBUG nova.service [None req-14ddb7c6-3370-4ee4-8e4b-22839d33386c None None] Join ServiceGroup membership for this service conductor {{(pid=99155) start /opt/stack/nova/nova/service.py:222}}
Jul 28 16:50:37.873415 np0000006029 nova-conductor[99155]: DEBUG nova.servicegroup.drivers.db [None req-14ddb7c6-3370-4ee4-8e4b-22839d33386c None None] DB_Driver: join new ServiceGroup member np0000006029 to the conductor group, service = {{(pid=99155) join /opt/stack/nova/nova/servicegroup/drivers/db.py:44}}
Jul 28 16:50:42.864310 np0000006029 nova-conductor[99128]: DEBUG oslo.service.backend._threading.loopingcall [-] Fixed interval looping call 'nova.servicegroup.drivers.db.DbDriver._report_state' sleeping for 119.98 seconds {{(pid=99128) _run_loop /opt/stack/data/venv/lib/python3.12/site-packages/oslo_service/backend/_threading/loopingcall.py:125}}
Jul 28 16:50:42.866718 np0000006029 nova-conductor[99132]: DEBUG oslo.service.backend._threading.loopingcall [-] Fixed interval looping call 'nova.servicegroup.drivers.db.DbDriver._report_state' sleeping for 120.00 seconds {{(pid=99132) _run_loop /opt/stack/data/venv/lib/python3.12/site-packages/oslo_service/backend/_threading/loopingcall.py:125}}
Jul 28 16:50:42.868774 np0000006029 nova-conductor[99145]: DEBUG oslo.service.backend._threading.loopingcall [-] Fixed interval looping call 'nova.servicegroup.drivers.db.DbDriver._report_state' sleeping for 119.99 seconds {{(pid=99145) _run_loop /opt/stack/data/venv/lib/python3.12/site-packages/oslo_service/backend/_threading/loopingcall.py:125}}
Jul 28 16:50:42.885480 np0000006029 nova-conductor[99155]: DEBUG oslo.service.backend._threading.loopingcall [-] Fixed interval looping call 'nova.servicegroup.drivers.db.DbDriver._report_state' sleeping for 119.99 seconds {{(pid=99155) _run_loop /opt/stack/data/venv/lib/python3.12/site-packages/oslo_service/backend/_threading/loopingcall.py:125}}
Jul 28 16:50:46.346602 np0000006029 nova-conductor[97714]: DEBUG dbcounter [-] [97714] Writing DB stats nova_api:SELECT=1 {{(pid=97714) stat_writer /opt/stack/data/venv/lib/python3.12/site-packages/dbcounter.py:115}}
Jul 28 16:50:46.494303 np0000006029 nova-conductor[97714]: DEBUG dbcounter [-] [97714] Writing DB stats nova_cell0:SELECT=1 {{(pid=97714) stat_writer /opt/stack/data/venv/lib/python3.12/site-packages/dbcounter.py:115}}
Jul 28 16:50:46.498894 np0000006029 nova-conductor[97714]: DEBUG dbcounter [-] [97714] Writing DB stats nova_cell1:SELECT=1 {{(pid=97714) stat_writer /opt/stack/data/venv/lib/python3.12/site-packages/dbcounter.py:115}}
Jul 28 16:50:51.848868 np0000006029 nova-conductor[99128]: DEBUG oslo.service.backend._threading.loopingcall [None req-6d055ddc-ec7c-4a6b-b081-d96c0cab1ced None None] Dynamic interval looping call 'nova.service.Service.periodic_tasks' sleeping for 60.00 seconds {{(pid=99128) _run_loop /opt/stack/data/venv/lib/python3.12/site-packages/oslo_service/backend/_threading/loopingcall.py:125}}
Jul 28 16:50:52.857707 np0000006029 nova-conductor[99128]: DEBUG dbcounter [-] [99128] Writing DB stats nova_cell0:SELECT=4,nova_cell0:INSERT=1,nova_cell0:UPDATE=1 {{(pid=99128) stat_writer /opt/stack/data/venv/lib/python3.12/site-packages/dbcounter.py:115}}
Jul 28 16:50:52.864498 np0000006029 nova-conductor[99132]: DEBUG dbcounter [-] [99132] Writing DB stats nova_cell0:SELECT=4,nova_cell0:INSERT=1 {{(pid=99132) stat_writer /opt/stack/data/venv/lib/python3.12/site-packages/dbcounter.py:115}}
Jul 28 16:50:52.866305 np0000006029 nova-conductor[99145]: DEBUG dbcounter [-] [99145] Writing DB stats nova_cell0:SELECT=4,nova_cell0:INSERT=1,nova_cell0:UPDATE=1 {{(pid=99145) stat_writer /opt/stack/data/venv/lib/python3.12/site-packages/dbcounter.py:115}}
Jul 28 16:50:52.884324 np0000006029 nova-conductor[99155]: DEBUG dbcounter [-] [99155] Writing DB stats nova_cell0:SELECT=3 {{(pid=99155) stat_writer /opt/stack/data/venv/lib/python3.12/site-packages/dbcounter.py:115}}
Jul 28 16:50:58.875064 np0000006029 nova-conductor[99155]: DEBUG oslo.service.backend._threading.loopingcall [None req-80991060-5b77-4d9e-b07f-535dc36887ea None None] Dynamic interval looping call 'nova.service.Service.periodic_tasks' sleeping for 60.00 seconds {{(pid=99155) _run_loop /opt/stack/data/venv/lib/python3.12/site-packages/oslo_service/backend/_threading/loopingcall.py:125}}
Jul 28 16:51:03.858892 np0000006029 nova-conductor[99145]: DEBUG oslo.service.backend._threading.loopingcall [None req-fecd9a2a-7cd7-4712-8e75-ffcd3ea4354d None None] Dynamic interval looping call 'nova.service.Service.periodic_tasks' sleeping for 60.00 seconds {{(pid=99145) _run_loop /opt/stack/data/venv/lib/python3.12/site-packages/oslo_service/backend/_threading/loopingcall.py:125}}
Jul 28 16:51:36.862440 np0000006029 nova-conductor[99132]: DEBUG oslo.service.backend._threading.loopingcall [None req-6fc2e523-bc8e-4c41-be53-1f06f9fea6a8 None None] Dynamic interval looping call 'nova.service.Service.periodic_tasks' sleeping for 60.00 seconds {{(pid=99132) _run_loop /opt/stack/data/venv/lib/python3.12/site-packages/oslo_service/backend/_threading/loopingcall.py:125}}
Jul 28 16:51:51.849501 np0000006029 nova-conductor[99128]: DEBUG oslo.service.backend._threading.loopingcall [None req-6d055ddc-ec7c-4a6b-b081-d96c0cab1ced None None] Dynamic interval looping call 'nova.service.Service.periodic_tasks' sleeping for 60.00 seconds {{(pid=99128) _run_loop /opt/stack/data/venv/lib/python3.12/site-packages/oslo_service/backend/_threading/loopingcall.py:125}}
Jul 28 16:51:58.875551 np0000006029 nova-conductor[99155]: DEBUG oslo.service.backend._threading.loopingcall [None req-80991060-5b77-4d9e-b07f-535dc36887ea None None] Dynamic interval looping call 'nova.service.Service.periodic_tasks' sleeping for 60.00 seconds {{(pid=99155) _run_loop /opt/stack/data/venv/lib/python3.12/site-packages/oslo_service/backend/_threading/loopingcall.py:125}}
Jul 28 16:52:03.859507 np0000006029 nova-conductor[99145]: DEBUG oslo.service.backend._threading.loopingcall [None req-fecd9a2a-7cd7-4712-8e75-ffcd3ea4354d None None] Dynamic interval looping call 'nova.service.Service.periodic_tasks' sleeping for 60.00 seconds {{(pid=99145) _run_loop /opt/stack/data/venv/lib/python3.12/site-packages/oslo_service/backend/_threading/loopingcall.py:125}}
Jul 28 16:52:36.863462 np0000006029 nova-conductor[99132]: DEBUG oslo.service.backend._threading.loopingcall [None req-6fc2e523-bc8e-4c41-be53-1f06f9fea6a8 None None] Dynamic interval looping call 'nova.service.Service.periodic_tasks' sleeping for 60.00 seconds {{(pid=99132) _run_loop /opt/stack/data/venv/lib/python3.12/site-packages/oslo_service/backend/_threading/loopingcall.py:125}}
Jul 28 16:52:42.851034 np0000006029 nova-conductor[99128]: DEBUG oslo.service.backend._threading.loopingcall [-] Fixed interval looping call 'nova.servicegroup.drivers.db.DbDriver._report_state' sleeping for 119.99 seconds {{(pid=99128) _run_loop /opt/stack/data/venv/lib/python3.12/site-packages/oslo_service/backend/_threading/loopingcall.py:125}}
Jul 28 16:52:42.862072 np0000006029 nova-conductor[99145]: DEBUG oslo.service.backend._threading.loopingcall [-] Fixed interval looping call 'nova.servicegroup.drivers.db.DbDriver._report_state' sleeping for 120.00 seconds {{(pid=99145) _run_loop /opt/stack/data/venv/lib/python3.12/site-packages/oslo_service/backend/_threading/loopingcall.py:125}}
Jul 28 16:52:42.870285 np0000006029 nova-conductor[99132]: DEBUG oslo.service.backend._threading.loopingcall [-] Fixed interval looping call 'nova.servicegroup.drivers.db.DbDriver._report_state' sleeping for 120.00 seconds {{(pid=99132) _run_loop /opt/stack/data/venv/lib/python3.12/site-packages/oslo_service/backend/_threading/loopingcall.py:125}}
Jul 28 16:52:42.878967 np0000006029 nova-conductor[99155]: DEBUG oslo.service.backend._threading.loopingcall [-] Fixed interval looping call 'nova.servicegroup.drivers.db.DbDriver._report_state' sleeping for 120.00 seconds {{(pid=99155) _run_loop /opt/stack/data/venv/lib/python3.12/site-packages/oslo_service/backend/_threading/loopingcall.py:125}}
Jul 28 16:52:51.850098 np0000006029 nova-conductor[99128]: DEBUG oslo.service.backend._threading.loopingcall [None req-6d055ddc-ec7c-4a6b-b081-d96c0cab1ced None None] Dynamic interval looping call 'nova.service.Service.periodic_tasks' sleeping for 60.00 seconds {{(pid=99128) _run_loop /opt/stack/data/venv/lib/python3.12/site-packages/oslo_service/backend/_threading/loopingcall.py:125}}
Jul 28 16:52:52.848952 np0000006029 nova-conductor[99128]: DEBUG dbcounter [-] [99128] Writing DB stats nova_cell0:SELECT=1,nova_cell0:UPDATE=1 {{(pid=99128) stat_writer /opt/stack/data/venv/lib/python3.12/site-packages/dbcounter.py:115}}
Jul 28 16:52:52.860628 np0000006029 nova-conductor[99145]: DEBUG dbcounter [-] [99145] Writing DB stats nova_cell0:SELECT=1 {{(pid=99145) stat_writer /opt/stack/data/venv/lib/python3.12/site-packages/dbcounter.py:115}}
Jul 28 16:52:52.868556 np0000006029 nova-conductor[99132]: DEBUG dbcounter [-] [99132] Writing DB stats nova_cell0:SELECT=1 {{(pid=99132) stat_writer /opt/stack/data/venv/lib/python3.12/site-packages/dbcounter.py:115}}
Jul 28 16:52:52.877260 np0000006029 nova-conductor[99155]: DEBUG dbcounter [-] [99155] Writing DB stats nova_cell0:SELECT=1 {{(pid=99155) stat_writer /opt/stack/data/venv/lib/python3.12/site-packages/dbcounter.py:115}}
Jul 28 16:52:58.875906 np0000006029 nova-conductor[99155]: DEBUG oslo.service.backend._threading.loopingcall [None req-80991060-5b77-4d9e-b07f-535dc36887ea None None] Dynamic interval looping call 'nova.service.Service.periodic_tasks' sleeping for 60.00 seconds {{(pid=99155) _run_loop /opt/stack/data/venv/lib/python3.12/site-packages/oslo_service/backend/_threading/loopingcall.py:125}}
Jul 28 16:53:03.860030 np0000006029 nova-conductor[99145]: DEBUG oslo.service.backend._threading.loopingcall [None req-fecd9a2a-7cd7-4712-8e75-ffcd3ea4354d None None] Dynamic interval looping call 'nova.service.Service.periodic_tasks' sleeping for 60.00 seconds {{(pid=99145) _run_loop /opt/stack/data/venv/lib/python3.12/site-packages/oslo_service/backend/_threading/loopingcall.py:125}}
Jul 28 16:53:15.538564 np0000006029 nova-conductor[99128]: DEBUG oslo_db.sqlalchemy.engines [None req-d11c9038-2885-48d5-aeca-300d208d1f77 tempest-ServerRescueNegativeTestJSON-1335488023 tempest-ServerRescueNegativeTestJSON-1335488023-project-member] Parent process 97714 forked (99128) with an open database connection, which is being discarded and recreated. {{(pid=99128) checkout /opt/stack/data/venv/lib/python3.12/site-packages/oslo_db/sqlalchemy/engines.py:402}}
Jul 28 16:53:15.591331 np0000006029 nova-conductor[99128]: DEBUG dbcounter [-] [99128] Writer thread running {{(pid=99128) stat_writer /opt/stack/data/venv/lib/python3.12/site-packages/dbcounter.py:102}}
Jul 28 16:53:16.322558 np0000006029 nova-conductor[99145]: DEBUG dbcounter [-] [99145] Writer thread running {{(pid=99145) stat_writer /opt/stack/data/venv/lib/python3.12/site-packages/dbcounter.py:102}}
Jul 28 16:53:16.713502 np0000006029 nova-conductor[99128]: DEBUG nova.conductor.manager [None req-d11c9038-2885-48d5-aeca-300d208d1f77 tempest-ServerRescueNegativeTestJSON-1335488023 tempest-ServerRescueNegativeTestJSON-1335488023-project-member] Took 1.12 seconds to select destinations for 1 instance(s). {{(pid=99128) _schedule_instances /opt/stack/nova/nova/conductor/manager.py:968}}
Jul 28 16:53:16.755317 np0000006029 nova-conductor[99128]: DEBUG oslo_concurrency.lockutils [None req-d11c9038-2885-48d5-aeca-300d208d1f77 tempest-ServerRescueNegativeTestJSON-1335488023 tempest-ServerRescueNegativeTestJSON-1335488023-project-member] Acquiring lock "8b5df9a4-5f2c-4556-a29f-6d98347db7c4" by "nova.context.set_target_cell..get_or_set_cached_cell_and_set_connections" {{(pid=99128) inner /opt/stack/data/venv/lib/python3.12/site-packages/oslo_concurrency/lockutils.py:512}}
Jul 28 16:53:16.755317 np0000006029 nova-conductor[99128]: DEBUG oslo_concurrency.lockutils [None req-d11c9038-2885-48d5-aeca-300d208d1f77 tempest-ServerRescueNegativeTestJSON-1335488023 tempest-ServerRescueNegativeTestJSON-1335488023-project-member] Lock "8b5df9a4-5f2c-4556-a29f-6d98347db7c4" acquired by "nova.context.set_target_cell..get_or_set_cached_cell_and_set_connections" :: waited 0.000s {{(pid=99128) inner /opt/stack/data/venv/lib/python3.12/site-packages/oslo_concurrency/lockutils.py:525}}
Jul 28 16:53:16.756021 np0000006029 nova-conductor[99128]: DEBUG oslo_concurrency.lockutils [None req-d11c9038-2885-48d5-aeca-300d208d1f77 tempest-ServerRescueNegativeTestJSON-1335488023 tempest-ServerRescueNegativeTestJSON-1335488023-project-member] Lock "8b5df9a4-5f2c-4556-a29f-6d98347db7c4" "released" by "nova.context.set_target_cell..get_or_set_cached_cell_and_set_connections" :: held 0.002s {{(pid=99128) inner /opt/stack/data/venv/lib/python3.12/site-packages/oslo_concurrency/lockutils.py:544}}
Jul 28 16:53:16.759763 np0000006029 nova-conductor[99128]: INFO dbcounter [None req-d11c9038-2885-48d5-aeca-300d208d1f77 tempest-ServerRescueNegativeTestJSON-1335488023 tempest-ServerRescueNegativeTestJSON-1335488023-project-member] Registered counter for database nova_cell1
Jul 28 16:53:16.817635 np0000006029 nova-conductor[99128]: DEBUG oslo_db.sqlalchemy.engines [None req-d11c9038-2885-48d5-aeca-300d208d1f77 tempest-ServerRescueNegativeTestJSON-1335488023 tempest-ServerRescueNegativeTestJSON-1335488023-project-member] MySQL server mode set to STRICT_TRANS_TABLES,STRICT_ALL_TABLES,NO_ZERO_IN_DATE,NO_ZERO_DATE,ERROR_FOR_DIVISION_BY_ZERO,TRADITIONAL,NO_ENGINE_SUBSTITUTION {{(pid=99128) _check_effective_sql_mode /opt/stack/data/venv/lib/python3.12/site-packages/oslo_db/sqlalchemy/engines.py:325}}
Jul 28 16:53:16.826083 np0000006029 nova-conductor[99128]: DEBUG dbcounter [-] [99128] Writer thread running {{(pid=99128) stat_writer /opt/stack/data/venv/lib/python3.12/site-packages/dbcounter.py:102}}
Jul 28 16:53:16.863609 np0000006029 nova-conductor[99145]: DEBUG nova.conductor.manager [None req-9d5278b4-876e-438b-8a2e-0e85469302bc tempest-DeleteServersTestJSON-382872928 tempest-DeleteServersTestJSON-382872928-project-member] Took 0.54 seconds to select destinations for 1 instance(s). {{(pid=99145) _schedule_instances /opt/stack/nova/nova/conductor/manager.py:968}}
Jul 28 16:53:16.909506 np0000006029 nova-conductor[99145]: DEBUG oslo_concurrency.lockutils [None req-9d5278b4-876e-438b-8a2e-0e85469302bc tempest-DeleteServersTestJSON-382872928 tempest-DeleteServersTestJSON-382872928-project-member] Acquiring lock "8b5df9a4-5f2c-4556-a29f-6d98347db7c4" by "nova.context.set_target_cell..get_or_set_cached_cell_and_set_connections" {{(pid=99145) inner /opt/stack/data/venv/lib/python3.12/site-packages/oslo_concurrency/lockutils.py:512}}
Jul 28 16:53:16.909506 np0000006029 nova-conductor[99145]: DEBUG oslo_concurrency.lockutils [None req-9d5278b4-876e-438b-8a2e-0e85469302bc tempest-DeleteServersTestJSON-382872928 tempest-DeleteServersTestJSON-382872928-project-member] Lock "8b5df9a4-5f2c-4556-a29f-6d98347db7c4" acquired by "nova.context.set_target_cell..get_or_set_cached_cell_and_set_connections" :: waited 0.001s {{(pid=99145) inner /opt/stack/data/venv/lib/python3.12/site-packages/oslo_concurrency/lockutils.py:525}}
Jul 28 16:53:16.911236 np0000006029 nova-conductor[99145]: DEBUG oslo_concurrency.lockutils [None req-9d5278b4-876e-438b-8a2e-0e85469302bc tempest-DeleteServersTestJSON-382872928 tempest-DeleteServersTestJSON-382872928-project-member] Lock "8b5df9a4-5f2c-4556-a29f-6d98347db7c4" "released" by "nova.context.set_target_cell..get_or_set_cached_cell_and_set_connections" :: held 0.002s {{(pid=99145) inner /opt/stack/data/venv/lib/python3.12/site-packages/oslo_concurrency/lockutils.py:544}}
Jul 28 16:53:16.913281 np0000006029 nova-conductor[99145]: INFO dbcounter [None req-9d5278b4-876e-438b-8a2e-0e85469302bc tempest-DeleteServersTestJSON-382872928 tempest-DeleteServersTestJSON-382872928-project-member] Registered counter for database nova_cell1
Jul 28 16:53:16.917269 np0000006029 nova-conductor[99128]: INFO nova.utils [None req-d11c9038-2885-48d5-aeca-300d208d1f77 tempest-ServerRescueNegativeTestJSON-1335488023 tempest-ServerRescueNegativeTestJSON-1335488023-project-member] The cell worker thread pool ForkProcess-1.cell_worker is initialized
