Aug 24 09:45:36.160392 np0000007964 systemd[1]: Starting devstack@n-api-meta.service - Devstack devstack@n-api-meta.service...
Aug 24 09:45:36.165747 np0000007964 devstack@n-api-meta.service[96035]: [uWSGI] getting INI configuration from /etc/nova/nova-metadata-uwsgi.ini
Aug 24 09:45:36.167923 np0000007964 devstack@n-api-meta.service[96035]: *** Starting uWSGI 2.0.24-debian (64bit) on [Mon Aug 24 09:45:36 2026] ***
Aug 24 09:45:36.167923 np0000007964 devstack@n-api-meta.service[96035]: compiled with version: 13.2.0 on 17 April 2024 16:23:48
Aug 24 09:45:36.167923 np0000007964 devstack@n-api-meta.service[96035]: os: Linux-6.8.0-100-generic #100-Ubuntu SMP PREEMPT_DYNAMIC Tue Jan 13 16:40:06 UTC 2026
Aug 24 09:45:36.167923 np0000007964 devstack@n-api-meta.service[96035]: nodename: np0000007964
Aug 24 09:45:36.167923 np0000007964 devstack@n-api-meta.service[96035]: machine: x86_64
Aug 24 09:45:36.167923 np0000007964 devstack@n-api-meta.service[96035]: clock source: unix
Aug 24 09:45:36.167923 np0000007964 devstack@n-api-meta.service[96035]: pcre jit disabled
Aug 24 09:45:36.167923 np0000007964 devstack@n-api-meta.service[96035]: detected number of CPU cores: 16
Aug 24 09:45:36.167923 np0000007964 devstack@n-api-meta.service[96035]: current working directory: /
Aug 24 09:45:36.167923 np0000007964 devstack@n-api-meta.service[96035]: detected binary path: /usr/bin/uwsgi-core
Aug 24 09:45:36.167923 np0000007964 devstack@n-api-meta.service[96035]: your processes number limit is 257052
Aug 24 09:45:36.167923 np0000007964 devstack@n-api-meta.service[96035]: your memory page size is 4096 bytes
Aug 24 09:45:36.167923 np0000007964 devstack@n-api-meta.service[96035]: detected max file descriptor number: 2048
Aug 24 09:45:36.167923 np0000007964 devstack@n-api-meta.service[96035]: lock engine: pthread robust mutexes
Aug 24 09:45:36.168260 np0000007964 devstack@n-api-meta.service[96035]: thunder lock: enabled
Aug 24 09:45:36.168412 np0000007964 devstack@n-api-meta.service[96035]: uWSGI http bound on 0.0.0.0:8775 fd 5
Aug 24 09:45:36.168412 np0000007964 devstack@n-api-meta.service[96035]: uwsgi socket 0 bound to TCP address 127.0.0.1:34077 (port auto-assigned) fd 4
Aug 24 09:45:36.168412 np0000007964 devstack@n-api-meta.service[96035]: Python version: 3.12.3 (main, Jun 19 2026, 12:46:00) [GCC 13.3.0]
Aug 24 09:45:36.168412 np0000007964 devstack@n-api-meta.service[96035]: PEP 405 virtualenv detected: /opt/stack/data/venv
Aug 24 09:45:36.168412 np0000007964 devstack@n-api-meta.service[96035]: Set PythonHome to /opt/stack/data/venv
Aug 24 09:45:36.199847 np0000007964 devstack@n-api-meta.service[96035]: Python main interpreter initialized at 0x7ef1932a4668
Aug 24 09:45:36.199847 np0000007964 devstack@n-api-meta.service[96035]: python threads support enabled
Aug 24 09:45:36.199911 np0000007964 devstack@n-api-meta.service[96035]: your server socket listen backlog is limited to 100 connections
Aug 24 09:45:36.199911 np0000007964 devstack@n-api-meta.service[96035]: your mercy for graceful operations on workers is 80 seconds
Aug 24 09:45:36.200426 np0000007964 devstack@n-api-meta.service[96035]: mapped 671795 bytes (656 KB) for 4 cores
Aug 24 09:45:36.200552 np0000007964 devstack@n-api-meta.service[96035]: *** Operational MODE: preforking ***
Aug 24 09:45:36.200732 np0000007964 devstack@n-api-meta.service[96035]: *** uWSGI is running in multiple interpreter mode ***
Aug 24 09:45:36.200732 np0000007964 devstack@n-api-meta.service[96035]: spawned uWSGI master process (pid: 96035)
Aug 24 09:45:36.200855 np0000007964 systemd[1]: Started devstack@n-api-meta.service - Devstack devstack@n-api-meta.service.
Aug 24 09:45:36.201311 np0000007964 devstack@n-api-meta.service[96035]: spawned uWSGI worker 1 (pid: 96038, cores: 1)
Aug 24 09:45:36.201890 np0000007964 devstack@n-api-meta.service[96035]: spawned uWSGI worker 2 (pid: 96039, cores: 1)
Aug 24 09:45:36.202328 np0000007964 devstack@n-api-meta.service[96035]: spawned uWSGI worker 3 (pid: 96040, cores: 1)
Aug 24 09:45:36.202890 np0000007964 devstack@n-api-meta.service[96035]: spawned uWSGI worker 4 (pid: 96041, cores: 1)
Aug 24 09:45:36.203390 np0000007964 devstack@n-api-meta.service[96035]: spawned uWSGI http 1 (pid: 96042)
Aug 24 09:45:36.203390 np0000007964 devstack@n-api-meta.service[96035]: running "unix_signal:15 gracefully_kill_them_all" (master-start)...
Aug 24 09:45:37.782667 np0000007964 devstack@n-api-meta.service[96039]: INFO dbcounter [None req-2bae5b4d-4ddd-48c7-9b16-ca1072196dc8 None None] Registered counter for database nova_api
Aug 24 09:45:37.818135 np0000007964 devstack@n-api-meta.service[96040]: INFO dbcounter [None req-d72aa809-71bb-487a-b294-cadb5ee3142f None None] Registered counter for database nova_api
Aug 24 09:45:37.819708 np0000007964 devstack@n-api-meta.service[96041]: INFO dbcounter [None req-b5fade06-b323-4e46-91cf-f3dc3e4078d4 None None] Registered counter for database nova_api
Aug 24 09:45:37.822940 np0000007964 devstack@n-api-meta.service[96038]: INFO dbcounter [None req-45ccfde4-aa42-4289-9bb7-fc99263c0b42 None None] Registered counter for database nova_api
Aug 24 09:45:37.829497 np0000007964 devstack@n-api-meta.service[96039]: DEBUG oslo_db.sqlalchemy.engines [None req-2bae5b4d-4ddd-48c7-9b16-ca1072196dc8 None None] MySQL server mode set to STRICT_TRANS_TABLES,STRICT_ALL_TABLES,NO_ZERO_IN_DATE,NO_ZERO_DATE,ERROR_FOR_DIVISION_BY_ZERO,TRADITIONAL,NO_ENGINE_SUBSTITUTION {{(pid=96039) _check_effective_sql_mode /opt/stack/data/venv/lib/python3.12/site-packages/oslo_db/sqlalchemy/engines.py:325}}
Aug 24 09:45:37.857753 np0000007964 devstack@n-api-meta.service[96039]: DEBUG dbcounter [-] [96039] Writer thread running {{(pid=96039) stat_writer /opt/stack/data/venv/lib/python3.12/site-packages/dbcounter.py:102}}
Aug 24 09:45:37.859975 np0000007964 devstack@n-api-meta.service[96039]: DEBUG nova.context [None req-2bae5b4d-4ddd-48c7-9b16-ca1072196dc8 None None] Found 2 cells: 00000000-0000-0000-0000-000000000000(cell0),537721f5-3c76-43a2-b124-992cc8030a6f(cell1) {{(pid=96039) load_cells /opt/stack/nova/nova/context.py:509}}
Aug 24 09:45:37.860080 np0000007964 devstack@n-api-meta.service[96040]: DEBUG oslo_db.sqlalchemy.engines [None req-d72aa809-71bb-487a-b294-cadb5ee3142f None None] MySQL server mode set to STRICT_TRANS_TABLES,STRICT_ALL_TABLES,NO_ZERO_IN_DATE,NO_ZERO_DATE,ERROR_FOR_DIVISION_BY_ZERO,TRADITIONAL,NO_ENGINE_SUBSTITUTION {{(pid=96040) _check_effective_sql_mode /opt/stack/data/venv/lib/python3.12/site-packages/oslo_db/sqlalchemy/engines.py:325}}
Aug 24 09:45:37.861676 np0000007964 devstack@n-api-meta.service[96039]: DEBUG oslo_concurrency.lockutils [None req-2bae5b4d-4ddd-48c7-9b16-ca1072196dc8 None None] Acquiring lock "00000000-0000-0000-0000-000000000000" by "nova.context.set_target_cell..get_or_set_cached_cell_and_set_connections" {{(pid=96039) inner /opt/stack/data/venv/lib/python3.12/site-packages/oslo_concurrency/lockutils.py:512}}
Aug 24 09:45:37.861863 np0000007964 devstack@n-api-meta.service[96039]: DEBUG oslo_concurrency.lockutils [None req-2bae5b4d-4ddd-48c7-9b16-ca1072196dc8 None None] Lock "00000000-0000-0000-0000-000000000000" acquired by "nova.context.set_target_cell..get_or_set_cached_cell_and_set_connections" :: waited 0.000s {{(pid=96039) inner /opt/stack/data/venv/lib/python3.12/site-packages/oslo_concurrency/lockutils.py:525}}
Aug 24 09:45:37.862289 np0000007964 devstack@n-api-meta.service[96039]: DEBUG oslo_concurrency.lockutils [None req-2bae5b4d-4ddd-48c7-9b16-ca1072196dc8 None None] Lock "00000000-0000-0000-0000-000000000000" "released" by "nova.context.set_target_cell..get_or_set_cached_cell_and_set_connections" :: held 0.000s {{(pid=96039) inner /opt/stack/data/venv/lib/python3.12/site-packages/oslo_concurrency/lockutils.py:544}}
Aug 24 09:45:37.862543 np0000007964 devstack@n-api-meta.service[96039]: INFO nova.thread_pool_factory [None req-2bae5b4d-4ddd-48c7-9b16-ca1072196dc8 None None] The cell_worker thread pool MainProcess.cell_worker is initialized
Aug 24 09:45:37.863120 np0000007964 devstack@n-api-meta.service[96039]: DEBUG oslo_concurrency.lockutils [None req-2bae5b4d-4ddd-48c7-9b16-ca1072196dc8 None None] Acquiring lock "537721f5-3c76-43a2-b124-992cc8030a6f" by "nova.context.set_target_cell..get_or_set_cached_cell_and_set_connections" {{(pid=96039) inner /opt/stack/data/venv/lib/python3.12/site-packages/oslo_concurrency/lockutils.py:512}}
Aug 24 09:45:37.863192 np0000007964 devstack@n-api-meta.service[96041]: DEBUG oslo_db.sqlalchemy.engines [None req-b5fade06-b323-4e46-91cf-f3dc3e4078d4 None None] MySQL server mode set to STRICT_TRANS_TABLES,STRICT_ALL_TABLES,NO_ZERO_IN_DATE,NO_ZERO_DATE,ERROR_FOR_DIVISION_BY_ZERO,TRADITIONAL,NO_ENGINE_SUBSTITUTION {{(pid=96041) _check_effective_sql_mode /opt/stack/data/venv/lib/python3.12/site-packages/oslo_db/sqlalchemy/engines.py:325}}
Aug 24 09:45:37.863387 np0000007964 devstack@n-api-meta.service[96039]: DEBUG oslo_concurrency.lockutils [None req-2bae5b4d-4ddd-48c7-9b16-ca1072196dc8 None None] Lock "537721f5-3c76-43a2-b124-992cc8030a6f" acquired by "nova.context.set_target_cell..get_or_set_cached_cell_and_set_connections" :: waited 0.000s {{(pid=96039) inner /opt/stack/data/venv/lib/python3.12/site-packages/oslo_concurrency/lockutils.py:525}}
Aug 24 09:45:37.864119 np0000007964 devstack@n-api-meta.service[96039]: DEBUG oslo_concurrency.lockutils [None req-2bae5b4d-4ddd-48c7-9b16-ca1072196dc8 None None] Lock "537721f5-3c76-43a2-b124-992cc8030a6f" "released" by "nova.context.set_target_cell..get_or_set_cached_cell_and_set_connections" :: held 0.001s {{(pid=96039) inner /opt/stack/data/venv/lib/python3.12/site-packages/oslo_concurrency/lockutils.py:544}}
Aug 24 09:45:37.865662 np0000007964 devstack@n-api-meta.service[96039]: INFO dbcounter [None req-2bae5b4d-4ddd-48c7-9b16-ca1072196dc8 None None] Registered counter for database nova_cell0
Aug 24 09:45:37.865896 np0000007964 devstack@n-api-meta.service[96038]: DEBUG oslo_db.sqlalchemy.engines [None req-45ccfde4-aa42-4289-9bb7-fc99263c0b42 None None] MySQL server mode set to STRICT_TRANS_TABLES,STRICT_ALL_TABLES,NO_ZERO_IN_DATE,NO_ZERO_DATE,ERROR_FOR_DIVISION_BY_ZERO,TRADITIONAL,NO_ENGINE_SUBSTITUTION {{(pid=96038) _check_effective_sql_mode /opt/stack/data/venv/lib/python3.12/site-packages/oslo_db/sqlalchemy/engines.py:325}}
Aug 24 09:45:37.868022 np0000007964 devstack@n-api-meta.service[96039]: INFO dbcounter [None req-2bae5b4d-4ddd-48c7-9b16-ca1072196dc8 None None] Registered counter for database nova_cell1
Aug 24 09:45:37.892727 np0000007964 devstack@n-api-meta.service[96040]: DEBUG dbcounter [-] [96040] Writer thread running {{(pid=96040) stat_writer /opt/stack/data/venv/lib/python3.12/site-packages/dbcounter.py:102}}
Aug 24 09:45:37.893653 np0000007964 devstack@n-api-meta.service[96041]: DEBUG dbcounter [-] [96041] Writer thread running {{(pid=96041) stat_writer /opt/stack/data/venv/lib/python3.12/site-packages/dbcounter.py:102}}
Aug 24 09:45:37.895428 np0000007964 devstack@n-api-meta.service[96040]: DEBUG nova.context [None req-d72aa809-71bb-487a-b294-cadb5ee3142f None None] Found 2 cells: 00000000-0000-0000-0000-000000000000(cell0),537721f5-3c76-43a2-b124-992cc8030a6f(cell1) {{(pid=96040) load_cells /opt/stack/nova/nova/context.py:509}}
Aug 24 09:45:37.896300 np0000007964 devstack@n-api-meta.service[96041]: DEBUG nova.context [None req-b5fade06-b323-4e46-91cf-f3dc3e4078d4 None None] Found 2 cells: 00000000-0000-0000-0000-000000000000(cell0),537721f5-3c76-43a2-b124-992cc8030a6f(cell1) {{(pid=96041) load_cells /opt/stack/nova/nova/context.py:509}}
Aug 24 09:45:37.897508 np0000007964 devstack@n-api-meta.service[96040]: DEBUG oslo_concurrency.lockutils [None req-d72aa809-71bb-487a-b294-cadb5ee3142f None None] Acquiring lock "00000000-0000-0000-0000-000000000000" by "nova.context.set_target_cell..get_or_set_cached_cell_and_set_connections" {{(pid=96040) inner /opt/stack/data/venv/lib/python3.12/site-packages/oslo_concurrency/lockutils.py:512}}
Aug 24 09:45:37.897685 np0000007964 devstack@n-api-meta.service[96040]: DEBUG oslo_concurrency.lockutils [None req-d72aa809-71bb-487a-b294-cadb5ee3142f None None] Lock "00000000-0000-0000-0000-000000000000" acquired by "nova.context.set_target_cell..get_or_set_cached_cell_and_set_connections" :: waited 0.000s {{(pid=96040) inner /opt/stack/data/venv/lib/python3.12/site-packages/oslo_concurrency/lockutils.py:525}}
Aug 24 09:45:37.898066 np0000007964 devstack@n-api-meta.service[96040]: DEBUG oslo_concurrency.lockutils [None req-d72aa809-71bb-487a-b294-cadb5ee3142f None None] Lock "00000000-0000-0000-0000-000000000000" "released" by "nova.context.set_target_cell..get_or_set_cached_cell_and_set_connections" :: held 0.000s {{(pid=96040) inner /opt/stack/data/venv/lib/python3.12/site-packages/oslo_concurrency/lockutils.py:544}}
Aug 24 09:45:37.898100 np0000007964 devstack@n-api-meta.service[96041]: DEBUG oslo_concurrency.lockutils [None req-b5fade06-b323-4e46-91cf-f3dc3e4078d4 None None] Acquiring lock "00000000-0000-0000-0000-000000000000" by "nova.context.set_target_cell..get_or_set_cached_cell_and_set_connections" {{(pid=96041) inner /opt/stack/data/venv/lib/python3.12/site-packages/oslo_concurrency/lockutils.py:512}}
Aug 24 09:45:37.898280 np0000007964 devstack@n-api-meta.service[96041]: DEBUG oslo_concurrency.lockutils [None req-b5fade06-b323-4e46-91cf-f3dc3e4078d4 None None] Lock "00000000-0000-0000-0000-000000000000" acquired by "nova.context.set_target_cell..get_or_set_cached_cell_and_set_connections" :: waited 0.000s {{(pid=96041) inner /opt/stack/data/venv/lib/python3.12/site-packages/oslo_concurrency/lockutils.py:525}}
Aug 24 09:45:37.898327 np0000007964 devstack@n-api-meta.service[96040]: INFO nova.thread_pool_factory [None req-d72aa809-71bb-487a-b294-cadb5ee3142f None None] The cell_worker thread pool MainProcess.cell_worker is initialized
Aug 24 09:45:37.898665 np0000007964 devstack@n-api-meta.service[96041]: DEBUG oslo_concurrency.lockutils [None req-b5fade06-b323-4e46-91cf-f3dc3e4078d4 None None] Lock "00000000-0000-0000-0000-000000000000" "released" by "nova.context.set_target_cell..get_or_set_cached_cell_and_set_connections" :: held 0.000s {{(pid=96041) inner /opt/stack/data/venv/lib/python3.12/site-packages/oslo_concurrency/lockutils.py:544}}
Aug 24 09:45:37.898880 np0000007964 devstack@n-api-meta.service[96040]: DEBUG oslo_concurrency.lockutils [None req-d72aa809-71bb-487a-b294-cadb5ee3142f None None] Acquiring lock "537721f5-3c76-43a2-b124-992cc8030a6f" by "nova.context.set_target_cell..get_or_set_cached_cell_and_set_connections" {{(pid=96040) inner /opt/stack/data/venv/lib/python3.12/site-packages/oslo_concurrency/lockutils.py:512}}
Aug 24 09:45:37.898915 np0000007964 devstack@n-api-meta.service[96041]: INFO nova.thread_pool_factory [None req-b5fade06-b323-4e46-91cf-f3dc3e4078d4 None None] The cell_worker thread pool MainProcess.cell_worker is initialized
Aug 24 09:45:37.899968 np0000007964 devstack@n-api-meta.service[96041]: DEBUG oslo_concurrency.lockutils [None req-b5fade06-b323-4e46-91cf-f3dc3e4078d4 None None] Acquiring lock "537721f5-3c76-43a2-b124-992cc8030a6f" by "nova.context.set_target_cell..get_or_set_cached_cell_and_set_connections" {{(pid=96041) inner /opt/stack/data/venv/lib/python3.12/site-packages/oslo_concurrency/lockutils.py:512}}
Aug 24 09:45:37.899968 np0000007964 devstack@n-api-meta.service[96041]: DEBUG oslo_concurrency.lockutils [None req-b5fade06-b323-4e46-91cf-f3dc3e4078d4 None None] Lock "537721f5-3c76-43a2-b124-992cc8030a6f" acquired by "nova.context.set_target_cell..get_or_set_cached_cell_and_set_connections" :: waited 0.000s {{(pid=96041) inner /opt/stack/data/venv/lib/python3.12/site-packages/oslo_concurrency/lockutils.py:525}}
Aug 24 09:45:37.900061 np0000007964 devstack@n-api-meta.service[96038]: DEBUG dbcounter [-] [96038] Writer thread running {{(pid=96038) stat_writer /opt/stack/data/venv/lib/python3.12/site-packages/dbcounter.py:102}}
Aug 24 09:45:37.900255 np0000007964 devstack@n-api-meta.service[96040]: INFO dbcounter [None req-d72aa809-71bb-487a-b294-cadb5ee3142f None None] Registered counter for database nova_cell0
Aug 24 09:45:37.900608 np0000007964 devstack@n-api-meta.service[96041]: DEBUG oslo_concurrency.lockutils [None req-b5fade06-b323-4e46-91cf-f3dc3e4078d4 None None] Lock "537721f5-3c76-43a2-b124-992cc8030a6f" "released" by "nova.context.set_target_cell..get_or_set_cached_cell_and_set_connections" :: held 0.001s {{(pid=96041) inner /opt/stack/data/venv/lib/python3.12/site-packages/oslo_concurrency/lockutils.py:544}}
Aug 24 09:45:37.901381 np0000007964 devstack@n-api-meta.service[96040]: DEBUG oslo_concurrency.lockutils [None req-d72aa809-71bb-487a-b294-cadb5ee3142f None None] Lock "537721f5-3c76-43a2-b124-992cc8030a6f" acquired by "nova.context.set_target_cell..get_or_set_cached_cell_and_set_connections" :: waited 0.001s {{(pid=96040) inner /opt/stack/data/venv/lib/python3.12/site-packages/oslo_concurrency/lockutils.py:525}}
Aug 24 09:45:37.902451 np0000007964 devstack@n-api-meta.service[96038]: DEBUG nova.context [None req-45ccfde4-aa42-4289-9bb7-fc99263c0b42 None None] Found 2 cells: 00000000-0000-0000-0000-000000000000(cell0),537721f5-3c76-43a2-b124-992cc8030a6f(cell1) {{(pid=96038) load_cells /opt/stack/nova/nova/context.py:509}}
Aug 24 09:45:37.902515 np0000007964 devstack@n-api-meta.service[96040]: DEBUG oslo_concurrency.lockutils [None req-d72aa809-71bb-487a-b294-cadb5ee3142f None None] Lock "537721f5-3c76-43a2-b124-992cc8030a6f" "released" by "nova.context.set_target_cell..get_or_set_cached_cell_and_set_connections" :: held 0.002s {{(pid=96040) inner /opt/stack/data/venv/lib/python3.12/site-packages/oslo_concurrency/lockutils.py:544}}
Aug 24 09:45:37.902696 np0000007964 devstack@n-api-meta.service[96041]: INFO dbcounter [None req-b5fade06-b323-4e46-91cf-f3dc3e4078d4 None None] Registered counter for database nova_cell0
Aug 24 09:45:37.904364 np0000007964 devstack@n-api-meta.service[96040]: INFO dbcounter [None req-d72aa809-71bb-487a-b294-cadb5ee3142f None None] Registered counter for database nova_cell1
Aug 24 09:45:37.904461 np0000007964 devstack@n-api-meta.service[96038]: DEBUG oslo_concurrency.lockutils [None req-45ccfde4-aa42-4289-9bb7-fc99263c0b42 None None] Acquiring lock "00000000-0000-0000-0000-000000000000" by "nova.context.set_target_cell..get_or_set_cached_cell_and_set_connections" {{(pid=96038) inner /opt/stack/data/venv/lib/python3.12/site-packages/oslo_concurrency/lockutils.py:512}}
Aug 24 09:45:37.904540 np0000007964 devstack@n-api-meta.service[96038]: DEBUG oslo_concurrency.lockutils [None req-45ccfde4-aa42-4289-9bb7-fc99263c0b42 None None] Lock "00000000-0000-0000-0000-000000000000" acquired by "nova.context.set_target_cell..get_or_set_cached_cell_and_set_connections" :: waited 0.000s {{(pid=96038) inner /opt/stack/data/venv/lib/python3.12/site-packages/oslo_concurrency/lockutils.py:525}}
Aug 24 09:45:37.904966 np0000007964 devstack@n-api-meta.service[96038]: DEBUG oslo_concurrency.lockutils [None req-45ccfde4-aa42-4289-9bb7-fc99263c0b42 None None] Lock "00000000-0000-0000-0000-000000000000" "released" by "nova.context.set_target_cell..get_or_set_cached_cell_and_set_connections" :: held 0.000s {{(pid=96038) inner /opt/stack/data/venv/lib/python3.12/site-packages/oslo_concurrency/lockutils.py:544}}
Aug 24 09:45:37.905240 np0000007964 devstack@n-api-meta.service[96038]: INFO nova.thread_pool_factory [None req-45ccfde4-aa42-4289-9bb7-fc99263c0b42 None None] The cell_worker thread pool MainProcess.cell_worker is initialized
Aug 24 09:45:37.905587 np0000007964 devstack@n-api-meta.service[96041]: INFO dbcounter [None req-b5fade06-b323-4e46-91cf-f3dc3e4078d4 None None] Registered counter for database nova_cell1
Aug 24 09:45:37.905880 np0000007964 devstack@n-api-meta.service[96038]: DEBUG oslo_concurrency.lockutils [None req-45ccfde4-aa42-4289-9bb7-fc99263c0b42 None None] Acquiring lock "537721f5-3c76-43a2-b124-992cc8030a6f" by "nova.context.set_target_cell..get_or_set_cached_cell_and_set_connections" {{(pid=96038) inner /opt/stack/data/venv/lib/python3.12/site-packages/oslo_concurrency/lockutils.py:512}}
Aug 24 09:45:37.906057 np0000007964 devstack@n-api-meta.service[96038]: DEBUG oslo_concurrency.lockutils [None req-45ccfde4-aa42-4289-9bb7-fc99263c0b42 None None] Lock "537721f5-3c76-43a2-b124-992cc8030a6f" acquired by "nova.context.set_target_cell..get_or_set_cached_cell_and_set_connections" :: waited 0.000s {{(pid=96038) inner /opt/stack/data/venv/lib/python3.12/site-packages/oslo_concurrency/lockutils.py:525}}
Aug 24 09:45:37.906981 np0000007964 devstack@n-api-meta.service[96038]: DEBUG oslo_concurrency.lockutils [None req-45ccfde4-aa42-4289-9bb7-fc99263c0b42 None None] Lock "537721f5-3c76-43a2-b124-992cc8030a6f" "released" by "nova.context.set_target_cell..get_or_set_cached_cell_and_set_connections" :: held 0.001s {{(pid=96038) inner /opt/stack/data/venv/lib/python3.12/site-packages/oslo_concurrency/lockutils.py:544}}
Aug 24 09:45:37.910158 np0000007964 devstack@n-api-meta.service[96038]: INFO dbcounter [None req-45ccfde4-aa42-4289-9bb7-fc99263c0b42 None None] Registered counter for database nova_cell0
Aug 24 09:45:37.911286 np0000007964 devstack@n-api-meta.service[96038]: INFO dbcounter [None req-45ccfde4-aa42-4289-9bb7-fc99263c0b42 None None] Registered counter for database nova_cell1
Aug 24 09:45:37.912579 np0000007964 devstack@n-api-meta.service[96039]: DEBUG oslo_db.sqlalchemy.engines [None req-2bae5b4d-4ddd-48c7-9b16-ca1072196dc8 None None] MySQL server mode set to STRICT_TRANS_TABLES,STRICT_ALL_TABLES,NO_ZERO_IN_DATE,NO_ZERO_DATE,ERROR_FOR_DIVISION_BY_ZERO,TRADITIONAL,NO_ENGINE_SUBSTITUTION {{(pid=96039) _check_effective_sql_mode /opt/stack/data/venv/lib/python3.12/site-packages/oslo_db/sqlalchemy/engines.py:325}}
Aug 24 09:45:37.916012 np0000007964 devstack@n-api-meta.service[96039]: DEBUG oslo_db.sqlalchemy.engines [None req-2bae5b4d-4ddd-48c7-9b16-ca1072196dc8 None None] MySQL server mode set to STRICT_TRANS_TABLES,STRICT_ALL_TABLES,NO_ZERO_IN_DATE,NO_ZERO_DATE,ERROR_FOR_DIVISION_BY_ZERO,TRADITIONAL,NO_ENGINE_SUBSTITUTION {{(pid=96039) _check_effective_sql_mode /opt/stack/data/venv/lib/python3.12/site-packages/oslo_db/sqlalchemy/engines.py:325}}
Aug 24 09:45:37.953042 np0000007964 devstack@n-api-meta.service[96040]: DEBUG oslo_db.sqlalchemy.engines [None req-d72aa809-71bb-487a-b294-cadb5ee3142f None None] MySQL server mode set to STRICT_TRANS_TABLES,STRICT_ALL_TABLES,NO_ZERO_IN_DATE,NO_ZERO_DATE,ERROR_FOR_DIVISION_BY_ZERO,TRADITIONAL,NO_ENGINE_SUBSTITUTION {{(pid=96040) _check_effective_sql_mode /opt/stack/data/venv/lib/python3.12/site-packages/oslo_db/sqlalchemy/engines.py:325}}
Aug 24 09:45:37.956644 np0000007964 devstack@n-api-meta.service[96041]: DEBUG oslo_db.sqlalchemy.engines [None req-b5fade06-b323-4e46-91cf-f3dc3e4078d4 None None] MySQL server mode set to STRICT_TRANS_TABLES,STRICT_ALL_TABLES,NO_ZERO_IN_DATE,NO_ZERO_DATE,ERROR_FOR_DIVISION_BY_ZERO,TRADITIONAL,NO_ENGINE_SUBSTITUTION {{(pid=96041) _check_effective_sql_mode /opt/stack/data/venv/lib/python3.12/site-packages/oslo_db/sqlalchemy/engines.py:325}}
Aug 24 09:45:37.964807 np0000007964 devstack@n-api-meta.service[96040]: DEBUG oslo_db.sqlalchemy.engines [None req-d72aa809-71bb-487a-b294-cadb5ee3142f None None] MySQL server mode set to STRICT_TRANS_TABLES,STRICT_ALL_TABLES,NO_ZERO_IN_DATE,NO_ZERO_DATE,ERROR_FOR_DIVISION_BY_ZERO,TRADITIONAL,NO_ENGINE_SUBSTITUTION {{(pid=96040) _check_effective_sql_mode /opt/stack/data/venv/lib/python3.12/site-packages/oslo_db/sqlalchemy/engines.py:325}}
Aug 24 09:45:37.968276 np0000007964 devstack@n-api-meta.service[96038]: DEBUG oslo_db.sqlalchemy.engines [None req-45ccfde4-aa42-4289-9bb7-fc99263c0b42 None None] MySQL server mode set to STRICT_TRANS_TABLES,STRICT_ALL_TABLES,NO_ZERO_IN_DATE,NO_ZERO_DATE,ERROR_FOR_DIVISION_BY_ZERO,TRADITIONAL,NO_ENGINE_SUBSTITUTION {{(pid=96038) _check_effective_sql_mode /opt/stack/data/venv/lib/python3.12/site-packages/oslo_db/sqlalchemy/engines.py:325}}
Aug 24 09:45:37.971225 np0000007964 devstack@n-api-meta.service[96038]: DEBUG oslo_db.sqlalchemy.engines [None req-45ccfde4-aa42-4289-9bb7-fc99263c0b42 None None] MySQL server mode set to STRICT_TRANS_TABLES,STRICT_ALL_TABLES,NO_ZERO_IN_DATE,NO_ZERO_DATE,ERROR_FOR_DIVISION_BY_ZERO,TRADITIONAL,NO_ENGINE_SUBSTITUTION {{(pid=96038) _check_effective_sql_mode /opt/stack/data/venv/lib/python3.12/site-packages/oslo_db/sqlalchemy/engines.py:325}}
Aug 24 09:45:38.011470 np0000007964 devstack@n-api-meta.service[96039]: DEBUG dbcounter [-] [96039] Writer thread running {{(pid=96039) stat_writer /opt/stack/data/venv/lib/python3.12/site-packages/dbcounter.py:102}}
Aug 24 09:45:38.016022 np0000007964 devstack@n-api-meta.service[96039]: DEBUG dbcounter [-] [96039] Writer thread running {{(pid=96039) stat_writer /opt/stack/data/venv/lib/python3.12/site-packages/dbcounter.py:102}}
Aug 24 09:45:38.018943 np0000007964 devstack@n-api-meta.service[96039]: INFO dbcounter [None req-2bae5b4d-4ddd-48c7-9b16-ca1072196dc8 None None] Registered counter for database nova_cell0
Aug 24 09:45:38.038498 np0000007964 devstack@n-api-meta.service[96040]: DEBUG dbcounter [-] [96040] Writer thread running {{(pid=96040) stat_writer /opt/stack/data/venv/lib/python3.12/site-packages/dbcounter.py:102}}
Aug 24 09:45:38.044627 np0000007964 devstack@n-api-meta.service[96040]: DEBUG dbcounter [-] [96040] Writer thread running {{(pid=96040) stat_writer /opt/stack/data/venv/lib/python3.12/site-packages/dbcounter.py:102}}
Aug 24 09:45:38.046827 np0000007964 devstack@n-api-meta.service[96040]: INFO dbcounter [None req-d72aa809-71bb-487a-b294-cadb5ee3142f None None] Registered counter for database nova_cell0
Aug 24 09:45:38.048561 np0000007964 devstack@n-api-meta.service[96041]: DEBUG dbcounter [-] [96041] Writer thread running {{(pid=96041) stat_writer /opt/stack/data/venv/lib/python3.12/site-packages/dbcounter.py:102}}
Aug 24 09:45:38.052505 np0000007964 devstack@n-api-meta.service[96039]: DEBUG oslo_db.sqlalchemy.engines [None req-2bae5b4d-4ddd-48c7-9b16-ca1072196dc8 None None] MySQL server mode set to STRICT_TRANS_TABLES,STRICT_ALL_TABLES,NO_ZERO_IN_DATE,NO_ZERO_DATE,ERROR_FOR_DIVISION_BY_ZERO,TRADITIONAL,NO_ENGINE_SUBSTITUTION {{(pid=96039) _check_effective_sql_mode /opt/stack/data/venv/lib/python3.12/site-packages/oslo_db/sqlalchemy/engines.py:325}}
Aug 24 09:45:38.053354 np0000007964 devstack@n-api-meta.service[96038]: DEBUG dbcounter [-] [96038] Writer thread running {{(pid=96038) stat_writer /opt/stack/data/venv/lib/python3.12/site-packages/dbcounter.py:102}}
Aug 24 09:45:38.054715 np0000007964 devstack@n-api-meta.service[96041]: DEBUG oslo_db.sqlalchemy.engines [None req-b5fade06-b323-4e46-91cf-f3dc3e4078d4 None None] MySQL server mode set to STRICT_TRANS_TABLES,STRICT_ALL_TABLES,NO_ZERO_IN_DATE,NO_ZERO_DATE,ERROR_FOR_DIVISION_BY_ZERO,TRADITIONAL,NO_ENGINE_SUBSTITUTION {{(pid=96041) _check_effective_sql_mode /opt/stack/data/venv/lib/python3.12/site-packages/oslo_db/sqlalchemy/engines.py:325}}
Aug 24 09:45:38.056238 np0000007964 devstack@n-api-meta.service[96038]: DEBUG dbcounter [-] [96038] Writer thread running {{(pid=96038) stat_writer /opt/stack/data/venv/lib/python3.12/site-packages/dbcounter.py:102}}
Aug 24 09:45:38.058730 np0000007964 devstack@n-api-meta.service[96039]: DEBUG dbcounter [-] [96039] Writer thread running {{(pid=96039) stat_writer /opt/stack/data/venv/lib/python3.12/site-packages/dbcounter.py:102}}
Aug 24 09:45:38.058782 np0000007964 devstack@n-api-meta.service[96038]: INFO dbcounter [None req-45ccfde4-aa42-4289-9bb7-fc99263c0b42 None None] Registered counter for database nova_cell0
Aug 24 09:45:38.061723 np0000007964 devstack@n-api-meta.service[96041]: DEBUG dbcounter [-] [96041] Writer thread running {{(pid=96041) stat_writer /opt/stack/data/venv/lib/python3.12/site-packages/dbcounter.py:102}}
Aug 24 09:45:38.065248 np0000007964 devstack@n-api-meta.service[96041]: INFO dbcounter [None req-b5fade06-b323-4e46-91cf-f3dc3e4078d4 None None] Registered counter for database nova_cell0
Aug 24 09:45:38.081306 np0000007964 devstack@n-api-meta.service[96040]: DEBUG oslo_db.sqlalchemy.engines [None req-d72aa809-71bb-487a-b294-cadb5ee3142f None None] MySQL server mode set to STRICT_TRANS_TABLES,STRICT_ALL_TABLES,NO_ZERO_IN_DATE,NO_ZERO_DATE,ERROR_FOR_DIVISION_BY_ZERO,TRADITIONAL,NO_ENGINE_SUBSTITUTION {{(pid=96040) _check_effective_sql_mode /opt/stack/data/venv/lib/python3.12/site-packages/oslo_db/sqlalchemy/engines.py:325}}
Aug 24 09:45:38.087608 np0000007964 devstack@n-api-meta.service[96040]: DEBUG dbcounter [-] [96040] Writer thread running {{(pid=96040) stat_writer /opt/stack/data/venv/lib/python3.12/site-packages/dbcounter.py:102}}
Aug 24 09:45:38.092624 np0000007964 devstack@n-api-meta.service[96038]: DEBUG oslo_db.sqlalchemy.engines [None req-45ccfde4-aa42-4289-9bb7-fc99263c0b42 None None] MySQL server mode set to STRICT_TRANS_TABLES,STRICT_ALL_TABLES,NO_ZERO_IN_DATE,NO_ZERO_DATE,ERROR_FOR_DIVISION_BY_ZERO,TRADITIONAL,NO_ENGINE_SUBSTITUTION {{(pid=96038) _check_effective_sql_mode /opt/stack/data/venv/lib/python3.12/site-packages/oslo_db/sqlalchemy/engines.py:325}}
Aug 24 09:45:38.093047 np0000007964 devstack@n-api-meta.service[96039]: WARNING nova.api.metadata.handler [None req-2bae5b4d-4ddd-48c7-9b16-ca1072196dc8 None None] metadata_proxy_shared_secret is not configured, the metadata information returned by the proxy cannot be trusted
Aug 24 09:45:38.095451 np0000007964 devstack@n-api-meta.service[96039]: DEBUG nova.api.openstack.wsgi_app [None req-2bae5b4d-4ddd-48c7-9b16-ca1072196dc8 None None] ******************************************************************************** {{(pid=96039) log_opt_values /opt/stack/data/venv/lib/python3.12/site-packages/oslo_config/cfg.py:3533}}
Aug 24 09:45:38.095563 np0000007964 devstack@n-api-meta.service[96039]: DEBUG nova.api.openstack.wsgi_app [None req-2bae5b4d-4ddd-48c7-9b16-ca1072196dc8 None None] Configuration options gathered from: {{(pid=96039) log_opt_values /opt/stack/data/venv/lib/python3.12/site-packages/oslo_config/cfg.py:3534}}
Aug 24 09:45:38.095668 np0000007964 devstack@n-api-meta.service[96039]: DEBUG nova.api.openstack.wsgi_app [None req-2bae5b4d-4ddd-48c7-9b16-ca1072196dc8 None None] command line args: [] {{(pid=96039) log_opt_values /opt/stack/data/venv/lib/python3.12/site-packages/oslo_config/cfg.py:3535}}
Aug 24 09:45:38.095817 np0000007964 devstack@n-api-meta.service[96039]: DEBUG nova.api.openstack.wsgi_app [None req-2bae5b4d-4ddd-48c7-9b16-ca1072196dc8 None None] config files: ['/etc/nova/api-paste.ini', '/etc/nova/nova.conf'] {{(pid=96039) log_opt_values /opt/stack/data/venv/lib/python3.12/site-packages/oslo_config/cfg.py:3536}}
Aug 24 09:45:38.095957 np0000007964 devstack@n-api-meta.service[96039]: DEBUG nova.api.openstack.wsgi_app [None req-2bae5b4d-4ddd-48c7-9b16-ca1072196dc8 None None] ================================================================================ {{(pid=96039) log_opt_values /opt/stack/data/venv/lib/python3.12/site-packages/oslo_config/cfg.py:3541}}
Aug 24 09:45:38.096134 np0000007964 devstack@n-api-meta.service[96039]: DEBUG nova.api.openstack.wsgi_app [None req-2bae5b4d-4ddd-48c7-9b16-ca1072196dc8 None None] allow_resize_to_same_host = True {{(pid=96039) log_opt_values /opt/stack/data/venv/lib/python3.12/site-packages/oslo_config/cfg.py:3549}}
Aug 24 09:45:38.096308 np0000007964 devstack@n-api-meta.service[96039]: DEBUG nova.api.openstack.wsgi_app [None req-2bae5b4d-4ddd-48c7-9b16-ca1072196dc8 None None] arq_binding_timeout = 300 {{(pid=96039) log_opt_values /opt/stack/data/venv/lib/python3.12/site-packages/oslo_config/cfg.py:3549}}
Aug 24 09:45:38.096432 np0000007964 devstack@n-api-meta.service[96039]: DEBUG nova.api.openstack.wsgi_app [None req-2bae5b4d-4ddd-48c7-9b16-ca1072196dc8 None None] block_device_allocate_retries = 60 {{(pid=96039) log_opt_values /opt/stack/data/venv/lib/python3.12/site-packages/oslo_config/cfg.py:3549}}
Aug 24 09:45:38.096551 np0000007964 devstack@n-api-meta.service[96039]: DEBUG nova.api.openstack.wsgi_app [None req-2bae5b4d-4ddd-48c7-9b16-ca1072196dc8 None None] block_device_allocate_retries_interval = 3 {{(pid=96039) log_opt_values /opt/stack/data/venv/lib/python3.12/site-packages/oslo_config/cfg.py:3549}}
Aug 24 09:45:38.096668 np0000007964 devstack@n-api-meta.service[96039]: DEBUG nova.api.openstack.wsgi_app [None req-2bae5b4d-4ddd-48c7-9b16-ca1072196dc8 None None] cell_worker_thread_pool_size = 5 {{(pid=96039) log_opt_values /opt/stack/data/venv/lib/python3.12/site-packages/oslo_config/cfg.py:3549}}
Aug 24 09:45:38.096791 np0000007964 devstack@n-api-meta.service[96039]: DEBUG nova.api.openstack.wsgi_app [None req-2bae5b4d-4ddd-48c7-9b16-ca1072196dc8 None None] cert = self.pem {{(pid=96039) log_opt_values /opt/stack/data/venv/lib/python3.12/site-packages/oslo_config/cfg.py:3549}}
Aug 24 09:45:38.096960 np0000007964 devstack@n-api-meta.service[96039]: DEBUG nova.api.openstack.wsgi_app [None req-2bae5b4d-4ddd-48c7-9b16-ca1072196dc8 None None] compute_driver = libvirt.LibvirtDriver {{(pid=96039) log_opt_values /opt/stack/data/venv/lib/python3.12/site-packages/oslo_config/cfg.py:3549}}
Aug 24 09:45:38.097089 np0000007964 devstack@n-api-meta.service[96039]: DEBUG nova.api.openstack.wsgi_app [None req-2bae5b4d-4ddd-48c7-9b16-ca1072196dc8 None None] compute_monitors = [] {{(pid=96039) log_opt_values /opt/stack/data/venv/lib/python3.12/site-packages/oslo_config/cfg.py:3549}}
Aug 24 09:45:38.097232 np0000007964 devstack@n-api-meta.service[96039]: DEBUG nova.api.openstack.wsgi_app [None req-2bae5b4d-4ddd-48c7-9b16-ca1072196dc8 None None] concurrency_backend = auto {{(pid=96039) log_opt_values /opt/stack/data/venv/lib/python3.12/site-packages/oslo_config/cfg.py:3549}}
Aug 24 09:45:38.097378 np0000007964 devstack@n-api-meta.service[96039]: DEBUG nova.api.openstack.wsgi_app [None req-2bae5b4d-4ddd-48c7-9b16-ca1072196dc8 None None] config_dir = [] {{(pid=96039) log_opt_values /opt/stack/data/venv/lib/python3.12/site-packages/oslo_config/cfg.py:3549}}
Aug 24 09:45:38.097633 np0000007964 devstack@n-api-meta.service[96039]: DEBUG nova.api.openstack.wsgi_app [None req-2bae5b4d-4ddd-48c7-9b16-ca1072196dc8 None None] config_drive_format = iso9660 {{(pid=96039) log_opt_values /opt/stack/data/venv/lib/python3.12/site-packages/oslo_config/cfg.py:3549}}
Aug 24 09:45:38.097731 np0000007964 devstack@n-api-meta.service[96039]: DEBUG nova.api.openstack.wsgi_app [None req-2bae5b4d-4ddd-48c7-9b16-ca1072196dc8 None None] config_file = ['/etc/nova/api-paste.ini', '/etc/nova/nova.conf'] {{(pid=96039) log_opt_values /opt/stack/data/venv/lib/python3.12/site-packages/oslo_config/cfg.py:3549}}
Aug 24 09:45:38.097850 np0000007964 devstack@n-api-meta.service[96039]: DEBUG nova.api.openstack.wsgi_app [None req-2bae5b4d-4ddd-48c7-9b16-ca1072196dc8 None None] config_source = [] {{(pid=96039) log_opt_values /opt/stack/data/venv/lib/python3.12/site-packages/oslo_config/cfg.py:3549}}
Aug 24 09:45:38.097990 np0000007964 devstack@n-api-meta.service[96039]: DEBUG nova.api.openstack.wsgi_app [None req-2bae5b4d-4ddd-48c7-9b16-ca1072196dc8 None None] console_host = np0000007964 {{(pid=96039) log_opt_values /opt/stack/data/venv/lib/python3.12/site-packages/oslo_config/cfg.py:3549}}
Aug 24 09:45:38.098112 np0000007964 devstack@n-api-meta.service[96039]: DEBUG nova.api.openstack.wsgi_app [None req-2bae5b4d-4ddd-48c7-9b16-ca1072196dc8 None None] control_exchange = nova {{(pid=96039) log_opt_values /opt/stack/data/venv/lib/python3.12/site-packages/oslo_config/cfg.py:3549}}
Aug 24 09:45:38.098243 np0000007964 devstack@n-api-meta.service[96039]: DEBUG nova.api.openstack.wsgi_app [None req-2bae5b4d-4ddd-48c7-9b16-ca1072196dc8 None None] cpu_allocation_ratio = None {{(pid=96039) log_opt_values /opt/stack/data/venv/lib/python3.12/site-packages/oslo_config/cfg.py:3549}}
Aug 24 09:45:38.098365 np0000007964 devstack@n-api-meta.service[96039]: DEBUG nova.api.openstack.wsgi_app [None req-2bae5b4d-4ddd-48c7-9b16-ca1072196dc8 None None] daemon = False {{(pid=96039) log_opt_values /opt/stack/data/venv/lib/python3.12/site-packages/oslo_config/cfg.py:3549}}
Aug 24 09:45:38.098518 np0000007964 devstack@n-api-meta.service[96039]: DEBUG nova.api.openstack.wsgi_app [None req-2bae5b4d-4ddd-48c7-9b16-ca1072196dc8 None None] debug = True {{(pid=96039) log_opt_values /opt/stack/data/venv/lib/python3.12/site-packages/oslo_config/cfg.py:3549}}
Aug 24 09:45:38.098632 np0000007964 devstack@n-api-meta.service[96039]: DEBUG nova.api.openstack.wsgi_app [None req-2bae5b4d-4ddd-48c7-9b16-ca1072196dc8 None None] default_access_ip_network_name = None {{(pid=96039) log_opt_values /opt/stack/data/venv/lib/python3.12/site-packages/oslo_config/cfg.py:3549}}
Aug 24 09:45:38.098749 np0000007964 devstack@n-api-meta.service[96039]: DEBUG nova.api.openstack.wsgi_app [None req-2bae5b4d-4ddd-48c7-9b16-ca1072196dc8 None None] default_availability_zone = nova {{(pid=96039) log_opt_values /opt/stack/data/venv/lib/python3.12/site-packages/oslo_config/cfg.py:3549}}
Aug 24 09:45:38.098893 np0000007964 devstack@n-api-meta.service[96039]: DEBUG nova.api.openstack.wsgi_app [None req-2bae5b4d-4ddd-48c7-9b16-ca1072196dc8 None None] default_ephemeral_format = ext4 {{(pid=96039) log_opt_values /opt/stack/data/venv/lib/python3.12/site-packages/oslo_config/cfg.py:3549}}
Aug 24 09:45:38.099057 np0000007964 devstack@n-api-meta.service[96039]: DEBUG nova.api.openstack.wsgi_app [None req-2bae5b4d-4ddd-48c7-9b16-ca1072196dc8 None None] default_green_pool_size = 1000 {{(pid=96039) log_opt_values /opt/stack/data/venv/lib/python3.12/site-packages/oslo_config/cfg.py:3549}}
Aug 24 09:45:38.099258 np0000007964 devstack@n-api-meta.service[96039]: DEBUG nova.api.openstack.wsgi_app [None req-2bae5b4d-4ddd-48c7-9b16-ca1072196dc8 None None] default_log_levels = ['amqp=WARN', 'boto=WARN', 'sqlalchemy=WARN', 'suds=INFO', 'oslo.messaging=INFO', 'oslo_messaging=INFO', 'iso8601=WARN', 'requests.packages.urllib3.connectionpool=WARN', 'urllib3.connectionpool=WARN', 'websocket=WARN', 'requests.packages.urllib3.util.retry=WARN', 'urllib3.util.retry=WARN', 'keystonemiddleware=WARN', 'routes.middleware=WARN', 'stevedore=WARN', 'taskflow=WARN', 'keystoneauth=WARN', 'oslo.cache=INFO', 'oslo_policy=INFO', 'dogpile.core.dogpile=INFO', 'glanceclient=WARN', 'oslo.privsep.daemon=INFO'] {{(pid=96039) log_opt_values /opt/stack/data/venv/lib/python3.12/site-packages/oslo_config/cfg.py:3549}}
Aug 24 09:45:38.099371 np0000007964 devstack@n-api-meta.service[96039]: DEBUG nova.api.openstack.wsgi_app [None req-2bae5b4d-4ddd-48c7-9b16-ca1072196dc8 None None] default_schedule_zone = None {{(pid=96039) log_opt_values /opt/stack/data/venv/lib/python3.12/site-packages/oslo_config/cfg.py:3549}}
Aug 24 09:45:38.099490 np0000007964 devstack@n-api-meta.service[96039]: DEBUG nova.api.openstack.wsgi_app [None req-2bae5b4d-4ddd-48c7-9b16-ca1072196dc8 None None] default_thread_pool_size = 10 {{(pid=96039) log_opt_values /opt/stack/data/venv/lib/python3.12/site-packages/oslo_config/cfg.py:3549}}
Aug 24 09:45:38.099601 np0000007964 devstack@n-api-meta.service[96039]: DEBUG nova.api.openstack.wsgi_app [None req-2bae5b4d-4ddd-48c7-9b16-ca1072196dc8 None None] disk_allocation_ratio = None {{(pid=96039) log_opt_values /opt/stack/data/venv/lib/python3.12/site-packages/oslo_config/cfg.py:3549}}
Aug 24 09:45:38.099648 np0000007964 devstack@n-api-meta.service[96038]: DEBUG dbcounter [-] [96038] Writer thread running {{(pid=96038) stat_writer /opt/stack/data/venv/lib/python3.12/site-packages/dbcounter.py:102}}
Aug 24 09:45:38.099716 np0000007964 devstack@n-api-meta.service[96039]: DEBUG nova.api.openstack.wsgi_app [None req-2bae5b4d-4ddd-48c7-9b16-ca1072196dc8 None None] enable_new_services = True {{(pid=96039) log_opt_values /opt/stack/data/venv/lib/python3.12/site-packages/oslo_config/cfg.py:3549}}
Aug 24 09:45:38.099824 np0000007964 devstack@n-api-meta.service[96039]: DEBUG nova.api.openstack.wsgi_app [None req-2bae5b4d-4ddd-48c7-9b16-ca1072196dc8 None None] flat_injected = False {{(pid=96039) log_opt_values /opt/stack/data/venv/lib/python3.12/site-packages/oslo_config/cfg.py:3549}}
Aug 24 09:45:38.099976 np0000007964 devstack@n-api-meta.service[96039]: DEBUG nova.api.openstack.wsgi_app [None req-2bae5b4d-4ddd-48c7-9b16-ca1072196dc8 None None] force_config_drive = True {{(pid=96039) log_opt_values /opt/stack/data/venv/lib/python3.12/site-packages/oslo_config/cfg.py:3549}}
Aug 24 09:45:38.100092 np0000007964 devstack@n-api-meta.service[96039]: DEBUG nova.api.openstack.wsgi_app [None req-2bae5b4d-4ddd-48c7-9b16-ca1072196dc8 None None] force_raw_images = True {{(pid=96039) log_opt_values /opt/stack/data/venv/lib/python3.12/site-packages/oslo_config/cfg.py:3549}}
Aug 24 09:45:38.100243 np0000007964 devstack@n-api-meta.service[96039]: DEBUG nova.api.openstack.wsgi_app [None req-2bae5b4d-4ddd-48c7-9b16-ca1072196dc8 None None] graceful_shutdown_timeout = 5 {{(pid=96039) log_opt_values /opt/stack/data/venv/lib/python3.12/site-packages/oslo_config/cfg.py:3549}}
Aug 24 09:45:38.100362 np0000007964 devstack@n-api-meta.service[96039]: DEBUG nova.api.openstack.wsgi_app [None req-2bae5b4d-4ddd-48c7-9b16-ca1072196dc8 None None] heal_instance_info_cache_interval = -1 {{(pid=96039) log_opt_values /opt/stack/data/venv/lib/python3.12/site-packages/oslo_config/cfg.py:3549}}
Aug 24 09:45:38.100523 np0000007964 devstack@n-api-meta.service[96039]: DEBUG nova.api.openstack.wsgi_app [None req-2bae5b4d-4ddd-48c7-9b16-ca1072196dc8 None None] host = np0000007964 {{(pid=96039) log_opt_values /opt/stack/data/venv/lib/python3.12/site-packages/oslo_config/cfg.py:3549}}
Aug 24 09:45:38.100644 np0000007964 devstack@n-api-meta.service[96039]: DEBUG nova.api.openstack.wsgi_app [None req-2bae5b4d-4ddd-48c7-9b16-ca1072196dc8 None None] initial_cpu_allocation_ratio = 4.0 {{(pid=96039) log_opt_values /opt/stack/data/venv/lib/python3.12/site-packages/oslo_config/cfg.py:3549}}
Aug 24 09:45:38.100759 np0000007964 devstack@n-api-meta.service[96039]: DEBUG nova.api.openstack.wsgi_app [None req-2bae5b4d-4ddd-48c7-9b16-ca1072196dc8 None None] initial_disk_allocation_ratio = 1.0 {{(pid=96039) log_opt_values /opt/stack/data/venv/lib/python3.12/site-packages/oslo_config/cfg.py:3549}}
Aug 24 09:45:38.100872 np0000007964 devstack@n-api-meta.service[96039]: DEBUG nova.api.openstack.wsgi_app [None req-2bae5b4d-4ddd-48c7-9b16-ca1072196dc8 None None] initial_ram_allocation_ratio = 1.0 {{(pid=96039) log_opt_values /opt/stack/data/venv/lib/python3.12/site-packages/oslo_config/cfg.py:3549}}
Aug 24 09:45:38.101038 np0000007964 devstack@n-api-meta.service[96039]: DEBUG nova.api.openstack.wsgi_app [None req-2bae5b4d-4ddd-48c7-9b16-ca1072196dc8 None None] injected_network_template = /opt/stack/nova/nova/virt/interfaces.template {{(pid=96039) log_opt_values /opt/stack/data/venv/lib/python3.12/site-packages/oslo_config/cfg.py:3549}}
Aug 24 09:45:38.101168 np0000007964 devstack@n-api-meta.service[96039]: DEBUG nova.api.openstack.wsgi_app [None req-2bae5b4d-4ddd-48c7-9b16-ca1072196dc8 None None] instance_build_timeout = 0 {{(pid=96039) log_opt_values /opt/stack/data/venv/lib/python3.12/site-packages/oslo_config/cfg.py:3549}}
Aug 24 09:45:38.101311 np0000007964 devstack@n-api-meta.service[96039]: DEBUG nova.api.openstack.wsgi_app [None req-2bae5b4d-4ddd-48c7-9b16-ca1072196dc8 None None] instance_delete_interval = 300 {{(pid=96039) log_opt_values /opt/stack/data/venv/lib/python3.12/site-packages/oslo_config/cfg.py:3549}}
Aug 24 09:45:38.101435 np0000007964 devstack@n-api-meta.service[96039]: DEBUG nova.api.openstack.wsgi_app [None req-2bae5b4d-4ddd-48c7-9b16-ca1072196dc8 None None] instance_format = [instance: %(uuid)s] {{(pid=96039) log_opt_values /opt/stack/data/venv/lib/python3.12/site-packages/oslo_config/cfg.py:3549}}
Aug 24 09:45:38.101552 np0000007964 devstack@n-api-meta.service[96039]: DEBUG nova.api.openstack.wsgi_app [None req-2bae5b4d-4ddd-48c7-9b16-ca1072196dc8 None None] instance_name_template = instance-%08x {{(pid=96039) log_opt_values /opt/stack/data/venv/lib/python3.12/site-packages/oslo_config/cfg.py:3549}}
Aug 24 09:45:38.101705 np0000007964 devstack@n-api-meta.service[96039]: DEBUG nova.api.openstack.wsgi_app [None req-2bae5b4d-4ddd-48c7-9b16-ca1072196dc8 None None] instance_usage_audit = False {{(pid=96039) log_opt_values /opt/stack/data/venv/lib/python3.12/site-packages/oslo_config/cfg.py:3549}}
Aug 24 09:45:38.101859 np0000007964 devstack@n-api-meta.service[96039]: DEBUG nova.api.openstack.wsgi_app [None req-2bae5b4d-4ddd-48c7-9b16-ca1072196dc8 None None] instance_usage_audit_period = month {{(pid=96039) log_opt_values /opt/stack/data/venv/lib/python3.12/site-packages/oslo_config/cfg.py:3549}}
Aug 24 09:45:38.102035 np0000007964 devstack@n-api-meta.service[96039]: DEBUG nova.api.openstack.wsgi_app [None req-2bae5b4d-4ddd-48c7-9b16-ca1072196dc8 None None] instance_uuid_format = [instance: %(uuid)s] {{(pid=96039) log_opt_values /opt/stack/data/venv/lib/python3.12/site-packages/oslo_config/cfg.py:3549}}
Aug 24 09:45:38.102218 np0000007964 devstack@n-api-meta.service[96039]: DEBUG nova.api.openstack.wsgi_app [None req-2bae5b4d-4ddd-48c7-9b16-ca1072196dc8 None None] instances_path = /opt/stack/data/nova/instances {{(pid=96039) log_opt_values /opt/stack/data/venv/lib/python3.12/site-packages/oslo_config/cfg.py:3549}}
Aug 24 09:45:38.102496 np0000007964 devstack@n-api-meta.service[96039]: DEBUG nova.api.openstack.wsgi_app [None req-2bae5b4d-4ddd-48c7-9b16-ca1072196dc8 None None] internal_service_availability_zone = internal {{(pid=96039) log_opt_values /opt/stack/data/venv/lib/python3.12/site-packages/oslo_config/cfg.py:3549}}
Aug 24 09:45:38.102656 np0000007964 devstack@n-api-meta.service[96039]: DEBUG nova.api.openstack.wsgi_app [None req-2bae5b4d-4ddd-48c7-9b16-ca1072196dc8 None None] key = None {{(pid=96039) log_opt_values /opt/stack/data/venv/lib/python3.12/site-packages/oslo_config/cfg.py:3549}}
Aug 24 09:45:38.102803 np0000007964 devstack@n-api-meta.service[96039]: DEBUG nova.api.openstack.wsgi_app [None req-2bae5b4d-4ddd-48c7-9b16-ca1072196dc8 None None] live_migration_retry_count = 30 {{(pid=96039) log_opt_values /opt/stack/data/venv/lib/python3.12/site-packages/oslo_config/cfg.py:3549}}
Aug 24 09:45:38.102949 np0000007964 devstack@n-api-meta.service[96039]: DEBUG nova.api.openstack.wsgi_app [None req-2bae5b4d-4ddd-48c7-9b16-ca1072196dc8 None None] log_color = False {{(pid=96039) log_opt_values /opt/stack/data/venv/lib/python3.12/site-packages/oslo_config/cfg.py:3549}}
Aug 24 09:45:38.103074 np0000007964 devstack@n-api-meta.service[96039]: DEBUG nova.api.openstack.wsgi_app [None req-2bae5b4d-4ddd-48c7-9b16-ca1072196dc8 None None] log_config_append = None {{(pid=96039) log_opt_values /opt/stack/data/venv/lib/python3.12/site-packages/oslo_config/cfg.py:3549}}
Aug 24 09:45:38.103213 np0000007964 devstack@n-api-meta.service[96039]: DEBUG nova.api.openstack.wsgi_app [None req-2bae5b4d-4ddd-48c7-9b16-ca1072196dc8 None None] log_date_format = %Y-%m-%d %H:%M:%S {{(pid=96039) log_opt_values /opt/stack/data/venv/lib/python3.12/site-packages/oslo_config/cfg.py:3549}}
Aug 24 09:45:38.103327 np0000007964 devstack@n-api-meta.service[96039]: DEBUG nova.api.openstack.wsgi_app [None req-2bae5b4d-4ddd-48c7-9b16-ca1072196dc8 None None] log_dir = None {{(pid=96039) log_opt_values /opt/stack/data/venv/lib/python3.12/site-packages/oslo_config/cfg.py:3549}}
Aug 24 09:45:38.103438 np0000007964 devstack@n-api-meta.service[96039]: DEBUG nova.api.openstack.wsgi_app [None req-2bae5b4d-4ddd-48c7-9b16-ca1072196dc8 None None] log_file = None {{(pid=96039) log_opt_values /opt/stack/data/venv/lib/python3.12/site-packages/oslo_config/cfg.py:3549}}
Aug 24 09:45:38.103528 np0000007964 devstack@n-api-meta.service[96039]: DEBUG nova.api.openstack.wsgi_app [None req-2bae5b4d-4ddd-48c7-9b16-ca1072196dc8 None None] log_options = True {{(pid=96039) log_opt_values /opt/stack/data/venv/lib/python3.12/site-packages/oslo_config/cfg.py:3549}}
Aug 24 09:45:38.103678 np0000007964 devstack@n-api-meta.service[96039]: DEBUG nova.api.openstack.wsgi_app [None req-2bae5b4d-4ddd-48c7-9b16-ca1072196dc8 None None] log_rotate_interval = 1 {{(pid=96039) log_opt_values /opt/stack/data/venv/lib/python3.12/site-packages/oslo_config/cfg.py:3549}}
Aug 24 09:45:38.103796 np0000007964 devstack@n-api-meta.service[96039]: DEBUG nova.api.openstack.wsgi_app [None req-2bae5b4d-4ddd-48c7-9b16-ca1072196dc8 None None] log_rotate_interval_type = days {{(pid=96039) log_opt_values /opt/stack/data/venv/lib/python3.12/site-packages/oslo_config/cfg.py:3549}}
Aug 24 09:45:38.103969 np0000007964 devstack@n-api-meta.service[96039]: DEBUG nova.api.openstack.wsgi_app [None req-2bae5b4d-4ddd-48c7-9b16-ca1072196dc8 None None] log_rotation_type = none {{(pid=96039) log_opt_values /opt/stack/data/venv/lib/python3.12/site-packages/oslo_config/cfg.py:3549}}
Aug 24 09:45:38.104068 np0000007964 devstack@n-api-meta.service[96039]: DEBUG nova.api.openstack.wsgi_app [None req-2bae5b4d-4ddd-48c7-9b16-ca1072196dc8 None None] logging_context_format_string = %(color)s%(levelname)s %(name)s [%(global_request_id)s %(request_id)s %(project_name)s %(user_name)s%(color)s] %(instance)s%(color)s%(message)s {{(pid=96039) log_opt_values /opt/stack/data/venv/lib/python3.12/site-packages/oslo_config/cfg.py:3549}}
Aug 24 09:45:38.104176 np0000007964 devstack@n-api-meta.service[96039]: DEBUG nova.api.openstack.wsgi_app [None req-2bae5b4d-4ddd-48c7-9b16-ca1072196dc8 None None] logging_debug_format_suffix = {{(pid=%(process)d) %(funcName)s %(pathname)s:%(lineno)d}} {{(pid=96039) log_opt_values /opt/stack/data/venv/lib/python3.12/site-packages/oslo_config/cfg.py:3549}}
Aug 24 09:45:38.104305 np0000007964 devstack@n-api-meta.service[96039]: DEBUG nova.api.openstack.wsgi_app [None req-2bae5b4d-4ddd-48c7-9b16-ca1072196dc8 None None] logging_default_format_string = %(color)s%(levelname)s %(name)s [-%(color)s] %(instance)s%(color)s%(message)s {{(pid=96039) log_opt_values /opt/stack/data/venv/lib/python3.12/site-packages/oslo_config/cfg.py:3549}}
