Aug 24 09:45:43.760427 np0000007964 devstack@neutron-api.service[90834]: DEBUG neutron.plugins.ml2.drivers.ovn.mech_driver.ovsdb.maintenance [-] Touching Hash Ring node "40592521c4715f46b72d344a2c32f896" from periodic health check thread {{(pid=90834) touch_hash_ring_node /opt/stack/neutron/neutron/plugins/ml2/drivers/ovn/mech_driver/ovsdb/maintenance.py:1532}}
Aug 24 09:45:43.781567 np0000007964 devstack@neutron-api.service[90833]: DEBUG futurist.periodics [-] Submitting periodic callback 'neutron.plugins.ml2.drivers.ovn.mech_driver.ovsdb.maintenance.HashRingHealthCheckPeriodics.touch_hash_ring_node' {{(pid=90833) _process_scheduled /opt/stack/data/venv/lib/python3.12/site-packages/futurist/periodics.py:784}}
Aug 24 09:45:43.781911 np0000007964 devstack@neutron-api.service[90833]: DEBUG neutron.plugins.ml2.drivers.ovn.mech_driver.ovsdb.maintenance [-] Touching Hash Ring node "8d687fc18ff251ceba15269efbc48a2f" from periodic health check thread {{(pid=90833) touch_hash_ring_node /opt/stack/neutron/neutron/plugins/ml2/drivers/ovn/mech_driver/ovsdb/maintenance.py:1532}}
Aug 24 09:45:43.802471 np0000007964 devstack@neutron-api.service[90835]: DEBUG futurist.periodics [-] Submitting periodic callback 'neutron.plugins.ml2.drivers.ovn.mech_driver.ovsdb.maintenance.HashRingHealthCheckPeriodics.touch_hash_ring_node' {{(pid=90835) _process_scheduled /opt/stack/data/venv/lib/python3.12/site-packages/futurist/periodics.py:784}}
Aug 24 09:45:43.802841 np0000007964 devstack@neutron-api.service[90835]: DEBUG neutron.plugins.ml2.drivers.ovn.mech_driver.ovsdb.maintenance [-] Touching Hash Ring node "885554a1cb0d5f95aed503e718afc789" from periodic health check thread {{(pid=90835) touch_hash_ring_node /opt/stack/neutron/neutron/plugins/ml2/drivers/ovn/mech_driver/ovsdb/maintenance.py:1532}}
Aug 24 09:45:52.868589 np0000007964 devstack@neutron-api.service[90836]: DEBUG dbcounter [-] [90836] Writing DB stats neutron:SELECT=1078,neutron:INSERT=669,neutron:DELETE=5,neutron:UPDATE=73 {{(pid=90836) stat_writer /opt/stack/data/venv/lib/python3.12/site-packages/dbcounter.py:115}}
Aug 24 09:45:53.767824 np0000007964 devstack@neutron-api.service[90834]: DEBUG dbcounter [-] [90834] Writing DB stats neutron:UPDATE=1,neutron:SELECT=1 {{(pid=90834) stat_writer /opt/stack/data/venv/lib/python3.12/site-packages/dbcounter.py:115}}
Aug 24 09:45:53.788866 np0000007964 devstack@neutron-api.service[90833]: DEBUG dbcounter [-] [90833] Writing DB stats neutron:SELECT=1174,neutron:INSERT=38,neutron:DELETE=8,neutron:UPDATE=42 {{(pid=90833) stat_writer /opt/stack/data/venv/lib/python3.12/site-packages/dbcounter.py:115}}
Aug 24 09:45:53.808656 np0000007964 devstack@neutron-api.service[90835]: DEBUG dbcounter [-] [90835] Writing DB stats neutron:UPDATE=1,neutron:SELECT=1 {{(pid=90835) stat_writer /opt/stack/data/venv/lib/python3.12/site-packages/dbcounter.py:115}}
Aug 24 09:45:57.860975 np0000007964 devstack@neutron-api.service[90836]: DEBUG futurist.periodics [-] Submitting periodic callback 'neutron.plugins.ml2.drivers.ovn.mech_driver.ovsdb.maintenance.HashRingHealthCheckPeriodics.touch_hash_ring_node' {{(pid=90836) _process_scheduled /opt/stack/data/venv/lib/python3.12/site-packages/futurist/periodics.py:784}}
Aug 24 09:45:57.861454 np0000007964 devstack@neutron-api.service[90836]: DEBUG neutron.plugins.ml2.drivers.ovn.mech_driver.ovsdb.maintenance [-] Touching Hash Ring node "c8f1dfba2778502cb745301ece2304cd" from periodic health check thread {{(pid=90836) touch_hash_ring_node /opt/stack/neutron/neutron/plugins/ml2/drivers/ovn/mech_driver/ovsdb/maintenance.py:1532}}
Aug 24 09:45:58.760709 np0000007964 devstack@neutron-api.service[90834]: DEBUG futurist.periodics [-] Submitting periodic callback 'neutron.plugins.ml2.drivers.ovn.mech_driver.ovsdb.maintenance.HashRingHealthCheckPeriodics.touch_hash_ring_node' {{(pid=90834) _process_scheduled /opt/stack/data/venv/lib/python3.12/site-packages/futurist/periodics.py:784}}
Aug 24 09:45:58.761085 np0000007964 devstack@neutron-api.service[90834]: DEBUG neutron.plugins.ml2.drivers.ovn.mech_driver.ovsdb.maintenance [-] Touching Hash Ring node "40592521c4715f46b72d344a2c32f896" from periodic health check thread {{(pid=90834) touch_hash_ring_node /opt/stack/neutron/neutron/plugins/ml2/drivers/ovn/mech_driver/ovsdb/maintenance.py:1532}}
Aug 24 09:45:58.782432 np0000007964 devstack@neutron-api.service[90833]: DEBUG futurist.periodics [-] Submitting periodic callback 'neutron.plugins.ml2.drivers.ovn.mech_driver.ovsdb.maintenance.HashRingHealthCheckPeriodics.touch_hash_ring_node' {{(pid=90833) _process_scheduled /opt/stack/data/venv/lib/python3.12/site-packages/futurist/periodics.py:784}}
Aug 24 09:45:58.782736 np0000007964 devstack@neutron-api.service[90833]: DEBUG neutron.plugins.ml2.drivers.ovn.mech_driver.ovsdb.maintenance [-] Touching Hash Ring node "8d687fc18ff251ceba15269efbc48a2f" from periodic health check thread {{(pid=90833) touch_hash_ring_node /opt/stack/neutron/neutron/plugins/ml2/drivers/ovn/mech_driver/ovsdb/maintenance.py:1532}}
Aug 24 09:45:58.802952 np0000007964 devstack@neutron-api.service[90835]: DEBUG futurist.periodics [-] Submitting periodic callback 'neutron.plugins.ml2.drivers.ovn.mech_driver.ovsdb.maintenance.HashRingHealthCheckPeriodics.touch_hash_ring_node' {{(pid=90835) _process_scheduled /opt/stack/data/venv/lib/python3.12/site-packages/futurist/periodics.py:784}}
Aug 24 09:45:58.803335 np0000007964 devstack@neutron-api.service[90835]: DEBUG neutron.plugins.ml2.drivers.ovn.mech_driver.ovsdb.maintenance [-] Touching Hash Ring node "885554a1cb0d5f95aed503e718afc789" from periodic health check thread {{(pid=90835) touch_hash_ring_node /opt/stack/neutron/neutron/plugins/ml2/drivers/ovn/mech_driver/ovsdb/maintenance.py:1532}}
Aug 24 09:46:07.867951 np0000007964 devstack@neutron-api.service[90836]: DEBUG dbcounter [-] [90836] Writing DB stats neutron:UPDATE=1,neutron:SELECT=1 {{(pid=90836) stat_writer /opt/stack/data/venv/lib/python3.12/site-packages/dbcounter.py:115}}
Aug 24 09:46:08.767981 np0000007964 devstack@neutron-api.service[90834]: DEBUG dbcounter [-] [90834] Writing DB stats neutron:UPDATE=1,neutron:SELECT=1 {{(pid=90834) stat_writer /opt/stack/data/venv/lib/python3.12/site-packages/dbcounter.py:115}}
Aug 24 09:46:08.788669 np0000007964 devstack@neutron-api.service[90833]: DEBUG dbcounter [-] [90833] Writing DB stats neutron:UPDATE=1,neutron:SELECT=1 {{(pid=90833) stat_writer /opt/stack/data/venv/lib/python3.12/site-packages/dbcounter.py:115}}
Aug 24 09:46:08.809894 np0000007964 devstack@neutron-api.service[90835]: DEBUG dbcounter [-] [90835] Writing DB stats neutron:UPDATE=1,neutron:SELECT=1 {{(pid=90835) stat_writer /opt/stack/data/venv/lib/python3.12/site-packages/dbcounter.py:115}}
Aug 24 09:46:12.861486 np0000007964 devstack@neutron-api.service[90836]: DEBUG futurist.periodics [-] Submitting periodic callback 'neutron.plugins.ml2.drivers.ovn.mech_driver.ovsdb.maintenance.HashRingHealthCheckPeriodics.touch_hash_ring_node' {{(pid=90836) _process_scheduled /opt/stack/data/venv/lib/python3.12/site-packages/futurist/periodics.py:784}}
Aug 24 09:46:12.862012 np0000007964 devstack@neutron-api.service[90836]: DEBUG neutron.plugins.ml2.drivers.ovn.mech_driver.ovsdb.maintenance [-] Touching Hash Ring node "c8f1dfba2778502cb745301ece2304cd" from periodic health check thread {{(pid=90836) touch_hash_ring_node /opt/stack/neutron/neutron/plugins/ml2/drivers/ovn/mech_driver/ovsdb/maintenance.py:1532}}
Aug 24 09:46:13.770562 np0000007964 devstack@neutron-api.service[90834]: DEBUG futurist.periodics [-] Submitting periodic callback 'neutron.plugins.ml2.drivers.ovn.mech_driver.ovsdb.maintenance.HashRingHealthCheckPeriodics.touch_hash_ring_node' {{(pid=90834) _process_scheduled /opt/stack/data/venv/lib/python3.12/site-packages/futurist/periodics.py:784}}
Aug 24 09:46:13.771127 np0000007964 devstack@neutron-api.service[90834]: DEBUG neutron.plugins.ml2.drivers.ovn.mech_driver.ovsdb.maintenance [-] Touching Hash Ring node "40592521c4715f46b72d344a2c32f896" from periodic health check thread {{(pid=90834) touch_hash_ring_node /opt/stack/neutron/neutron/plugins/ml2/drivers/ovn/mech_driver/ovsdb/maintenance.py:1532}}
Aug 24 09:46:13.782842 np0000007964 devstack@neutron-api.service[90833]: DEBUG futurist.periodics [-] Submitting periodic callback 'neutron.plugins.ml2.drivers.ovn.mech_driver.ovsdb.maintenance.HashRingHealthCheckPeriodics.touch_hash_ring_node' {{(pid=90833) _process_scheduled /opt/stack/data/venv/lib/python3.12/site-packages/futurist/periodics.py:784}}
Aug 24 09:46:13.783197 np0000007964 devstack@neutron-api.service[90833]: DEBUG neutron.plugins.ml2.drivers.ovn.mech_driver.ovsdb.maintenance [-] Touching Hash Ring node "8d687fc18ff251ceba15269efbc48a2f" from periodic health check thread {{(pid=90833) touch_hash_ring_node /opt/stack/neutron/neutron/plugins/ml2/drivers/ovn/mech_driver/ovsdb/maintenance.py:1532}}
Aug 24 09:46:13.803391 np0000007964 devstack@neutron-api.service[90835]: DEBUG futurist.periodics [-] Submitting periodic callback 'neutron.plugins.ml2.drivers.ovn.mech_driver.ovsdb.maintenance.HashRingHealthCheckPeriodics.touch_hash_ring_node' {{(pid=90835) _process_scheduled /opt/stack/data/venv/lib/python3.12/site-packages/futurist/periodics.py:784}}
Aug 24 09:46:13.803643 np0000007964 devstack@neutron-api.service[90835]: DEBUG neutron.plugins.ml2.drivers.ovn.mech_driver.ovsdb.maintenance [-] Touching Hash Ring node "885554a1cb0d5f95aed503e718afc789" from periodic health check thread {{(pid=90835) touch_hash_ring_node /opt/stack/neutron/neutron/plugins/ml2/drivers/ovn/mech_driver/ovsdb/maintenance.py:1532}}
Aug 24 09:46:22.867992 np0000007964 devstack@neutron-api.service[90836]: DEBUG dbcounter [-] [90836] Writing DB stats neutron:UPDATE=1,neutron:SELECT=1 {{(pid=90836) stat_writer /opt/stack/data/venv/lib/python3.12/site-packages/dbcounter.py:115}}
Aug 24 09:46:23.777446 np0000007964 devstack@neutron-api.service[90834]: DEBUG dbcounter [-] [90834] Writing DB stats neutron:UPDATE=1,neutron:SELECT=1 {{(pid=90834) stat_writer /opt/stack/data/venv/lib/python3.12/site-packages/dbcounter.py:115}}
Aug 24 09:46:23.788259 np0000007964 devstack@neutron-api.service[90833]: DEBUG dbcounter [-] [90833] Writing DB stats neutron:UPDATE=1,neutron:SELECT=1 {{(pid=90833) stat_writer /opt/stack/data/venv/lib/python3.12/site-packages/dbcounter.py:115}}
Aug 24 09:46:23.809000 np0000007964 devstack@neutron-api.service[90835]: DEBUG dbcounter [-] [90835] Writing DB stats neutron:UPDATE=1,neutron:SELECT=1 {{(pid=90835) stat_writer /opt/stack/data/venv/lib/python3.12/site-packages/dbcounter.py:115}}
Aug 24 09:46:27.862118 np0000007964 devstack@neutron-api.service[90836]: DEBUG futurist.periodics [-] Submitting periodic callback 'neutron.plugins.ml2.drivers.ovn.mech_driver.ovsdb.maintenance.HashRingHealthCheckPeriodics.touch_hash_ring_node' {{(pid=90836) _process_scheduled /opt/stack/data/venv/lib/python3.12/site-packages/futurist/periodics.py:784}}
Aug 24 09:46:27.862710 np0000007964 devstack@neutron-api.service[90836]: DEBUG neutron.plugins.ml2.drivers.ovn.mech_driver.ovsdb.maintenance [-] Touching Hash Ring node "c8f1dfba2778502cb745301ece2304cd" from periodic health check thread {{(pid=90836) touch_hash_ring_node /opt/stack/neutron/neutron/plugins/ml2/drivers/ovn/mech_driver/ovsdb/maintenance.py:1532}}
Aug 24 09:46:28.771215 np0000007964 devstack@neutron-api.service[90834]: DEBUG futurist.periodics [-] Submitting periodic callback 'neutron.plugins.ml2.drivers.ovn.mech_driver.ovsdb.maintenance.HashRingHealthCheckPeriodics.touch_hash_ring_node' {{(pid=90834) _process_scheduled /opt/stack/data/venv/lib/python3.12/site-packages/futurist/periodics.py:784}}
Aug 24 09:46:28.771608 np0000007964 devstack@neutron-api.service[90834]: DEBUG neutron.plugins.ml2.drivers.ovn.mech_driver.ovsdb.maintenance [-] Touching Hash Ring node "40592521c4715f46b72d344a2c32f896" from periodic health check thread {{(pid=90834) touch_hash_ring_node /opt/stack/neutron/neutron/plugins/ml2/drivers/ovn/mech_driver/ovsdb/maintenance.py:1532}}
Aug 24 09:46:28.783317 np0000007964 devstack@neutron-api.service[90833]: DEBUG futurist.periodics [-] Submitting periodic callback 'neutron.plugins.ml2.drivers.ovn.mech_driver.ovsdb.maintenance.HashRingHealthCheckPeriodics.touch_hash_ring_node' {{(pid=90833) _process_scheduled /opt/stack/data/venv/lib/python3.12/site-packages/futurist/periodics.py:784}}
Aug 24 09:46:28.783747 np0000007964 devstack@neutron-api.service[90833]: DEBUG neutron.plugins.ml2.drivers.ovn.mech_driver.ovsdb.maintenance [-] Touching Hash Ring node "8d687fc18ff251ceba15269efbc48a2f" from periodic health check thread {{(pid=90833) touch_hash_ring_node /opt/stack/neutron/neutron/plugins/ml2/drivers/ovn/mech_driver/ovsdb/maintenance.py:1532}}
Aug 24 09:46:28.803855 np0000007964 devstack@neutron-api.service[90835]: DEBUG futurist.periodics [-] Submitting periodic callback 'neutron.plugins.ml2.drivers.ovn.mech_driver.ovsdb.maintenance.HashRingHealthCheckPeriodics.touch_hash_ring_node' {{(pid=90835) _process_scheduled /opt/stack/data/venv/lib/python3.12/site-packages/futurist/periodics.py:784}}
Aug 24 09:46:28.804185 np0000007964 devstack@neutron-api.service[90835]: DEBUG neutron.plugins.ml2.drivers.ovn.mech_driver.ovsdb.maintenance [-] Touching Hash Ring node "885554a1cb0d5f95aed503e718afc789" from periodic health check thread {{(pid=90835) touch_hash_ring_node /opt/stack/neutron/neutron/plugins/ml2/drivers/ovn/mech_driver/ovsdb/maintenance.py:1532}}
Aug 24 09:46:29.953571 np0000007964 devstack@neutron-api.service[90836]: DEBUG neutron.api.wsgi [None req-6436dbbf-fd99-4aa2-81cb-1646833fb3ef admin admin] Missing Content-Type {{(pid=90836) get_content_type /opt/stack/neutron/neutron/api/wsgi.py:80}}
Aug 24 09:46:29.953987 np0000007964 devstack@neutron-api.service[90836]: DEBUG neutron.api.wsgi [None req-6436dbbf-fd99-4aa2-81cb-1646833fb3ef admin admin] https://10.4.3.86/networking/v2.0/extensions returned with HTTP 200 {{(pid=90836) __call__ /opt/stack/neutron/neutron/api/wsgi.py:540}}
Aug 24 09:46:29.954394 np0000007964 devstack@neutron-api.service[90836]: [pid: 90836|app: 0|req: 10/34] 10.4.3.86 () {64 vars in 1285 bytes} [Mon Aug 24 09:46:29 2026] GET /networking/v2.0/extensions => generated 16171 bytes in 3 msecs (HTTP/1.1 200) 4 headers in 159 bytes (1 switches on core 0)
Aug 24 09:46:30.210274 np0000007964 devstack@neutron-api.service[90834]: INFO neutron.pecan_wsgi.hooks.translation [None req-ffd5ca7a-1eb6-4dfc-ae7a-1c6de3f3c26a admin admin] GET failed (client error): The resource could not be found.
Aug 24 09:46:30.210858 np0000007964 devstack@neutron-api.service[90834]: [pid: 90834|app: 0|req: 9/35] 10.4.3.86 () {64 vars in 1287 bytes} [Mon Aug 24 09:46:30 2026] GET /networking/v2.0/networks/public => generated 108 bytes in 8 msecs (HTTP/1.1 404) 4 headers in 164 bytes (1 switches on core 0)
Aug 24 09:46:30.250767 np0000007964 devstack@neutron-api.service[90833]: DEBUG neutron.pecan_wsgi.hooks.policy_enforcement [None req-1ac36614-f12a-4892-ad37-b6510f2a45b8 admin admin] Attributes excluded by policy engine: ['standard_attr_id'] {{(pid=90833) _exclude_attributes_by_policy /opt/stack/neutron/neutron/pecan_wsgi/hooks/policy_enforcement.py:259}}
Aug 24 09:46:30.251818 np0000007964 devstack@neutron-api.service[90833]: [pid: 90833|app: 0|req: 9/36] 10.4.3.86 () {64 vars in 1302 bytes} [Mon Aug 24 09:46:30 2026] GET /networking/v2.0/networks?name=public => generated 759 bytes in 35 msecs (HTTP/1.1 200) 4 headers in 157 bytes (1 switches on core 0)
Aug 24 09:46:30.434684 np0000007964 devstack@neutron-api.service[90835]: DEBUG neutron.api.v2.base [None req-0a2e63c3-f849-4527-aae2-eeca6c95115b admin admin] Request body: {'network': {'name': 'shared', 'shared': True, 'admin_state_up': True}} {{(pid=90835) prepare_request_body /opt/stack/neutron/neutron/api/v2/base.py:727}}
Aug 24 09:46:30.445807 np0000007964 devstack@neutron-api.service[90835]: DEBUG neutron.pecan_wsgi.hooks.quota_enforcement [None req-0a2e63c3-f849-4527-aae2-eeca6c95115b admin admin] Made reservation on behalf of add6e8f9c1b645bdb12eafc2981f6814 for: {'network': 1} {{(pid=90835) before /opt/stack/neutron/neutron/pecan_wsgi/hooks/quota_enforcement.py:66}}
Aug 24 09:46:30.448130 np0000007964 devstack@neutron-api.service[90835]: DEBUG neutron_lib.callbacks.manager [None req-0a2e63c3-f849-4527-aae2-eeca6c95115b admin admin] Publish callbacks ['neutron.plugins.ml2.plugin.SecurityGroupDbMixin._ensure_default_security_group_handler-45038'] for network (None), before_create {{(pid=90835) _notify_loop /opt/stack/data/venv/lib/python3.12/site-packages/neutron_lib/callbacks/manager.py:184}}
Aug 24 09:46:30.474055 np0000007964 devstack@neutron-api.service[90835]: WARNING neutron.services.revisions.revision_plugin [None req-0a2e63c3-f849-4527-aae2-eeca6c95115b admin admin] Could not find related network for resource to bump revision.
Aug 24 09:46:30.498993 np0000007964 devstack@neutron-api.service[90835]: DEBUG neutron.plugins.ml2.drivers.helpers [None req-0a2e63c3-f849-4527-aae2-eeca6c95115b admin admin] geneve segment allocate from pool success with {'geneve_vni': 37364} {{(pid=90835) allocate_partially_specified_segment /opt/stack/neutron/neutron/plugins/ml2/drivers/helpers.py:142}}
Aug 24 09:46:30.505101 np0000007964 devstack@neutron-api.service[90835]: DEBUG neutron_lib.callbacks.manager [None req-0a2e63c3-f849-4527-aae2-eeca6c95115b admin admin] Publish callbacks ['neutron.services.segments.db._add_segment_host_mapping_for_segment-7885857883470', 'neutron.plugins.ml2.plugin.Ml2Plugin._handle_segment_change-8213394'] for segment (81d2b27b-131f-431d-80c1-2c8962f4a1b8), precommit_create {{(pid=90835) _notify_loop /opt/stack/data/venv/lib/python3.12/site-packages/neutron_lib/callbacks/manager.py:184}}
Aug 24 09:46:30.505265 np0000007964 devstack@neutron-api.service[90835]: INFO neutron.db.segments_db [None req-0a2e63c3-f849-4527-aae2-eeca6c95115b admin admin] Added segment 81d2b27b-131f-431d-80c1-2c8962f4a1b8 of type geneve for network bc36fafd-30c5-4af8-94ae-e084b11b9fac
Aug 24 09:46:30.515948 np0000007964 devstack@neutron-api.service[90835]: DEBUG neutron_lib.callbacks.manager [None req-0a2e63c3-f849-4527-aae2-eeca6c95115b admin admin] Publish callbacks ['neutron.services.auto_allocate.db._ensure_external_network_default_value_callback-7885855245566'] for network (bc36fafd-30c5-4af8-94ae-e084b11b9fac), precommit_create {{(pid=90835) _notify_loop /opt/stack/data/venv/lib/python3.12/site-packages/neutron_lib/callbacks/manager.py:184}}
Aug 24 09:46:30.524990 np0000007964 devstack@neutron-api.service[90835]: DEBUG neutron.plugins.ml2.drivers.ovn.mech_driver.mech_driver [None req-0a2e63c3-f849-4527-aae2-eeca6c95115b admin admin] Validating network segment with type geneve, segmentation ID 37364, physical network None {{(pid=90835) _validate_network_segments /opt/stack/neutron/neutron/plugins/ml2/drivers/ovn/mech_driver/mech_driver.py:624}}
Aug 24 09:46:30.525115 np0000007964 devstack@neutron-api.service[90835]: DEBUG neutron.db.ovn_revision_numbers_db [None req-0a2e63c3-f849-4527-aae2-eeca6c95115b admin admin] create_initial_revision uuid=bc36fafd-30c5-4af8-94ae-e084b11b9fac, type=networks, rev=-1 {{(pid=90835) create_initial_revision /opt/stack/neutron/neutron/db/ovn_revision_numbers_db.py:98}}
Aug 24 09:46:30.530730 np0000007964 devstack@neutron-api.service[90835]: DEBUG neutron_lib.callbacks.manager [None req-0a2e63c3-f849-4527-aae2-eeca6c95115b admin admin] Publish callbacks ['neutron.plugins.ml2.ovo_rpc._ObjectChangeHandler.handle_event-6404051'] for network (bc36fafd-30c5-4af8-94ae-e084b11b9fac), after_create {{(pid=90835) _notify_loop /opt/stack/data/venv/lib/python3.12/site-packages/neutron_lib/callbacks/manager.py:184}}
Aug 24 09:46:30.541621 np0000007964 devstack@neutron-api.service[90835]: DEBUG neutron.api.rpc.handlers.resources_rpc [None req-0a2e63c3-f849-4527-aae2-eeca6c95115b admin admin] Pushing event updated for resources: {'Network': ['ID=bc36fafd-30c5-4af8-94ae-e084b11b9fac,revision_number=1']} {{(pid=90835) push /opt/stack/neutron/neutron/api/rpc/handlers/resources_rpc.py:237}}
Aug 24 09:46:30.544894 np0000007964 devstack@neutron-api.service[90835]: DEBUG ovsdbapp.backend.ovs_idl.transaction [None req-b715a00f-ef1a-4deb-b52c-ab88500ff8a2 None None] Running txn 7ae7cabc n=1 command(idx=0): CheckLivenessCommand(_result=None) {{(pid=90835) do_commit /opt/stack/data/venv/lib/python3.12/site-packages/ovsdbapp/backend/ovs_idl/transaction.py:91}}
Aug 24 09:46:30.552153 np0000007964 devstack@neutron-api.service[90836]: DEBUG ovsdbapp.backend.ovs_idl.event [None req-358784a1-3cae-43ec-831f-8f56bb9d02c5 None None] Matched UPDATE: ChassisAgentWriteEvent(events=('create', 'update'), table='Chassis_Private', conditions=None, old_conditions=None), priority=20 to row=Chassis_Private(uuid=d77d0c72-8c99-4363-b280-b5299db42e27, chassis=77d0a30e-9c74-46b4-937f-31a3f7ddf3ed, external_ids={'neutron:ovn-bridge': 'br-int', 'neutron:ovn-neutron-agent-id': '0d654d59-342e-5fd7-8100-1ed157953cba', 'neutron:ovn-neutron-agent-sb-cfg': '1'}, name='852afe15-4d3e-44a3-bc42-99ecdbb73ab2', nb_cfg=2, nb_cfg_timestamp=1787564790548) old=Chassis_Private(uuid=d77d0c72-8c99-4363-b280-b5299db42e27, nb_cfg=1, nb_cfg_timestamp=1787564719544) {{(pid=90836) matches /opt/stack/data/venv/lib/python3.12/site-packages/ovsdbapp/backend/ovs_idl/event.py:55}}
Aug 24 09:46:30.552828 np0000007964 devstack@neutron-api.service[90834]: DEBUG ovsdbapp.backend.ovs_idl.event [None req-464a6764-7291-4dd6-9427-7ba71555c2bf None None] Matched UPDATE: ChassisAgentWriteEvent(events=('create', 'update'), table='Chassis_Private', conditions=None, old_conditions=None), priority=20 to row=Chassis_Private(uuid=d77d0c72-8c99-4363-b280-b5299db42e27, chassis=77d0a30e-9c74-46b4-937f-31a3f7ddf3ed, external_ids={'neutron:ovn-bridge': 'br-int', 'neutron:ovn-neutron-agent-id': '0d654d59-342e-5fd7-8100-1ed157953cba', 'neutron:ovn-neutron-agent-sb-cfg': '1'}, name='852afe15-4d3e-44a3-bc42-99ecdbb73ab2', nb_cfg=2, nb_cfg_timestamp=1787564790548) old=Chassis_Private(uuid=d77d0c72-8c99-4363-b280-b5299db42e27, nb_cfg=1, nb_cfg_timestamp=1787564719544) {{(pid=90834) matches /opt/stack/data/venv/lib/python3.12/site-packages/ovsdbapp/backend/ovs_idl/event.py:55}}
Aug 24 09:46:30.553422 np0000007964 devstack@neutron-api.service[90835]: DEBUG ovsdbapp.backend.ovs_idl.event [None req-e5509dd9-6035-4e88-9b4e-515e67979db6 None None] Matched UPDATE: ChassisAgentWriteEvent(events=('create', 'update'), table='Chassis_Private', conditions=None, old_conditions=None), priority=20 to row=Chassis_Private(uuid=d77d0c72-8c99-4363-b280-b5299db42e27, chassis=77d0a30e-9c74-46b4-937f-31a3f7ddf3ed, external_ids={'neutron:ovn-bridge': 'br-int', 'neutron:ovn-neutron-agent-id': '0d654d59-342e-5fd7-8100-1ed157953cba', 'neutron:ovn-neutron-agent-sb-cfg': '1'}, name='852afe15-4d3e-44a3-bc42-99ecdbb73ab2', nb_cfg=2, nb_cfg_timestamp=1787564790548) old=Chassis_Private(uuid=d77d0c72-8c99-4363-b280-b5299db42e27, nb_cfg=1, nb_cfg_timestamp=1787564719544) {{(pid=90835) matches /opt/stack/data/venv/lib/python3.12/site-packages/ovsdbapp/backend/ovs_idl/event.py:55}}
Aug 24 09:46:30.554466 np0000007964 devstack@neutron-api.service[90833]: DEBUG ovsdbapp.backend.ovs_idl.event [None req-8e13ea5c-e138-45b8-8347-aa1c85d638a2 None None] Matched UPDATE: ChassisAgentWriteEvent(events=('create', 'update'), table='Chassis_Private', conditions=None, old_conditions=None), priority=20 to row=Chassis_Private(uuid=d77d0c72-8c99-4363-b280-b5299db42e27, chassis=77d0a30e-9c74-46b4-937f-31a3f7ddf3ed, external_ids={'neutron:ovn-bridge': 'br-int', 'neutron:ovn-neutron-agent-id': '0d654d59-342e-5fd7-8100-1ed157953cba', 'neutron:ovn-neutron-agent-sb-cfg': '1'}, name='852afe15-4d3e-44a3-bc42-99ecdbb73ab2', nb_cfg=2, nb_cfg_timestamp=1787564790548) old=Chassis_Private(uuid=d77d0c72-8c99-4363-b280-b5299db42e27, nb_cfg=1, nb_cfg_timestamp=1787564719544) {{(pid=90833) matches /opt/stack/data/venv/lib/python3.12/site-packages/ovsdbapp/backend/ovs_idl/event.py:55}}
Aug 24 09:46:30.557336 np0000007964 devstack@neutron-api.service[90834]: DEBUG neutron.common.ovn.hash_ring_manager [None req-761d05c6-b90f-4b04-8972-1d368f4a369e None None] Hash Ring loaded. 4 active nodes. 0 offline nodes {{(pid=90834) _load_hash_ring /opt/stack/neutron/neutron/common/ovn/hash_ring_manager.py:110}}
Aug 24 09:46:30.559763 np0000007964 devstack@neutron-api.service[90836]: DEBUG neutron.common.ovn.hash_ring_manager [None req-50482f5e-bb52-4e81-a464-5c0c2a5752ea None None] Hash Ring loaded. 4 active nodes. 0 offline nodes {{(pid=90836) _load_hash_ring /opt/stack/neutron/neutron/common/ovn/hash_ring_manager.py:110}}
Aug 24 09:46:30.560082 np0000007964 devstack@neutron-api.service[90833]: DEBUG neutron.common.ovn.hash_ring_manager [None req-c7c8b1c6-7a71-43c8-a11a-cfb280e8e1e1 None None] Hash Ring loaded. 4 active nodes. 0 offline nodes {{(pid=90833) _load_hash_ring /opt/stack/neutron/neutron/common/ovn/hash_ring_manager.py:110}}
Aug 24 09:46:30.560378 np0000007964 devstack@neutron-api.service[90836]: DEBUG neutron.plugins.ml2.drivers.ovn.mech_driver.ovsdb.ovsdb_monitor [None req-50482f5e-bb52-4e81-a464-5c0c2a5752ea None None] Hash Ring: Node c8f1dfba2778502cb745301ece2304cd (host: np0000007964) handling event "update" for row 7afc5bd0-5607-4321-8688-0a6f376669f3 (table: NB_Global) {{(pid=90836) notify /opt/stack/neutron/neutron/plugins/ml2/drivers/ovn/mech_driver/ovsdb/ovsdb_monitor.py:1099}}
Aug 24 09:46:30.561171 np0000007964 devstack@neutron-api.service[90836]: DEBUG neutron.plugins.ml2.drivers.ovn.mech_driver.ovsdb.ovsdb_monitor [None req-50482f5e-bb52-4e81-a464-5c0c2a5752ea None None] Hash Ring: Node c8f1dfba2778502cb745301ece2304cd (host: np0000007964) handling event "update" for row 7afc5bd0-5607-4321-8688-0a6f376669f3 (table: NB_Global) {{(pid=90836) notify /opt/stack/neutron/neutron/plugins/ml2/drivers/ovn/mech_driver/ovsdb/ovsdb_monitor.py:1099}}
Aug 24 09:46:30.561239 np0000007964 devstack@neutron-api.service[90835]: DEBUG neutron.common.ovn.hash_ring_manager [None req-b715a00f-ef1a-4deb-b52c-ab88500ff8a2 None None] Hash Ring loaded. 4 active nodes. 0 offline nodes {{(pid=90835) _load_hash_ring /opt/stack/neutron/neutron/common/ovn/hash_ring_manager.py:110}}
Aug 24 09:46:30.561546 np0000007964 devstack@neutron-api.service[90836]: DEBUG neutron.common.ovn.hash_ring_manager [None req-358784a1-3cae-43ec-831f-8f56bb9d02c5 None None] Hash Ring loaded. 4 active nodes. 0 offline nodes {{(pid=90836) _load_hash_ring /opt/stack/neutron/neutron/common/ovn/hash_ring_manager.py:110}}
Aug 24 09:46:30.561750 np0000007964 devstack@neutron-api.service[90833]: DEBUG neutron.common.ovn.hash_ring_manager [None req-8e13ea5c-e138-45b8-8347-aa1c85d638a2 None None] Hash Ring loaded. 4 active nodes. 0 offline nodes {{(pid=90833) _load_hash_ring /opt/stack/neutron/neutron/common/ovn/hash_ring_manager.py:110}}
Aug 24 09:46:30.562257 np0000007964 devstack@neutron-api.service[90836]: DEBUG neutron.plugins.ml2.drivers.ovn.mech_driver.ovsdb.ovsdb_monitor [None req-50482f5e-bb52-4e81-a464-5c0c2a5752ea None None] Hash Ring: Node c8f1dfba2778502cb745301ece2304cd (host: np0000007964) handling event "update" for row 7afc5bd0-5607-4321-8688-0a6f376669f3 (table: NB_Global) {{(pid=90836) notify /opt/stack/neutron/neutron/plugins/ml2/drivers/ovn/mech_driver/ovsdb/ovsdb_monitor.py:1099}}
Aug 24 09:46:30.562578 np0000007964 devstack@neutron-api.service[90835]: DEBUG neutron.common.ovn.hash_ring_manager [None req-e5509dd9-6035-4e88-9b4e-515e67979db6 None None] Hash Ring loaded. 4 active nodes. 0 offline nodes {{(pid=90835) _load_hash_ring /opt/stack/neutron/neutron/common/ovn/hash_ring_manager.py:110}}
Aug 24 09:46:30.562757 np0000007964 devstack@neutron-api.service[90836]: DEBUG neutron.plugins.ml2.drivers.ovn.mech_driver.ovsdb.ovsdb_monitor [None req-50482f5e-bb52-4e81-a464-5c0c2a5752ea None None] Hash Ring: Node c8f1dfba2778502cb745301ece2304cd (host: np0000007964) handling event "update" for row 7afc5bd0-5607-4321-8688-0a6f376669f3 (table: NB_Global) {{(pid=90836) notify /opt/stack/neutron/neutron/plugins/ml2/drivers/ovn/mech_driver/ovsdb/ovsdb_monitor.py:1099}}
Aug 24 09:46:30.562794 np0000007964 devstack@neutron-api.service[90835]: DEBUG neutron.plugins.ml2.drivers.ovn.mech_driver.ovsdb.ovsdb_monitor [None req-e5509dd9-6035-4e88-9b4e-515e67979db6 None None] Hash Ring: Node 885554a1cb0d5f95aed503e718afc789 (host: np0000007964) handling event "update" for row d77d0c72-8c99-4363-b280-b5299db42e27 (table: Chassis_Private) {{(pid=90835) notify /opt/stack/neutron/neutron/plugins/ml2/drivers/ovn/mech_driver/ovsdb/ovsdb_monitor.py:1099}}
Aug 24 09:46:30.563458 np0000007964 devstack@neutron-api.service[90835]: DEBUG ovsdbapp.backend.ovs_idl.transaction [None req-b715a00f-ef1a-4deb-b52c-ab88500ff8a2 None None] txn 7ae7cabc succeeded {{(pid=90835) do_commit /opt/stack/data/venv/lib/python3.12/site-packages/ovsdbapp/backend/ovs_idl/transaction.py:137}}
Aug 24 09:46:30.565783 np0000007964 devstack@neutron-api.service[90835]: DEBUG neutron.api.rpc.callbacks.version_manager [None req-0a2e63c3-f849-4527-aae2-eeca6c95115b admin admin] Tracked resource versions report:
Aug 24 09:46:30.565783 np0000007964 devstack@neutron-api.service[90835]: pushed versions:
Aug 24 09:46:30.565783 np0000007964 devstack@neutron-api.service[90835]: { 'AddressGroup': {'1.2'},
Aug 24 09:46:30.565783 np0000007964 devstack@neutron-api.service[90835]: 'Agent': {'1.1'},
Aug 24 09:46:30.565783 np0000007964 devstack@neutron-api.service[90835]: 'ConntrackHelper': {'1.0'},
Aug 24 09:46:30.565783 np0000007964 devstack@neutron-api.service[90835]: 'LocalIPAssociation': {'1.0'},
Aug 24 09:46:30.565783 np0000007964 devstack@neutron-api.service[90835]: 'Log': {'1.0'},
Aug 24 09:46:30.565783 np0000007964 devstack@neutron-api.service[90835]: 'NDPProxy': {'1.0'},
Aug 24 09:46:30.565783 np0000007964 devstack@neutron-api.service[90835]: 'Network': {'1.3'},
Aug 24 09:46:30.565783 np0000007964 devstack@neutron-api.service[90835]: 'Port': {'1.11'},
Aug 24 09:46:30.565783 np0000007964 devstack@neutron-api.service[90835]: 'PortForwarding': {'1.3'},
Aug 24 09:46:30.565783 np0000007964 devstack@neutron-api.service[90835]: 'QosPolicy': {'1.10'},
Aug 24 09:46:30.565783 np0000007964 devstack@neutron-api.service[90835]: 'SecurityGroup': {'1.6'},
Aug 24 09:46:30.565783 np0000007964 devstack@neutron-api.service[90835]: 'SecurityGroupRule': {'1.3'},
Aug 24 09:46:30.565783 np0000007964 devstack@neutron-api.service[90835]: 'SubPort': {'1.0'},
Aug 24 09:46:30.565783 np0000007964 devstack@neutron-api.service[90835]: 'Subnet': {'1.2'},
Aug 24 09:46:30.565783 np0000007964 devstack@neutron-api.service[90835]: 'Trunk': {'1.1'}}
Aug 24 09:46:30.565783 np0000007964 devstack@neutron-api.service[90835]: consumer versions:
Aug 24 09:46:30.565783 np0000007964 devstack@neutron-api.service[90835]: { OVN Neutron agent@np0000007964: {},
Aug 24 09:46:30.565783 np0000007964 devstack@neutron-api.service[90835]: OVN Controller Gateway agent@np0000007964: {}}
Aug 24 09:46:30.565783 np0000007964 devstack@neutron-api.service[90835]: {{(pid=90835) report /opt/stack/neutron/neutron/api/rpc/callbacks/version_manager.py:183}}
Aug 24 09:46:30.574084 np0000007964 devstack@neutron-api.service[90835]: DEBUG ovsdbapp.backend.ovs_idl.transaction [None req-b715a00f-ef1a-4deb-b52c-ab88500ff8a2 None None] Running txn a73d471c n=1 command(idx=0): AddNetworkCommand(_result=None, network_uuid=bc36fafd-30c5-4af8-94ae-e084b11b9fac, may_exist=True, columns={'external_ids': {'neutron:network_name': 'shared', 'neutron:mtu': '1372', 'neutron:revision_number': '1', 'neutron:availability_zone_hints': '', 'neutron:provnet-network-type': 'geneve'}, 'other_config': {'mcast_snoop': 'false', 'mcast_flood_unregistered': 'false', 'vlan-passthru': 'false'}}) {{(pid=90835) do_commit /opt/stack/data/venv/lib/python3.12/site-packages/ovsdbapp/backend/ovs_idl/transaction.py:91}}
Aug 24 09:46:30.576344 np0000007964 devstack@neutron-api.service[90835]: DEBUG neutron.plugins.ml2.drivers.ovn.mech_driver.ovsdb.ovsdb_monitor [None req-b715a00f-ef1a-4deb-b52c-ab88500ff8a2 None None] Hash Ring: Node 885554a1cb0d5f95aed503e718afc789 (host: np0000007964) handling event "create" for row bc36fafd-30c5-4af8-94ae-e084b11b9fac (table: Logical_Switch) {{(pid=90835) notify /opt/stack/neutron/neutron/plugins/ml2/drivers/ovn/mech_driver/ovsdb/ovsdb_monitor.py:1099}}
Aug 24 09:46:30.576825 np0000007964 devstack@neutron-api.service[90835]: DEBUG ovsdbapp.backend.ovs_idl.transaction [None req-b715a00f-ef1a-4deb-b52c-ab88500ff8a2 None None] txn a73d471c succeeded {{(pid=90835) do_commit /opt/stack/data/venv/lib/python3.12/site-packages/ovsdbapp/backend/ovs_idl/transaction.py:137}}
Aug 24 09:46:30.579721 np0000007964 devstack@neutron-api.service[90833]: DEBUG neutron.plugins.ml2.drivers.ovn.mech_driver.ovsdb.ovsdb_monitor [None req-8e13ea5c-e138-45b8-8347-aa1c85d638a2 None None] Hash Ring: Node 8d687fc18ff251ceba15269efbc48a2f (host: np0000007964) handling event "create" for row 77561ca4-078e-4e99-af2b-b1a04a8d5588 (table: Datapath_Binding) {{(pid=90833) notify /opt/stack/neutron/neutron/plugins/ml2/drivers/ovn/mech_driver/ovsdb/ovsdb_monitor.py:1099}}
Aug 24 09:46:30.589825 np0000007964 devstack@neutron-api.service[90834]: DEBUG neutron.common.ovn.hash_ring_manager [None req-464a6764-7291-4dd6-9427-7ba71555c2bf None None] Hash Ring loaded. 4 active nodes. 0 offline nodes {{(pid=90834) _load_hash_ring /opt/stack/neutron/neutron/common/ovn/hash_ring_manager.py:110}}
Aug 24 09:46:30.595693 np0000007964 devstack@neutron-api.service[90835]: INFO neutron.db.ovn_revision_numbers_db [None req-0a2e63c3-f849-4527-aae2-eeca6c95115b admin admin] Successfully bumped revision number for resource bc36fafd-30c5-4af8-94ae-e084b11b9fac (type: networks) to 1
Aug 24 09:46:30.605661 np0000007964 devstack@neutron-api.service[90835]: DEBUG neutron_lib.callbacks.manager [None req-0a2e63c3-f849-4527-aae2-eeca6c95115b admin admin] Publish callbacks ['neutron.plugins.ml2.plugin.SecurityGroupDbMixin._ensure_default_security_group_handler-45038'] for port (None), before_create {{(pid=90835) _notify_loop /opt/stack/data/venv/lib/python3.12/site-packages/neutron_lib/callbacks/manager.py:184}}
Aug 24 09:46:30.665722 np0000007964 devstack@neutron-api.service[90835]: DEBUG neutron_lib.callbacks.manager [None req-0a2e63c3-f849-4527-aae2-eeca6c95115b admin admin] Publish callbacks ['neutron.plugins.ml2.drivers.ovn.mech_driver.mech_driver.OVNMechanismDriver._validate_allowed_address_pairs-346612'] for allowed_address_pair (32c0cf80-56dd-4a22-ad9c-aecdee47b8e7), before_create {{(pid=90835) _notify_loop /opt/stack/data/venv/lib/python3.12/site-packages/neutron_lib/callbacks/manager.py:184}}
Aug 24 09:46:30.666159 np0000007964 devstack@neutron-api.service[90835]: DEBUG neutron_lib.callbacks.manager [None req-0a2e63c3-f849-4527-aae2-eeca6c95115b admin admin] Publish callbacks [] for port (32c0cf80-56dd-4a22-ad9c-aecdee47b8e7), precommit_create {{(pid=90835) _notify_loop /opt/stack/data/venv/lib/python3.12/site-packages/neutron_lib/callbacks/manager.py:184}}
Aug 24 09:46:30.666310 np0000007964 devstack@neutron-api.service[90835]: DEBUG neutron.plugins.ml2.drivers.ovn.mech_driver.mech_driver [None req-0a2e63c3-f849-4527-aae2-eeca6c95115b admin admin] No provisioning block for port 32c0cf80-56dd-4a22-ad9c-aecdee47b8e7 since it does not have a host {{(pid=90835) _is_port_provisioning_required /opt/stack/neutron/neutron/plugins/ml2/drivers/ovn/mech_driver/mech_driver.py:877}}
Aug 24 09:46:30.666413 np0000007964 devstack@neutron-api.service[90835]: DEBUG neutron.db.ovn_revision_numbers_db [None req-0a2e63c3-f849-4527-aae2-eeca6c95115b admin admin] create_initial_revision uuid=32c0cf80-56dd-4a22-ad9c-aecdee47b8e7, type=ports, rev=-1 {{(pid=90835) create_initial_revision /opt/stack/neutron/neutron/db/ovn_revision_numbers_db.py:98}}
Aug 24 09:46:30.691156 np0000007964 devstack@neutron-api.service[90835]: DEBUG neutron_lib.callbacks.manager [None req-0a2e63c3-f849-4527-aae2-eeca6c95115b admin admin] Publish callbacks ['neutron.plugins.ml2.ovo_rpc._ObjectChangeHandler.handle_event-6404034'] for port (32c0cf80-56dd-4a22-ad9c-aecdee47b8e7), after_create {{(pid=90835) _notify_loop /opt/stack/data/venv/lib/python3.12/site-packages/neutron_lib/callbacks/manager.py:184}}
Aug 24 09:46:30.720291 np0000007964 devstack@neutron-api.service[90835]: DEBUG neutron.api.rpc.handlers.resources_rpc [None req-0a2e63c3-f849-4527-aae2-eeca6c95115b admin admin] Pushing event updated for resources: {'Port': ['ID=32c0cf80-56dd-4a22-ad9c-aecdee47b8e7,revision_number=1']} {{(pid=90835) push /opt/stack/neutron/neutron/api/rpc/handlers/resources_rpc.py:237}}
Aug 24 09:46:30.725342 np0000007964 devstack@neutron-api.service[90835]: DEBUG neutron.plugins.ml2.drivers.ovn.mech_driver.ovsdb.commands [None req-0a2e63c3-f849-4527-aae2-eeca6c95115b admin admin] Converting tag [] to a tag_request {{(pid=90835) _tag_column_to_tag_request /opt/stack/neutron/neutron/plugins/ml2/drivers/ovn/mech_driver/ovsdb/commands.py:227}}
Aug 24 09:46:30.725822 np0000007964 devstack@neutron-api.service[90835]: DEBUG ovsdbapp.backend.ovs_idl.transaction [None req-b715a00f-ef1a-4deb-b52c-ab88500ff8a2 None None] Running txn 37fc4cbd n=1 command(idx=0): AddLSwitchPortCommand(_result=None, lport=32c0cf80-56dd-4a22-ad9c-aecdee47b8e7, lswitch=neutron-bc36fafd-30c5-4af8-94ae-e084b11b9fac, may_exist=True, network_uuid=bc36fafd-30c5-4af8-94ae-e084b11b9fac, columns={'addresses': ['fa:16:3e:89:f4:78'], 'external_ids': {'neutron:port_name': '', 'neutron:device_id': 'ovnmeta-bc36fafd-30c5-4af8-94ae-e084b11b9fac', 'neutron:project_id': 'add6e8f9c1b645bdb12eafc2981f6814', 'neutron:cidrs': '', 'neutron:device_owner': 'network:distributed', 'neutron:subnet_pool_addr_scope4': '', 'neutron:subnet_pool_addr_scope6': '', 'neutron:network_name': 'neutron-bc36fafd-30c5-4af8-94ae-e084b11b9fac', 'neutron:security_group_ids': '', 'neutron:revision_number': '1', 'neutron:vnic_type': 'normal', 'neutron:port_capabilities': '', 'neutron:mtu': '1372'}, 'parent_name': [], 'enabled': True, 'options': {}, 'type': 'localport', 'port_security': [], 'dhcpv4_options': [], 'dhcpv6_options': [], 'tag_request': []}) {{(pid=90835) do_commit /opt/stack/data/venv/lib/python3.12/site-packages/ovsdbapp/backend/ovs_idl/transaction.py:91}}
Aug 24 09:46:30.726268 np0000007964 devstack@neutron-api.service[90835]: DEBUG ovsdbapp.backend.ovs_idl.transaction [None req-b715a00f-ef1a-4deb-b52c-ab88500ff8a2 None None] Running txn 37fc4cbd n=1 command(idx=1): QoSDelCommand(_result=None, switch=neutron-bc36fafd-30c5-4af8-94ae-e084b11b9fac, conditions=[('direction', '=', 'to-lport'), ('priority', '=', 2002), ('match', '=', 'outport == "32c0cf80-56dd-4a22-ad9c-aecdee47b8e7"')], if_exists=True) {{(pid=90835) do_commit /opt/stack/data/venv/lib/python3.12/site-packages/ovsdbapp/backend/ovs_idl/transaction.py:91}}
Aug 24 09:46:30.726439 np0000007964 devstack@neutron-api.service[90835]: DEBUG ovsdbapp.backend.ovs_idl.transaction [None req-b715a00f-ef1a-4deb-b52c-ab88500ff8a2 None None] Running txn 37fc4cbd n=1 command(idx=2): QoSDelCommand(_result=None, switch=neutron-bc36fafd-30c5-4af8-94ae-e084b11b9fac, conditions=[('direction', '=', 'from-lport'), ('priority', '=', 2002), ('match', '=', 'inport == "32c0cf80-56dd-4a22-ad9c-aecdee47b8e7"')], if_exists=True) {{(pid=90835) do_commit /opt/stack/data/venv/lib/python3.12/site-packages/ovsdbapp/backend/ovs_idl/transaction.py:91}}
Aug 24 09:46:30.728538 np0000007964 devstack@neutron-api.service[90835]: DEBUG neutron.plugins.ml2.drivers.ovn.mech_driver.ovsdb.ovsdb_monitor [None req-b715a00f-ef1a-4deb-b52c-ab88500ff8a2 None None] Hash Ring: Node 885554a1cb0d5f95aed503e718afc789 (host: np0000007964) handling event "update" for row bc36fafd-30c5-4af8-94ae-e084b11b9fac (table: Logical_Switch) {{(pid=90835) notify /opt/stack/neutron/neutron/plugins/ml2/drivers/ovn/mech_driver/ovsdb/ovsdb_monitor.py:1099}}
Aug 24 09:46:30.728738 np0000007964 devstack@neutron-api.service[90835]: DEBUG neutron.plugins.ml2.drivers.ovn.mech_driver.ovsdb.ovsdb_monitor [None req-b715a00f-ef1a-4deb-b52c-ab88500ff8a2 None None] Hash Ring: Node 885554a1cb0d5f95aed503e718afc789 (host: np0000007964) handling event "create" for row 158e5b32-6a16-4894-9e89-2e0bed976b73 (table: Logical_Switch_Port) {{(pid=90835) notify /opt/stack/neutron/neutron/plugins/ml2/drivers/ovn/mech_driver/ovsdb/ovsdb_monitor.py:1099}}
Aug 24 09:46:30.729501 np0000007964 devstack@neutron-api.service[90835]: DEBUG ovsdbapp.backend.ovs_idl.event [None req-b715a00f-ef1a-4deb-b52c-ab88500ff8a2 None None] Matched CREATE: LogicalSwitchPortCreateEvent(events=('create',), table='Logical_Switch_Port', conditions=[], old_conditions=None), priority=20 to row=Logical_Switch_Port(uuid=158e5b32-6a16-4894-9e89-2e0bed976b73, addresses=['fa:16:3e:89:f4:78'], dhcpv4_options=[], dhcpv6_options=[], dynamic_addresses=[], enabled=True, external_ids={'neutron:cidrs': '', 'neutron:device_id': 'ovnmeta-bc36fafd-30c5-4af8-94ae-e084b11b9fac', 'neutron:device_owner': 'network:distributed', 'neutron:mtu': '1372', 'neutron:network_name': 'neutron-bc36fafd-30c5-4af8-94ae-e084b11b9fac', 'neutron:port_capabilities': '', 'neutron:port_name': '', 'neutron:project_id': 'add6e8f9c1b645bdb12eafc2981f6814', 'neutron:revision_number': '1', 'neutron:security_group_ids': '', 'neutron:subnet_pool_addr_scope4': '', 'neutron:subnet_pool_addr_scope6': '', 'neutron:vnic_type': 'normal'}, ha_chassis_group=[], mirror_rules=[], name='32c0cf80-56dd-4a22-ad9c-aecdee47b8e7', options={}, parent_name=[], port_security=[], tag=[], tag_request=[], type='localport', up=[]) old= {{(pid=90835) matches /opt/stack/data/venv/lib/python3.12/site-packages/ovsdbapp/backend/ovs_idl/event.py:55}}
Aug 24 09:46:30.730294 np0000007964 devstack@neutron-api.service[90835]: DEBUG ovsdbapp.backend.ovs_idl.transaction [None req-b715a00f-ef1a-4deb-b52c-ab88500ff8a2 None None] txn 37fc4cbd succeeded {{(pid=90835) do_commit /opt/stack/data/venv/lib/python3.12/site-packages/ovsdbapp/backend/ovs_idl/transaction.py:137}}
Aug 24 09:46:30.733776 np0000007964 devstack@neutron-api.service[90835]: INFO neutron.plugins.ml2.drivers.ovn.mech_driver.mech_driver [None req-87d8e52a-3632-478a-8003-b1fd86d9270f None None] OVN reports status down for port: 32c0cf80-56dd-4a22-ad9c-aecdee47b8e7
Aug 24 09:46:30.734445 np0000007964 devstack@neutron-api.service[90835]: DEBUG neutron.plugins.ml2.drivers.ovn.mech_driver.ovsdb.ovsdb_monitor [None req-b715a00f-ef1a-4deb-b52c-ab88500ff8a2 None None] Hash Ring: Node 885554a1cb0d5f95aed503e718afc789 (host: np0000007964) handling event "update" for row 158e5b32-6a16-4894-9e89-2e0bed976b73 (table: Logical_Switch_Port) {{(pid=90835) notify /opt/stack/neutron/neutron/plugins/ml2/drivers/ovn/mech_driver/ovsdb/ovsdb_monitor.py:1099}}
Aug 24 09:46:30.744448 np0000007964 devstack@neutron-api.service[90835]: DEBUG neutron.plugins.ml2.drivers.ovn.mech_driver.ovsdb.ovsdb_monitor [None req-e5509dd9-6035-4e88-9b4e-515e67979db6 None None] Hash Ring: Node 885554a1cb0d5f95aed503e718afc789 (host: np0000007964) handling event "create" for row b888215b-cde9-478d-afdf-a80b30b5adbc (table: Port_Binding) {{(pid=90835) notify /opt/stack/neutron/neutron/plugins/ml2/drivers/ovn/mech_driver/ovsdb/ovsdb_monitor.py:1099}}
Aug 24 09:46:30.771001 np0000007964 devstack@neutron-api.service[90835]: INFO neutron.db.ovn_revision_numbers_db [None req-0a2e63c3-f849-4527-aae2-eeca6c95115b admin admin] Successfully bumped revision number for resource 32c0cf80-56dd-4a22-ad9c-aecdee47b8e7 (type: ports) to 1
Aug 24 09:46:30.772492 np0000007964 devstack@neutron-api.service[90835]: DEBUG neutron.db.provisioning_blocks [None req-87d8e52a-3632-478a-8003-b1fd86d9270f None None] Transition to ACTIVE for port object 32c0cf80-56dd-4a22-ad9c-aecdee47b8e7 will not be triggered until provisioned by entity L2. {{(pid=90835) add_provisioning_component /opt/stack/neutron/neutron/db/provisioning_blocks.py:74}}
Aug 24 09:46:30.777533 np0000007964 devstack@neutron-api.service[90835]: DEBUG neutron.pecan_wsgi.hooks.policy_enforcement [None req-0a2e63c3-f849-4527-aae2-eeca6c95115b admin admin] Attributes excluded by policy engine: ['standard_attr_id'] {{(pid=90835) _exclude_attributes_by_policy /opt/stack/neutron/neutron/pecan_wsgi/hooks/policy_enforcement.py:259}}
Aug 24 09:46:30.777878 np0000007964 devstack@neutron-api.service[90835]: DEBUG neutron_lib.callbacks.manager [None req-0a2e63c3-f849-4527-aae2-eeca6c95115b admin admin] Publish callbacks [] for network (None), before_response {{(pid=90835) _notify_loop /opt/stack/data/venv/lib/python3.12/site-packages/neutron_lib/callbacks/manager.py:184}}
Aug 24 09:46:30.791594 np0000007964 devstack@neutron-api.service[90835]: [pid: 90835|app: 0|req: 9/37] 10.4.3.86 () {68 vars in 1319 bytes} [Mon Aug 24 09:46:30 2026] POST /networking/v2.0/networks => generated 679 bytes in 359 msecs (HTTP/1.1 201) 4 headers in 162 bytes (1 switches on core 0)
Aug 24 09:46:30.796416 np0000007964 devstack@neutron-api.service[90835]: DEBUG neutron.plugins.ml2.plugin [None req-87d8e52a-3632-478a-8003-b1fd86d9270f None None] Current status of the port 32c0cf80-56dd-4a22-ad9c-aecdee47b8e7 is: DOWN; New status is: DOWN {{(pid=90835) _update_individual_port_db_status /opt/stack/neutron/neutron/plugins/ml2/plugin.py:2473}}
Aug 24 09:46:30.797715 np0000007964 devstack@neutron-api.service[90835]: DEBUG ovsdbapp.backend.ovs_idl.transaction [None req-b715a00f-ef1a-4deb-b52c-ab88500ff8a2 None None] Running txn cd8b0bdd n=1 command(idx=0): DbRemoveCommand(_result=None, table=Logical_Switch_Port, record=32c0cf80-56dd-4a22-ad9c-aecdee47b8e7, column=external_ids, values=('neutron:host_id',), keyvalues={}, if_exists=True) {{(pid=90835) do_commit /opt/stack/data/venv/lib/python3.12/site-packages/ovsdbapp/backend/ovs_idl/transaction.py:91}}
Aug 24 09:46:30.798947 np0000007964 devstack@neutron-api.service[90835]: DEBUG ovsdbapp.backend.ovs_idl.transaction [None req-b715a00f-ef1a-4deb-b52c-ab88500ff8a2 None None] txn cd8b0bdd succeeded {{(pid=90835) do_commit /opt/stack/data/venv/lib/python3.12/site-packages/ovsdbapp/backend/ovs_idl/transaction.py:137}}
Aug 24 09:46:30.969775 np0000007964 devstack@neutron-api.service[90836]: INFO neutron.pecan_wsgi.hooks.translation [None req-8ce46112-980e-4e0c-869e-66c61f3cfb61 admin admin] GET failed (client error): The resource could not be found.
Aug 24 09:46:30.970394 np0000007964 devstack@neutron-api.service[90836]: [pid: 90836|app: 0|req: 11/38] 10.4.3.86 () {64 vars in 1287 bytes} [Mon Aug 24 09:46:30 2026] GET /networking/v2.0/networks/shared => generated 108 bytes in 7 msecs (HTTP/1.1 404) 4 headers in 164 bytes (1 switches on core 0)
Aug 24 09:46:31.003180 np0000007964 devstack@neutron-api.service[90834]: DEBUG neutron.pecan_wsgi.hooks.policy_enforcement [None req-a2861987-e9e8-4968-9210-bc17aecc4062 admin admin] Attributes excluded by policy engine: ['standard_attr_id'] {{(pid=90834) _exclude_attributes_by_policy /opt/stack/neutron/neutron/pecan_wsgi/hooks/policy_enforcement.py:259}}
Aug 24 09:46:31.003784 np0000007964 devstack@neutron-api.service[90834]: [pid: 90834|app: 0|req: 10/39] 10.4.3.86 () {64 vars in 1302 bytes} [Mon Aug 24 09:46:30 2026] GET /networking/v2.0/networks?name=shared => generated 663 bytes in 28 msecs (HTTP/1.1 200) 4 headers in 157 bytes (1 switches on core 0)
Aug 24 09:46:31.016249 np0000007964 devstack@neutron-api.service[90833]: DEBUG neutron.api.v2.base [None req-4a79a7f9-793e-47d3-a9a4-d36b3dbb7e5c admin admin] Request body: {'subnet': {'network_id': 'bc36fafd-30c5-4af8-94ae-e084b11b9fac', 'ip_version': 4, 'name': 'shared-subnet', 'description': 'shared-subnet', 'cidr': '192.168.233.0/24'}} {{(pid=90833) prepare_request_body /opt/stack/neutron/neutron/api/v2/base.py:727}}
Aug 24 09:46:31.030493 np0000007964 devstack@neutron-api.service[90833]: DEBUG neutron.pecan_wsgi.hooks.quota_enforcement [None req-4a79a7f9-793e-47d3-a9a4-d36b3dbb7e5c admin admin] Made reservation on behalf of add6e8f9c1b645bdb12eafc2981f6814 for: {'subnet': 1} {{(pid=90833) before /opt/stack/neutron/neutron/pecan_wsgi/hooks/quota_enforcement.py:66}}
Aug 24 09:46:31.033482 np0000007964 devstack@neutron-api.service[90833]: DEBUG neutron_lib.callbacks.manager [None req-4a79a7f9-793e-47d3-a9a4-d36b3dbb7e5c admin admin] Publish callbacks [] for subnet (None), before_create {{(pid=90833) _notify_loop /opt/stack/data/venv/lib/python3.12/site-packages/neutron_lib/callbacks/manager.py:184}}
Aug 24 09:46:31.084994 np0000007964 devstack@neutron-api.service[90833]: DEBUG neutron.db.ovn_revision_numbers_db [None req-4a79a7f9-793e-47d3-a9a4-d36b3dbb7e5c admin admin] create_initial_revision uuid=5ea8b16c-39be-435a-9dfc-8e71a8571265, type=subnets, rev=-1 {{(pid=90833) create_initial_revision /opt/stack/neutron/neutron/db/ovn_revision_numbers_db.py:98}}
Aug 24 09:46:31.089045 np0000007964 devstack@neutron-api.service[90833]: DEBUG neutron_lib.callbacks.manager [None req-4a79a7f9-793e-47d3-a9a4-d36b3dbb7e5c admin admin] Publish callbacks ['neutron.plugins.ml2.ovo_rpc._ObjectChangeHandler.handle_event-6909233'] for subnet (5ea8b16c-39be-435a-9dfc-8e71a8571265), after_create {{(pid=90833) _notify_loop /opt/stack/data/venv/lib/python3.12/site-packages/neutron_lib/callbacks/manager.py:184}}
Aug 24 09:46:31.101080 np0000007964 devstack@neutron-api.service[90833]: DEBUG neutron.api.rpc.handlers.resources_rpc [None req-4a79a7f9-793e-47d3-a9a4-d36b3dbb7e5c admin admin] Pushing event updated for resources: {'Subnet': ['ID=5ea8b16c-39be-435a-9dfc-8e71a8571265,revision_number=0']} {{(pid=90833) push /opt/stack/neutron/neutron/api/rpc/handlers/resources_rpc.py:237}}
