Jul 27 14:58:52.022116 np0000005918 devstack@g-api.service[103109]: DEBUG glance.common.config [None req-cedf219b-680b-44e5-80a3-9433e934d03f None None] database.pool_timeout = None {{(pid=103109) log_opt_values /opt/stack/data/venv/lib/python3.12/site-packages/oslo_config/cfg.py:3253}}
Jul 27 14:58:52.022147 np0000005918 devstack@g-api.service[103110]: DEBUG glance.common.config [None req-dcdf6783-f289-4402-81e0-80509bc0e5e3 None None] database.backend = sqlalchemy {{(pid=103110) log_opt_values /opt/stack/data/venv/lib/python3.12/site-packages/oslo_config/cfg.py:3253}}
Jul 27 14:58:52.022173 np0000005918 devstack@g-api.service[103109]: DEBUG glance.common.config [None req-cedf219b-680b-44e5-80a3-9433e934d03f None None] database.retry_interval = 10 {{(pid=103109) log_opt_values /opt/stack/data/venv/lib/python3.12/site-packages/oslo_config/cfg.py:3253}}
Jul 27 14:58:52.022198 np0000005918 devstack@g-api.service[103110]: DEBUG glance.common.config [None req-dcdf6783-f289-4402-81e0-80509bc0e5e3 None None] database.connection = **** {{(pid=103110) log_opt_values /opt/stack/data/venv/lib/python3.12/site-packages/oslo_config/cfg.py:3253}}
Jul 27 14:58:52.022228 np0000005918 devstack@g-api.service[103109]: DEBUG glance.common.config [None req-cedf219b-680b-44e5-80a3-9433e934d03f None None] database.slave_connection = **** {{(pid=103109) log_opt_values /opt/stack/data/venv/lib/python3.12/site-packages/oslo_config/cfg.py:3253}}
Jul 27 14:58:52.022254 np0000005918 devstack@g-api.service[103110]: DEBUG glance.common.config [None req-dcdf6783-f289-4402-81e0-80509bc0e5e3 None None] database.connection_debug = 0 {{(pid=103110) log_opt_values /opt/stack/data/venv/lib/python3.12/site-packages/oslo_config/cfg.py:3253}}
Jul 27 14:58:52.022297 np0000005918 devstack@g-api.service[103109]: DEBUG glance.common.config [None req-cedf219b-680b-44e5-80a3-9433e934d03f None None] database.sqlite_synchronous = True {{(pid=103109) log_opt_values /opt/stack/data/venv/lib/python3.12/site-packages/oslo_config/cfg.py:3253}}
Jul 27 14:58:52.022329 np0000005918 devstack@g-api.service[103110]: DEBUG glance.common.config [None req-dcdf6783-f289-4402-81e0-80509bc0e5e3 None None] database.connection_parameters = {{(pid=103110) log_opt_values /opt/stack/data/venv/lib/python3.12/site-packages/oslo_config/cfg.py:3253}}
Jul 27 14:58:52.022359 np0000005918 devstack@g-api.service[103109]: DEBUG glance.common.config [None req-cedf219b-680b-44e5-80a3-9433e934d03f None None] database.synchronous_reader = True {{(pid=103109) log_opt_values /opt/stack/data/venv/lib/python3.12/site-packages/oslo_config/cfg.py:3253}}
Jul 27 14:58:52.022386 np0000005918 devstack@g-api.service[103110]: DEBUG glance.common.config [None req-dcdf6783-f289-4402-81e0-80509bc0e5e3 None None] database.connection_recycle_time = 3600 {{(pid=103110) log_opt_values /opt/stack/data/venv/lib/python3.12/site-packages/oslo_config/cfg.py:3253}}
Jul 27 14:58:52.022411 np0000005918 devstack@g-api.service[103109]: DEBUG glance.common.config [None req-cedf219b-680b-44e5-80a3-9433e934d03f None None] database.use_db_reconnect = False {{(pid=103109) log_opt_values /opt/stack/data/venv/lib/python3.12/site-packages/oslo_config/cfg.py:3253}}
Jul 27 14:58:52.022437 np0000005918 devstack@g-api.service[103110]: DEBUG glance.common.config [None req-dcdf6783-f289-4402-81e0-80509bc0e5e3 None None] database.connection_trace = False {{(pid=103110) log_opt_values /opt/stack/data/venv/lib/python3.12/site-packages/oslo_config/cfg.py:3253}}
Jul 27 14:58:52.022478 np0000005918 devstack@g-api.service[103109]: DEBUG glance.common.config [None req-cedf219b-680b-44e5-80a3-9433e934d03f None None] healthcheck.allowed_source_ranges = [] {{(pid=103109) log_opt_values /opt/stack/data/venv/lib/python3.12/site-packages/oslo_config/cfg.py:3253}}
Jul 27 14:58:52.022507 np0000005918 devstack@g-api.service[103110]: DEBUG glance.common.config [None req-dcdf6783-f289-4402-81e0-80509bc0e5e3 None None] database.db_inc_retry_interval = True {{(pid=103110) log_opt_values /opt/stack/data/venv/lib/python3.12/site-packages/oslo_config/cfg.py:3253}}
Jul 27 14:58:52.022536 np0000005918 devstack@g-api.service[103109]: DEBUG glance.common.config [None req-cedf219b-680b-44e5-80a3-9433e934d03f None None] healthcheck.backends = ['disable_by_file'] {{(pid=103109) log_opt_values /opt/stack/data/venv/lib/python3.12/site-packages/oslo_config/cfg.py:3253}}
Jul 27 14:58:52.022563 np0000005918 devstack@g-api.service[103110]: DEBUG glance.common.config [None req-dcdf6783-f289-4402-81e0-80509bc0e5e3 None None] database.db_max_retries = 20 {{(pid=103110) log_opt_values /opt/stack/data/venv/lib/python3.12/site-packages/oslo_config/cfg.py:3253}}
Jul 27 14:58:52.022588 np0000005918 devstack@g-api.service[103109]: DEBUG glance.common.config [None req-cedf219b-680b-44e5-80a3-9433e934d03f None None] healthcheck.detailed = False {{(pid=103109) log_opt_values /opt/stack/data/venv/lib/python3.12/site-packages/oslo_config/cfg.py:3253}}
Jul 27 14:58:52.022625 np0000005918 devstack@g-api.service[103110]: DEBUG glance.common.config [None req-dcdf6783-f289-4402-81e0-80509bc0e5e3 None None] database.db_max_retry_interval = 10 {{(pid=103110) log_opt_values /opt/stack/data/venv/lib/python3.12/site-packages/oslo_config/cfg.py:3253}}
Jul 27 14:58:52.022659 np0000005918 devstack@g-api.service[103109]: DEBUG glance.common.config [None req-cedf219b-680b-44e5-80a3-9433e934d03f None None] healthcheck.disable_by_file_path = None {{(pid=103109) log_opt_values /opt/stack/data/venv/lib/python3.12/site-packages/oslo_config/cfg.py:3253}}
Jul 27 14:58:52.022686 np0000005918 devstack@g-api.service[103110]: DEBUG glance.common.config [None req-dcdf6783-f289-4402-81e0-80509bc0e5e3 None None] database.db_retry_interval = 1 {{(pid=103110) log_opt_values /opt/stack/data/venv/lib/python3.12/site-packages/oslo_config/cfg.py:3253}}
Jul 27 14:58:52.022719 np0000005918 devstack@g-api.service[103109]: DEBUG glance.common.config [None req-cedf219b-680b-44e5-80a3-9433e934d03f None None] healthcheck.ignore_proxied_requests = False {{(pid=103109) log_opt_values /opt/stack/data/venv/lib/python3.12/site-packages/oslo_config/cfg.py:3253}}
Jul 27 14:58:52.022749 np0000005918 devstack@g-api.service[103110]: DEBUG glance.common.config [None req-dcdf6783-f289-4402-81e0-80509bc0e5e3 None None] database.max_overflow = 50 {{(pid=103110) log_opt_values /opt/stack/data/venv/lib/python3.12/site-packages/oslo_config/cfg.py:3253}}
Jul 27 14:58:52.022781 np0000005918 devstack@g-api.service[103109]: DEBUG glance.common.config [None req-cedf219b-680b-44e5-80a3-9433e934d03f None None] ******************************************************************************** {{(pid=103109) log_opt_values /opt/stack/data/venv/lib/python3.12/site-packages/oslo_config/cfg.py:3260}}
Jul 27 14:58:52.022808 np0000005918 devstack@g-api.service[103110]: DEBUG glance.common.config [None req-dcdf6783-f289-4402-81e0-80509bc0e5e3 None None] database.max_pool_size = 5 {{(pid=103110) log_opt_values /opt/stack/data/venv/lib/python3.12/site-packages/oslo_config/cfg.py:3253}}
Jul 27 14:58:52.022841 np0000005918 devstack@g-api.service[103109]: WSGI app 0 (mountpoint='') ready in 3 seconds on interpreter 0x7e19c08a4668 pid: 103109 (default app)
Jul 27 14:58:52.022871 np0000005918 devstack@g-api.service[103110]: DEBUG glance.common.config [None req-dcdf6783-f289-4402-81e0-80509bc0e5e3 None None] database.max_retries = 10 {{(pid=103110) log_opt_values /opt/stack/data/venv/lib/python3.12/site-packages/oslo_config/cfg.py:3253}}
Jul 27 14:58:52.022871 np0000005918 devstack@g-api.service[103110]: DEBUG glance.common.config [None req-dcdf6783-f289-4402-81e0-80509bc0e5e3 None None] database.mysql_sql_mode = TRADITIONAL {{(pid=103110) log_opt_values /opt/stack/data/venv/lib/python3.12/site-packages/oslo_config/cfg.py:3253}}
Jul 27 14:58:52.022871 np0000005918 devstack@g-api.service[103110]: DEBUG glance.common.config [None req-dcdf6783-f289-4402-81e0-80509bc0e5e3 None None] database.mysql_wsrep_sync_wait = None {{(pid=103110) log_opt_values /opt/stack/data/venv/lib/python3.12/site-packages/oslo_config/cfg.py:3253}}
Jul 27 14:58:52.022871 np0000005918 devstack@g-api.service[103110]: DEBUG glance.common.config [None req-dcdf6783-f289-4402-81e0-80509bc0e5e3 None None] database.pool_timeout = None {{(pid=103110) log_opt_values /opt/stack/data/venv/lib/python3.12/site-packages/oslo_config/cfg.py:3253}}
Jul 27 14:58:52.022871 np0000005918 devstack@g-api.service[103110]: DEBUG glance.common.config [None req-dcdf6783-f289-4402-81e0-80509bc0e5e3 None None] database.retry_interval = 10 {{(pid=103110) log_opt_values /opt/stack/data/venv/lib/python3.12/site-packages/oslo_config/cfg.py:3253}}
Jul 27 14:58:52.022871 np0000005918 devstack@g-api.service[103110]: DEBUG glance.common.config [None req-dcdf6783-f289-4402-81e0-80509bc0e5e3 None None] database.slave_connection = **** {{(pid=103110) log_opt_values /opt/stack/data/venv/lib/python3.12/site-packages/oslo_config/cfg.py:3253}}
Jul 27 14:58:52.022871 np0000005918 devstack@g-api.service[103110]: DEBUG glance.common.config [None req-dcdf6783-f289-4402-81e0-80509bc0e5e3 None None] database.sqlite_synchronous = True {{(pid=103110) log_opt_values /opt/stack/data/venv/lib/python3.12/site-packages/oslo_config/cfg.py:3253}}
Jul 27 14:58:52.023016 np0000005918 devstack@g-api.service[103110]: DEBUG glance.common.config [None req-dcdf6783-f289-4402-81e0-80509bc0e5e3 None None] database.synchronous_reader = True {{(pid=103110) log_opt_values /opt/stack/data/venv/lib/python3.12/site-packages/oslo_config/cfg.py:3253}}
Jul 27 14:58:52.023016 np0000005918 devstack@g-api.service[103110]: DEBUG glance.common.config [None req-dcdf6783-f289-4402-81e0-80509bc0e5e3 None None] database.use_db_reconnect = False {{(pid=103110) log_opt_values /opt/stack/data/venv/lib/python3.12/site-packages/oslo_config/cfg.py:3253}}
Jul 27 14:58:52.023016 np0000005918 devstack@g-api.service[103110]: DEBUG glance.common.config [None req-dcdf6783-f289-4402-81e0-80509bc0e5e3 None None] healthcheck.allowed_source_ranges = [] {{(pid=103110) log_opt_values /opt/stack/data/venv/lib/python3.12/site-packages/oslo_config/cfg.py:3253}}
Jul 27 14:58:52.023016 np0000005918 devstack@g-api.service[103110]: DEBUG glance.common.config [None req-dcdf6783-f289-4402-81e0-80509bc0e5e3 None None] healthcheck.backends = ['disable_by_file'] {{(pid=103110) log_opt_values /opt/stack/data/venv/lib/python3.12/site-packages/oslo_config/cfg.py:3253}}
Jul 27 14:58:52.023016 np0000005918 devstack@g-api.service[103110]: DEBUG glance.common.config [None req-dcdf6783-f289-4402-81e0-80509bc0e5e3 None None] healthcheck.detailed = False {{(pid=103110) log_opt_values /opt/stack/data/venv/lib/python3.12/site-packages/oslo_config/cfg.py:3253}}
Jul 27 14:58:52.023016 np0000005918 devstack@g-api.service[103110]: DEBUG glance.common.config [None req-dcdf6783-f289-4402-81e0-80509bc0e5e3 None None] healthcheck.disable_by_file_path = None {{(pid=103110) log_opt_values /opt/stack/data/venv/lib/python3.12/site-packages/oslo_config/cfg.py:3253}}
Jul 27 14:58:52.023016 np0000005918 devstack@g-api.service[103110]: DEBUG glance.common.config [None req-dcdf6783-f289-4402-81e0-80509bc0e5e3 None None] healthcheck.ignore_proxied_requests = False {{(pid=103110) log_opt_values /opt/stack/data/venv/lib/python3.12/site-packages/oslo_config/cfg.py:3253}}
Jul 27 14:58:52.023187 np0000005918 devstack@g-api.service[103110]: DEBUG glance.common.config [None req-dcdf6783-f289-4402-81e0-80509bc0e5e3 None None] ******************************************************************************** {{(pid=103110) log_opt_values /opt/stack/data/venv/lib/python3.12/site-packages/oslo_config/cfg.py:3260}}
Jul 27 14:58:52.023187 np0000005918 devstack@g-api.service[103110]: WSGI app 0 (mountpoint='') ready in 3 seconds on interpreter 0x7e19c08a4668 pid: 103110 (default app)
Jul 27 14:58:53.944750 np0000005918 devstack@g-api.service[103112]: DEBUG glance.api.middleware.version_negotiation [None req-40b3b31e-ee0f-42f5-a86d-7fc087bab4e1 None None] Determining version of request: GET / Accept: application/json {{(pid=103112) process_request /opt/stack/glance/glance/api/middleware/version_negotiation.py:44}}
Jul 27 14:58:53.945594 np0000005918 devstack@g-api.service[103112]: DEBUG glance.api.middleware.version_negotiation [None req-40b3b31e-ee0f-42f5-a86d-7fc087bab4e1 None None] Using url versioning {{(pid=103112) process_request /opt/stack/glance/glance/api/middleware/version_negotiation.py:57}}
Jul 27 14:58:53.945594 np0000005918 devstack@g-api.service[103112]: DEBUG glance.api.middleware.version_negotiation [None req-40b3b31e-ee0f-42f5-a86d-7fc087bab4e1 None None] Unknown version. Returning version choices. {{(pid=103112) process_request /opt/stack/glance/glance/api/middleware/version_negotiation.py:64}}
Jul 27 14:58:53.945814 np0000005918 devstack@g-api.service[103112]: [pid: 103112|app: 0|req: 2/2] 127.0.0.1 () {36 vars in 569 bytes} [Mon Jul 27 14:58:53 2026] GET / => generated 1501 bytes in 1 msecs (HTTP/1.1 300) 3 headers in 106 bytes (1 switches on core 0)
Jul 27 14:58:53.958467 np0000005918 devstack@g-api.service[103111]: DEBUG glance.api.middleware.version_negotiation [None req-e235af4a-cf1b-48ea-a89b-c741c755bff1 None None] Determining version of request: POST /v2/images Accept: */* {{(pid=103111) process_request /opt/stack/glance/glance/api/middleware/version_negotiation.py:44}}
Jul 27 14:58:53.958890 np0000005918 devstack@g-api.service[103111]: DEBUG glance.api.middleware.version_negotiation [None req-e235af4a-cf1b-48ea-a89b-c741c755bff1 None None] Using url versioning {{(pid=103111) process_request /opt/stack/glance/glance/api/middleware/version_negotiation.py:57}}
Jul 27 14:58:53.959334 np0000005918 devstack@g-api.service[103111]: DEBUG glance.api.middleware.version_negotiation [None req-e235af4a-cf1b-48ea-a89b-c741c755bff1 None None] Matched version: v2 {{(pid=103111) process_request /opt/stack/glance/glance/api/middleware/version_negotiation.py:69}}
Jul 27 14:58:53.959436 np0000005918 devstack@g-api.service[103111]: DEBUG glance.api.middleware.version_negotiation [None req-e235af4a-cf1b-48ea-a89b-c741c755bff1 None None] new path /v2/images {{(pid=103111) process_request /opt/stack/glance/glance/api/middleware/version_negotiation.py:70}}
Jul 27 14:58:54.892271 np0000005918 devstack@g-api.service[103111]: [pid: 103111|app: 0|req: 1/3] 127.0.0.1 () {42 vars in 832 bytes} [Mon Jul 27 14:58:53 2026] POST /v2/images => generated 807 bytes in 934 msecs (HTTP/1.1 201) 6 headers in 315 bytes (1 switches on core 0)
Jul 27 14:58:54.900843 np0000005918 devstack@g-api.service[103109]: DEBUG glance.api.middleware.version_negotiation [None req-cedf219b-680b-44e5-80a3-9433e934d03f None None] Determining version of request: PUT /v2/images/661a30dd-8867-4230-96b2-967320113b13/stage Accept: {{(pid=103109) process_request /opt/stack/glance/glance/api/middleware/version_negotiation.py:44}}
Jul 27 14:58:54.901168 np0000005918 devstack@g-api.service[103109]: DEBUG glance.api.middleware.version_negotiation [None req-cedf219b-680b-44e5-80a3-9433e934d03f None None] Using url versioning {{(pid=103109) process_request /opt/stack/glance/glance/api/middleware/version_negotiation.py:57}}
Jul 27 14:58:54.901429 np0000005918 devstack@g-api.service[103109]: DEBUG glance.api.middleware.version_negotiation [None req-cedf219b-680b-44e5-80a3-9433e934d03f None None] Matched version: v2 {{(pid=103109) process_request /opt/stack/glance/glance/api/middleware/version_negotiation.py:69}}
Jul 27 14:58:54.901600 np0000005918 devstack@g-api.service[103109]: DEBUG glance.api.middleware.version_negotiation [None req-cedf219b-680b-44e5-80a3-9433e934d03f None None] new path /v2/images/661a30dd-8867-4230-96b2-967320113b13/stage {{(pid=103109) process_request /opt/stack/glance/glance/api/middleware/version_negotiation.py:70}}
Jul 27 14:58:55.483108 np0000005918 devstack@g-api.service[103109]: DEBUG glance_store.backend [None req-be443e29-c9f5-46db-bf53-64a5b301e77b admin admin] Attempting to import store cinder {{(pid=103109) _load_store /opt/stack/data/venv/lib/python3.12/site-packages/glance_store/backend.py:215}}
Jul 27 14:58:55.483253 np0000005918 devstack@g-api.service[103109]: DEBUG glance_store.backend [None req-be443e29-c9f5-46db-bf53-64a5b301e77b admin admin] Attempting to import store file {{(pid=103109) _load_store /opt/stack/data/venv/lib/python3.12/site-packages/glance_store/backend.py:215}}
Jul 27 14:58:55.483423 np0000005918 devstack@g-api.service[103109]: DEBUG glance_store.backend [None req-be443e29-c9f5-46db-bf53-64a5b301e77b admin admin] Attempting to import store glance.store.cinder.Store {{(pid=103109) _load_store /opt/stack/data/venv/lib/python3.12/site-packages/glance_store/backend.py:215}}
Jul 27 14:58:55.483565 np0000005918 devstack@g-api.service[103109]: DEBUG glance_store.backend [None req-be443e29-c9f5-46db-bf53-64a5b301e77b admin admin] Attempting to import store glance.store.filesystem.Store {{(pid=103109) _load_store /opt/stack/data/venv/lib/python3.12/site-packages/glance_store/backend.py:215}}
Jul 27 14:58:55.483728 np0000005918 devstack@g-api.service[103109]: DEBUG glance_store.backend [None req-be443e29-c9f5-46db-bf53-64a5b301e77b admin admin] Attempting to import store glance.store.http.Store {{(pid=103109) _load_store /opt/stack/data/venv/lib/python3.12/site-packages/glance_store/backend.py:215}}
Jul 27 14:58:55.483878 np0000005918 devstack@g-api.service[103109]: DEBUG glance_store.backend [None req-be443e29-c9f5-46db-bf53-64a5b301e77b admin admin] Attempting to import store glance.store.rbd.Store {{(pid=103109) _load_store /opt/stack/data/venv/lib/python3.12/site-packages/glance_store/backend.py:215}}
Jul 27 14:58:55.483969 np0000005918 devstack@g-api.service[103109]: DEBUG glance_store.backend [None req-be443e29-c9f5-46db-bf53-64a5b301e77b admin admin] Attempting to import store glance.store.s3.Store {{(pid=103109) _load_store /opt/stack/data/venv/lib/python3.12/site-packages/glance_store/backend.py:215}}
Jul 27 14:58:55.484064 np0000005918 devstack@g-api.service[103109]: DEBUG glance_store.backend [None req-be443e29-c9f5-46db-bf53-64a5b301e77b admin admin] Attempting to import store glance.store.swift.Store {{(pid=103109) _load_store /opt/stack/data/venv/lib/python3.12/site-packages/glance_store/backend.py:215}}
Jul 27 14:58:55.484160 np0000005918 devstack@g-api.service[103109]: DEBUG glance_store.backend [None req-be443e29-c9f5-46db-bf53-64a5b301e77b admin admin] Attempting to import store glance.store.vmware_datastore.Store {{(pid=103109) _load_store /opt/stack/data/venv/lib/python3.12/site-packages/glance_store/backend.py:215}}
Jul 27 14:58:55.484264 np0000005918 devstack@g-api.service[103109]: DEBUG glance_store.backend [None req-be443e29-c9f5-46db-bf53-64a5b301e77b admin admin] Attempting to import store http {{(pid=103109) _load_store /opt/stack/data/venv/lib/python3.12/site-packages/glance_store/backend.py:215}}
Jul 27 14:58:55.484376 np0000005918 devstack@g-api.service[103109]: DEBUG glance_store.backend [None req-be443e29-c9f5-46db-bf53-64a5b301e77b admin admin] Attempting to import store no_conf {{(pid=103109) _load_store /opt/stack/data/venv/lib/python3.12/site-packages/glance_store/backend.py:215}}
Jul 27 14:58:55.484468 np0000005918 devstack@g-api.service[103109]: DEBUG glance_store.backend [None req-be443e29-c9f5-46db-bf53-64a5b301e77b admin admin] Attempting to import store rbd {{(pid=103109) _load_store /opt/stack/data/venv/lib/python3.12/site-packages/glance_store/backend.py:215}}
Jul 27 14:58:55.484553 np0000005918 devstack@g-api.service[103109]: DEBUG glance_store.backend [None req-be443e29-c9f5-46db-bf53-64a5b301e77b admin admin] Attempting to import store s3 {{(pid=103109) _load_store /opt/stack/data/venv/lib/python3.12/site-packages/glance_store/backend.py:215}}
Jul 27 14:58:55.484660 np0000005918 devstack@g-api.service[103109]: DEBUG glance_store.backend [None req-be443e29-c9f5-46db-bf53-64a5b301e77b admin admin] Attempting to import store swift {{(pid=103109) _load_store /opt/stack/data/venv/lib/python3.12/site-packages/glance_store/backend.py:215}}
Jul 27 14:58:55.484751 np0000005918 devstack@g-api.service[103109]: DEBUG glance_store.backend [None req-be443e29-c9f5-46db-bf53-64a5b301e77b admin admin] Attempting to import store vmware {{(pid=103109) _load_store /opt/stack/data/venv/lib/python3.12/site-packages/glance_store/backend.py:215}}
Jul 27 14:58:55.484851 np0000005918 devstack@g-api.service[103109]: DEBUG glance_store.backend [None req-be443e29-c9f5-46db-bf53-64a5b301e77b admin admin] Registering options for group glance_store {{(pid=103109) register_opts /opt/stack/data/venv/lib/python3.12/site-packages/glance_store/backend.py:144}}
Jul 27 14:58:55.484954 np0000005918 devstack@g-api.service[103109]: DEBUG glance_store.backend [None req-be443e29-c9f5-46db-bf53-64a5b301e77b admin admin] Registering options for group glance_store {{(pid=103109) register_opts /opt/stack/data/venv/lib/python3.12/site-packages/glance_store/backend.py:144}}
Jul 27 14:58:55.485340 np0000005918 devstack@g-api.service[103109]: DEBUG glance_store.backend [None req-be443e29-c9f5-46db-bf53-64a5b301e77b admin admin] Attempting to import store file {{(pid=103109) _load_store /opt/stack/data/venv/lib/python3.12/site-packages/glance_store/backend.py:215}}
Jul 27 14:58:55.485692 np0000005918 devstack@g-api.service[103109]: INFO glance_store._drivers.filesystem [None req-be443e29-c9f5-46db-bf53-64a5b301e77b admin admin] Directory to write image files does not exist (/tmp/staging/). Creating.
Jul 27 14:58:55.485922 np0000005918 devstack@g-api.service[103109]: DEBUG glance_store.capabilities [None req-be443e29-c9f5-46db-bf53-64a5b301e77b admin admin] Store glance_store._drivers.filesystem.Store doesn't support updating dynamic storage capabilities. Please overwrite 'update_capabilities' method of the store to implement updating logics if needed. {{(pid=103109) update_capabilities /opt/stack/data/venv/lib/python3.12/site-packages/glance_store/capabilities.py:91}}
Jul 27 14:58:56.059439 np0000005918 devstack@g-api.service[103109]: DEBUG glance_store._drivers.filesystem [None req-be443e29-c9f5-46db-bf53-64a5b301e77b admin admin] Wrote 21430272 bytes to /tmp/staging/661a30dd-8867-4230-96b2-967320113b13 with checksum c8fc807773e5354afe61636071771906 and multihash c8fc807773e5354afe61636071771906 {{(pid=103109) add /opt/stack/data/venv/lib/python3.12/site-packages/glance_store/_drivers/filesystem.py:899}}
Jul 27 14:58:56.079221 np0000005918 devstack@g-api.service[103109]: [pid: 103109|app: 0|req: 1/4] 127.0.0.1 () {42 vars in 927 bytes} [Mon Jul 27 14:58:54 2026] PUT /v2/images/661a30dd-8867-4230-96b2-967320113b13/stage => generated 0 bytes in 1178 msecs (HTTP/1.1 204) 4 headers in 171 bytes (1 switches on core 0)
Jul 27 14:58:56.088116 np0000005918 devstack@g-api.service[103110]: DEBUG glance.api.middleware.version_negotiation [None req-dcdf6783-f289-4402-81e0-80509bc0e5e3 None None] Determining version of request: POST /v2/images/661a30dd-8867-4230-96b2-967320113b13/import Accept: */* {{(pid=103110) process_request /opt/stack/glance/glance/api/middleware/version_negotiation.py:44}}
Jul 27 14:58:56.088465 np0000005918 devstack@g-api.service[103110]: DEBUG glance.api.middleware.version_negotiation [None req-dcdf6783-f289-4402-81e0-80509bc0e5e3 None None] Using url versioning {{(pid=103110) process_request /opt/stack/glance/glance/api/middleware/version_negotiation.py:57}}
Jul 27 14:58:56.088742 np0000005918 devstack@g-api.service[103110]: DEBUG glance.api.middleware.version_negotiation [None req-dcdf6783-f289-4402-81e0-80509bc0e5e3 None None] Matched version: v2 {{(pid=103110) process_request /opt/stack/glance/glance/api/middleware/version_negotiation.py:69}}
Jul 27 14:58:56.088840 np0000005918 devstack@g-api.service[103110]: DEBUG glance.api.middleware.version_negotiation [None req-dcdf6783-f289-4402-81e0-80509bc0e5e3 None None] new path /v2/images/661a30dd-8867-4230-96b2-967320113b13/import {{(pid=103110) process_request /opt/stack/glance/glance/api/middleware/version_negotiation.py:70}}
Jul 27 14:58:56.700851 np0000005918 devstack@g-api.service[103110]: DEBUG glance.domain [None req-438f2816-dc47-422e-bcc4-b29f7c0193ea admin admin] Loading taskflow executor {{(pid=103110) new_task_executor /opt/stack/glance/glance/domain/__init__.py:515}}
Jul 27 14:58:56.888825 np0000005918 devstack@g-api.service[103110]: DEBUG oslo_concurrency.lockutils [None req-438f2816-dc47-422e-bcc4-b29f7c0193ea admin admin] Acquiring lock "tasks_pool" by "glance.api.common.memoize..memoizer_wrapper..memoizer" {{(pid=103110) inner /opt/stack/data/venv/lib/python3.12/site-packages/oslo_concurrency/lockutils.py:512}}
Jul 27 14:58:56.889000 np0000005918 devstack@g-api.service[103110]: DEBUG oslo_concurrency.lockutils [None req-438f2816-dc47-422e-bcc4-b29f7c0193ea admin admin] Lock "tasks_pool" acquired by "glance.api.common.memoize..memoizer_wrapper..memoizer" :: waited 0.000s {{(pid=103110) inner /opt/stack/data/venv/lib/python3.12/site-packages/oslo_concurrency/lockutils.py:525}}
Jul 27 14:58:56.889415 np0000005918 devstack@g-api.service[103110]: DEBUG glance.api.common [None req-438f2816-dc47-422e-bcc4-b29f7c0193ea admin admin] Initializing named threadpool 'tasks_pool' {{(pid=103110) _get_thread_pool /opt/stack/glance/glance/api/common.py:242}}
Jul 27 14:58:56.889895 np0000005918 devstack@g-api.service[103110]: DEBUG glance.async_ [None req-438f2816-dc47-422e-bcc4-b29f7c0193ea admin admin] Creating threadpool model 'ThreadPoolExecutor' with size 16 {{(pid=103110) __init__ /opt/stack/glance/glance/async_/__init__.py:100}}
Jul 27 14:58:56.890023 np0000005918 devstack@g-api.service[103110]: DEBUG oslo_concurrency.lockutils [None req-438f2816-dc47-422e-bcc4-b29f7c0193ea admin admin] Lock "tasks_pool" "released" by "glance.api.common.memoize..memoizer_wrapper..memoizer" :: held 0.001s {{(pid=103110) inner /opt/stack/data/venv/lib/python3.12/site-packages/oslo_concurrency/lockutils.py:544}}
Jul 27 14:58:56.890132 np0000005918 devstack@g-api.service[103110]: DEBUG glance.async_ [None req-438f2816-dc47-422e-bcc4-b29f7c0193ea admin admin] Spawning with ThreadPoolExecutor: >((,), {}) {{(pid=103110) spawn /opt/stack/glance/glance/async_/__init__.py:106}}
Jul 27 14:58:56.892284 np0000005918 devstack@g-api.service[103110]: [pid: 103110|app: 0|req: 1/5] 127.0.0.1 () {42 vars in 919 bytes} [Mon Jul 27 14:58:56 2026] POST /v2/images/661a30dd-8867-4230-96b2-967320113b13/import => generated 0 bytes in 804 msecs (HTTP/1.1 202) 4 headers in 169 bytes (1 switches on core 0)
Jul 27 14:58:56.894703 np0000005918 devstack@g-api.service[103110]: INFO glance.domain [-] Task [bab9d3aa-997f-408d-a7ba-3f1cdf2c1054] status changing from pending to processing
Jul 27 14:58:56.900750 np0000005918 devstack@g-api.service[103112]: DEBUG glance.api.middleware.version_negotiation [None req-40b3b31e-ee0f-42f5-a86d-7fc087bab4e1 None None] Determining version of request: GET /v2/images/661a30dd-8867-4230-96b2-967320113b13 Accept: */* {{(pid=103112) process_request /opt/stack/glance/glance/api/middleware/version_negotiation.py:44}}
Jul 27 14:58:56.901108 np0000005918 devstack@g-api.service[103112]: DEBUG glance.api.middleware.version_negotiation [None req-40b3b31e-ee0f-42f5-a86d-7fc087bab4e1 None None] Using url versioning {{(pid=103112) process_request /opt/stack/glance/glance/api/middleware/version_negotiation.py:57}}
Jul 27 14:58:56.901286 np0000005918 devstack@g-api.service[103112]: DEBUG glance.api.middleware.version_negotiation [None req-40b3b31e-ee0f-42f5-a86d-7fc087bab4e1 None None] Matched version: v2 {{(pid=103112) process_request /opt/stack/glance/glance/api/middleware/version_negotiation.py:69}}
Jul 27 14:58:56.901475 np0000005918 devstack@g-api.service[103112]: DEBUG glance.api.middleware.version_negotiation [None req-40b3b31e-ee0f-42f5-a86d-7fc087bab4e1 None None] new path /v2/images/661a30dd-8867-4230-96b2-967320113b13 {{(pid=103112) process_request /opt/stack/glance/glance/api/middleware/version_negotiation.py:70}}
Jul 27 14:58:56.909672 np0000005918 devstack@g-api.service[103110]: DEBUG glance.async_.taskflow_executor [-] Taskflow executor picked up the execution of task ID bab9d3aa-997f-408d-a7ba-3f1cdf2c1054 of task type api_image_import {{(pid=103110) _run /opt/stack/glance/glance/async_/taskflow_executor.py:175}}
Jul 27 14:58:56.934289 np0000005918 devstack@g-api.service[103110]: DEBUG glance_store.backend [-] Attempting to import store cinder {{(pid=103110) _load_store /opt/stack/data/venv/lib/python3.12/site-packages/glance_store/backend.py:215}}
Jul 27 14:58:56.934433 np0000005918 devstack@g-api.service[103110]: DEBUG glance_store.backend [-] Attempting to import store file {{(pid=103110) _load_store /opt/stack/data/venv/lib/python3.12/site-packages/glance_store/backend.py:215}}
Jul 27 14:58:56.934530 np0000005918 devstack@g-api.service[103110]: DEBUG glance_store.backend [-] Attempting to import store glance.store.cinder.Store {{(pid=103110) _load_store /opt/stack/data/venv/lib/python3.12/site-packages/glance_store/backend.py:215}}
Jul 27 14:58:56.934660 np0000005918 devstack@g-api.service[103110]: DEBUG glance_store.backend [-] Attempting to import store glance.store.filesystem.Store {{(pid=103110) _load_store /opt/stack/data/venv/lib/python3.12/site-packages/glance_store/backend.py:215}}
Jul 27 14:58:56.934771 np0000005918 devstack@g-api.service[103110]: DEBUG glance_store.backend [-] Attempting to import store glance.store.http.Store {{(pid=103110) _load_store /opt/stack/data/venv/lib/python3.12/site-packages/glance_store/backend.py:215}}
Jul 27 14:58:56.934871 np0000005918 devstack@g-api.service[103110]: DEBUG glance_store.backend [-] Attempting to import store glance.store.rbd.Store {{(pid=103110) _load_store /opt/stack/data/venv/lib/python3.12/site-packages/glance_store/backend.py:215}}
Jul 27 14:58:56.934985 np0000005918 devstack@g-api.service[103110]: DEBUG glance_store.backend [-] Attempting to import store glance.store.s3.Store {{(pid=103110) _load_store /opt/stack/data/venv/lib/python3.12/site-packages/glance_store/backend.py:215}}
Jul 27 14:58:56.935094 np0000005918 devstack@g-api.service[103110]: DEBUG glance_store.backend [-] Attempting to import store glance.store.swift.Store {{(pid=103110) _load_store /opt/stack/data/venv/lib/python3.12/site-packages/glance_store/backend.py:215}}
Jul 27 14:58:56.935186 np0000005918 devstack@g-api.service[103110]: DEBUG glance_store.backend [-] Attempting to import store glance.store.vmware_datastore.Store {{(pid=103110) _load_store /opt/stack/data/venv/lib/python3.12/site-packages/glance_store/backend.py:215}}
Jul 27 14:58:56.935294 np0000005918 devstack@g-api.service[103110]: DEBUG glance_store.backend [-] Attempting to import store http {{(pid=103110) _load_store /opt/stack/data/venv/lib/python3.12/site-packages/glance_store/backend.py:215}}
Jul 27 14:58:56.935389 np0000005918 devstack@g-api.service[103110]: DEBUG glance_store.backend [-] Attempting to import store no_conf {{(pid=103110) _load_store /opt/stack/data/venv/lib/python3.12/site-packages/glance_store/backend.py:215}}
Jul 27 14:58:56.935488 np0000005918 devstack@g-api.service[103110]: DEBUG glance_store.backend [-] Attempting to import store rbd {{(pid=103110) _load_store /opt/stack/data/venv/lib/python3.12/site-packages/glance_store/backend.py:215}}
Jul 27 14:58:56.935582 np0000005918 devstack@g-api.service[103110]: DEBUG glance_store.backend [-] Attempting to import store s3 {{(pid=103110) _load_store /opt/stack/data/venv/lib/python3.12/site-packages/glance_store/backend.py:215}}
Jul 27 14:58:56.935703 np0000005918 devstack@g-api.service[103110]: DEBUG glance_store.backend [-] Attempting to import store swift {{(pid=103110) _load_store /opt/stack/data/venv/lib/python3.12/site-packages/glance_store/backend.py:215}}
Jul 27 14:58:56.935798 np0000005918 devstack@g-api.service[103110]: DEBUG glance_store.backend [-] Attempting to import store vmware {{(pid=103110) _load_store /opt/stack/data/venv/lib/python3.12/site-packages/glance_store/backend.py:215}}
Jul 27 14:58:56.935910 np0000005918 devstack@g-api.service[103110]: DEBUG glance_store.backend [-] Registering options for group glance_store {{(pid=103110) register_opts /opt/stack/data/venv/lib/python3.12/site-packages/glance_store/backend.py:144}}
Jul 27 14:58:56.936009 np0000005918 devstack@g-api.service[103110]: DEBUG glance_store.backend [-] Registering options for group glance_store {{(pid=103110) register_opts /opt/stack/data/venv/lib/python3.12/site-packages/glance_store/backend.py:144}}
Jul 27 14:58:56.936398 np0000005918 devstack@g-api.service[103110]: DEBUG glance_store.backend [-] Attempting to import store file {{(pid=103110) _load_store /opt/stack/data/venv/lib/python3.12/site-packages/glance_store/backend.py:215}}
Jul 27 14:58:56.936849 np0000005918 devstack@g-api.service[103110]: DEBUG glance_store.capabilities [-] Store glance_store._drivers.filesystem.Store doesn't support updating dynamic storage capabilities. Please overwrite 'update_capabilities' method of the store to implement updating logics if needed. {{(pid=103110) update_capabilities /opt/stack/data/venv/lib/python3.12/site-packages/glance_store/capabilities.py:91}}
Jul 27 14:58:56.940814 np0000005918 devstack@g-api.service[103112]: [pid: 103112|app: 0|req: 3/6] 127.0.0.1 () {38 vars in 852 bytes} [Mon Jul 27 14:58:56 2026] GET /v2/images/661a30dd-8867-4230-96b2-967320113b13 => generated 879 bytes in 40 msecs (HTTP/1.1 200) 4 headers in 157 bytes (1 switches on core 0)
Jul 27 14:58:56.943878 np0000005918 devstack@g-api.service[103110]: DEBUG glance.async_.flows.api_image_import [-] Image 661a30dd-8867-4230-96b2-967320113b13 os_glance_importing_to_stores= {{(pid=103110) merge_store_list /opt/stack/glance/glance/async_/flows/api_image_import.py:297}}
Jul 27 14:58:56.943988 np0000005918 devstack@g-api.service[103110]: DEBUG glance.async_.flows.api_image_import [-] Image 661a30dd-8867-4230-96b2-967320113b13 os_glance_failed_import= {{(pid=103110) merge_store_list /opt/stack/glance/glance/async_/flows/api_image_import.py:297}}
Jul 27 14:58:56.949370 np0000005918 devstack@g-api.service[103110]: DEBUG glance.async_.flows.api_image_import [-] Image 661a30dd-8867-4230-96b2-967320113b13 status changing from uploading to importing {{(pid=103110) __exit__ /opt/stack/glance/glance/async_/flows/api_image_import.py:184}}
Jul 27 14:58:57.408469 np0000005918 devstack@g-api.service[103110]: DEBUG glance.async_ [-] Creating threadpool model 'ThreadPoolExecutor' with size 10 {{(pid=103110) __init__ /opt/stack/glance/glance/async_/__init__.py:100}}
Jul 27 14:58:57.422987 np0000005918 devstack@g-api.service[103110]: DEBUG glance.async_.taskflow_executor [-] Flow 'api_image_import' (5a957afc-0e3d-4750-9968-8d6defd53b2b) transitioned into state 'RUNNING' from state 'PENDING' {{(pid=103110) _flow_receiver /opt/stack/data/venv/lib/python3.12/site-packages/taskflow/listeners/logging.py:160}}
Jul 27 14:58:57.424627 np0000005918 devstack@g-api.service[103110]: DEBUG glance.async_.taskflow_executor [-] Task 'api_image_import-ImageLock-bab9d3aa-997f-408d-a7ba-3f1cdf2c1054' (8e8ae9f5-625b-4396-b373-022ebf2a4bf2) transitioned into state 'RUNNING' from state 'PENDING' {{(pid=103110) _task_receiver /opt/stack/data/venv/lib/python3.12/site-packages/taskflow/listeners/logging.py:242}}
Jul 27 14:58:57.430584 np0000005918 devstack@g-api.service[103110]: DEBUG glance.async_.flows.api_image_import [-] Image 661a30dd-8867-4230-96b2-967320113b13 import task bab9d3aa-997f-408d-a7ba-3f1cdf2c1054 lock confirmed {{(pid=103110) execute /opt/stack/glance/glance/async_/flows/api_image_import.py:497}}
Jul 27 14:58:57.431255 np0000005918 devstack@g-api.service[103110]: DEBUG glance.async_.taskflow_executor [-] Task 'api_image_import-ImageLock-bab9d3aa-997f-408d-a7ba-3f1cdf2c1054' (8e8ae9f5-625b-4396-b373-022ebf2a4bf2) transitioned into state 'SUCCESS' from state 'RUNNING' with result 'None' {{(pid=103110) _task_receiver /opt/stack/data/venv/lib/python3.12/site-packages/taskflow/listeners/logging.py:218}}
Jul 27 14:58:57.432034 np0000005918 devstack@g-api.service[103110]: DEBUG glance.async_.taskflow_executor [-] Task 'api_image_import-ConfigureStaging-bab9d3aa-997f-408d-a7ba-3f1cdf2c1054' (7d3f6549-c31a-4027-a924-1372b93dc2b9) transitioned into state 'RUNNING' from state 'PENDING' {{(pid=103110) _task_receiver /opt/stack/data/venv/lib/python3.12/site-packages/taskflow/listeners/logging.py:242}}
Jul 27 14:58:57.432710 np0000005918 devstack@g-api.service[103110]: DEBUG glance.async_.taskflow_executor [-] Task 'api_image_import-ConfigureStaging-bab9d3aa-997f-408d-a7ba-3f1cdf2c1054' (7d3f6549-c31a-4027-a924-1372b93dc2b9) transitioned into state 'SUCCESS' from state 'RUNNING' with result 'file:///tmp/staging/661a30dd-8867-4230-96b2-967320113b13' {{(pid=103110) _task_receiver /opt/stack/data/venv/lib/python3.12/site-packages/taskflow/listeners/logging.py:218}}
Jul 27 14:58:57.433324 np0000005918 devstack@g-api.service[103110]: DEBUG glance.async_.taskflow_executor [-] Task 'api_image_import--ImportToStore-bab9d3aa-997f-408d-a7ba-3f1cdf2c1054' (0d1800f1-e0b4-431d-b900-edc1d97d1824) transitioned into state 'RUNNING' from state 'PENDING' {{(pid=103110) _task_receiver /opt/stack/data/venv/lib/python3.12/site-packages/taskflow/listeners/logging.py:242}}
Jul 27 14:58:57.437880 np0000005918 devstack@g-api.service[103110]: INFO glance.common.scripts.image_import.main [-] Task bab9d3aa-997f-408d-a7ba-3f1cdf2c1054: Got image data uri file:///tmp/staging/661a30dd-8867-4230-96b2-967320113b13 to be imported
Jul 27 14:58:57.439180 np0000005918 devstack@g-api.service[103110]: DEBUG glance.location [-] Enabling in-flight format inspection for qcow2 {{(pid=103110) set_data /opt/stack/glance/glance/location.py:596}}
Jul 27 14:58:57.439557 np0000005918 devstack@g-api.service[103110]: DEBUG glance_store.backend [-] Attempting to import store swift {{(pid=103110) _load_store /opt/stack/data/venv/lib/python3.12/site-packages/glance_store/backend.py:215}}
Jul 27 14:58:57.440783 np0000005918 devstack@g-api.service[103110]: DEBUG glance_store.capabilities [-] Store glance_store._drivers.swift.store.SingleTenantStore doesn't support updating dynamic storage capabilities. Please overwrite 'update_capabilities' method of the store to implement updating logics if needed. {{(pid=103110) update_capabilities /opt/stack/data/venv/lib/python3.12/site-packages/glance_store/capabilities.py:91}}
Jul 27 14:58:57.440856 np0000005918 devstack@g-api.service[103110]: DEBUG glance_store.driver [-] Late loading location class glance_store._drivers.swift.store.StoreLocation {{(pid=103110) get_store_location_class /opt/stack/data/venv/lib/python3.12/site-packages/glance_store/driver.py:134}}
Jul 27 14:58:57.440988 np0000005918 devstack@g-api.service[103110]: DEBUG glance_store.location [-] Registering scheme swift+https with {'store': , 'location_class': , 'store_entry': 'swift'} {{(pid=103110) register_scheme_map /opt/stack/data/venv/lib/python3.12/site-packages/glance_store/location.py:146}}
Jul 27 14:58:57.441091 np0000005918 devstack@g-api.service[103110]: DEBUG glance_store.location [-] Registering scheme swift+https with {'store': , 'location_class': , 'store_entry': 'swift'} {{(pid=103110) register_scheme_map /opt/stack/data/venv/lib/python3.12/site-packages/glance_store/location.py:146}}
Jul 27 14:58:57.441180 np0000005918 devstack@g-api.service[103110]: DEBUG glance_store.location [-] Registering scheme swift with {'store': , 'location_class': , 'store_entry': 'swift'} {{(pid=103110) register_scheme_map /opt/stack/data/venv/lib/python3.12/site-packages/glance_store/location.py:146}}
Jul 27 14:58:57.441291 np0000005918 devstack@g-api.service[103110]: DEBUG glance_store.location [-] Registering scheme swift+https with {'store': , 'location_class': , 'store_entry': 'swift'} {{(pid=103110) register_scheme_map /opt/stack/data/venv/lib/python3.12/site-packages/glance_store/location.py:146}}
Jul 27 14:58:57.441391 np0000005918 devstack@g-api.service[103110]: DEBUG glance_store.location [-] Registering scheme swift with {'store': , 'location_class': , 'store_entry': 'swift'} {{(pid=103110) register_scheme_map /opt/stack/data/venv/lib/python3.12/site-packages/glance_store/location.py:146}}
Jul 27 14:58:57.441441 np0000005918 devstack@g-api.service[103110]: DEBUG glance_store.location [-] Registering scheme swift+http with {'store': , 'location_class': , 'store_entry': 'swift'} {{(pid=103110) register_scheme_map /opt/stack/data/venv/lib/python3.12/site-packages/glance_store/location.py:146}}
Jul 27 14:58:57.441569 np0000005918 devstack@g-api.service[103110]: DEBUG glance_store.location [-] Registering scheme swift+https with {'store': , 'location_class': , 'store_entry': 'swift'} {{(pid=103110) register_scheme_map /opt/stack/data/venv/lib/python3.12/site-packages/glance_store/location.py:146}}
Jul 27 14:58:57.441723 np0000005918 devstack@g-api.service[103110]: DEBUG glance_store.location [-] Registering scheme swift with {'store': , 'location_class': , 'store_entry': 'swift'} {{(pid=103110) register_scheme_map /opt/stack/data/venv/lib/python3.12/site-packages/glance_store/location.py:146}}
Jul 27 14:58:57.441723 np0000005918 devstack@g-api.service[103110]: DEBUG glance_store.location [-] Registering scheme swift+http with {'store': , 'location_class': , 'store_entry': 'swift'} {{(pid=103110) register_scheme_map /opt/stack/data/venv/lib/python3.12/site-packages/glance_store/location.py:146}}
Jul 27 14:58:57.441799 np0000005918 devstack@g-api.service[103110]: DEBUG glance_store.location [-] Registering scheme swift+config with {'store': , 'location_class': , 'store_entry': 'swift'} {{(pid=103110) register_scheme_map /opt/stack/data/venv/lib/python3.12/site-packages/glance_store/location.py:146}}
Jul 27 14:58:57.857747 np0000005918 devstack@g-api.service[103110]: INFO swiftclient [-] REQ: curl -i https://10.4.3.31:8080/v1/AUTH_b0f1b7070d5f48db9423494daae25ed5/glance -I -H "X-Auth-Token: gAAAAABqZ3IxQopx..."
Jul 27 14:58:57.857843 np0000005918 devstack@g-api.service[103110]: INFO swiftclient [-] RESP STATUS: 404 Not Found
Jul 27 14:58:57.857986 np0000005918 devstack@g-api.service[103110]: INFO swiftclient [-] RESP HEADERS: {'Date': 'Mon, 27 Jul 2026 14:58:57 GMT', 'Server': 'Apache/2.4.58 (Ubuntu)', 'Content-Type': 'text/html; charset=UTF-8', 'X-Trans-Id': 'txb0f701f34d6a4744a5c40-006a677231', 'X-Openstack-Request-Id': 'txb0f701f34d6a4744a5c40-006a677231', 'Connection': 'close'}
Jul 27 14:58:57.858242 np0000005918 devstack@g-api.service[103110]: INFO glance_store._drivers.swift.store [-] Creating swift container glance
Jul 27 14:58:57.917205 np0000005918 devstack@g-api.service[103110]: DEBUG swiftclient [-] REQ: curl -i https://10.4.3.31:8080/v1/AUTH_b0f1b7070d5f48db9423494daae25ed5/glance -X PUT -H "X-Auth-Token: gAAAAABqZ3IxQopx..." -H "Content-Length: 0" {{(pid=103110) http_log /opt/stack/data/venv/lib/python3.12/site-packages/swiftclient/client.py:160}}
Jul 27 14:58:57.917305 np0000005918 devstack@g-api.service[103110]: DEBUG swiftclient [-] RESP STATUS: 201 Created {{(pid=103110) http_log /opt/stack/data/venv/lib/python3.12/site-packages/swiftclient/client.py:161}}
Jul 27 14:58:57.917409 np0000005918 devstack@g-api.service[103110]: DEBUG swiftclient [-] RESP HEADERS: {'Date': 'Mon, 27 Jul 2026 14:58:57 GMT', 'Server': 'Apache/2.4.58 (Ubuntu)', 'Content-Type': 'text/html; charset=UTF-8', 'Content-Length': '0', 'X-Trans-Id': 'tx39459058d4c742a99ad01-006a677231', 'X-Openstack-Request-Id': 'tx39459058d4c742a99ad01-006a677231', 'Connection': 'close'} {{(pid=103110) http_log /opt/stack/data/venv/lib/python3.12/site-packages/swiftclient/client.py:162}}
Jul 27 14:58:57.917507 np0000005918 devstack@g-api.service[103110]: DEBUG glance_store._drivers.swift.store [-] Adding image object '661a30dd-8867-4230-96b2-967320113b13' to Swift {{(pid=103110) add /opt/stack/data/venv/lib/python3.12/site-packages/glance_store/_drivers/swift/store.py:970}}
Jul 27 14:58:57.922587 np0000005918 devstack@g-api.service[103110]: DEBUG oslo_utils.imageutils.format_inspector [-] Format inspector for vmdk does not match, excluding from consideration (Signature KDMV not found: b'QFI\xfb') {{(pid=103110) _process_chunk /opt/stack/data/venv/lib/python3.12/site-packages/oslo_utils/imageutils/format_inspector.py:1758}}
Jul 27 14:58:57.926073 np0000005918 devstack@g-api.service[103110]: DEBUG oslo_utils.imageutils.format_inspector [-] Format inspector for vhdx does not match, excluding from consideration (Region signature not found at 30000) {{(pid=103110) _process_chunk /opt/stack/data/venv/lib/python3.12/site-packages/oslo_utils/imageutils/format_inspector.py:1758}}
Jul 27 14:58:58.244676 np0000005918 devstack@g-api.service[103110]: DEBUG swiftclient [-] REQ: curl -i https://10.4.3.31:8080/v1/AUTH_b0f1b7070d5f48db9423494daae25ed5/glance/661a30dd-8867-4230-96b2-967320113b13 -X PUT -H "X-Auth-Token: gAAAAABqZ3IxQopx..." -H "Content-Length: 21430272" {{(pid=103110) http_log /opt/stack/data/venv/lib/python3.12/site-packages/swiftclient/client.py:160}}
Jul 27 14:58:58.244676 np0000005918 devstack@g-api.service[103110]: DEBUG swiftclient [-] RESP STATUS: 201 Created {{(pid=103110) http_log /opt/stack/data/venv/lib/python3.12/site-packages/swiftclient/client.py:161}}
Jul 27 14:58:58.244676 np0000005918 devstack@g-api.service[103110]: DEBUG swiftclient [-] RESP HEADERS: {'Date': 'Mon, 27 Jul 2026 14:58:58 GMT', 'Server': 'Apache/2.4.58 (Ubuntu)', 'Content-Type': 'text/html; charset=UTF-8', 'Content-Length': '0', 'Etag': 'c8fc807773e5354afe61636071771906', 'Last-Modified': 'Mon, 27 Jul 2026 14:58:58 GMT', 'X-Trans-Id': 'txd1d52d47735d489490649-006a677231', 'X-Openstack-Request-Id': 'txd1d52d47735d489490649-006a677231', 'Connection': 'close'} {{(pid=103110) http_log /opt/stack/data/venv/lib/python3.12/site-packages/swiftclient/client.py:162}}
Jul 27 14:58:58.260295 np0000005918 devstack@g-api.service[103110]: INFO glance.location [-] Image format matched and virtual size computed: 117440512
Jul 27 14:58:58.268342 np0000005918 devstack@g-api.service[103110]: DEBUG glance.async_.flows.api_image_import [-] Image 661a30dd-8867-4230-96b2-967320113b13 status changing from importing to active {{(pid=103110) __exit__ /opt/stack/glance/glance/async_/flows/api_image_import.py:184}}
Jul 27 14:58:58.310646 np0000005918 devstack@g-api.service[103110]: DEBUG glance_store.backend [-] Attempting to import store swift {{(pid=103110) _load_store /opt/stack/data/venv/lib/python3.12/site-packages/glance_store/backend.py:215}}
Jul 27 14:58:58.311736 np0000005918 devstack@g-api.service[103110]: DEBUG glance_store.capabilities [-] Store glance_store._drivers.swift.store.SingleTenantStore doesn't support updating dynamic storage capabilities. Please overwrite 'update_capabilities' method of the store to implement updating logics if needed. {{(pid=103110) update_capabilities /opt/stack/data/venv/lib/python3.12/site-packages/glance_store/capabilities.py:91}}
Jul 27 14:58:58.311797 np0000005918 devstack@g-api.service[103110]: DEBUG glance_store.driver [-] Late loading location class glance_store._drivers.swift.store.StoreLocation {{(pid=103110) get_store_location_class /opt/stack/data/venv/lib/python3.12/site-packages/glance_store/driver.py:134}}
Jul 27 14:58:58.311878 np0000005918 devstack@g-api.service[103110]: DEBUG glance_store.location [-] Registering scheme swift+https with {'store': , 'location_class': , 'store_entry': 'swift'} {{(pid=103110) register_scheme_map /opt/stack/data/venv/lib/python3.12/site-packages/glance_store/location.py:146}}
Jul 27 14:58:58.311942 np0000005918 devstack@g-api.service[103110]: DEBUG glance_store.location [-] Registering scheme swift+https with {'store': , 'location_class': , 'store_entry': 'swift'} {{(pid=103110) register_scheme_map /opt/stack/data/venv/lib/python3.12/site-packages/glance_store/location.py:146}}
Jul 27 14:58:58.312021 np0000005918 devstack@g-api.service[103110]: DEBUG glance_store.location [-] Registering scheme swift with {'store': , 'location_class': , 'store_entry': 'swift'} {{(pid=103110) register_scheme_map /opt/stack/data/venv/lib/python3.12/site-packages/glance_store/location.py:146}}
Jul 27 14:58:58.312108 np0000005918 devstack@g-api.service[103110]: DEBUG glance_store.location [-] Registering scheme swift+https with {'store': , 'location_class': , 'store_entry': 'swift'} {{(pid=103110) register_scheme_map /opt/stack/data/venv/lib/python3.12/site-packages/glance_store/location.py:146}}
Jul 27 14:58:58.312108 np0000005918 devstack@g-api.service[103110]: DEBUG glance_store.location [-] Registering scheme swift with {'store': , 'location_class': , 'store_entry': 'swift'} {{(pid=103110) register_scheme_map /opt/stack/data/venv/lib/python3.12/site-packages/glance_store/location.py:146}}
Jul 27 14:58:58.312184 np0000005918 devstack@g-api.service[103110]: DEBUG glance_store.location [-] Registering scheme swift+http with {'store': , 'location_class': , 'store_entry': 'swift'} {{(pid=103110) register_scheme_map /opt/stack/data/venv/lib/python3.12/site-packages/glance_store/location.py:146}}
Jul 27 14:58:58.312184 np0000005918 devstack@g-api.service[103110]: DEBUG glance_store.location [-] Registering scheme swift+https with {'store': , 'location_class': , 'store_entry': 'swift'} {{(pid=103110) register_scheme_map /opt/stack/data/venv/lib/python3.12/site-packages/glance_store/location.py:146}}
Jul 27 14:58:58.312243 np0000005918 devstack@g-api.service[103110]: DEBUG glance_store.location [-] Registering scheme swift with {'store': , 'location_class': , 'store_entry': 'swift'} {{(pid=103110) register_scheme_map /opt/stack/data/venv/lib/python3.12/site-packages/glance_store/location.py:146}}
