Jul 27 14:59:23.809082 np0000005918 devstack@neutron-api.service[90893]: DEBUG neutron.pecan_wsgi.hooks.policy_enforcement [None req-3ff22cce-7299-4676-8a89-a86c9664d123 admin admin] Attributes excluded by policy engine: ['standard_attr_id'] {{(pid=90893) _exclude_attributes_by_policy /opt/stack/neutron/neutron/pecan_wsgi/hooks/policy_enforcement.py:259}}
Jul 27 14:59:23.809383 np0000005918 devstack@neutron-api.service[90893]: DEBUG neutron_lib.callbacks.manager [None req-3ff22cce-7299-4676-8a89-a86c9664d123 admin admin] Publish callbacks [] for network (None), before_response {{(pid=90893) _notify_loop /opt/stack/data/venv/lib/python3.12/site-packages/neutron_lib/callbacks/manager.py:184}}
Jul 27 14:59:23.813943 np0000005918 devstack@neutron-api.service[90892]: DEBUG neutron.plugins.ml2.plugin [None req-9af1f4de-28f3-437b-94ef-df5db71b65bc None None] Current status of the port 50101403-1cde-48eb-8fba-5463b1a22380 is: DOWN; New status is: DOWN {{(pid=90892) _update_individual_port_db_status /opt/stack/neutron/neutron/plugins/ml2/plugin.py:2473}}
Jul 27 14:59:23.815074 np0000005918 devstack@neutron-api.service[90892]: DEBUG ovsdbapp.backend.ovs_idl.transaction [None req-5e0d1acb-5a60-4ea6-b0c6-eca479acd146 None None] Running txn n=1 command(idx=0): DbRemoveCommand(_result=None, table=Logical_Switch_Port, record=50101403-1cde-48eb-8fba-5463b1a22380, column=external_ids, values=('neutron:host_id',), keyvalues={}, if_exists=True) {{(pid=90892) do_commit /opt/stack/data/venv/lib/python3.12/site-packages/ovsdbapp/backend/ovs_idl/transaction.py:89}}
Jul 27 14:59:23.818405 np0000005918 devstack@neutron-api.service[90893]: [pid: 90893|app: 0|req: 9/37] 10.4.3.31 () {68 vars in 1319 bytes} [Mon Jul 27 14:59:23 2026] POST /networking/v2.0/networks => generated 679 bytes in 365 msecs (HTTP/1.1 201) 4 headers in 162 bytes (1 switches on core 0)
Jul 27 14:59:24.021947 np0000005918 devstack@neutron-api.service[90894]: INFO neutron.pecan_wsgi.hooks.translation [None req-4eb0de63-41b8-42eb-a287-9cf420287c14 admin admin] GET failed (client error): The resource could not be found.
Jul 27 14:59:24.022520 np0000005918 devstack@neutron-api.service[90894]: [pid: 90894|app: 0|req: 11/38] 10.4.3.31 () {64 vars in 1287 bytes} [Mon Jul 27 14:59:24 2026] GET /networking/v2.0/networks/shared => generated 108 bytes in 8 msecs (HTTP/1.1 404) 4 headers in 164 bytes (1 switches on core 0)
Jul 27 14:59:24.065922 np0000005918 devstack@neutron-api.service[90892]: DEBUG neutron.pecan_wsgi.hooks.policy_enforcement [None req-3a623227-5612-48ea-875e-2c4aec474004 admin admin] Attributes excluded by policy engine: ['standard_attr_id'] {{(pid=90892) _exclude_attributes_by_policy /opt/stack/neutron/neutron/pecan_wsgi/hooks/policy_enforcement.py:259}}
Jul 27 14:59:24.067388 np0000005918 devstack@neutron-api.service[90892]: [pid: 90892|app: 0|req: 10/39] 10.4.3.31 () {64 vars in 1302 bytes} [Mon Jul 27 14:59:24 2026] GET /networking/v2.0/networks?name=shared => generated 663 bytes in 37 msecs (HTTP/1.1 200) 4 headers in 157 bytes (1 switches on core 0)
Jul 27 14:59:24.081279 np0000005918 devstack@neutron-api.service[90891]: DEBUG neutron.api.v2.base [None req-54709e49-c406-4207-a4d4-0c02d389002b admin admin] Request body: {'subnet': {'cidr': '192.168.233.0/24', 'description': 'shared-subnet', 'ip_version': 4, 'network_id': 'c09b10cc-994c-497c-ae46-8aa0825e3e49', 'name': 'shared-subnet'}} {{(pid=90891) prepare_request_body /opt/stack/neutron/neutron/api/v2/base.py:727}}
Jul 27 14:59:24.096643 np0000005918 devstack@neutron-api.service[90891]: DEBUG neutron.pecan_wsgi.hooks.quota_enforcement [None req-54709e49-c406-4207-a4d4-0c02d389002b admin admin] Made reservation on behalf of eb8161c5996d4aeca5c3622d756be8a0 for: {'subnet': 1} {{(pid=90891) before /opt/stack/neutron/neutron/pecan_wsgi/hooks/quota_enforcement.py:66}}
Jul 27 14:59:24.099606 np0000005918 devstack@neutron-api.service[90891]: DEBUG neutron_lib.callbacks.manager [None req-54709e49-c406-4207-a4d4-0c02d389002b admin admin] Publish callbacks [] for subnet (None), before_create {{(pid=90891) _notify_loop /opt/stack/data/venv/lib/python3.12/site-packages/neutron_lib/callbacks/manager.py:184}}
Jul 27 14:59:24.157044 np0000005918 devstack@neutron-api.service[90891]: DEBUG neutron.db.ovn_revision_numbers_db [None req-54709e49-c406-4207-a4d4-0c02d389002b admin admin] create_initial_revision uuid=80b5f6d9-2717-4f4a-bdc4-cbc2dcf5626f, type=subnets, rev=-1 {{(pid=90891) create_initial_revision /opt/stack/neutron/neutron/db/ovn_revision_numbers_db.py:98}}
Jul 27 14:59:24.161140 np0000005918 devstack@neutron-api.service[90891]: DEBUG neutron_lib.callbacks.manager [None req-54709e49-c406-4207-a4d4-0c02d389002b admin admin] Publish callbacks ['neutron.plugins.ml2.ovo_rpc._ObjectChangeHandler.handle_event-6737428'] for subnet (80b5f6d9-2717-4f4a-bdc4-cbc2dcf5626f), after_create {{(pid=90891) _notify_loop /opt/stack/data/venv/lib/python3.12/site-packages/neutron_lib/callbacks/manager.py:184}}
Jul 27 14:59:24.173479 np0000005918 devstack@neutron-api.service[90891]: DEBUG neutron.api.rpc.handlers.resources_rpc [None req-54709e49-c406-4207-a4d4-0c02d389002b admin admin] Pushing event updated for resources: {'Subnet': ['ID=80b5f6d9-2717-4f4a-bdc4-cbc2dcf5626f,revision_number=0']} {{(pid=90891) push /opt/stack/neutron/neutron/api/rpc/handlers/resources_rpc.py:237}}
Jul 27 14:59:24.177922 np0000005918 devstack@neutron-api.service[90891]: DEBUG neutron.api.rpc.callbacks.version_manager [None req-54709e49-c406-4207-a4d4-0c02d389002b admin admin] Tracked resource versions report:
Jul 27 14:59:24.177922 np0000005918 devstack@neutron-api.service[90891]: pushed versions:
Jul 27 14:59:24.177922 np0000005918 devstack@neutron-api.service[90891]: { 'AddressGroup': {'1.2'},
Jul 27 14:59:24.177922 np0000005918 devstack@neutron-api.service[90891]: 'Agent': {'1.1'},
Jul 27 14:59:24.177922 np0000005918 devstack@neutron-api.service[90891]: 'ConntrackHelper': {'1.0'},
Jul 27 14:59:24.177922 np0000005918 devstack@neutron-api.service[90891]: 'LocalIPAssociation': {'1.0'},
Jul 27 14:59:24.177922 np0000005918 devstack@neutron-api.service[90891]: 'Log': {'1.0'},
Jul 27 14:59:24.177922 np0000005918 devstack@neutron-api.service[90891]: 'NDPProxy': {'1.0'},
Jul 27 14:59:24.177922 np0000005918 devstack@neutron-api.service[90891]: 'Network': {'1.3'},
Jul 27 14:59:24.177922 np0000005918 devstack@neutron-api.service[90891]: 'Port': {'1.11'},
Jul 27 14:59:24.177922 np0000005918 devstack@neutron-api.service[90891]: 'PortForwarding': {'1.3'},
Jul 27 14:59:24.177922 np0000005918 devstack@neutron-api.service[90891]: 'QosPolicy': {'1.10'},
Jul 27 14:59:24.177922 np0000005918 devstack@neutron-api.service[90891]: 'SecurityGroup': {'1.6'},
Jul 27 14:59:24.177922 np0000005918 devstack@neutron-api.service[90891]: 'SecurityGroupRule': {'1.3'},
Jul 27 14:59:24.177922 np0000005918 devstack@neutron-api.service[90891]: 'SubPort': {'1.0'},
Jul 27 14:59:24.177922 np0000005918 devstack@neutron-api.service[90891]: 'Subnet': {'1.2'},
Jul 27 14:59:24.177922 np0000005918 devstack@neutron-api.service[90891]: 'Trunk': {'1.1'}}
Jul 27 14:59:24.177922 np0000005918 devstack@neutron-api.service[90891]: consumer versions:
Jul 27 14:59:24.177922 np0000005918 devstack@neutron-api.service[90891]: { OVN Controller Gateway agent@np0000005918: {},
Jul 27 14:59:24.177922 np0000005918 devstack@neutron-api.service[90891]: OVN Neutron agent@np0000005918: {}}
Jul 27 14:59:24.177922 np0000005918 devstack@neutron-api.service[90891]: {{(pid=90891) report /opt/stack/neutron/neutron/api/rpc/callbacks/version_manager.py:183}}
Jul 27 14:59:24.221861 np0000005918 devstack@neutron-api.service[90891]: DEBUG neutron_lib.callbacks.manager [None req-54709e49-c406-4207-a4d4-0c02d389002b admin admin] Publish callbacks ['neutron.plugins.ml2.plugin.SecurityGroupDbMixin._ensure_default_security_group_handler-1401395', 'neutron.services.ovn_l3.plugin.OVNL3RouterPlugin._port_update-8017163991134', 'neutron.db.l3_db.L3_NAT_dbonly_mixin._prevent_internal_ip_change_for_fip-8017165113568'] for port (50101403-1cde-48eb-8fba-5463b1a22380), before_update {{(pid=90891) _notify_loop /opt/stack/data/venv/lib/python3.12/site-packages/neutron_lib/callbacks/manager.py:184}}
Jul 27 14:59:24.310649 np0000005918 devstack@neutron-api.service[90891]: DEBUG neutron.db.db_base_plugin_common [None req-54709e49-c406-4207-a4d4-0c02d389002b admin admin] Allocated IP 192.168.233.2 (c09b10cc-994c-497c-ae46-8aa0825e3e49/80b5f6d9-2717-4f4a-bdc4-cbc2dcf5626f/50101403-1cde-48eb-8fba-5463b1a22380) {{(pid=90891) _store_ip_allocation /opt/stack/neutron/neutron/db/db_base_plugin_common.py:131}}
Jul 27 14:59:24.371921 np0000005918 devstack@neutron-api.service[90891]: DEBUG neutron_lib.callbacks.manager [None req-54709e49-c406-4207-a4d4-0c02d389002b admin admin] Publish callbacks [] for port (50101403-1cde-48eb-8fba-5463b1a22380), precommit_update {{(pid=90891) _notify_loop /opt/stack/data/venv/lib/python3.12/site-packages/neutron_lib/callbacks/manager.py:184}}
Jul 27 14:59:24.372067 np0000005918 devstack@neutron-api.service[90891]: DEBUG neutron.plugins.ml2.drivers.ovn.mech_driver.mech_driver [None req-54709e49-c406-4207-a4d4-0c02d389002b admin admin] No provisioning block for port 50101403-1cde-48eb-8fba-5463b1a22380 since it does not have a host {{(pid=90891) _is_port_provisioning_required /opt/stack/neutron/neutron/plugins/ml2/drivers/ovn/mech_driver/mech_driver.py:899}}
Jul 27 14:59:24.379435 np0000005918 devstack@neutron-api.service[90891]: DEBUG neutron_lib.callbacks.manager [None req-54709e49-c406-4207-a4d4-0c02d389002b admin admin] Publish callbacks ['neutron.plugins.ml2.ovo_rpc._ObjectChangeHandler.handle_event-6737431', 'neutron.services.ovn_l3.plugin.OVNL3RouterPlugin._port_update-8017163991134'] for port (50101403-1cde-48eb-8fba-5463b1a22380), after_update {{(pid=90891) _notify_loop /opt/stack/data/venv/lib/python3.12/site-packages/neutron_lib/callbacks/manager.py:184}}
Jul 27 14:59:24.408126 np0000005918 devstack@neutron-api.service[90891]: DEBUG neutron.api.rpc.handlers.resources_rpc [None req-54709e49-c406-4207-a4d4-0c02d389002b admin admin] Pushing event updated for resources: {'Port': ['ID=50101403-1cde-48eb-8fba-5463b1a22380,revision_number=2']} {{(pid=90891) push /opt/stack/neutron/neutron/api/rpc/handlers/resources_rpc.py:237}}
Jul 27 14:59:24.488802 np0000005918 devstack@neutron-api.service[90891]: DEBUG neutron.plugins.ml2.drivers.ovn.mech_driver.ovsdb.commands [None req-54709e49-c406-4207-a4d4-0c02d389002b admin admin] Converting tag [] to a tag_request {{(pid=90891) _tag_column_to_tag_request /opt/stack/neutron/neutron/plugins/ml2/drivers/ovn/mech_driver/ovsdb/commands.py:205}}
Jul 27 14:59:24.489526 np0000005918 devstack@neutron-api.service[90891]: DEBUG ovsdbapp.backend.ovs_idl.transaction [None req-f34c93bb-bea7-46b9-af4d-28158a5edba0 None None] Running txn n=1 command(idx=0): CheckRevisionNumberCommand(_result=None, name=50101403-1cde-48eb-8fba-5463b1a22380, resource={'id': '50101403-1cde-48eb-8fba-5463b1a22380', 'name': '', 'network_id': 'c09b10cc-994c-497c-ae46-8aa0825e3e49', 'project_id': 'eb8161c5996d4aeca5c3622d756be8a0', 'mac_address': 'fa:16:3e:f3:d3:70', 'admin_state_up': True, 'status': 'DOWN', 'device_id': 'ovnmeta-c09b10cc-994c-497c-ae46-8aa0825e3e49', 'device_owner': 'network:distributed', 'standard_attr_id': 28, 'fixed_ips': [{'subnet_id': '80b5f6d9-2717-4f4a-bdc4-cbc2dcf5626f', 'ip_address': '192.168.233.2'}], 'allowed_address_pairs': [], 'extra_dhcp_opts': [], 'security_groups': [], 'description': '', 'binding:vnic_type': 'normal', 'binding:profile': {}, 'binding:host_id': '', 'binding:vif_type': 'unbound', 'binding:vif_details': {}, 'port_security_enabled': False, 'tags': [], 'created_at': '2026-07-27T14:59:23Z', 'updated_at': '2026-07-27T14:59:24Z', 'revision_number': 2, 'tenant_id': 'eb8161c5996d4aeca5c3622d756be8a0', 'network': {'id': 'c09b10cc-994c-497c-ae46-8aa0825e3e49', 'name': 'shared', 'tenant_id': 'eb8161c5996d4aeca5c3622d756be8a0', 'project_id': 'eb8161c5996d4aeca5c3622d756be8a0', 'admin_state_up': True, 'mtu': 1372, 'status': 'ACTIVE', 'subnets': ['80b5f6d9-2717-4f4a-bdc4-cbc2dcf5626f'], 'standard_attr_id': 26, 'shared': True, 'availability_zone_hints': [], 'availability_zones': [], 'ipv4_address_scope': None, 'ipv6_address_scope': None, 'router:external': False, 'qinq': False, 'vlan_transparent': False, 'description': '', 'port_security_enabled': True, 'tags': [], 'created_at': '2026-07-27T14:59:23Z', 'updated_at': '2026-07-27T14:59:24Z', 'revision_number': 2, 'provider:network_type': 'geneve', 'provider:physical_network': None, 'provider:segmentation_id': 45525}}, resource_type=ports, if_exists=True) {{(pid=90891) do_commit /opt/stack/data/venv/lib/python3.12/site-packages/ovsdbapp/backend/ovs_idl/transaction.py:89}}
Jul 27 14:59:24.489917 np0000005918 devstack@neutron-api.service[90891]: DEBUG ovsdbapp.backend.ovs_idl.transaction [None req-f34c93bb-bea7-46b9-af4d-28158a5edba0 None None] Running txn n=1 command(idx=1): AddDHCPOptionsCommand(_result=None, columns={'cidr': '192.168.233.0/24', 'options': {'server_id': '192.168.233.1', 'lease_time': '43200', 'mtu': '1372', 'router': '192.168.233.1', 'server_mac': 'fa:16:3e:1c:1b:23', 'dns_server': '{127.0.0.53}', 'classless_static_route': '{169.254.169.254/32,192.168.233.2, 0.0.0.0/0,192.168.233.1}'}, 'external_ids': {'subnet_id': '80b5f6d9-2717-4f4a-bdc4-cbc2dcf5626f', 'neutron:network_id': 'c09b10cc-994c-497c-ae46-8aa0825e3e49', 'neutron:revision_number': '0'}}, may_exist=True, subnet_id=80b5f6d9-2717-4f4a-bdc4-cbc2dcf5626f, port_id=None, new_insert=False) {{(pid=90891) do_commit /opt/stack/data/venv/lib/python3.12/site-packages/ovsdbapp/backend/ovs_idl/transaction.py:89}}
Jul 27 14:59:24.490202 np0000005918 devstack@neutron-api.service[90891]: DEBUG ovsdbapp.backend.ovs_idl.transaction [None req-f34c93bb-bea7-46b9-af4d-28158a5edba0 None None] Running txn n=1 command(idx=2): SetLSwitchPortCommand(_result=None, lport=50101403-1cde-48eb-8fba-5463b1a22380, external_ids_update=None, columns={'external_ids': {'neutron:port_name': '', 'neutron:device_id': 'ovnmeta-c09b10cc-994c-497c-ae46-8aa0825e3e49', 'neutron:project_id': 'eb8161c5996d4aeca5c3622d756be8a0', 'neutron:cidrs': '192.168.233.2/24', 'neutron:device_owner': 'network:distributed', 'neutron:subnet_pool_addr_scope4': '', 'neutron:subnet_pool_addr_scope6': '', 'neutron:network_name': 'neutron-c09b10cc-994c-497c-ae46-8aa0825e3e49', 'neutron:security_group_ids': '', 'neutron:revision_number': '2', 'neutron:vnic_type': 'normal', 'neutron:port_capabilities': '', 'neutron:mtu': '1372'}, 'parent_name': [], 'options': {}, 'enabled': True, 'port_security': [], 'dhcpv4_options': [], 'dhcpv6_options': [], 'type': 'localport', 'addresses': ['fa:16:3e:f3:d3:70 192.168.233.2'], 'ha_chassis_group': [], 'tag_request': []}, if_exists=False) {{(pid=90891) do_commit /opt/stack/data/venv/lib/python3.12/site-packages/ovsdbapp/backend/ovs_idl/transaction.py:89}}
Jul 27 14:59:24.490797 np0000005918 devstack@neutron-api.service[90891]: DEBUG ovsdbapp.backend.ovs_idl.transaction [None req-f34c93bb-bea7-46b9-af4d-28158a5edba0 None None] Running txn n=1 command(idx=3): PgDelPortCommand(_result=None, port_group=neutron_pg_drop, lsp=['50101403-1cde-48eb-8fba-5463b1a22380'], if_exists=False) {{(pid=90891) do_commit /opt/stack/data/venv/lib/python3.12/site-packages/ovsdbapp/backend/ovs_idl/transaction.py:89}}
Jul 27 14:59:24.494288 np0000005918 devstack@neutron-api.service[90892]: DEBUG neutron.plugins.ml2.drivers.ovn.mech_driver.ovsdb.ovsdb_monitor [None req-5e0d1acb-5a60-4ea6-b0c6-eca479acd146 None None] Hash Ring: Node 7e7dd4a939ed5fd4ba47379fcf43c3dc (host: np0000005918) handling event "update" for row 676860ba-ca03-49eb-9460-5a3ac93e0270 (table: Logical_Switch_Port) {{(pid=90892) notify /opt/stack/neutron/neutron/plugins/ml2/drivers/ovn/mech_driver/ovsdb/ovsdb_monitor.py:1013}}
Jul 27 14:59:24.495196 np0000005918 devstack@neutron-api.service[90893]: DEBUG neutron.plugins.ml2.drivers.ovn.mech_driver.ovsdb.ovsdb_monitor [None req-7c4b6180-9bdb-4990-b6ff-29d68023cfe8 None None] Hash Ring: Node 9ee5406f842352ac9d9802837036893a (host: np0000005918) handling event "create" for row fd495765-bc45-40b9-81e1-4535177eef3f (table: DHCP_Options) {{(pid=90893) notify /opt/stack/neutron/neutron/plugins/ml2/drivers/ovn/mech_driver/ovsdb/ovsdb_monitor.py:1013}}
Jul 27 14:59:24.496440 np0000005918 devstack@neutron-api.service[90893]: DEBUG neutron.plugins.ml2.drivers.ovn.mech_driver.ovsdb.ovsdb_monitor [-] Hash Ring: Node 9ee5406f842352ac9d9802837036893a (host: np0000005918) handling event "update" for row 5c800d69-55bc-4037-8ce9-267000e0ae75 (table: Port_Binding) {{(pid=90893) notify /opt/stack/neutron/neutron/plugins/ml2/drivers/ovn/mech_driver/ovsdb/ovsdb_monitor.py:1013}}
Jul 27 14:59:24.520652 np0000005918 devstack@neutron-api.service[90891]: INFO neutron.db.ovn_revision_numbers_db [None req-54709e49-c406-4207-a4d4-0c02d389002b admin admin] Successfully bumped revision number for resource 50101403-1cde-48eb-8fba-5463b1a22380 (type: ports) to 2
Jul 27 14:59:24.528504 np0000005918 devstack@neutron-api.service[90891]: DEBUG neutron.plugins.ml2.plugin [None req-54709e49-c406-4207-a4d4-0c02d389002b admin admin] In _notify_port_updated(), no bound segment for port 50101403-1cde-48eb-8fba-5463b1a22380 on network c09b10cc-994c-497c-ae46-8aa0825e3e49 {{(pid=90891) _notify_port_updated /opt/stack/neutron/neutron/plugins/ml2/plugin.py:1041}}
Jul 27 14:59:24.542071 np0000005918 devstack@neutron-api.service[90891]: INFO neutron.db.ovn_revision_numbers_db [None req-54709e49-c406-4207-a4d4-0c02d389002b admin admin] Successfully bumped revision number for resource 80b5f6d9-2717-4f4a-bdc4-cbc2dcf5626f (type: subnets) to 0
Jul 27 14:59:24.542978 np0000005918 devstack@neutron-api.service[90891]: DEBUG neutron.pecan_wsgi.hooks.policy_enforcement [None req-54709e49-c406-4207-a4d4-0c02d389002b admin admin] Attributes excluded by policy engine: ['standard_attr_id', 'shared', 'network'] {{(pid=90891) _exclude_attributes_by_policy /opt/stack/neutron/neutron/pecan_wsgi/hooks/policy_enforcement.py:259}}
Jul 27 14:59:24.543218 np0000005918 devstack@neutron-api.service[90891]: DEBUG neutron_lib.callbacks.manager [None req-54709e49-c406-4207-a4d4-0c02d389002b admin admin] Publish callbacks [] for subnet (None), before_response {{(pid=90891) _notify_loop /opt/stack/data/venv/lib/python3.12/site-packages/neutron_lib/callbacks/manager.py:184}}
Jul 27 14:59:24.551464 np0000005918 devstack@neutron-api.service[90891]: [pid: 90891|app: 0|req: 10/40] 10.4.3.31 () {68 vars in 1317 bytes} [Mon Jul 27 14:59:24 2026] POST /networking/v2.0/subnets => generated 665 bytes in 472 msecs (HTTP/1.1 201) 4 headers in 162 bytes (1 switches on core 0)
Jul 27 14:59:27.594634 np0000005918 devstack@neutron-api.service[90894]: DEBUG ovsdbapp.backend.ovs_idl.event [None req-b7fef65e-2c12-4d2b-abf4-09246955f996 None None] Matched UPDATE: ChassisOVNAgentWriteEvent(events=('create', 'update'), table='Chassis_Private', conditions=None, old_conditions=None), priority=20 to row=Chassis_Private(uuid=1358ae9c-9cac-440b-8a28-b32b2018e907, chassis=44e26f7e-f525-4cb2-8633-a8d9bd392dd7, external_ids={'neutron:ovn-bridge': 'br-int', 'neutron:ovn-neutron-agent-id': '8257aa8d-982e-5866-9a7d-94da3b849a6b', 'neutron:ovn-neutron-agent-sb-cfg': '2'}, name='f6a9ad4f-d38f-4039-9b34-c3db305abcce', nb_cfg=2, nb_cfg_timestamp=1785164363586) old=Chassis_Private(uuid=1358ae9c-9cac-440b-8a28-b32b2018e907, external_ids={'neutron:ovn-bridge': 'br-int', 'neutron:ovn-neutron-agent-id': '8257aa8d-982e-5866-9a7d-94da3b849a6b', 'neutron:ovn-neutron-agent-sb-cfg': '1'}) {{(pid=90894) matches /opt/stack/data/venv/lib/python3.12/site-packages/ovsdbapp/backend/ovs_idl/event.py:55}}
Jul 27 14:59:27.595353 np0000005918 devstack@neutron-api.service[90892]: DEBUG ovsdbapp.backend.ovs_idl.event [None req-84f30dcc-6f16-4ae4-a3dd-b4519110d721 None None] Matched UPDATE: ChassisOVNAgentWriteEvent(events=('create', 'update'), table='Chassis_Private', conditions=None, old_conditions=None), priority=20 to row=Chassis_Private(uuid=1358ae9c-9cac-440b-8a28-b32b2018e907, chassis=44e26f7e-f525-4cb2-8633-a8d9bd392dd7, external_ids={'neutron:ovn-bridge': 'br-int', 'neutron:ovn-neutron-agent-id': '8257aa8d-982e-5866-9a7d-94da3b849a6b', 'neutron:ovn-neutron-agent-sb-cfg': '2'}, name='f6a9ad4f-d38f-4039-9b34-c3db305abcce', nb_cfg=2, nb_cfg_timestamp=1785164363586) old=Chassis_Private(uuid=1358ae9c-9cac-440b-8a28-b32b2018e907, external_ids={'neutron:ovn-bridge': 'br-int', 'neutron:ovn-neutron-agent-id': '8257aa8d-982e-5866-9a7d-94da3b849a6b', 'neutron:ovn-neutron-agent-sb-cfg': '1'}) {{(pid=90892) matches /opt/stack/data/venv/lib/python3.12/site-packages/ovsdbapp/backend/ovs_idl/event.py:55}}
Jul 27 14:59:27.595768 np0000005918 devstack@neutron-api.service[90891]: DEBUG ovsdbapp.backend.ovs_idl.event [None req-02a5df0d-2d2a-4138-964c-9ee137cb3568 None None] Matched UPDATE: ChassisOVNAgentWriteEvent(events=('create', 'update'), table='Chassis_Private', conditions=None, old_conditions=None), priority=20 to row=Chassis_Private(uuid=1358ae9c-9cac-440b-8a28-b32b2018e907, chassis=44e26f7e-f525-4cb2-8633-a8d9bd392dd7, external_ids={'neutron:ovn-bridge': 'br-int', 'neutron:ovn-neutron-agent-id': '8257aa8d-982e-5866-9a7d-94da3b849a6b', 'neutron:ovn-neutron-agent-sb-cfg': '2'}, name='f6a9ad4f-d38f-4039-9b34-c3db305abcce', nb_cfg=2, nb_cfg_timestamp=1785164363586) old=Chassis_Private(uuid=1358ae9c-9cac-440b-8a28-b32b2018e907, external_ids={'neutron:ovn-bridge': 'br-int', 'neutron:ovn-neutron-agent-id': '8257aa8d-982e-5866-9a7d-94da3b849a6b', 'neutron:ovn-neutron-agent-sb-cfg': '1'}) {{(pid=90891) matches /opt/stack/data/venv/lib/python3.12/site-packages/ovsdbapp/backend/ovs_idl/event.py:55}}
Jul 27 14:59:27.596110 np0000005918 devstack@neutron-api.service[90893]: DEBUG ovsdbapp.backend.ovs_idl.event [-] Matched UPDATE: ChassisOVNAgentWriteEvent(events=('create', 'update'), table='Chassis_Private', conditions=None, old_conditions=None), priority=20 to row=Chassis_Private(uuid=1358ae9c-9cac-440b-8a28-b32b2018e907, chassis=44e26f7e-f525-4cb2-8633-a8d9bd392dd7, external_ids={'neutron:ovn-bridge': 'br-int', 'neutron:ovn-neutron-agent-id': '8257aa8d-982e-5866-9a7d-94da3b849a6b', 'neutron:ovn-neutron-agent-sb-cfg': '2'}, name='f6a9ad4f-d38f-4039-9b34-c3db305abcce', nb_cfg=2, nb_cfg_timestamp=1785164363586) old=Chassis_Private(uuid=1358ae9c-9cac-440b-8a28-b32b2018e907, external_ids={'neutron:ovn-bridge': 'br-int', 'neutron:ovn-neutron-agent-id': '8257aa8d-982e-5866-9a7d-94da3b849a6b', 'neutron:ovn-neutron-agent-sb-cfg': '1'}) {{(pid=90893) matches /opt/stack/data/venv/lib/python3.12/site-packages/ovsdbapp/backend/ovs_idl/event.py:55}}
Jul 27 14:59:27.596434 np0000005918 devstack@neutron-api.service[90891]: DEBUG neutron.plugins.ml2.drivers.ovn.mech_driver.ovsdb.ovsdb_monitor [None req-02a5df0d-2d2a-4138-964c-9ee137cb3568 None None] Hash Ring: Node ab749d2695ca5be3855590e066cb8c12 (host: np0000005918) handling event "update" for row 1358ae9c-9cac-440b-8a28-b32b2018e907 (table: Chassis_Private) {{(pid=90891) notify /opt/stack/neutron/neutron/plugins/ml2/drivers/ovn/mech_driver/ovsdb/ovsdb_monitor.py:1013}}
Jul 27 14:59:33.449172 np0000005918 devstack@neutron-api.service[90894]: DEBUG futurist.periodics [-] Submitting periodic callback 'neutron.plugins.ml2.drivers.ovn.mech_driver.ovsdb.maintenance.HashRingHealthCheckPeriodics.touch_hash_ring_node' {{(pid=90894) _process_scheduled /opt/stack/data/venv/lib/python3.12/site-packages/futurist/periodics.py:784}}
Jul 27 14:59:33.449561 np0000005918 devstack@neutron-api.service[90894]: DEBUG neutron.plugins.ml2.drivers.ovn.mech_driver.ovsdb.maintenance [-] Touching Hash Ring node "410af42e1643579f98eeb9dd4489ef78" from periodic health check thread {{(pid=90894) touch_hash_ring_node /opt/stack/neutron/neutron/plugins/ml2/drivers/ovn/mech_driver/ovsdb/maintenance.py:1417}}
Jul 27 14:59:33.814817 np0000005918 devstack@neutron-api.service[90893]: DEBUG dbcounter [-] [90893] Writing DB stats neutron:UPDATE=10,neutron:SELECT=138,neutron:INSERT=14,neutron:DELETE=2 {{(pid=90893) stat_writer /opt/stack/data/venv/lib/python3.12/site-packages/dbcounter.py:115}}
Jul 27 14:59:34.061989 np0000005918 devstack@neutron-api.service[90892]: DEBUG dbcounter [-] [90892] Writing DB stats neutron:UPDATE=1,neutron:SELECT=39,neutron:INSERT=1 {{(pid=90892) stat_writer /opt/stack/data/venv/lib/python3.12/site-packages/dbcounter.py:115}}
Jul 27 14:59:34.358681 np0000005918 devstack@neutron-api.service[90891]: DEBUG futurist.periodics [-] Submitting periodic callback 'neutron.plugins.ml2.drivers.ovn.mech_driver.ovsdb.maintenance.HashRingHealthCheckPeriodics.touch_hash_ring_node' {{(pid=90891) _process_scheduled /opt/stack/data/venv/lib/python3.12/site-packages/futurist/periodics.py:784}}
Jul 27 14:59:34.359116 np0000005918 devstack@neutron-api.service[90891]: DEBUG neutron.plugins.ml2.drivers.ovn.mech_driver.ovsdb.maintenance [-] Touching Hash Ring node "ab749d2695ca5be3855590e066cb8c12" from periodic health check thread {{(pid=90891) touch_hash_ring_node /opt/stack/neutron/neutron/plugins/ml2/drivers/ovn/mech_driver/ovsdb/maintenance.py:1417}}
Jul 27 14:59:34.371415 np0000005918 devstack@neutron-api.service[90892]: DEBUG futurist.periodics [-] Submitting periodic callback 'neutron.plugins.ml2.drivers.ovn.mech_driver.ovsdb.maintenance.HashRingHealthCheckPeriodics.touch_hash_ring_node' {{(pid=90892) _process_scheduled /opt/stack/data/venv/lib/python3.12/site-packages/futurist/periodics.py:784}}
Jul 27 14:59:34.371759 np0000005918 devstack@neutron-api.service[90892]: DEBUG neutron.plugins.ml2.drivers.ovn.mech_driver.ovsdb.maintenance [-] Touching Hash Ring node "7e7dd4a939ed5fd4ba47379fcf43c3dc" from periodic health check thread {{(pid=90892) touch_hash_ring_node /opt/stack/neutron/neutron/plugins/ml2/drivers/ovn/mech_driver/ovsdb/maintenance.py:1417}}
Jul 27 14:59:34.447413 np0000005918 devstack@neutron-api.service[90893]: DEBUG futurist.periodics [-] Submitting periodic callback 'neutron.plugins.ml2.drivers.ovn.mech_driver.ovsdb.maintenance.HashRingHealthCheckPeriodics.touch_hash_ring_node' {{(pid=90893) _process_scheduled /opt/stack/data/venv/lib/python3.12/site-packages/futurist/periodics.py:784}}
Jul 27 14:59:34.447835 np0000005918 devstack@neutron-api.service[90893]: DEBUG neutron.plugins.ml2.drivers.ovn.mech_driver.ovsdb.maintenance [-] Touching Hash Ring node "9ee5406f842352ac9d9802837036893a" from periodic health check thread {{(pid=90893) touch_hash_ring_node /opt/stack/neutron/neutron/plugins/ml2/drivers/ovn/mech_driver/ovsdb/maintenance.py:1417}}
Jul 27 14:59:43.456441 np0000005918 devstack@neutron-api.service[90894]: DEBUG dbcounter [-] [90894] Writing DB stats neutron:UPDATE=2,neutron:SELECT=7 {{(pid=90894) stat_writer /opt/stack/data/venv/lib/python3.12/site-packages/dbcounter.py:115}}
Jul 27 14:59:44.364988 np0000005918 devstack@neutron-api.service[90891]: DEBUG dbcounter [-] [90891] Writing DB stats neutron:UPDATE=7,neutron:SELECT=256,neutron:INSERT=11,neutron:DELETE=2 {{(pid=90891) stat_writer /opt/stack/data/venv/lib/python3.12/site-packages/dbcounter.py:115}}
Jul 27 14:59:44.379855 np0000005918 devstack@neutron-api.service[90892]: DEBUG dbcounter [-] [90892] Writing DB stats neutron:UPDATE=1,neutron:SELECT=1 {{(pid=90892) stat_writer /opt/stack/data/venv/lib/python3.12/site-packages/dbcounter.py:115}}
Jul 27 14:59:44.454969 np0000005918 devstack@neutron-api.service[90893]: DEBUG dbcounter [-] [90893] Writing DB stats neutron:UPDATE=1,neutron:SELECT=1 {{(pid=90893) stat_writer /opt/stack/data/venv/lib/python3.12/site-packages/dbcounter.py:115}}
Jul 27 14:59:48.449685 np0000005918 devstack@neutron-api.service[90894]: DEBUG futurist.periodics [-] Submitting periodic callback 'neutron.plugins.ml2.drivers.ovn.mech_driver.ovsdb.maintenance.HashRingHealthCheckPeriodics.touch_hash_ring_node' {{(pid=90894) _process_scheduled /opt/stack/data/venv/lib/python3.12/site-packages/futurist/periodics.py:784}}
Jul 27 14:59:48.450107 np0000005918 devstack@neutron-api.service[90894]: DEBUG neutron.plugins.ml2.drivers.ovn.mech_driver.ovsdb.maintenance [-] Touching Hash Ring node "410af42e1643579f98eeb9dd4489ef78" from periodic health check thread {{(pid=90894) touch_hash_ring_node /opt/stack/neutron/neutron/plugins/ml2/drivers/ovn/mech_driver/ovsdb/maintenance.py:1417}}
Jul 27 14:59:49.359247 np0000005918 devstack@neutron-api.service[90891]: DEBUG futurist.periodics [-] Submitting periodic callback 'neutron.plugins.ml2.drivers.ovn.mech_driver.ovsdb.maintenance.HashRingHealthCheckPeriodics.touch_hash_ring_node' {{(pid=90891) _process_scheduled /opt/stack/data/venv/lib/python3.12/site-packages/futurist/periodics.py:784}}
Jul 27 14:59:49.359700 np0000005918 devstack@neutron-api.service[90891]: DEBUG neutron.plugins.ml2.drivers.ovn.mech_driver.ovsdb.maintenance [-] Touching Hash Ring node "ab749d2695ca5be3855590e066cb8c12" from periodic health check thread {{(pid=90891) touch_hash_ring_node /opt/stack/neutron/neutron/plugins/ml2/drivers/ovn/mech_driver/ovsdb/maintenance.py:1417}}
Jul 27 14:59:49.371895 np0000005918 devstack@neutron-api.service[90892]: DEBUG futurist.periodics [-] Submitting periodic callback 'neutron.plugins.ml2.drivers.ovn.mech_driver.ovsdb.maintenance.HashRingHealthCheckPeriodics.touch_hash_ring_node' {{(pid=90892) _process_scheduled /opt/stack/data/venv/lib/python3.12/site-packages/futurist/periodics.py:784}}
Jul 27 14:59:49.372261 np0000005918 devstack@neutron-api.service[90892]: DEBUG neutron.plugins.ml2.drivers.ovn.mech_driver.ovsdb.maintenance [-] Touching Hash Ring node "7e7dd4a939ed5fd4ba47379fcf43c3dc" from periodic health check thread {{(pid=90892) touch_hash_ring_node /opt/stack/neutron/neutron/plugins/ml2/drivers/ovn/mech_driver/ovsdb/maintenance.py:1417}}
Jul 27 14:59:49.447984 np0000005918 devstack@neutron-api.service[90893]: DEBUG futurist.periodics [-] Submitting periodic callback 'neutron.plugins.ml2.drivers.ovn.mech_driver.ovsdb.maintenance.HashRingHealthCheckPeriodics.touch_hash_ring_node' {{(pid=90893) _process_scheduled /opt/stack/data/venv/lib/python3.12/site-packages/futurist/periodics.py:784}}
Jul 27 14:59:49.448454 np0000005918 devstack@neutron-api.service[90893]: DEBUG neutron.plugins.ml2.drivers.ovn.mech_driver.ovsdb.maintenance [-] Touching Hash Ring node "9ee5406f842352ac9d9802837036893a" from periodic health check thread {{(pid=90893) touch_hash_ring_node /opt/stack/neutron/neutron/plugins/ml2/drivers/ovn/mech_driver/ovsdb/maintenance.py:1417}}
Jul 27 14:59:52.524705 np0000005918 devstack@neutron-api.service[90893]: DEBUG neutron.api.wsgi [None req-4752198d-097d-417e-b97b-6fdf64c7a911 tempest-verify_tempest_config-833030977 tempest-verify_tempest_config-833030977-project-member] https://10.4.3.31/networking/v2.0/extensions returned with HTTP 200 {{(pid=90893) __call__ /opt/stack/neutron/neutron/api/wsgi.py:540}}
Jul 27 14:59:52.525168 np0000005918 devstack@neutron-api.service[90893]: [pid: 90893|app: 0|req: 10/41] 10.4.3.31 () {66 vars in 1254 bytes} [Mon Jul 27 14:59:52 2026] GET /networking/v2.0/extensions => generated 16171 bytes in 3 msecs (HTTP/1.1 200) 4 headers in 159 bytes (1 switches on core 0)
Jul 27 14:59:52.998946 np0000005918 devstack@neutron-api.service[90894]: DEBUG neutron_lib.callbacks.manager [None req-40320d88-4ffc-4b42-9b47-44ed0801ef49 admin admin] Publish callbacks [] for security_group (None), before_create {{(pid=90894) _notify_loop /opt/stack/data/venv/lib/python3.12/site-packages/neutron_lib/callbacks/manager.py:184}}
Jul 27 14:59:53.085835 np0000005918 devstack@neutron-api.service[90894]: DEBUG neutron_lib.callbacks.manager [None req-40320d88-4ffc-4b42-9b47-44ed0801ef49 admin admin] Publish callbacks ['neutron.plugins.ml2.drivers.ovn.mech_driver.mech_driver.OVNMechanismDriver._create_security_group_precommit-319690'] for security_group (a2715d0a-a2ed-4c63-a57f-a9806c60bbe0), precommit_create {{(pid=90894) _notify_loop /opt/stack/data/venv/lib/python3.12/site-packages/neutron_lib/callbacks/manager.py:184}}
Jul 27 14:59:53.085984 np0000005918 devstack@neutron-api.service[90894]: DEBUG neutron.db.ovn_revision_numbers_db [None req-40320d88-4ffc-4b42-9b47-44ed0801ef49 admin admin] create_initial_revision uuid=a2715d0a-a2ed-4c63-a57f-a9806c60bbe0, type=security_groups, rev=-1 {{(pid=90894) create_initial_revision /opt/stack/neutron/neutron/db/ovn_revision_numbers_db.py:98}}
Jul 27 14:59:53.086957 np0000005918 devstack@neutron-api.service[90894]: DEBUG neutron.db.ovn_revision_numbers_db [None req-40320d88-4ffc-4b42-9b47-44ed0801ef49 admin admin] create_initial_revision uuid=0a603072-b1cb-49c9-8e2a-0400c5d5047a, type=security_group_rules, rev=-1 {{(pid=90894) create_initial_revision /opt/stack/neutron/neutron/db/ovn_revision_numbers_db.py:98}}
Jul 27 14:59:53.087807 np0000005918 devstack@neutron-api.service[90894]: DEBUG neutron.db.ovn_revision_numbers_db [None req-40320d88-4ffc-4b42-9b47-44ed0801ef49 admin admin] create_initial_revision uuid=57f5c3db-8065-4f30-ade8-5b146a9d8db9, type=security_group_rules, rev=-1 {{(pid=90894) create_initial_revision /opt/stack/neutron/neutron/db/ovn_revision_numbers_db.py:98}}
Jul 27 14:59:53.088960 np0000005918 devstack@neutron-api.service[90894]: DEBUG neutron.db.ovn_revision_numbers_db [None req-40320d88-4ffc-4b42-9b47-44ed0801ef49 admin admin] create_initial_revision uuid=a7492302-9050-4e2f-812d-8289a3c9a846, type=security_group_rules, rev=-1 {{(pid=90894) create_initial_revision /opt/stack/neutron/neutron/db/ovn_revision_numbers_db.py:98}}
Jul 27 14:59:53.089887 np0000005918 devstack@neutron-api.service[90894]: DEBUG neutron.db.ovn_revision_numbers_db [None req-40320d88-4ffc-4b42-9b47-44ed0801ef49 admin admin] create_initial_revision uuid=e6722e33-bbcb-43ed-9924-0b661f1f500b, type=security_group_rules, rev=-1 {{(pid=90894) create_initial_revision /opt/stack/neutron/neutron/db/ovn_revision_numbers_db.py:98}}
Jul 27 14:59:53.093750 np0000005918 devstack@neutron-api.service[90894]: DEBUG neutron_lib.callbacks.manager [None req-40320d88-4ffc-4b42-9b47-44ed0801ef49 admin admin] Publish callbacks ['neutron.plugins.ml2.drivers.ovn.mech_driver.mech_driver.OVNMechanismDriver._create_security_group-319680', 'neutron.plugins.ml2.ovo_rpc._ObjectChangeHandler.handle_event-7448236'] for security_group (a2715d0a-a2ed-4c63-a57f-a9806c60bbe0), after_create {{(pid=90894) _notify_loop /opt/stack/data/venv/lib/python3.12/site-packages/neutron_lib/callbacks/manager.py:184}}
Jul 27 14:59:53.094214 np0000005918 devstack@neutron-api.service[90894]: DEBUG ovsdbapp.backend.ovs_idl.transaction [None req-afec0a01-06ba-4d32-9ac6-4cf02a75eac6 None None] Running txn n=1 command(idx=0): PgAddCommand(_result=None, name=pg_a2715d0a_a2ed_4c63_a57f_a9806c60bbe0, may_exist=False, columns={'acls': [], 'external_ids': {'neutron:security_group_id': 'a2715d0a-a2ed-4c63-a57f-a9806c60bbe0'}}) {{(pid=90894) do_commit /opt/stack/data/venv/lib/python3.12/site-packages/ovsdbapp/backend/ovs_idl/transaction.py:89}}
Jul 27 14:59:53.094535 np0000005918 devstack@neutron-api.service[90894]: DEBUG ovsdbapp.backend.ovs_idl.transaction [None req-afec0a01-06ba-4d32-9ac6-4cf02a75eac6 None None] Running txn n=1 command(idx=1): PgAclAddCommand(_result=None, entity=pg_a2715d0a_a2ed_4c63_a57f_a9806c60bbe0, direction=from-lport, priority=1002, match=inport == @pg_a2715d0a_a2ed_4c63_a57f_a9806c60bbe0 && ip4, action=allow-related, log=False, may_exist=True, severity=[], name=[], meter=[], external_ids={'neutron:security_group_rule_id': '0a603072-b1cb-49c9-8e2a-0400c5d5047a'}) {{(pid=90894) do_commit /opt/stack/data/venv/lib/python3.12/site-packages/ovsdbapp/backend/ovs_idl/transaction.py:89}}
Jul 27 14:59:53.094893 np0000005918 devstack@neutron-api.service[90894]: DEBUG ovsdbapp.backend.ovs_idl.transaction [None req-afec0a01-06ba-4d32-9ac6-4cf02a75eac6 None None] Running txn n=1 command(idx=2): PgAclAddCommand(_result=None, entity=pg_a2715d0a_a2ed_4c63_a57f_a9806c60bbe0, direction=to-lport, priority=1002, match=outport == @pg_a2715d0a_a2ed_4c63_a57f_a9806c60bbe0 && ip4 && ip4.src == $pg_a2715d0a_a2ed_4c63_a57f_a9806c60bbe0_ip4, action=allow-related, log=False, may_exist=True, severity=[], name=[], meter=[], external_ids={'neutron:security_group_rule_id': '57f5c3db-8065-4f30-ade8-5b146a9d8db9'}) {{(pid=90894) do_commit /opt/stack/data/venv/lib/python3.12/site-packages/ovsdbapp/backend/ovs_idl/transaction.py:89}}
Jul 27 14:59:53.095175 np0000005918 devstack@neutron-api.service[90894]: DEBUG ovsdbapp.backend.ovs_idl.transaction [None req-afec0a01-06ba-4d32-9ac6-4cf02a75eac6 None None] Running txn n=1 command(idx=3): PgAclAddCommand(_result=None, entity=pg_a2715d0a_a2ed_4c63_a57f_a9806c60bbe0, direction=to-lport, priority=1002, match=outport == @pg_a2715d0a_a2ed_4c63_a57f_a9806c60bbe0 && ip6 && ip6.src == $pg_a2715d0a_a2ed_4c63_a57f_a9806c60bbe0_ip6, action=allow-related, log=False, may_exist=True, severity=[], name=[], meter=[], external_ids={'neutron:security_group_rule_id': 'a7492302-9050-4e2f-812d-8289a3c9a846'}) {{(pid=90894) do_commit /opt/stack/data/venv/lib/python3.12/site-packages/ovsdbapp/backend/ovs_idl/transaction.py:89}}
Jul 27 14:59:53.095409 np0000005918 devstack@neutron-api.service[90894]: DEBUG ovsdbapp.backend.ovs_idl.transaction [None req-afec0a01-06ba-4d32-9ac6-4cf02a75eac6 None None] Running txn n=1 command(idx=4): PgAclAddCommand(_result=None, entity=pg_a2715d0a_a2ed_4c63_a57f_a9806c60bbe0, direction=from-lport, priority=1002, match=inport == @pg_a2715d0a_a2ed_4c63_a57f_a9806c60bbe0 && ip6, action=allow-related, log=False, may_exist=True, severity=[], name=[], meter=[], external_ids={'neutron:security_group_rule_id': 'e6722e33-bbcb-43ed-9924-0b661f1f500b'}) {{(pid=90894) do_commit /opt/stack/data/venv/lib/python3.12/site-packages/ovsdbapp/backend/ovs_idl/transaction.py:89}}
Jul 27 14:59:53.100730 np0000005918 devstack@neutron-api.service[90894]: DEBUG neutron.plugins.ml2.drivers.ovn.mech_driver.ovsdb.ovsdb_monitor [None req-afec0a01-06ba-4d32-9ac6-4cf02a75eac6 None None] Touching Hash Ring node "410af42e1643579f98eeb9dd4489ef78" from IDL notify handler {{(pid=90894) notify /opt/stack/neutron/neutron/plugins/ml2/drivers/ovn/mech_driver/ovsdb/ovsdb_monitor.py:1005}}
Jul 27 14:59:53.101511 np0000005918 devstack@neutron-api.service[90891]: DEBUG neutron.plugins.ml2.drivers.ovn.mech_driver.ovsdb.ovsdb_monitor [None req-f34c93bb-bea7-46b9-af4d-28158a5edba0 None None] Touching Hash Ring node "ab749d2695ca5be3855590e066cb8c12" from IDL notify handler {{(pid=90891) notify /opt/stack/neutron/neutron/plugins/ml2/drivers/ovn/mech_driver/ovsdb/ovsdb_monitor.py:1005}}
Jul 27 14:59:53.102160 np0000005918 devstack@neutron-api.service[90893]: DEBUG neutron.plugins.ml2.drivers.ovn.mech_driver.ovsdb.ovsdb_monitor [None req-7c4b6180-9bdb-4990-b6ff-29d68023cfe8 None None] Touching Hash Ring node "9ee5406f842352ac9d9802837036893a" from IDL notify handler {{(pid=90893) notify /opt/stack/neutron/neutron/plugins/ml2/drivers/ovn/mech_driver/ovsdb/ovsdb_monitor.py:1005}}
Jul 27 14:59:53.105710 np0000005918 devstack@neutron-api.service[90894]: DEBUG neutron.plugins.ml2.drivers.ovn.mech_driver.ovsdb.ovsdb_monitor [None req-afec0a01-06ba-4d32-9ac6-4cf02a75eac6 None None] Hash Ring: Node 410af42e1643579f98eeb9dd4489ef78 (host: np0000005918) handling event "create" for row 2b44b820-5edc-4b8f-986d-c3ff02a4042b (table: ACL) {{(pid=90894) notify /opt/stack/neutron/neutron/plugins/ml2/drivers/ovn/mech_driver/ovsdb/ovsdb_monitor.py:1013}}
Jul 27 14:59:53.106550 np0000005918 devstack@neutron-api.service[90894]: DEBUG neutron.plugins.ml2.drivers.ovn.mech_driver.ovsdb.ovsdb_monitor [None req-afec0a01-06ba-4d32-9ac6-4cf02a75eac6 None None] Touching Hash Ring node "410af42e1643579f98eeb9dd4489ef78" from IDL notify handler {{(pid=90894) notify /opt/stack/neutron/neutron/plugins/ml2/drivers/ovn/mech_driver/ovsdb/ovsdb_monitor.py:1005}}
Jul 27 14:59:53.107361 np0000005918 devstack@neutron-api.service[90891]: DEBUG neutron.plugins.ml2.drivers.ovn.mech_driver.ovsdb.ovsdb_monitor [None req-f34c93bb-bea7-46b9-af4d-28158a5edba0 None None] Hash Ring: Node ab749d2695ca5be3855590e066cb8c12 (host: np0000005918) handling event "create" for row 5622b007-015b-4fdb-8ffe-384bb0021b92 (table: Port_Group) {{(pid=90891) notify /opt/stack/neutron/neutron/plugins/ml2/drivers/ovn/mech_driver/ovsdb/ovsdb_monitor.py:1013}}
Jul 27 14:59:53.108552 np0000005918 devstack@neutron-api.service[90893]: DEBUG neutron.plugins.ml2.drivers.ovn.mech_driver.ovsdb.ovsdb_monitor [None req-7c4b6180-9bdb-4990-b6ff-29d68023cfe8 None None] Hash Ring: Node 9ee5406f842352ac9d9802837036893a (host: np0000005918) handling event "create" for row b2c7035b-818b-4372-8556-054364c54903 (table: ACL) {{(pid=90893) notify /opt/stack/neutron/neutron/plugins/ml2/drivers/ovn/mech_driver/ovsdb/ovsdb_monitor.py:1013}}
Jul 27 14:59:53.108907 np0000005918 devstack@neutron-api.service[90894]: DEBUG neutron.plugins.ml2.drivers.ovn.mech_driver.ovsdb.ovsdb_monitor [None req-afec0a01-06ba-4d32-9ac6-4cf02a75eac6 None None] Hash Ring: Node 410af42e1643579f98eeb9dd4489ef78 (host: np0000005918) handling event "create" for row 7957124e-d648-4c8f-a3c6-d623d1f8ee1e (table: ACL) {{(pid=90894) notify /opt/stack/neutron/neutron/plugins/ml2/drivers/ovn/mech_driver/ovsdb/ovsdb_monitor.py:1013}}
Jul 27 14:59:53.109292 np0000005918 devstack@neutron-api.service[90893]: DEBUG neutron.plugins.ml2.drivers.ovn.mech_driver.ovsdb.ovsdb_monitor [None req-7c4b6180-9bdb-4990-b6ff-29d68023cfe8 None None] Touching Hash Ring node "9ee5406f842352ac9d9802837036893a" from IDL notify handler {{(pid=90893) notify /opt/stack/neutron/neutron/plugins/ml2/drivers/ovn/mech_driver/ovsdb/ovsdb_monitor.py:1005}}
Jul 27 14:59:53.111466 np0000005918 devstack@neutron-api.service[90893]: DEBUG neutron.plugins.ml2.drivers.ovn.mech_driver.ovsdb.ovsdb_monitor [None req-7c4b6180-9bdb-4990-b6ff-29d68023cfe8 None None] Hash Ring: Node 9ee5406f842352ac9d9802837036893a (host: np0000005918) handling event "create" for row d05553b6-4199-44b6-9012-7ea251590887 (table: ACL) {{(pid=90893) notify /opt/stack/neutron/neutron/plugins/ml2/drivers/ovn/mech_driver/ovsdb/ovsdb_monitor.py:1013}}
Jul 27 14:59:53.129072 np0000005918 devstack@neutron-api.service[90894]: INFO neutron.db.ovn_revision_numbers_db [None req-40320d88-4ffc-4b42-9b47-44ed0801ef49 admin admin] Successfully bumped revision number for resource a2715d0a-a2ed-4c63-a57f-a9806c60bbe0 (type: security_groups) to 1
Jul 27 14:59:53.140419 np0000005918 devstack@neutron-api.service[90894]: INFO neutron.db.ovn_revision_numbers_db [None req-40320d88-4ffc-4b42-9b47-44ed0801ef49 admin admin] Successfully bumped revision number for resource 0a603072-b1cb-49c9-8e2a-0400c5d5047a (type: security_group_rules) to 0
Jul 27 14:59:53.149280 np0000005918 devstack@neutron-api.service[90894]: INFO neutron.db.ovn_revision_numbers_db [None req-40320d88-4ffc-4b42-9b47-44ed0801ef49 admin admin] Successfully bumped revision number for resource 57f5c3db-8065-4f30-ade8-5b146a9d8db9 (type: security_group_rules) to 0
Jul 27 14:59:53.157900 np0000005918 devstack@neutron-api.service[90894]: INFO neutron.db.ovn_revision_numbers_db [None req-40320d88-4ffc-4b42-9b47-44ed0801ef49 admin admin] Successfully bumped revision number for resource a7492302-9050-4e2f-812d-8289a3c9a846 (type: security_group_rules) to 0
Jul 27 14:59:53.167323 np0000005918 devstack@neutron-api.service[90894]: INFO neutron.db.ovn_revision_numbers_db [None req-40320d88-4ffc-4b42-9b47-44ed0801ef49 admin admin] Successfully bumped revision number for resource e6722e33-bbcb-43ed-9924-0b661f1f500b (type: security_group_rules) to 0
Jul 27 14:59:53.190113 np0000005918 devstack@neutron-api.service[90894]: DEBUG neutron.api.rpc.handlers.resources_rpc [None req-40320d88-4ffc-4b42-9b47-44ed0801ef49 admin admin] Pushing event updated for resources: {'SecurityGroup': ['ID=a2715d0a-a2ed-4c63-a57f-a9806c60bbe0,revision_number=1']} {{(pid=90894) push /opt/stack/neutron/neutron/api/rpc/handlers/resources_rpc.py:237}}
Jul 27 14:59:53.210786 np0000005918 devstack@neutron-api.service[90894]: [pid: 90894|app: 0|req: 12/42] 10.4.3.31 () {66 vars in 1382 bytes} [Mon Jul 27 14:59:52 2026] GET /networking/v2.0/security-groups?project_id=82d0d321884c4809bb3d117216120517&name=default => generated 2921 bytes in 370 msecs (HTTP/1.1 200) 4 headers in 158 bytes (1 switches on core 0)
Jul 27 14:59:53.261848 np0000005918 devstack@neutron-api.service[90892]: DEBUG neutron_lib.callbacks.manager [None req-6c0407f3-1e84-4653-b6e3-03089525dbfb admin admin] Publish callbacks [] for security_group (a2715d0a-a2ed-4c63-a57f-a9806c60bbe0), before_delete {{(pid=90892) _notify_loop /opt/stack/data/venv/lib/python3.12/site-packages/neutron_lib/callbacks/manager.py:184}}
Jul 27 14:59:53.275364 np0000005918 devstack@neutron-api.service[90892]: DEBUG neutron_lib.callbacks.manager [None req-6c0407f3-1e84-4653-b6e3-03089525dbfb admin admin] Publish callbacks ['neutron.plugins.ml2.drivers.ovn.mech_driver.mech_driver.OVNMechanismDriver._delete_security_group_precommit-326773'] for security_group (a2715d0a-a2ed-4c63-a57f-a9806c60bbe0), precommit_delete {{(pid=90892) _notify_loop /opt/stack/data/venv/lib/python3.12/site-packages/neutron_lib/callbacks/manager.py:184}}
Jul 27 14:59:53.300456 np0000005918 devstack@neutron-api.service[90892]: DEBUG neutron.db.ovn_revision_numbers_db [None req-6c0407f3-1e84-4653-b6e3-03089525dbfb admin admin] delete_revision(57f5c3db-8065-4f30-ade8-5b146a9d8db9) {{(pid=90892) delete_revision /opt/stack/neutron/neutron/db/ovn_revision_numbers_db.py:112}}
Jul 27 14:59:53.303322 np0000005918 devstack@neutron-api.service[90892]: DEBUG neutron.db.ovn_revision_numbers_db [None req-6c0407f3-1e84-4653-b6e3-03089525dbfb admin admin] delete_revision(a7492302-9050-4e2f-812d-8289a3c9a846) {{(pid=90892) delete_revision /opt/stack/neutron/neutron/db/ovn_revision_numbers_db.py:112}}
Jul 27 14:59:53.305334 np0000005918 devstack@neutron-api.service[90892]: DEBUG ovsdbapp.backend.ovs_idl.transaction [None req-5e0d1acb-5a60-4ea6-b0c6-eca479acd146 None None] Running txn n=1 command(idx=0): PgAclDelCommand(_result=None, entity=pg_a2715d0a_a2ed_4c63_a57f_a9806c60bbe0, if_exists=False, conditions=[('direction', '=', 'to-lport'), ('priority', '=', 1002), ('match', '=', 'outport == @pg_a2715d0a_a2ed_4c63_a57f_a9806c60bbe0 && ip4 && ip4.src == $pg_a2715d0a_a2ed_4c63_a57f_a9806c60bbe0_ip4')]) {{(pid=90892) do_commit /opt/stack/data/venv/lib/python3.12/site-packages/ovsdbapp/backend/ovs_idl/transaction.py:89}}
Jul 27 14:59:53.305774 np0000005918 devstack@neutron-api.service[90892]: DEBUG ovsdbapp.backend.ovs_idl.transaction [None req-5e0d1acb-5a60-4ea6-b0c6-eca479acd146 None None] Running txn n=1 command(idx=1): PgAclDelCommand(_result=None, entity=pg_a2715d0a_a2ed_4c63_a57f_a9806c60bbe0, if_exists=False, conditions=[('direction', '=', 'to-lport'), ('priority', '=', 1002), ('match', '=', 'outport == @pg_a2715d0a_a2ed_4c63_a57f_a9806c60bbe0 && ip6 && ip6.src == $pg_a2715d0a_a2ed_4c63_a57f_a9806c60bbe0_ip6')]) {{(pid=90892) do_commit /opt/stack/data/venv/lib/python3.12/site-packages/ovsdbapp/backend/ovs_idl/transaction.py:89}}
Jul 27 14:59:53.308785 np0000005918 devstack@neutron-api.service[90893]: DEBUG neutron.plugins.ml2.drivers.ovn.mech_driver.ovsdb.ovsdb_monitor [None req-7c4b6180-9bdb-4990-b6ff-29d68023cfe8 None None] Touching Hash Ring node "9ee5406f842352ac9d9802837036893a" from IDL notify handler {{(pid=90893) notify /opt/stack/neutron/neutron/plugins/ml2/drivers/ovn/mech_driver/ovsdb/ovsdb_monitor.py:1005}}
Jul 27 14:59:53.309160 np0000005918 devstack@neutron-api.service[90894]: DEBUG neutron.plugins.ml2.drivers.ovn.mech_driver.ovsdb.ovsdb_monitor [None req-afec0a01-06ba-4d32-9ac6-4cf02a75eac6 None None] Touching Hash Ring node "410af42e1643579f98eeb9dd4489ef78" from IDL notify handler {{(pid=90894) notify /opt/stack/neutron/neutron/plugins/ml2/drivers/ovn/mech_driver/ovsdb/ovsdb_monitor.py:1005}}
Jul 27 14:59:53.309724 np0000005918 devstack@neutron-api.service[90891]: DEBUG neutron.plugins.ml2.drivers.ovn.mech_driver.ovsdb.ovsdb_monitor [None req-f34c93bb-bea7-46b9-af4d-28158a5edba0 None None] Touching Hash Ring node "ab749d2695ca5be3855590e066cb8c12" from IDL notify handler {{(pid=90891) notify /opt/stack/neutron/neutron/plugins/ml2/drivers/ovn/mech_driver/ovsdb/ovsdb_monitor.py:1005}}
Jul 27 14:59:53.311343 np0000005918 devstack@neutron-api.service[90893]: DEBUG neutron.plugins.ml2.drivers.ovn.mech_driver.ovsdb.ovsdb_monitor [None req-7c4b6180-9bdb-4990-b6ff-29d68023cfe8 None None] Hash Ring: Node 9ee5406f842352ac9d9802837036893a (host: np0000005918) handling event "delete" for row d05553b6-4199-44b6-9012-7ea251590887 (table: ACL) {{(pid=90893) notify /opt/stack/neutron/neutron/plugins/ml2/drivers/ovn/mech_driver/ovsdb/ovsdb_monitor.py:1013}}
Jul 27 14:59:53.311776 np0000005918 devstack@neutron-api.service[90894]: DEBUG neutron.plugins.ml2.drivers.ovn.mech_driver.ovsdb.ovsdb_monitor [None req-afec0a01-06ba-4d32-9ac6-4cf02a75eac6 None None] Hash Ring: Node 410af42e1643579f98eeb9dd4489ef78 (host: np0000005918) handling event "delete" for row 7957124e-d648-4c8f-a3c6-d623d1f8ee1e (table: ACL) {{(pid=90894) notify /opt/stack/neutron/neutron/plugins/ml2/drivers/ovn/mech_driver/ovsdb/ovsdb_monitor.py:1013}}
Jul 27 14:59:53.312248 np0000005918 devstack@neutron-api.service[90891]: DEBUG neutron.plugins.ml2.drivers.ovn.mech_driver.ovsdb.ovsdb_monitor [None req-f34c93bb-bea7-46b9-af4d-28158a5edba0 None None] Hash Ring: Node ab749d2695ca5be3855590e066cb8c12 (host: np0000005918) handling event "update" for row 5622b007-015b-4fdb-8ffe-384bb0021b92 (table: Port_Group) {{(pid=90891) notify /opt/stack/neutron/neutron/plugins/ml2/drivers/ovn/mech_driver/ovsdb/ovsdb_monitor.py:1013}}
