Jul 27 14:58:26.259265 np0000005918 devstack@neutron-api.service[90893]: DEBUG neutron.plugins.ml2.drivers.ovn.mech_driver.ovsdb.ovsdb_monitor [None req-7c4b6180-9bdb-4990-b6ff-29d68023cfe8 None None] Hash Ring: Node 9ee5406f842352ac9d9802837036893a (host: np0000005918) handling event "update" for row d5ded407-842e-4dd2-9411-02877041cdfc (table: NB_Global) {{(pid=90893) notify /opt/stack/neutron/neutron/plugins/ml2/drivers/ovn/mech_driver/ovsdb/ovsdb_monitor.py:1013}}
Jul 27 14:58:26.750217 np0000005918 devstack@neutron-api.service[90894]: DEBUG neutron.plugins.ml2.drivers.ovn.mech_driver.ovsdb.ovsdb_monitor [None req-afec0a01-06ba-4d32-9ac6-4cf02a75eac6 None None] Touching Hash Ring node "410af42e1643579f98eeb9dd4489ef78" from IDL notify handler {{(pid=90894) notify /opt/stack/neutron/neutron/plugins/ml2/drivers/ovn/mech_driver/ovsdb/ovsdb_monitor.py:1005}}
Jul 27 14:58:26.752005 np0000005918 devstack@neutron-api.service[90893]: DEBUG neutron.plugins.ml2.drivers.ovn.mech_driver.ovsdb.ovsdb_monitor [None req-7c4b6180-9bdb-4990-b6ff-29d68023cfe8 None None] Touching Hash Ring node "9ee5406f842352ac9d9802837036893a" from IDL notify handler {{(pid=90893) notify /opt/stack/neutron/neutron/plugins/ml2/drivers/ovn/mech_driver/ovsdb/ovsdb_monitor.py:1005}}
Jul 27 14:58:26.762340 np0000005918 devstack@neutron-api.service[90893]: DEBUG neutron.plugins.ml2.drivers.ovn.mech_driver.ovsdb.ovsdb_monitor [None req-7c4b6180-9bdb-4990-b6ff-29d68023cfe8 None None] Hash Ring: Node 9ee5406f842352ac9d9802837036893a (host: np0000005918) handling event "update" for row d5ded407-842e-4dd2-9411-02877041cdfc (table: NB_Global) {{(pid=90893) notify /opt/stack/neutron/neutron/plugins/ml2/drivers/ovn/mech_driver/ovsdb/ovsdb_monitor.py:1013}}
Jul 27 14:58:26.763305 np0000005918 devstack@neutron-api.service[90894]: DEBUG neutron.plugins.ml2.drivers.ovn.mech_driver.ovsdb.ovsdb_monitor [None req-afec0a01-06ba-4d32-9ac6-4cf02a75eac6 None None] Hash Ring: Node 410af42e1643579f98eeb9dd4489ef78 (host: np0000005918) handling event "update" for row d5ded407-842e-4dd2-9411-02877041cdfc (table: NB_Global) {{(pid=90894) notify /opt/stack/neutron/neutron/plugins/ml2/drivers/ovn/mech_driver/ovsdb/ovsdb_monitor.py:1013}}
Jul 27 14:58:26.763698 np0000005918 devstack@neutron-api.service[90893]: DEBUG neutron.plugins.ml2.drivers.ovn.mech_driver.ovsdb.ovsdb_monitor [None req-7c4b6180-9bdb-4990-b6ff-29d68023cfe8 None None] Touching Hash Ring node "9ee5406f842352ac9d9802837036893a" from IDL notify handler {{(pid=90893) notify /opt/stack/neutron/neutron/plugins/ml2/drivers/ovn/mech_driver/ovsdb/ovsdb_monitor.py:1005}}
Jul 27 14:58:26.764549 np0000005918 devstack@neutron-api.service[90894]: DEBUG neutron.plugins.ml2.drivers.ovn.mech_driver.ovsdb.ovsdb_monitor [None req-afec0a01-06ba-4d32-9ac6-4cf02a75eac6 None None] Touching Hash Ring node "410af42e1643579f98eeb9dd4489ef78" from IDL notify handler {{(pid=90894) notify /opt/stack/neutron/neutron/plugins/ml2/drivers/ovn/mech_driver/ovsdb/ovsdb_monitor.py:1005}}
Jul 27 14:58:26.766558 np0000005918 devstack@neutron-api.service[90893]: DEBUG neutron.plugins.ml2.drivers.ovn.mech_driver.ovsdb.ovsdb_monitor [None req-7c4b6180-9bdb-4990-b6ff-29d68023cfe8 None None] Hash Ring: Node 9ee5406f842352ac9d9802837036893a (host: np0000005918) handling event "update" for row d5ded407-842e-4dd2-9411-02877041cdfc (table: NB_Global) {{(pid=90893) notify /opt/stack/neutron/neutron/plugins/ml2/drivers/ovn/mech_driver/ovsdb/ovsdb_monitor.py:1013}}
Jul 27 14:58:26.768727 np0000005918 devstack@neutron-api.service[90894]: DEBUG neutron.plugins.ml2.drivers.ovn.mech_driver.ovsdb.ovsdb_monitor [None req-afec0a01-06ba-4d32-9ac6-4cf02a75eac6 None None] Hash Ring: Node 410af42e1643579f98eeb9dd4489ef78 (host: np0000005918) handling event "update" for row d5ded407-842e-4dd2-9411-02877041cdfc (table: NB_Global) {{(pid=90894) notify /opt/stack/neutron/neutron/plugins/ml2/drivers/ovn/mech_driver/ovsdb/ovsdb_monitor.py:1013}}
Jul 27 14:58:26.773788 np0000005918 devstack@neutron-api.service[90894]: DEBUG neutron.plugins.ml2.drivers.ovn.mech_driver.ovsdb.ovsdb_monitor [None req-afec0a01-06ba-4d32-9ac6-4cf02a75eac6 None None] Touching Hash Ring node "410af42e1643579f98eeb9dd4489ef78" from IDL notify handler {{(pid=90894) notify /opt/stack/neutron/neutron/plugins/ml2/drivers/ovn/mech_driver/ovsdb/ovsdb_monitor.py:1005}}
Jul 27 14:58:26.774637 np0000005918 devstack@neutron-api.service[90893]: DEBUG neutron.plugins.ml2.drivers.ovn.mech_driver.ovsdb.ovsdb_monitor [None req-7c4b6180-9bdb-4990-b6ff-29d68023cfe8 None None] Touching Hash Ring node "9ee5406f842352ac9d9802837036893a" from IDL notify handler {{(pid=90893) notify /opt/stack/neutron/neutron/plugins/ml2/drivers/ovn/mech_driver/ovsdb/ovsdb_monitor.py:1005}}
Jul 27 14:58:26.776652 np0000005918 devstack@neutron-api.service[90894]: DEBUG neutron.plugins.ml2.drivers.ovn.mech_driver.ovsdb.ovsdb_monitor [None req-afec0a01-06ba-4d32-9ac6-4cf02a75eac6 None None] Hash Ring: Node 410af42e1643579f98eeb9dd4489ef78 (host: np0000005918) handling event "update" for row d5ded407-842e-4dd2-9411-02877041cdfc (table: NB_Global) {{(pid=90894) notify /opt/stack/neutron/neutron/plugins/ml2/drivers/ovn/mech_driver/ovsdb/ovsdb_monitor.py:1013}}
Jul 27 14:58:26.777857 np0000005918 devstack@neutron-api.service[90893]: DEBUG neutron.plugins.ml2.drivers.ovn.mech_driver.ovsdb.ovsdb_monitor [None req-7c4b6180-9bdb-4990-b6ff-29d68023cfe8 None None] Hash Ring: Node 9ee5406f842352ac9d9802837036893a (host: np0000005918) handling event "update" for row d5ded407-842e-4dd2-9411-02877041cdfc (table: NB_Global) {{(pid=90893) notify /opt/stack/neutron/neutron/plugins/ml2/drivers/ovn/mech_driver/ovsdb/ovsdb_monitor.py:1013}}
Jul 27 14:58:33.447155 np0000005918 devstack@neutron-api.service[90894]: DEBUG futurist.periodics [-] Submitting periodic callback 'neutron.plugins.ml2.drivers.ovn.mech_driver.ovsdb.maintenance.HashRingHealthCheckPeriodics.touch_hash_ring_node' {{(pid=90894) _process_scheduled /opt/stack/data/venv/lib/python3.12/site-packages/futurist/periodics.py:784}}
Jul 27 14:58:33.447673 np0000005918 devstack@neutron-api.service[90894]: DEBUG neutron.plugins.ml2.drivers.ovn.mech_driver.ovsdb.maintenance [-] Touching Hash Ring node "410af42e1643579f98eeb9dd4489ef78" from periodic health check thread {{(pid=90894) touch_hash_ring_node /opt/stack/neutron/neutron/plugins/ml2/drivers/ovn/mech_driver/ovsdb/maintenance.py:1417}}
Jul 27 14:58:34.236542 np0000005918 devstack@neutron-api.service[90892]: DEBUG dbcounter [-] [90892] Writing DB stats neutron:SELECT=2078,neutron:INSERT=43,neutron:DELETE=9,neutron:UPDATE=63 {{(pid=90892) stat_writer /opt/stack/data/venv/lib/python3.12/site-packages/dbcounter.py:115}}
Jul 27 14:58:34.356702 np0000005918 devstack@neutron-api.service[90891]: DEBUG futurist.periodics [-] Submitting periodic callback 'neutron.plugins.ml2.drivers.ovn.mech_driver.ovsdb.maintenance.HashRingHealthCheckPeriodics.touch_hash_ring_node' {{(pid=90891) _process_scheduled /opt/stack/data/venv/lib/python3.12/site-packages/futurist/periodics.py:784}}
Jul 27 14:58:34.357116 np0000005918 devstack@neutron-api.service[90891]: DEBUG neutron.plugins.ml2.drivers.ovn.mech_driver.ovsdb.maintenance [-] Touching Hash Ring node "ab749d2695ca5be3855590e066cb8c12" from periodic health check thread {{(pid=90891) touch_hash_ring_node /opt/stack/neutron/neutron/plugins/ml2/drivers/ovn/mech_driver/ovsdb/maintenance.py:1417}}
Jul 27 14:58:34.369257 np0000005918 devstack@neutron-api.service[90892]: DEBUG futurist.periodics [-] Submitting periodic callback 'neutron.plugins.ml2.drivers.ovn.mech_driver.ovsdb.maintenance.HashRingHealthCheckPeriodics.touch_hash_ring_node' {{(pid=90892) _process_scheduled /opt/stack/data/venv/lib/python3.12/site-packages/futurist/periodics.py:784}}
Jul 27 14:58:34.369580 np0000005918 devstack@neutron-api.service[90892]: DEBUG neutron.plugins.ml2.drivers.ovn.mech_driver.ovsdb.maintenance [-] Touching Hash Ring node "7e7dd4a939ed5fd4ba47379fcf43c3dc" from periodic health check thread {{(pid=90892) touch_hash_ring_node /opt/stack/neutron/neutron/plugins/ml2/drivers/ovn/mech_driver/ovsdb/maintenance.py:1417}}
Jul 27 14:58:34.444715 np0000005918 devstack@neutron-api.service[90893]: DEBUG futurist.periodics [-] Submitting periodic callback 'neutron.plugins.ml2.drivers.ovn.mech_driver.ovsdb.maintenance.HashRingHealthCheckPeriodics.touch_hash_ring_node' {{(pid=90893) _process_scheduled /opt/stack/data/venv/lib/python3.12/site-packages/futurist/periodics.py:784}}
Jul 27 14:58:34.445295 np0000005918 devstack@neutron-api.service[90893]: DEBUG neutron.plugins.ml2.drivers.ovn.mech_driver.ovsdb.maintenance [-] Touching Hash Ring node "9ee5406f842352ac9d9802837036893a" from periodic health check thread {{(pid=90893) touch_hash_ring_node /opt/stack/neutron/neutron/plugins/ml2/drivers/ovn/mech_driver/ovsdb/maintenance.py:1417}}
Jul 27 14:58:43.454482 np0000005918 devstack@neutron-api.service[90894]: DEBUG dbcounter [-] [90894] Writing DB stats neutron:SELECT=1075,neutron:INSERT=669,neutron:DELETE=6,neutron:UPDATE=71 {{(pid=90894) stat_writer /opt/stack/data/venv/lib/python3.12/site-packages/dbcounter.py:115}}
Jul 27 14:58:44.363745 np0000005918 devstack@neutron-api.service[90891]: DEBUG dbcounter [-] [90891] Writing DB stats neutron:SELECT=842,neutron:INSERT=36,neutron:DELETE=9,neutron:UPDATE=40 {{(pid=90891) stat_writer /opt/stack/data/venv/lib/python3.12/site-packages/dbcounter.py:115}}
Jul 27 14:58:44.376039 np0000005918 devstack@neutron-api.service[90892]: DEBUG dbcounter [-] [90892] Writing DB stats neutron:UPDATE=1,neutron:SELECT=1 {{(pid=90892) stat_writer /opt/stack/data/venv/lib/python3.12/site-packages/dbcounter.py:115}}
Jul 27 14:58:44.452824 np0000005918 devstack@neutron-api.service[90893]: DEBUG dbcounter [-] [90893] Writing DB stats neutron:SELECT=1510,neutron:INSERT=59,neutron:DELETE=6,neutron:UPDATE=41 {{(pid=90893) stat_writer /opt/stack/data/venv/lib/python3.12/site-packages/dbcounter.py:115}}
Jul 27 14:58:48.447688 np0000005918 devstack@neutron-api.service[90894]: DEBUG futurist.periodics [-] Submitting periodic callback 'neutron.plugins.ml2.drivers.ovn.mech_driver.ovsdb.maintenance.HashRingHealthCheckPeriodics.touch_hash_ring_node' {{(pid=90894) _process_scheduled /opt/stack/data/venv/lib/python3.12/site-packages/futurist/periodics.py:784}}
Jul 27 14:58:48.448060 np0000005918 devstack@neutron-api.service[90894]: DEBUG neutron.plugins.ml2.drivers.ovn.mech_driver.ovsdb.maintenance [-] Touching Hash Ring node "410af42e1643579f98eeb9dd4489ef78" from periodic health check thread {{(pid=90894) touch_hash_ring_node /opt/stack/neutron/neutron/plugins/ml2/drivers/ovn/mech_driver/ovsdb/maintenance.py:1417}}
Jul 27 14:58:49.357208 np0000005918 devstack@neutron-api.service[90891]: DEBUG futurist.periodics [-] Submitting periodic callback 'neutron.plugins.ml2.drivers.ovn.mech_driver.ovsdb.maintenance.HashRingHealthCheckPeriodics.touch_hash_ring_node' {{(pid=90891) _process_scheduled /opt/stack/data/venv/lib/python3.12/site-packages/futurist/periodics.py:784}}
Jul 27 14:58:49.357555 np0000005918 devstack@neutron-api.service[90891]: DEBUG neutron.plugins.ml2.drivers.ovn.mech_driver.ovsdb.maintenance [-] Touching Hash Ring node "ab749d2695ca5be3855590e066cb8c12" from periodic health check thread {{(pid=90891) touch_hash_ring_node /opt/stack/neutron/neutron/plugins/ml2/drivers/ovn/mech_driver/ovsdb/maintenance.py:1417}}
Jul 27 14:58:49.369882 np0000005918 devstack@neutron-api.service[90892]: DEBUG futurist.periodics [-] Submitting periodic callback 'neutron.plugins.ml2.drivers.ovn.mech_driver.ovsdb.maintenance.HashRingHealthCheckPeriodics.touch_hash_ring_node' {{(pid=90892) _process_scheduled /opt/stack/data/venv/lib/python3.12/site-packages/futurist/periodics.py:784}}
Jul 27 14:58:49.370268 np0000005918 devstack@neutron-api.service[90892]: DEBUG neutron.plugins.ml2.drivers.ovn.mech_driver.ovsdb.maintenance [-] Touching Hash Ring node "7e7dd4a939ed5fd4ba47379fcf43c3dc" from periodic health check thread {{(pid=90892) touch_hash_ring_node /opt/stack/neutron/neutron/plugins/ml2/drivers/ovn/mech_driver/ovsdb/maintenance.py:1417}}
Jul 27 14:58:49.445598 np0000005918 devstack@neutron-api.service[90893]: DEBUG futurist.periodics [-] Submitting periodic callback 'neutron.plugins.ml2.drivers.ovn.mech_driver.ovsdb.maintenance.HashRingHealthCheckPeriodics.touch_hash_ring_node' {{(pid=90893) _process_scheduled /opt/stack/data/venv/lib/python3.12/site-packages/futurist/periodics.py:784}}
Jul 27 14:58:49.446046 np0000005918 devstack@neutron-api.service[90893]: DEBUG neutron.plugins.ml2.drivers.ovn.mech_driver.ovsdb.maintenance [-] Touching Hash Ring node "9ee5406f842352ac9d9802837036893a" from periodic health check thread {{(pid=90893) touch_hash_ring_node /opt/stack/neutron/neutron/plugins/ml2/drivers/ovn/mech_driver/ovsdb/maintenance.py:1417}}
Jul 27 14:58:58.454286 np0000005918 devstack@neutron-api.service[90894]: DEBUG dbcounter [-] [90894] Writing DB stats neutron:UPDATE=1,neutron:SELECT=1 {{(pid=90894) stat_writer /opt/stack/data/venv/lib/python3.12/site-packages/dbcounter.py:115}}
Jul 27 14:58:59.363458 np0000005918 devstack@neutron-api.service[90891]: DEBUG dbcounter [-] [90891] Writing DB stats neutron:UPDATE=1,neutron:SELECT=1 {{(pid=90891) stat_writer /opt/stack/data/venv/lib/python3.12/site-packages/dbcounter.py:115}}
Jul 27 14:58:59.376111 np0000005918 devstack@neutron-api.service[90892]: DEBUG dbcounter [-] [90892] Writing DB stats neutron:UPDATE=1,neutron:SELECT=1 {{(pid=90892) stat_writer /opt/stack/data/venv/lib/python3.12/site-packages/dbcounter.py:115}}
Jul 27 14:58:59.454450 np0000005918 devstack@neutron-api.service[90893]: DEBUG dbcounter [-] [90893] Writing DB stats neutron:UPDATE=1,neutron:SELECT=1 {{(pid=90893) stat_writer /opt/stack/data/venv/lib/python3.12/site-packages/dbcounter.py:115}}
Jul 27 14:59:03.448157 np0000005918 devstack@neutron-api.service[90894]: DEBUG futurist.periodics [-] Submitting periodic callback 'neutron.plugins.ml2.drivers.ovn.mech_driver.ovsdb.maintenance.HashRingHealthCheckPeriodics.touch_hash_ring_node' {{(pid=90894) _process_scheduled /opt/stack/data/venv/lib/python3.12/site-packages/futurist/periodics.py:784}}
Jul 27 14:59:03.448562 np0000005918 devstack@neutron-api.service[90894]: DEBUG neutron.plugins.ml2.drivers.ovn.mech_driver.ovsdb.maintenance [-] Touching Hash Ring node "410af42e1643579f98eeb9dd4489ef78" from periodic health check thread {{(pid=90894) touch_hash_ring_node /opt/stack/neutron/neutron/plugins/ml2/drivers/ovn/mech_driver/ovsdb/maintenance.py:1417}}
Jul 27 14:59:04.357708 np0000005918 devstack@neutron-api.service[90891]: DEBUG futurist.periodics [-] Submitting periodic callback 'neutron.plugins.ml2.drivers.ovn.mech_driver.ovsdb.maintenance.HashRingHealthCheckPeriodics.touch_hash_ring_node' {{(pid=90891) _process_scheduled /opt/stack/data/venv/lib/python3.12/site-packages/futurist/periodics.py:784}}
Jul 27 14:59:04.358073 np0000005918 devstack@neutron-api.service[90891]: DEBUG neutron.plugins.ml2.drivers.ovn.mech_driver.ovsdb.maintenance [-] Touching Hash Ring node "ab749d2695ca5be3855590e066cb8c12" from periodic health check thread {{(pid=90891) touch_hash_ring_node /opt/stack/neutron/neutron/plugins/ml2/drivers/ovn/mech_driver/ovsdb/maintenance.py:1417}}
Jul 27 14:59:04.370476 np0000005918 devstack@neutron-api.service[90892]: DEBUG futurist.periodics [-] Submitting periodic callback 'neutron.plugins.ml2.drivers.ovn.mech_driver.ovsdb.maintenance.HashRingHealthCheckPeriodics.touch_hash_ring_node' {{(pid=90892) _process_scheduled /opt/stack/data/venv/lib/python3.12/site-packages/futurist/periodics.py:784}}
Jul 27 14:59:04.370926 np0000005918 devstack@neutron-api.service[90892]: DEBUG neutron.plugins.ml2.drivers.ovn.mech_driver.ovsdb.maintenance [-] Touching Hash Ring node "7e7dd4a939ed5fd4ba47379fcf43c3dc" from periodic health check thread {{(pid=90892) touch_hash_ring_node /opt/stack/neutron/neutron/plugins/ml2/drivers/ovn/mech_driver/ovsdb/maintenance.py:1417}}
Jul 27 14:59:04.446368 np0000005918 devstack@neutron-api.service[90893]: DEBUG futurist.periodics [-] Submitting periodic callback 'neutron.plugins.ml2.drivers.ovn.mech_driver.ovsdb.maintenance.HashRingHealthCheckPeriodics.touch_hash_ring_node' {{(pid=90893) _process_scheduled /opt/stack/data/venv/lib/python3.12/site-packages/futurist/periodics.py:784}}
Jul 27 14:59:04.446712 np0000005918 devstack@neutron-api.service[90893]: DEBUG neutron.plugins.ml2.drivers.ovn.mech_driver.ovsdb.maintenance [-] Touching Hash Ring node "9ee5406f842352ac9d9802837036893a" from periodic health check thread {{(pid=90893) touch_hash_ring_node /opt/stack/neutron/neutron/plugins/ml2/drivers/ovn/mech_driver/ovsdb/maintenance.py:1417}}
Jul 27 14:59:13.455736 np0000005918 devstack@neutron-api.service[90894]: DEBUG dbcounter [-] [90894] Writing DB stats neutron:UPDATE=1,neutron:SELECT=1 {{(pid=90894) stat_writer /opt/stack/data/venv/lib/python3.12/site-packages/dbcounter.py:115}}
Jul 27 14:59:14.364505 np0000005918 devstack@neutron-api.service[90891]: DEBUG dbcounter [-] [90891] Writing DB stats neutron:UPDATE=1,neutron:SELECT=1 {{(pid=90891) stat_writer /opt/stack/data/venv/lib/python3.12/site-packages/dbcounter.py:115}}
Jul 27 14:59:14.376904 np0000005918 devstack@neutron-api.service[90892]: DEBUG dbcounter [-] [90892] Writing DB stats neutron:UPDATE=1,neutron:SELECT=1 {{(pid=90892) stat_writer /opt/stack/data/venv/lib/python3.12/site-packages/dbcounter.py:115}}
Jul 27 14:59:14.454071 np0000005918 devstack@neutron-api.service[90893]: DEBUG dbcounter [-] [90893] Writing DB stats neutron:UPDATE=1,neutron:SELECT=1 {{(pid=90893) stat_writer /opt/stack/data/venv/lib/python3.12/site-packages/dbcounter.py:115}}
Jul 27 14:59:18.448760 np0000005918 devstack@neutron-api.service[90894]: DEBUG futurist.periodics [-] Submitting periodic callback 'neutron.plugins.ml2.drivers.ovn.mech_driver.ovsdb.maintenance.HashRingHealthCheckPeriodics.touch_hash_ring_node' {{(pid=90894) _process_scheduled /opt/stack/data/venv/lib/python3.12/site-packages/futurist/periodics.py:784}}
Jul 27 14:59:18.449198 np0000005918 devstack@neutron-api.service[90894]: DEBUG neutron.plugins.ml2.drivers.ovn.mech_driver.ovsdb.maintenance [-] Touching Hash Ring node "410af42e1643579f98eeb9dd4489ef78" from periodic health check thread {{(pid=90894) touch_hash_ring_node /opt/stack/neutron/neutron/plugins/ml2/drivers/ovn/mech_driver/ovsdb/maintenance.py:1417}}
Jul 27 14:59:19.358182 np0000005918 devstack@neutron-api.service[90891]: DEBUG futurist.periodics [-] Submitting periodic callback 'neutron.plugins.ml2.drivers.ovn.mech_driver.ovsdb.maintenance.HashRingHealthCheckPeriodics.touch_hash_ring_node' {{(pid=90891) _process_scheduled /opt/stack/data/venv/lib/python3.12/site-packages/futurist/periodics.py:784}}
Jul 27 14:59:19.358561 np0000005918 devstack@neutron-api.service[90891]: DEBUG neutron.plugins.ml2.drivers.ovn.mech_driver.ovsdb.maintenance [-] Touching Hash Ring node "ab749d2695ca5be3855590e066cb8c12" from periodic health check thread {{(pid=90891) touch_hash_ring_node /opt/stack/neutron/neutron/plugins/ml2/drivers/ovn/mech_driver/ovsdb/maintenance.py:1417}}
Jul 27 14:59:19.370902 np0000005918 devstack@neutron-api.service[90892]: DEBUG futurist.periodics [-] Submitting periodic callback 'neutron.plugins.ml2.drivers.ovn.mech_driver.ovsdb.maintenance.HashRingHealthCheckPeriodics.touch_hash_ring_node' {{(pid=90892) _process_scheduled /opt/stack/data/venv/lib/python3.12/site-packages/futurist/periodics.py:784}}
Jul 27 14:59:19.371315 np0000005918 devstack@neutron-api.service[90892]: DEBUG neutron.plugins.ml2.drivers.ovn.mech_driver.ovsdb.maintenance [-] Touching Hash Ring node "7e7dd4a939ed5fd4ba47379fcf43c3dc" from periodic health check thread {{(pid=90892) touch_hash_ring_node /opt/stack/neutron/neutron/plugins/ml2/drivers/ovn/mech_driver/ovsdb/maintenance.py:1417}}
Jul 27 14:59:19.446861 np0000005918 devstack@neutron-api.service[90893]: DEBUG futurist.periodics [-] Submitting periodic callback 'neutron.plugins.ml2.drivers.ovn.mech_driver.ovsdb.maintenance.HashRingHealthCheckPeriodics.touch_hash_ring_node' {{(pid=90893) _process_scheduled /opt/stack/data/venv/lib/python3.12/site-packages/futurist/periodics.py:784}}
Jul 27 14:59:19.447295 np0000005918 devstack@neutron-api.service[90893]: DEBUG neutron.plugins.ml2.drivers.ovn.mech_driver.ovsdb.maintenance [-] Touching Hash Ring node "9ee5406f842352ac9d9802837036893a" from periodic health check thread {{(pid=90893) touch_hash_ring_node /opt/stack/neutron/neutron/plugins/ml2/drivers/ovn/mech_driver/ovsdb/maintenance.py:1417}}
Jul 27 14:59:22.957890 np0000005918 devstack@neutron-api.service[90894]: DEBUG neutron.api.wsgi [None req-6e4f466f-57ee-496e-95a1-4e6a1a0948a6 admin admin] Missing Content-Type {{(pid=90894) get_content_type /opt/stack/neutron/neutron/api/wsgi.py:80}}
Jul 27 14:59:22.958442 np0000005918 devstack@neutron-api.service[90894]: DEBUG neutron.api.wsgi [None req-6e4f466f-57ee-496e-95a1-4e6a1a0948a6 admin admin] https://10.4.3.31/networking/v2.0/extensions returned with HTTP 200 {{(pid=90894) __call__ /opt/stack/neutron/neutron/api/wsgi.py:540}}
Jul 27 14:59:22.958909 np0000005918 devstack@neutron-api.service[90894]: [pid: 90894|app: 0|req: 10/34] 10.4.3.31 () {64 vars in 1285 bytes} [Mon Jul 27 14:59:22 2026] GET /networking/v2.0/extensions => generated 16171 bytes in 5 msecs (HTTP/1.1 200) 4 headers in 159 bytes (1 switches on core 0)
Jul 27 14:59:23.230572 np0000005918 devstack@neutron-api.service[90892]: INFO neutron.pecan_wsgi.hooks.translation [None req-c92c9f57-4aee-48a8-8b9b-e526a168a69e admin admin] GET failed (client error): The resource could not be found.
Jul 27 14:59:23.231355 np0000005918 devstack@neutron-api.service[90892]: [pid: 90892|app: 0|req: 9/35] 10.4.3.31 () {64 vars in 1287 bytes} [Mon Jul 27 14:59:23 2026] GET /networking/v2.0/networks/public => generated 108 bytes in 9 msecs (HTTP/1.1 404) 4 headers in 164 bytes (1 switches on core 0)
Jul 27 14:59:23.270333 np0000005918 devstack@neutron-api.service[90891]: DEBUG neutron.pecan_wsgi.hooks.policy_enforcement [None req-80d86441-7f2f-46a3-9d40-08b2fb9ec410 admin admin] Attributes excluded by policy engine: ['standard_attr_id'] {{(pid=90891) _exclude_attributes_by_policy /opt/stack/neutron/neutron/pecan_wsgi/hooks/policy_enforcement.py:259}}
Jul 27 14:59:23.271285 np0000005918 devstack@neutron-api.service[90891]: [pid: 90891|app: 0|req: 9/36] 10.4.3.31 () {64 vars in 1302 bytes} [Mon Jul 27 14:59:23 2026] GET /networking/v2.0/networks?name=public => generated 759 bytes in 34 msecs (HTTP/1.1 200) 4 headers in 157 bytes (1 switches on core 0)
Jul 27 14:59:23.455927 np0000005918 devstack@neutron-api.service[90893]: DEBUG neutron.api.v2.base [None req-3ff22cce-7299-4676-8a89-a86c9664d123 admin admin] Request body: {'network': {'admin_state_up': True, 'name': 'shared', 'shared': True}} {{(pid=90893) prepare_request_body /opt/stack/neutron/neutron/api/v2/base.py:727}}
Jul 27 14:59:23.469810 np0000005918 devstack@neutron-api.service[90893]: DEBUG neutron.pecan_wsgi.hooks.quota_enforcement [None req-3ff22cce-7299-4676-8a89-a86c9664d123 admin admin] Made reservation on behalf of eb8161c5996d4aeca5c3622d756be8a0 for: {'network': 1} {{(pid=90893) before /opt/stack/neutron/neutron/pecan_wsgi/hooks/quota_enforcement.py:66}}
Jul 27 14:59:23.472824 np0000005918 devstack@neutron-api.service[90893]: DEBUG neutron_lib.callbacks.manager [None req-3ff22cce-7299-4676-8a89-a86c9664d123 admin admin] Publish callbacks ['neutron.plugins.ml2.plugin.SecurityGroupDbMixin._ensure_default_security_group_handler-3152'] for network (None), before_create {{(pid=90893) _notify_loop /opt/stack/data/venv/lib/python3.12/site-packages/neutron_lib/callbacks/manager.py:184}}
Jul 27 14:59:23.499020 np0000005918 devstack@neutron-api.service[90893]: WARNING neutron.services.revisions.revision_plugin [None req-3ff22cce-7299-4676-8a89-a86c9664d123 admin admin] Could not find related network for resource to bump revision.
Jul 27 14:59:23.528956 np0000005918 devstack@neutron-api.service[90893]: DEBUG neutron.plugins.ml2.drivers.helpers [None req-3ff22cce-7299-4676-8a89-a86c9664d123 admin admin] geneve segment allocate from pool success with {'geneve_vni': 45525} {{(pid=90893) allocate_partially_specified_segment /opt/stack/neutron/neutron/plugins/ml2/drivers/helpers.py:142}}
Jul 27 14:59:23.535430 np0000005918 devstack@neutron-api.service[90893]: DEBUG neutron_lib.callbacks.manager [None req-3ff22cce-7299-4676-8a89-a86c9664d123 admin admin] Publish callbacks ['neutron.services.segments.db._add_segment_host_mapping_for_segment-8017165257842', 'neutron.plugins.ml2.plugin.Ml2Plugin._handle_segment_change-842178'] for segment (9971e6d7-9020-4911-948b-a289b2773bb8), precommit_create {{(pid=90893) _notify_loop /opt/stack/data/venv/lib/python3.12/site-packages/neutron_lib/callbacks/manager.py:184}}
Jul 27 14:59:23.535695 np0000005918 devstack@neutron-api.service[90893]: INFO neutron.db.segments_db [None req-3ff22cce-7299-4676-8a89-a86c9664d123 admin admin] Added segment 9971e6d7-9020-4911-948b-a289b2773bb8 of type geneve for network c09b10cc-994c-497c-ae46-8aa0825e3e49
Jul 27 14:59:23.548682 np0000005918 devstack@neutron-api.service[90893]: DEBUG neutron_lib.callbacks.manager [None req-3ff22cce-7299-4676-8a89-a86c9664d123 admin admin] Publish callbacks ['neutron.services.auto_allocate.db._ensure_external_network_default_value_callback-8017163566664'] for network (c09b10cc-994c-497c-ae46-8aa0825e3e49), precommit_create {{(pid=90893) _notify_loop /opt/stack/data/venv/lib/python3.12/site-packages/neutron_lib/callbacks/manager.py:184}}
Jul 27 14:59:23.558991 np0000005918 devstack@neutron-api.service[90893]: DEBUG neutron.plugins.ml2.drivers.ovn.mech_driver.mech_driver [None req-3ff22cce-7299-4676-8a89-a86c9664d123 admin admin] Validating network segment with type geneve, segmentation ID 45525, physical network None {{(pid=90893) _validate_network_segments /opt/stack/neutron/neutron/plugins/ml2/drivers/ovn/mech_driver/mech_driver.py:646}}
Jul 27 14:59:23.559136 np0000005918 devstack@neutron-api.service[90893]: DEBUG neutron.db.ovn_revision_numbers_db [None req-3ff22cce-7299-4676-8a89-a86c9664d123 admin admin] create_initial_revision uuid=c09b10cc-994c-497c-ae46-8aa0825e3e49, type=networks, rev=-1 {{(pid=90893) create_initial_revision /opt/stack/neutron/neutron/db/ovn_revision_numbers_db.py:98}}
Jul 27 14:59:23.566931 np0000005918 devstack@neutron-api.service[90893]: DEBUG neutron_lib.callbacks.manager [None req-3ff22cce-7299-4676-8a89-a86c9664d123 admin admin] Publish callbacks ['neutron.plugins.ml2.ovo_rpc._ObjectChangeHandler.handle_event-6738232'] for network (c09b10cc-994c-497c-ae46-8aa0825e3e49), after_create {{(pid=90893) _notify_loop /opt/stack/data/venv/lib/python3.12/site-packages/neutron_lib/callbacks/manager.py:184}}
Jul 27 14:59:23.580134 np0000005918 devstack@neutron-api.service[90893]: DEBUG neutron.api.rpc.handlers.resources_rpc [None req-3ff22cce-7299-4676-8a89-a86c9664d123 admin admin] Pushing event updated for resources: {'Network': ['ID=c09b10cc-994c-497c-ae46-8aa0825e3e49,revision_number=1']} {{(pid=90893) push /opt/stack/neutron/neutron/api/rpc/handlers/resources_rpc.py:237}}
Jul 27 14:59:23.583646 np0000005918 devstack@neutron-api.service[90893]: DEBUG ovsdbapp.backend.ovs_idl.transaction [None req-7c4b6180-9bdb-4990-b6ff-29d68023cfe8 None None] Running txn n=1 command(idx=0): CheckLivenessCommand(_result=None) {{(pid=90893) do_commit /opt/stack/data/venv/lib/python3.12/site-packages/ovsdbapp/backend/ovs_idl/transaction.py:89}}
Jul 27 14:59:23.589990 np0000005918 devstack@neutron-api.service[90891]: DEBUG ovsdbapp.backend.ovs_idl.event [None req-02a5df0d-2d2a-4138-964c-9ee137cb3568 None None] Matched UPDATE: ChassisAgentWriteEvent(events=('create', 'update'), table='Chassis_Private', conditions=None, old_conditions=None), priority=20 to row=Chassis_Private(uuid=1358ae9c-9cac-440b-8a28-b32b2018e907, chassis=44e26f7e-f525-4cb2-8633-a8d9bd392dd7, external_ids={'neutron:ovn-bridge': 'br-int', 'neutron:ovn-neutron-agent-id': '8257aa8d-982e-5866-9a7d-94da3b849a6b', 'neutron:ovn-neutron-agent-sb-cfg': '1'}, name='f6a9ad4f-d38f-4039-9b34-c3db305abcce', nb_cfg=2, nb_cfg_timestamp=1785164363586) old=Chassis_Private(uuid=1358ae9c-9cac-440b-8a28-b32b2018e907, nb_cfg=1, nb_cfg_timestamp=1785164290370) {{(pid=90891) matches /opt/stack/data/venv/lib/python3.12/site-packages/ovsdbapp/backend/ovs_idl/event.py:55}}
Jul 27 14:59:23.590452 np0000005918 devstack@neutron-api.service[90893]: DEBUG ovsdbapp.backend.ovs_idl.event [-] Matched UPDATE: ChassisAgentWriteEvent(events=('create', 'update'), table='Chassis_Private', conditions=None, old_conditions=None), priority=20 to row=Chassis_Private(uuid=1358ae9c-9cac-440b-8a28-b32b2018e907, chassis=44e26f7e-f525-4cb2-8633-a8d9bd392dd7, external_ids={'neutron:ovn-bridge': 'br-int', 'neutron:ovn-neutron-agent-id': '8257aa8d-982e-5866-9a7d-94da3b849a6b', 'neutron:ovn-neutron-agent-sb-cfg': '1'}, name='f6a9ad4f-d38f-4039-9b34-c3db305abcce', nb_cfg=2, nb_cfg_timestamp=1785164363586) old=Chassis_Private(uuid=1358ae9c-9cac-440b-8a28-b32b2018e907, nb_cfg=1, nb_cfg_timestamp=1785164290370) {{(pid=90893) matches /opt/stack/data/venv/lib/python3.12/site-packages/ovsdbapp/backend/ovs_idl/event.py:55}}
Jul 27 14:59:23.591004 np0000005918 devstack@neutron-api.service[90894]: DEBUG ovsdbapp.backend.ovs_idl.event [None req-b7fef65e-2c12-4d2b-abf4-09246955f996 None None] Matched UPDATE: ChassisAgentWriteEvent(events=('create', 'update'), table='Chassis_Private', conditions=None, old_conditions=None), priority=20 to row=Chassis_Private(uuid=1358ae9c-9cac-440b-8a28-b32b2018e907, chassis=44e26f7e-f525-4cb2-8633-a8d9bd392dd7, external_ids={'neutron:ovn-bridge': 'br-int', 'neutron:ovn-neutron-agent-id': '8257aa8d-982e-5866-9a7d-94da3b849a6b', 'neutron:ovn-neutron-agent-sb-cfg': '1'}, name='f6a9ad4f-d38f-4039-9b34-c3db305abcce', nb_cfg=2, nb_cfg_timestamp=1785164363586) old=Chassis_Private(uuid=1358ae9c-9cac-440b-8a28-b32b2018e907, nb_cfg=1, nb_cfg_timestamp=1785164290370) {{(pid=90894) matches /opt/stack/data/venv/lib/python3.12/site-packages/ovsdbapp/backend/ovs_idl/event.py:55}}
Jul 27 14:59:23.591564 np0000005918 devstack@neutron-api.service[90892]: DEBUG ovsdbapp.backend.ovs_idl.event [None req-84f30dcc-6f16-4ae4-a3dd-b4519110d721 None None] Matched UPDATE: ChassisAgentWriteEvent(events=('create', 'update'), table='Chassis_Private', conditions=None, old_conditions=None), priority=20 to row=Chassis_Private(uuid=1358ae9c-9cac-440b-8a28-b32b2018e907, chassis=44e26f7e-f525-4cb2-8633-a8d9bd392dd7, external_ids={'neutron:ovn-bridge': 'br-int', 'neutron:ovn-neutron-agent-id': '8257aa8d-982e-5866-9a7d-94da3b849a6b', 'neutron:ovn-neutron-agent-sb-cfg': '1'}, name='f6a9ad4f-d38f-4039-9b34-c3db305abcce', nb_cfg=2, nb_cfg_timestamp=1785164363586) old=Chassis_Private(uuid=1358ae9c-9cac-440b-8a28-b32b2018e907, nb_cfg=1, nb_cfg_timestamp=1785164290370) {{(pid=90892) matches /opt/stack/data/venv/lib/python3.12/site-packages/ovsdbapp/backend/ovs_idl/event.py:55}}
Jul 27 14:59:23.596857 np0000005918 devstack@neutron-api.service[90894]: DEBUG neutron.common.ovn.hash_ring_manager [None req-afec0a01-06ba-4d32-9ac6-4cf02a75eac6 None None] Hash Ring loaded. 4 active nodes. 0 offline nodes {{(pid=90894) _load_hash_ring /opt/stack/neutron/neutron/common/ovn/hash_ring_manager.py:110}}
Jul 27 14:59:23.598103 np0000005918 devstack@neutron-api.service[90894]: DEBUG neutron.common.ovn.hash_ring_manager [None req-b7fef65e-2c12-4d2b-abf4-09246955f996 None None] Hash Ring loaded. 4 active nodes. 0 offline nodes {{(pid=90894) _load_hash_ring /opt/stack/neutron/neutron/common/ovn/hash_ring_manager.py:110}}
Jul 27 14:59:23.599426 np0000005918 devstack@neutron-api.service[90893]: DEBUG neutron.common.ovn.hash_ring_manager [None req-7c4b6180-9bdb-4990-b6ff-29d68023cfe8 None None] Hash Ring loaded. 4 active nodes. 0 offline nodes {{(pid=90893) _load_hash_ring /opt/stack/neutron/neutron/common/ovn/hash_ring_manager.py:110}}
Jul 27 14:59:23.599655 np0000005918 devstack@neutron-api.service[90893]: DEBUG neutron.plugins.ml2.drivers.ovn.mech_driver.ovsdb.ovsdb_monitor [None req-7c4b6180-9bdb-4990-b6ff-29d68023cfe8 None None] Hash Ring: Node 9ee5406f842352ac9d9802837036893a (host: np0000005918) handling event "update" for row d5ded407-842e-4dd2-9411-02877041cdfc (table: NB_Global) {{(pid=90893) notify /opt/stack/neutron/neutron/plugins/ml2/drivers/ovn/mech_driver/ovsdb/ovsdb_monitor.py:1013}}
Jul 27 14:59:23.600063 np0000005918 devstack@neutron-api.service[90891]: DEBUG neutron.common.ovn.hash_ring_manager [None req-02a5df0d-2d2a-4138-964c-9ee137cb3568 None None] Hash Ring loaded. 4 active nodes. 0 offline nodes {{(pid=90891) _load_hash_ring /opt/stack/neutron/neutron/common/ovn/hash_ring_manager.py:110}}
Jul 27 14:59:23.600241 np0000005918 devstack@neutron-api.service[90891]: DEBUG neutron.plugins.ml2.drivers.ovn.mech_driver.ovsdb.ovsdb_monitor [None req-02a5df0d-2d2a-4138-964c-9ee137cb3568 None None] Hash Ring: Node ab749d2695ca5be3855590e066cb8c12 (host: np0000005918) handling event "update" for row 1358ae9c-9cac-440b-8a28-b32b2018e907 (table: Chassis_Private) {{(pid=90891) notify /opt/stack/neutron/neutron/plugins/ml2/drivers/ovn/mech_driver/ovsdb/ovsdb_monitor.py:1013}}
Jul 27 14:59:23.600565 np0000005918 devstack@neutron-api.service[90893]: DEBUG neutron.plugins.ml2.drivers.ovn.mech_driver.ovsdb.ovsdb_monitor [None req-7c4b6180-9bdb-4990-b6ff-29d68023cfe8 None None] Hash Ring: Node 9ee5406f842352ac9d9802837036893a (host: np0000005918) handling event "update" for row d5ded407-842e-4dd2-9411-02877041cdfc (table: NB_Global) {{(pid=90893) notify /opt/stack/neutron/neutron/plugins/ml2/drivers/ovn/mech_driver/ovsdb/ovsdb_monitor.py:1013}}
Jul 27 14:59:23.600724 np0000005918 devstack@neutron-api.service[90891]: DEBUG neutron.common.ovn.hash_ring_manager [None req-f34c93bb-bea7-46b9-af4d-28158a5edba0 None None] Hash Ring loaded. 4 active nodes. 0 offline nodes {{(pid=90891) _load_hash_ring /opt/stack/neutron/neutron/common/ovn/hash_ring_manager.py:110}}
Jul 27 14:59:23.600816 np0000005918 devstack@neutron-api.service[90893]: DEBUG neutron.common.ovn.hash_ring_manager [-] Hash Ring loaded. 4 active nodes. 0 offline nodes {{(pid=90893) _load_hash_ring /opt/stack/neutron/neutron/common/ovn/hash_ring_manager.py:110}}
Jul 27 14:59:23.600993 np0000005918 devstack@neutron-api.service[90892]: DEBUG neutron.common.ovn.hash_ring_manager [None req-5e0d1acb-5a60-4ea6-b0c6-eca479acd146 None None] Hash Ring loaded. 4 active nodes. 0 offline nodes {{(pid=90892) _load_hash_ring /opt/stack/neutron/neutron/common/ovn/hash_ring_manager.py:110}}
Jul 27 14:59:23.601421 np0000005918 devstack@neutron-api.service[90893]: DEBUG neutron.plugins.ml2.drivers.ovn.mech_driver.ovsdb.ovsdb_monitor [None req-7c4b6180-9bdb-4990-b6ff-29d68023cfe8 None None] Hash Ring: Node 9ee5406f842352ac9d9802837036893a (host: np0000005918) handling event "update" for row d5ded407-842e-4dd2-9411-02877041cdfc (table: NB_Global) {{(pid=90893) notify /opt/stack/neutron/neutron/plugins/ml2/drivers/ovn/mech_driver/ovsdb/ovsdb_monitor.py:1013}}
Jul 27 14:59:23.601864 np0000005918 devstack@neutron-api.service[90893]: DEBUG neutron.plugins.ml2.drivers.ovn.mech_driver.ovsdb.ovsdb_monitor [None req-7c4b6180-9bdb-4990-b6ff-29d68023cfe8 None None] Hash Ring: Node 9ee5406f842352ac9d9802837036893a (host: np0000005918) handling event "update" for row d5ded407-842e-4dd2-9411-02877041cdfc (table: NB_Global) {{(pid=90893) notify /opt/stack/neutron/neutron/plugins/ml2/drivers/ovn/mech_driver/ovsdb/ovsdb_monitor.py:1013}}
Jul 27 14:59:23.603403 np0000005918 devstack@neutron-api.service[90892]: DEBUG neutron.common.ovn.hash_ring_manager [None req-84f30dcc-6f16-4ae4-a3dd-b4519110d721 None None] Hash Ring loaded. 4 active nodes. 0 offline nodes {{(pid=90892) _load_hash_ring /opt/stack/neutron/neutron/common/ovn/hash_ring_manager.py:110}}
Jul 27 14:59:23.603488 np0000005918 devstack@neutron-api.service[90893]: DEBUG neutron.api.rpc.callbacks.version_manager [None req-3ff22cce-7299-4676-8a89-a86c9664d123 admin admin] Tracked resource versions report:
Jul 27 14:59:23.603488 np0000005918 devstack@neutron-api.service[90893]: pushed versions:
Jul 27 14:59:23.603488 np0000005918 devstack@neutron-api.service[90893]: { 'AddressGroup': {'1.2'},
Jul 27 14:59:23.603488 np0000005918 devstack@neutron-api.service[90893]: 'Agent': {'1.1'},
Jul 27 14:59:23.603488 np0000005918 devstack@neutron-api.service[90893]: 'ConntrackHelper': {'1.0'},
Jul 27 14:59:23.603488 np0000005918 devstack@neutron-api.service[90893]: 'LocalIPAssociation': {'1.0'},
Jul 27 14:59:23.603488 np0000005918 devstack@neutron-api.service[90893]: 'Log': {'1.0'},
Jul 27 14:59:23.603488 np0000005918 devstack@neutron-api.service[90893]: 'NDPProxy': {'1.0'},
Jul 27 14:59:23.603488 np0000005918 devstack@neutron-api.service[90893]: 'Network': {'1.3'},
Jul 27 14:59:23.603488 np0000005918 devstack@neutron-api.service[90893]: 'Port': {'1.11'},
Jul 27 14:59:23.603488 np0000005918 devstack@neutron-api.service[90893]: 'PortForwarding': {'1.3'},
Jul 27 14:59:23.603488 np0000005918 devstack@neutron-api.service[90893]: 'QosPolicy': {'1.10'},
Jul 27 14:59:23.603488 np0000005918 devstack@neutron-api.service[90893]: 'SecurityGroup': {'1.6'},
Jul 27 14:59:23.603488 np0000005918 devstack@neutron-api.service[90893]: 'SecurityGroupRule': {'1.3'},
Jul 27 14:59:23.603488 np0000005918 devstack@neutron-api.service[90893]: 'SubPort': {'1.0'},
Jul 27 14:59:23.603488 np0000005918 devstack@neutron-api.service[90893]: 'Subnet': {'1.2'},
Jul 27 14:59:23.603488 np0000005918 devstack@neutron-api.service[90893]: 'Trunk': {'1.1'}}
Jul 27 14:59:23.603488 np0000005918 devstack@neutron-api.service[90893]: consumer versions:
Jul 27 14:59:23.603488 np0000005918 devstack@neutron-api.service[90893]: { OVN Neutron agent@np0000005918: {},
Jul 27 14:59:23.603488 np0000005918 devstack@neutron-api.service[90893]: OVN Controller Gateway agent@np0000005918: {}}
Jul 27 14:59:23.603488 np0000005918 devstack@neutron-api.service[90893]: {{(pid=90893) report /opt/stack/neutron/neutron/api/rpc/callbacks/version_manager.py:183}}
Jul 27 14:59:23.609931 np0000005918 devstack@neutron-api.service[90893]: DEBUG ovsdbapp.backend.ovs_idl.transaction [None req-7c4b6180-9bdb-4990-b6ff-29d68023cfe8 None None] Running txn n=1 command(idx=0): AddNetworkCommand(_result=None, network_uuid=c09b10cc-994c-497c-ae46-8aa0825e3e49, may_exist=True, columns={'external_ids': {'neutron:network_name': 'shared', 'neutron:mtu': '1372', 'neutron:revision_number': '1', 'neutron:availability_zone_hints': '', 'neutron:provnet-network-type': 'geneve'}, 'other_config': {'mcast_snoop': 'false', 'mcast_flood_unregistered': 'false', 'vlan-passthru': 'false'}}) {{(pid=90893) do_commit /opt/stack/data/venv/lib/python3.12/site-packages/ovsdbapp/backend/ovs_idl/transaction.py:89}}
Jul 27 14:59:23.613051 np0000005918 devstack@neutron-api.service[90891]: DEBUG neutron.plugins.ml2.drivers.ovn.mech_driver.ovsdb.ovsdb_monitor [None req-f34c93bb-bea7-46b9-af4d-28158a5edba0 None None] Hash Ring: Node ab749d2695ca5be3855590e066cb8c12 (host: np0000005918) handling event "create" for row c09b10cc-994c-497c-ae46-8aa0825e3e49 (table: Logical_Switch) {{(pid=90891) notify /opt/stack/neutron/neutron/plugins/ml2/drivers/ovn/mech_driver/ovsdb/ovsdb_monitor.py:1013}}
Jul 27 14:59:23.615272 np0000005918 devstack@neutron-api.service[90893]: DEBUG neutron.plugins.ml2.drivers.ovn.mech_driver.ovsdb.ovsdb_monitor [-] Hash Ring: Node 9ee5406f842352ac9d9802837036893a (host: np0000005918) handling event "create" for row 2814b361-5d9a-47fb-be5b-ddd05b1bf44b (table: Datapath_Binding) {{(pid=90893) notify /opt/stack/neutron/neutron/plugins/ml2/drivers/ovn/mech_driver/ovsdb/ovsdb_monitor.py:1013}}
Jul 27 14:59:23.629741 np0000005918 devstack@neutron-api.service[90893]: INFO neutron.db.ovn_revision_numbers_db [None req-3ff22cce-7299-4676-8a89-a86c9664d123 admin admin] Successfully bumped revision number for resource c09b10cc-994c-497c-ae46-8aa0825e3e49 (type: networks) to 1
Jul 27 14:59:23.639952 np0000005918 devstack@neutron-api.service[90893]: DEBUG neutron_lib.callbacks.manager [None req-3ff22cce-7299-4676-8a89-a86c9664d123 admin admin] Publish callbacks ['neutron.plugins.ml2.plugin.SecurityGroupDbMixin._ensure_default_security_group_handler-3152'] for port (None), before_create {{(pid=90893) _notify_loop /opt/stack/data/venv/lib/python3.12/site-packages/neutron_lib/callbacks/manager.py:184}}
Jul 27 14:59:23.699593 np0000005918 devstack@neutron-api.service[90893]: DEBUG neutron_lib.callbacks.manager [None req-3ff22cce-7299-4676-8a89-a86c9664d123 admin admin] Publish callbacks ['neutron.plugins.ml2.drivers.ovn.mech_driver.mech_driver.OVNMechanismDriver._validate_allowed_address_pairs-325594'] for allowed_address_pair (50101403-1cde-48eb-8fba-5463b1a22380), before_create {{(pid=90893) _notify_loop /opt/stack/data/venv/lib/python3.12/site-packages/neutron_lib/callbacks/manager.py:184}}
Jul 27 14:59:23.700248 np0000005918 devstack@neutron-api.service[90893]: DEBUG neutron_lib.callbacks.manager [None req-3ff22cce-7299-4676-8a89-a86c9664d123 admin admin] Publish callbacks [] for port (50101403-1cde-48eb-8fba-5463b1a22380), precommit_create {{(pid=90893) _notify_loop /opt/stack/data/venv/lib/python3.12/site-packages/neutron_lib/callbacks/manager.py:184}}
Jul 27 14:59:23.700439 np0000005918 devstack@neutron-api.service[90893]: DEBUG neutron.plugins.ml2.drivers.ovn.mech_driver.mech_driver [None req-3ff22cce-7299-4676-8a89-a86c9664d123 admin admin] No provisioning block for port 50101403-1cde-48eb-8fba-5463b1a22380 since it does not have a host {{(pid=90893) _is_port_provisioning_required /opt/stack/neutron/neutron/plugins/ml2/drivers/ovn/mech_driver/mech_driver.py:899}}
Jul 27 14:59:23.700591 np0000005918 devstack@neutron-api.service[90893]: DEBUG neutron.db.ovn_revision_numbers_db [None req-3ff22cce-7299-4676-8a89-a86c9664d123 admin admin] create_initial_revision uuid=50101403-1cde-48eb-8fba-5463b1a22380, type=ports, rev=-1 {{(pid=90893) create_initial_revision /opt/stack/neutron/neutron/db/ovn_revision_numbers_db.py:98}}
Jul 27 14:59:23.728161 np0000005918 devstack@neutron-api.service[90893]: DEBUG neutron_lib.callbacks.manager [None req-3ff22cce-7299-4676-8a89-a86c9664d123 admin admin] Publish callbacks ['neutron.plugins.ml2.ovo_rpc._ObjectChangeHandler.handle_event-6738123'] for port (50101403-1cde-48eb-8fba-5463b1a22380), after_create {{(pid=90893) _notify_loop /opt/stack/data/venv/lib/python3.12/site-packages/neutron_lib/callbacks/manager.py:184}}
Jul 27 14:59:23.758278 np0000005918 devstack@neutron-api.service[90893]: DEBUG neutron.api.rpc.handlers.resources_rpc [None req-3ff22cce-7299-4676-8a89-a86c9664d123 admin admin] Pushing event updated for resources: {'Port': ['ID=50101403-1cde-48eb-8fba-5463b1a22380,revision_number=1']} {{(pid=90893) push /opt/stack/neutron/neutron/api/rpc/handlers/resources_rpc.py:237}}
Jul 27 14:59:23.763338 np0000005918 devstack@neutron-api.service[90893]: DEBUG neutron.plugins.ml2.drivers.ovn.mech_driver.ovsdb.commands [None req-3ff22cce-7299-4676-8a89-a86c9664d123 admin admin] Converting tag [] to a tag_request {{(pid=90893) _tag_column_to_tag_request /opt/stack/neutron/neutron/plugins/ml2/drivers/ovn/mech_driver/ovsdb/commands.py:205}}
Jul 27 14:59:23.763864 np0000005918 devstack@neutron-api.service[90893]: DEBUG ovsdbapp.backend.ovs_idl.transaction [None req-7c4b6180-9bdb-4990-b6ff-29d68023cfe8 None None] Running txn n=1 command(idx=0): AddLSwitchPortCommand(_result=None, lport=50101403-1cde-48eb-8fba-5463b1a22380, lswitch=neutron-c09b10cc-994c-497c-ae46-8aa0825e3e49, may_exist=True, network_uuid=c09b10cc-994c-497c-ae46-8aa0825e3e49, columns={'addresses': ['fa:16:3e:f3:d3:70'], 'external_ids': {'neutron:port_name': '', 'neutron:device_id': 'ovnmeta-c09b10cc-994c-497c-ae46-8aa0825e3e49', 'neutron:project_id': 'eb8161c5996d4aeca5c3622d756be8a0', 'neutron:cidrs': '', 'neutron:device_owner': 'network:distributed', 'neutron:subnet_pool_addr_scope4': '', 'neutron:subnet_pool_addr_scope6': '', 'neutron:network_name': 'neutron-c09b10cc-994c-497c-ae46-8aa0825e3e49', 'neutron:security_group_ids': '', 'neutron:revision_number': '1', 'neutron:vnic_type': 'normal', 'neutron:port_capabilities': '', 'neutron:mtu': '1372'}, 'parent_name': [], 'enabled': True, 'options': {}, 'type': 'localport', 'port_security': [], 'dhcpv4_options': [], 'dhcpv6_options': [], 'tag_request': []}) {{(pid=90893) do_commit /opt/stack/data/venv/lib/python3.12/site-packages/ovsdbapp/backend/ovs_idl/transaction.py:89}}
Jul 27 14:59:23.764250 np0000005918 devstack@neutron-api.service[90893]: DEBUG ovsdbapp.backend.ovs_idl.transaction [None req-7c4b6180-9bdb-4990-b6ff-29d68023cfe8 None None] Running txn n=1 command(idx=1): QoSDelCommand(_result=None, switch=neutron-c09b10cc-994c-497c-ae46-8aa0825e3e49, conditions=[('direction', '=', 'to-lport'), ('priority', '=', 2002), ('match', '=', 'outport == "50101403-1cde-48eb-8fba-5463b1a22380"')], if_exists=True) {{(pid=90893) do_commit /opt/stack/data/venv/lib/python3.12/site-packages/ovsdbapp/backend/ovs_idl/transaction.py:89}}
Jul 27 14:59:23.764408 np0000005918 devstack@neutron-api.service[90893]: DEBUG ovsdbapp.backend.ovs_idl.transaction [None req-7c4b6180-9bdb-4990-b6ff-29d68023cfe8 None None] Running txn n=1 command(idx=2): QoSDelCommand(_result=None, switch=neutron-c09b10cc-994c-497c-ae46-8aa0825e3e49, conditions=[('direction', '=', 'from-lport'), ('priority', '=', 2002), ('match', '=', 'inport == "50101403-1cde-48eb-8fba-5463b1a22380"')], if_exists=True) {{(pid=90893) do_commit /opt/stack/data/venv/lib/python3.12/site-packages/ovsdbapp/backend/ovs_idl/transaction.py:89}}
Jul 27 14:59:23.768421 np0000005918 devstack@neutron-api.service[90891]: DEBUG neutron.plugins.ml2.drivers.ovn.mech_driver.ovsdb.ovsdb_monitor [None req-f34c93bb-bea7-46b9-af4d-28158a5edba0 None None] Hash Ring: Node ab749d2695ca5be3855590e066cb8c12 (host: np0000005918) handling event "update" for row c09b10cc-994c-497c-ae46-8aa0825e3e49 (table: Logical_Switch) {{(pid=90891) notify /opt/stack/neutron/neutron/plugins/ml2/drivers/ovn/mech_driver/ovsdb/ovsdb_monitor.py:1013}}
Jul 27 14:59:23.768790 np0000005918 devstack@neutron-api.service[90892]: DEBUG neutron.plugins.ml2.drivers.ovn.mech_driver.ovsdb.ovsdb_monitor [None req-5e0d1acb-5a60-4ea6-b0c6-eca479acd146 None None] Hash Ring: Node 7e7dd4a939ed5fd4ba47379fcf43c3dc (host: np0000005918) handling event "create" for row 676860ba-ca03-49eb-9460-5a3ac93e0270 (table: Logical_Switch_Port) {{(pid=90892) notify /opt/stack/neutron/neutron/plugins/ml2/drivers/ovn/mech_driver/ovsdb/ovsdb_monitor.py:1013}}
Jul 27 14:59:23.769665 np0000005918 devstack@neutron-api.service[90892]: DEBUG ovsdbapp.backend.ovs_idl.event [None req-5e0d1acb-5a60-4ea6-b0c6-eca479acd146 None None] Matched CREATE: LogicalSwitchPortCreateEvent(events=('create',), table='Logical_Switch_Port', conditions=[], old_conditions=None), priority=20 to row=Logical_Switch_Port(uuid=676860ba-ca03-49eb-9460-5a3ac93e0270, addresses=['fa:16:3e:f3:d3:70'], dhcpv4_options=[], dhcpv6_options=[], dynamic_addresses=[], enabled=True, external_ids={'neutron:cidrs': '', 'neutron:device_id': 'ovnmeta-c09b10cc-994c-497c-ae46-8aa0825e3e49', 'neutron:device_owner': 'network:distributed', 'neutron:mtu': '1372', 'neutron:network_name': 'neutron-c09b10cc-994c-497c-ae46-8aa0825e3e49', 'neutron:port_capabilities': '', 'neutron:port_name': '', 'neutron:project_id': 'eb8161c5996d4aeca5c3622d756be8a0', 'neutron:revision_number': '1', 'neutron:security_group_ids': '', 'neutron:subnet_pool_addr_scope4': '', 'neutron:subnet_pool_addr_scope6': '', 'neutron:vnic_type': 'normal'}, ha_chassis_group=[], mirror_rules=[], name='50101403-1cde-48eb-8fba-5463b1a22380', options={}, parent_name=[], port_security=[], tag=[], tag_request=[], type='localport', up=[]) old= {{(pid=90892) matches /opt/stack/data/venv/lib/python3.12/site-packages/ovsdbapp/backend/ovs_idl/event.py:55}}
Jul 27 14:59:23.770601 np0000005918 devstack@neutron-api.service[90892]: DEBUG neutron.plugins.ml2.drivers.ovn.mech_driver.ovsdb.ovsdb_monitor [None req-5e0d1acb-5a60-4ea6-b0c6-eca479acd146 None None] Hash Ring: Node 7e7dd4a939ed5fd4ba47379fcf43c3dc (host: np0000005918) handling event "update" for row 676860ba-ca03-49eb-9460-5a3ac93e0270 (table: Logical_Switch_Port) {{(pid=90892) notify /opt/stack/neutron/neutron/plugins/ml2/drivers/ovn/mech_driver/ovsdb/ovsdb_monitor.py:1013}}
Jul 27 14:59:23.771811 np0000005918 devstack@neutron-api.service[90892]: INFO neutron.plugins.ml2.drivers.ovn.mech_driver.mech_driver [None req-9af1f4de-28f3-437b-94ef-df5db71b65bc None None] OVN reports status down for port: 50101403-1cde-48eb-8fba-5463b1a22380
Jul 27 14:59:23.773986 np0000005918 devstack@neutron-api.service[90893]: DEBUG neutron.plugins.ml2.drivers.ovn.mech_driver.ovsdb.ovsdb_monitor [-] Hash Ring: Node 9ee5406f842352ac9d9802837036893a (host: np0000005918) handling event "create" for row 5c800d69-55bc-4037-8ce9-267000e0ae75 (table: Port_Binding) {{(pid=90893) notify /opt/stack/neutron/neutron/plugins/ml2/drivers/ovn/mech_driver/ovsdb/ovsdb_monitor.py:1013}}
Jul 27 14:59:23.793369 np0000005918 devstack@neutron-api.service[90892]: DEBUG neutron.db.provisioning_blocks [None req-9af1f4de-28f3-437b-94ef-df5db71b65bc None None] Transition to ACTIVE for port object 50101403-1cde-48eb-8fba-5463b1a22380 will not be triggered until provisioned by entity L2. {{(pid=90892) add_provisioning_component /opt/stack/neutron/neutron/db/provisioning_blocks.py:74}}
Jul 27 14:59:23.798555 np0000005918 devstack@neutron-api.service[90893]: INFO neutron.db.ovn_revision_numbers_db [None req-3ff22cce-7299-4676-8a89-a86c9664d123 admin admin] Successfully bumped revision number for resource 50101403-1cde-48eb-8fba-5463b1a22380 (type: ports) to 1
