Aug 19 19:25:20.378983 np0000007805 devstack@g-api.service[99719]: DEBUG glance.api.middleware.version_negotiation [None req-95ed2448-149b-4381-8f4f-12bc10e7212e tempest-ServerActionsTestOtherA-2043665129 tempest-ServerActionsTestOtherA-2043665129-project-member] Determining version of request: GET /v2/schemas/image Accept: */* {{(pid=99719) process_request /opt/stack/glance/glance/api/middleware/version_negotiation.py:44}}
Aug 19 19:25:20.379153 np0000007805 devstack@g-api.service[99719]: DEBUG glance.api.middleware.version_negotiation [None req-95ed2448-149b-4381-8f4f-12bc10e7212e tempest-ServerActionsTestOtherA-2043665129 tempest-ServerActionsTestOtherA-2043665129-project-member] Using url versioning {{(pid=99719) process_request /opt/stack/glance/glance/api/middleware/version_negotiation.py:57}}
Aug 19 19:25:20.379311 np0000007805 devstack@g-api.service[99719]: DEBUG glance.api.middleware.version_negotiation [None req-95ed2448-149b-4381-8f4f-12bc10e7212e tempest-ServerActionsTestOtherA-2043665129 tempest-ServerActionsTestOtherA-2043665129-project-member] Matched version: v2 {{(pid=99719) process_request /opt/stack/glance/glance/api/middleware/version_negotiation.py:69}}
Aug 19 19:25:20.382885 np0000007805 devstack@g-api.service[99719]: DEBUG glance.api.middleware.version_negotiation [None req-95ed2448-149b-4381-8f4f-12bc10e7212e tempest-ServerActionsTestOtherA-2043665129 tempest-ServerActionsTestOtherA-2043665129-project-member] new path /v2/schemas/image {{(pid=99719) process_request /opt/stack/glance/glance/api/middleware/version_negotiation.py:70}}
Aug 19 19:25:20.382885 np0000007805 devstack@g-api.service[99719]: [pid: 99719|app: 0|req: 91/293] 127.0.0.1 () {44 vars in 1051 bytes} [Wed Aug 19 19:25:20 2026] GET /v2/schemas/image => generated 6083 bytes in 3 msecs (HTTP/1.1 200) 4 headers in 158 bytes (1 switches on core 0)
Aug 19 19:25:20.578457 np0000007805 devstack@g-api.service[99717]: DEBUG glance.api.middleware.version_negotiation [None req-95ed2448-149b-4381-8f4f-12bc10e7212e tempest-ServerActionsTestOtherA-2043665129 tempest-ServerActionsTestOtherA-2043665129-project-member] Determining version of request: GET /v2/images/82b7d43d-2020-468a-869f-76e57f226465 Accept: application/json {{(pid=99717) process_request /opt/stack/glance/glance/api/middleware/version_negotiation.py:44}}
Aug 19 19:25:20.578974 np0000007805 devstack@g-api.service[99717]: DEBUG glance.api.middleware.version_negotiation [None req-95ed2448-149b-4381-8f4f-12bc10e7212e tempest-ServerActionsTestOtherA-2043665129 tempest-ServerActionsTestOtherA-2043665129-project-member] Using url versioning {{(pid=99717) process_request /opt/stack/glance/glance/api/middleware/version_negotiation.py:57}}
Aug 19 19:25:20.578974 np0000007805 devstack@g-api.service[99717]: DEBUG glance.api.middleware.version_negotiation [None req-95ed2448-149b-4381-8f4f-12bc10e7212e tempest-ServerActionsTestOtherA-2043665129 tempest-ServerActionsTestOtherA-2043665129-project-member] Matched version: v2 {{(pid=99717) process_request /opt/stack/glance/glance/api/middleware/version_negotiation.py:69}}
Aug 19 19:25:20.578974 np0000007805 devstack@g-api.service[99717]: DEBUG glance.api.middleware.version_negotiation [None req-95ed2448-149b-4381-8f4f-12bc10e7212e tempest-ServerActionsTestOtherA-2043665129 tempest-ServerActionsTestOtherA-2043665129-project-member] new path /v2/images/82b7d43d-2020-468a-869f-76e57f226465 {{(pid=99717) process_request /opt/stack/glance/glance/api/middleware/version_negotiation.py:70}}
Aug 19 19:25:20.602245 np0000007805 devstack@g-api.service[99717]: [pid: 99717|app: 0|req: 103/294] 127.0.0.1 () {40 vars in 834 bytes} [Wed Aug 19 19:25:20 2026] GET /v2/images/82b7d43d-2020-468a-869f-76e57f226465 => generated 1470 bytes in 22 msecs (HTTP/1.1 200) 4 headers in 158 bytes (1 switches on core 0)
Aug 19 19:25:20.651560 np0000007805 devstack@g-api.service[99719]: DEBUG glance.api.middleware.version_negotiation [None req-95ed2448-149b-4381-8f4f-12bc10e7212e tempest-ServerActionsTestOtherA-2043665129 tempest-ServerActionsTestOtherA-2043665129-project-member] Determining version of request: GET /v2/images/f540e5ea-71d3-49fe-b942-fcbe69db7cae Accept: application/json {{(pid=99719) process_request /opt/stack/glance/glance/api/middleware/version_negotiation.py:44}}
Aug 19 19:25:20.651780 np0000007805 devstack@g-api.service[99719]: DEBUG glance.api.middleware.version_negotiation [None req-95ed2448-149b-4381-8f4f-12bc10e7212e tempest-ServerActionsTestOtherA-2043665129 tempest-ServerActionsTestOtherA-2043665129-project-member] Using url versioning {{(pid=99719) process_request /opt/stack/glance/glance/api/middleware/version_negotiation.py:57}}
Aug 19 19:25:20.651973 np0000007805 devstack@g-api.service[99719]: DEBUG glance.api.middleware.version_negotiation [None req-95ed2448-149b-4381-8f4f-12bc10e7212e tempest-ServerActionsTestOtherA-2043665129 tempest-ServerActionsTestOtherA-2043665129-project-member] Matched version: v2 {{(pid=99719) process_request /opt/stack/glance/glance/api/middleware/version_negotiation.py:69}}
Aug 19 19:25:20.652119 np0000007805 devstack@g-api.service[99719]: DEBUG glance.api.middleware.version_negotiation [None req-95ed2448-149b-4381-8f4f-12bc10e7212e tempest-ServerActionsTestOtherA-2043665129 tempest-ServerActionsTestOtherA-2043665129-project-member] new path /v2/images/f540e5ea-71d3-49fe-b942-fcbe69db7cae {{(pid=99719) process_request /opt/stack/glance/glance/api/middleware/version_negotiation.py:70}}
Aug 19 19:25:20.662951 np0000007805 devstack@g-api.service[99718]: INFO glance.api.v2.image_data [None req-b80fd5f0-8b12-45e8-8dd3-68a90dae2282 tempest-ServerBootFromVolumeStableRescueTest-1391742064 tempest-ServerBootFromVolumeStableRescueTest-1391742064-project-member] Unable to create trust: no such option collect_timing in group [keystone_authtoken] Use the existing user token.
Aug 19 19:25:20.784991 np0000007805 devstack@g-api.service[99719]: [pid: 99719|app: 0|req: 92/295] 127.0.0.1 () {40 vars in 834 bytes} [Wed Aug 19 19:25:20 2026] GET /v2/images/f540e5ea-71d3-49fe-b942-fcbe69db7cae => generated 1044 bytes in 134 msecs (HTTP/1.1 200) 4 headers in 158 bytes (1 switches on core 0)
Aug 19 19:25:20.813089 np0000007805 devstack@g-api.service[99717]: DEBUG glance.api.middleware.version_negotiation [None req-97144560-be4b-4f58-b18f-265229abf212 tempest-ServerBootFromVolumeStableRescueTest-1391742064 tempest-ServerBootFromVolumeStableRescueTest-1391742064-project-member] Determining version of request: GET /v2/images/f540e5ea-71d3-49fe-b942-fcbe69db7cae Accept: */* {{(pid=99717) process_request /opt/stack/glance/glance/api/middleware/version_negotiation.py:44}}
Aug 19 19:25:20.813515 np0000007805 devstack@g-api.service[99717]: DEBUG glance.api.middleware.version_negotiation [None req-97144560-be4b-4f58-b18f-265229abf212 tempest-ServerBootFromVolumeStableRescueTest-1391742064 tempest-ServerBootFromVolumeStableRescueTest-1391742064-project-member] Using url versioning {{(pid=99717) process_request /opt/stack/glance/glance/api/middleware/version_negotiation.py:57}}
Aug 19 19:25:20.813582 np0000007805 devstack@g-api.service[99717]: DEBUG glance.api.middleware.version_negotiation [None req-97144560-be4b-4f58-b18f-265229abf212 tempest-ServerBootFromVolumeStableRescueTest-1391742064 tempest-ServerBootFromVolumeStableRescueTest-1391742064-project-member] Matched version: v2 {{(pid=99717) process_request /opt/stack/glance/glance/api/middleware/version_negotiation.py:69}}
Aug 19 19:25:20.813763 np0000007805 devstack@g-api.service[99717]: DEBUG glance.api.middleware.version_negotiation [None req-97144560-be4b-4f58-b18f-265229abf212 tempest-ServerBootFromVolumeStableRescueTest-1391742064 tempest-ServerBootFromVolumeStableRescueTest-1391742064-project-member] new path /v2/images/f540e5ea-71d3-49fe-b942-fcbe69db7cae {{(pid=99717) process_request /opt/stack/glance/glance/api/middleware/version_negotiation.py:70}}
Aug 19 19:25:20.828554 np0000007805 devstack@g-api.service[99717]: [pid: 99717|app: 0|req: 104/296] 127.0.0.1 () {44 vars in 1111 bytes} [Wed Aug 19 19:25:20 2026] GET /v2/images/f540e5ea-71d3-49fe-b942-fcbe69db7cae => generated 1044 bytes in 15 msecs (HTTP/1.1 200) 4 headers in 158 bytes (1 switches on core 0)
Aug 19 19:25:20.839995 np0000007805 devstack@g-api.service[99719]: DEBUG glance.api.middleware.version_negotiation [None req-bb369003-10b7-4874-8f9e-bef19286bf79 tempest-VolumesCloneTest-1470458449 tempest-VolumesCloneTest-1470458449-project-member] Determining version of request: GET /v2/schemas/image Accept: */* {{(pid=99719) process_request /opt/stack/glance/glance/api/middleware/version_negotiation.py:44}}
Aug 19 19:25:20.839995 np0000007805 devstack@g-api.service[99719]: DEBUG glance.api.middleware.version_negotiation [None req-bb369003-10b7-4874-8f9e-bef19286bf79 tempest-VolumesCloneTest-1470458449 tempest-VolumesCloneTest-1470458449-project-member] Using url versioning {{(pid=99719) process_request /opt/stack/glance/glance/api/middleware/version_negotiation.py:57}}
Aug 19 19:25:20.839995 np0000007805 devstack@g-api.service[99719]: DEBUG glance.api.middleware.version_negotiation [None req-bb369003-10b7-4874-8f9e-bef19286bf79 tempest-VolumesCloneTest-1470458449 tempest-VolumesCloneTest-1470458449-project-member] Matched version: v2 {{(pid=99719) process_request /opt/stack/glance/glance/api/middleware/version_negotiation.py:69}}
Aug 19 19:25:20.839995 np0000007805 devstack@g-api.service[99719]: DEBUG glance.api.middleware.version_negotiation [None req-bb369003-10b7-4874-8f9e-bef19286bf79 tempest-VolumesCloneTest-1470458449 tempest-VolumesCloneTest-1470458449-project-member] new path /v2/schemas/image {{(pid=99719) process_request /opt/stack/glance/glance/api/middleware/version_negotiation.py:70}}
Aug 19 19:25:20.842547 np0000007805 devstack@g-api.service[99719]: [pid: 99719|app: 0|req: 93/297] 127.0.0.1 () {44 vars in 1051 bytes} [Wed Aug 19 19:25:20 2026] GET /v2/schemas/image => generated 6083 bytes in 4 msecs (HTTP/1.1 200) 4 headers in 158 bytes (1 switches on core 0)
Aug 19 19:25:20.852827 np0000007805 devstack@g-api.service[99717]: DEBUG glance.api.middleware.version_negotiation [None req-2a8cddc7-1eb0-42d7-960a-d91024c77dcf tempest-VolumesCloneTest-1470458449 tempest-VolumesCloneTest-1470458449-project-member] Determining version of request: GET /v2/schemas/image Accept: */* {{(pid=99717) process_request /opt/stack/glance/glance/api/middleware/version_negotiation.py:44}}
Aug 19 19:25:20.853081 np0000007805 devstack@g-api.service[99717]: DEBUG glance.api.middleware.version_negotiation [None req-2a8cddc7-1eb0-42d7-960a-d91024c77dcf tempest-VolumesCloneTest-1470458449 tempest-VolumesCloneTest-1470458449-project-member] Using url versioning {{(pid=99717) process_request /opt/stack/glance/glance/api/middleware/version_negotiation.py:57}}
Aug 19 19:25:20.853475 np0000007805 devstack@g-api.service[99717]: DEBUG glance.api.middleware.version_negotiation [None req-2a8cddc7-1eb0-42d7-960a-d91024c77dcf tempest-VolumesCloneTest-1470458449 tempest-VolumesCloneTest-1470458449-project-member] Matched version: v2 {{(pid=99717) process_request /opt/stack/glance/glance/api/middleware/version_negotiation.py:69}}
Aug 19 19:25:20.853651 np0000007805 devstack@g-api.service[99717]: DEBUG glance.api.middleware.version_negotiation [None req-2a8cddc7-1eb0-42d7-960a-d91024c77dcf tempest-VolumesCloneTest-1470458449 tempest-VolumesCloneTest-1470458449-project-member] new path /v2/schemas/image {{(pid=99717) process_request /opt/stack/glance/glance/api/middleware/version_negotiation.py:70}}
Aug 19 19:25:20.858713 np0000007805 devstack@g-api.service[99717]: [pid: 99717|app: 0|req: 105/298] 127.0.0.1 () {44 vars in 1051 bytes} [Wed Aug 19 19:25:20 2026] GET /v2/schemas/image => generated 6083 bytes in 6 msecs (HTTP/1.1 200) 4 headers in 158 bytes (1 switches on core 0)
Aug 19 19:25:20.873117 np0000007805 devstack@g-api.service[99719]: DEBUG glance.api.middleware.version_negotiation [None req-2a8cddc7-1eb0-42d7-960a-d91024c77dcf tempest-VolumesCloneTest-1470458449 tempest-VolumesCloneTest-1470458449-project-member] Determining version of request: GET /v2/images/f540e5ea-71d3-49fe-b942-fcbe69db7cae Accept: */* {{(pid=99719) process_request /opt/stack/glance/glance/api/middleware/version_negotiation.py:44}}
Aug 19 19:25:20.873117 np0000007805 devstack@g-api.service[99719]: DEBUG glance.api.middleware.version_negotiation [None req-2a8cddc7-1eb0-42d7-960a-d91024c77dcf tempest-VolumesCloneTest-1470458449 tempest-VolumesCloneTest-1470458449-project-member] Using url versioning {{(pid=99719) process_request /opt/stack/glance/glance/api/middleware/version_negotiation.py:57}}
Aug 19 19:25:20.873117 np0000007805 devstack@g-api.service[99719]: DEBUG glance.api.middleware.version_negotiation [None req-2a8cddc7-1eb0-42d7-960a-d91024c77dcf tempest-VolumesCloneTest-1470458449 tempest-VolumesCloneTest-1470458449-project-member] Matched version: v2 {{(pid=99719) process_request /opt/stack/glance/glance/api/middleware/version_negotiation.py:69}}
Aug 19 19:25:20.873117 np0000007805 devstack@g-api.service[99719]: DEBUG glance.api.middleware.version_negotiation [None req-2a8cddc7-1eb0-42d7-960a-d91024c77dcf tempest-VolumesCloneTest-1470458449 tempest-VolumesCloneTest-1470458449-project-member] new path /v2/images/f540e5ea-71d3-49fe-b942-fcbe69db7cae {{(pid=99719) process_request /opt/stack/glance/glance/api/middleware/version_negotiation.py:70}}
Aug 19 19:25:20.888561 np0000007805 devstack@g-api.service[99719]: [pid: 99719|app: 0|req: 94/299] 127.0.0.1 () {44 vars in 1111 bytes} [Wed Aug 19 19:25:20 2026] GET /v2/images/f540e5ea-71d3-49fe-b942-fcbe69db7cae => generated 1044 bytes in 16 msecs (HTTP/1.1 200) 4 headers in 158 bytes (1 switches on core 0)
Aug 19 19:25:20.903423 np0000007805 devstack@g-api.service[99717]: DEBUG glance.api.middleware.version_negotiation [None req-2a8cddc7-1eb0-42d7-960a-d91024c77dcf tempest-VolumesCloneTest-1470458449 tempest-VolumesCloneTest-1470458449-project-member] Determining version of request: GET /v2/schemas/image Accept: */* {{(pid=99717) process_request /opt/stack/glance/glance/api/middleware/version_negotiation.py:44}}
Aug 19 19:25:20.903689 np0000007805 devstack@g-api.service[99717]: DEBUG glance.api.middleware.version_negotiation [None req-2a8cddc7-1eb0-42d7-960a-d91024c77dcf tempest-VolumesCloneTest-1470458449 tempest-VolumesCloneTest-1470458449-project-member] Using url versioning {{(pid=99717) process_request /opt/stack/glance/glance/api/middleware/version_negotiation.py:57}}
Aug 19 19:25:20.903899 np0000007805 devstack@g-api.service[99717]: DEBUG glance.api.middleware.version_negotiation [None req-2a8cddc7-1eb0-42d7-960a-d91024c77dcf tempest-VolumesCloneTest-1470458449 tempest-VolumesCloneTest-1470458449-project-member] Matched version: v2 {{(pid=99717) process_request /opt/stack/glance/glance/api/middleware/version_negotiation.py:69}}
Aug 19 19:25:20.904048 np0000007805 devstack@g-api.service[99717]: DEBUG glance.api.middleware.version_negotiation [None req-2a8cddc7-1eb0-42d7-960a-d91024c77dcf tempest-VolumesCloneTest-1470458449 tempest-VolumesCloneTest-1470458449-project-member] new path /v2/schemas/image {{(pid=99717) process_request /opt/stack/glance/glance/api/middleware/version_negotiation.py:70}}
Aug 19 19:25:20.912085 np0000007805 devstack@g-api.service[99717]: [pid: 99717|app: 0|req: 106/300] 127.0.0.1 () {44 vars in 1051 bytes} [Wed Aug 19 19:25:20 2026] GET /v2/schemas/image => generated 6083 bytes in 8 msecs (HTTP/1.1 200) 4 headers in 158 bytes (1 switches on core 0)
Aug 19 19:25:20.922743 np0000007805 devstack@g-api.service[99719]: DEBUG glance.api.middleware.version_negotiation [None req-2a8cddc7-1eb0-42d7-960a-d91024c77dcf tempest-VolumesCloneTest-1470458449 tempest-VolumesCloneTest-1470458449-project-member] Determining version of request: GET /v2/schemas/image Accept: */* {{(pid=99719) process_request /opt/stack/glance/glance/api/middleware/version_negotiation.py:44}}
Aug 19 19:25:20.922978 np0000007805 devstack@g-api.service[99719]: DEBUG glance.api.middleware.version_negotiation [None req-2a8cddc7-1eb0-42d7-960a-d91024c77dcf tempest-VolumesCloneTest-1470458449 tempest-VolumesCloneTest-1470458449-project-member] Using url versioning {{(pid=99719) process_request /opt/stack/glance/glance/api/middleware/version_negotiation.py:57}}
Aug 19 19:25:20.923140 np0000007805 devstack@g-api.service[99719]: DEBUG glance.api.middleware.version_negotiation [None req-2a8cddc7-1eb0-42d7-960a-d91024c77dcf tempest-VolumesCloneTest-1470458449 tempest-VolumesCloneTest-1470458449-project-member] Matched version: v2 {{(pid=99719) process_request /opt/stack/glance/glance/api/middleware/version_negotiation.py:69}}
Aug 19 19:25:20.923304 np0000007805 devstack@g-api.service[99719]: DEBUG glance.api.middleware.version_negotiation [None req-2a8cddc7-1eb0-42d7-960a-d91024c77dcf tempest-VolumesCloneTest-1470458449 tempest-VolumesCloneTest-1470458449-project-member] new path /v2/schemas/image {{(pid=99719) process_request /opt/stack/glance/glance/api/middleware/version_negotiation.py:70}}
Aug 19 19:25:20.926917 np0000007805 devstack@g-api.service[99719]: [pid: 99719|app: 0|req: 95/301] 127.0.0.1 () {44 vars in 1051 bytes} [Wed Aug 19 19:25:20 2026] GET /v2/schemas/image => generated 6083 bytes in 4 msecs (HTTP/1.1 200) 4 headers in 158 bytes (1 switches on core 0)
Aug 19 19:25:20.959937 np0000007805 devstack@g-api.service[99717]: DEBUG glance.api.middleware.version_negotiation [None req-2a8cddc7-1eb0-42d7-960a-d91024c77dcf tempest-VolumesCloneTest-1470458449 tempest-VolumesCloneTest-1470458449-project-member] Determining version of request: GET /v2/images/f540e5ea-71d3-49fe-b942-fcbe69db7cae Accept: */* {{(pid=99717) process_request /opt/stack/glance/glance/api/middleware/version_negotiation.py:44}}
Aug 19 19:25:20.960157 np0000007805 devstack@g-api.service[99717]: DEBUG glance.api.middleware.version_negotiation [None req-2a8cddc7-1eb0-42d7-960a-d91024c77dcf tempest-VolumesCloneTest-1470458449 tempest-VolumesCloneTest-1470458449-project-member] Using url versioning {{(pid=99717) process_request /opt/stack/glance/glance/api/middleware/version_negotiation.py:57}}
Aug 19 19:25:20.960486 np0000007805 devstack@g-api.service[99717]: DEBUG glance.api.middleware.version_negotiation [None req-2a8cddc7-1eb0-42d7-960a-d91024c77dcf tempest-VolumesCloneTest-1470458449 tempest-VolumesCloneTest-1470458449-project-member] Matched version: v2 {{(pid=99717) process_request /opt/stack/glance/glance/api/middleware/version_negotiation.py:69}}
Aug 19 19:25:20.960633 np0000007805 devstack@g-api.service[99717]: DEBUG glance.api.middleware.version_negotiation [None req-2a8cddc7-1eb0-42d7-960a-d91024c77dcf tempest-VolumesCloneTest-1470458449 tempest-VolumesCloneTest-1470458449-project-member] new path /v2/images/f540e5ea-71d3-49fe-b942-fcbe69db7cae {{(pid=99717) process_request /opt/stack/glance/glance/api/middleware/version_negotiation.py:70}}
Aug 19 19:25:20.974674 np0000007805 devstack@g-api.service[99717]: [pid: 99717|app: 0|req: 107/302] 127.0.0.1 () {44 vars in 1111 bytes} [Wed Aug 19 19:25:20 2026] GET /v2/images/f540e5ea-71d3-49fe-b942-fcbe69db7cae => generated 1044 bytes in 15 msecs (HTTP/1.1 200) 4 headers in 158 bytes (1 switches on core 0)
Aug 19 19:25:20.985257 np0000007805 devstack@g-api.service[99719]: DEBUG glance.api.middleware.version_negotiation [None req-2a8cddc7-1eb0-42d7-960a-d91024c77dcf tempest-VolumesCloneTest-1470458449 tempest-VolumesCloneTest-1470458449-project-member] Determining version of request: GET /v2/schemas/image Accept: */* {{(pid=99719) process_request /opt/stack/glance/glance/api/middleware/version_negotiation.py:44}}
Aug 19 19:25:20.985516 np0000007805 devstack@g-api.service[99719]: DEBUG glance.api.middleware.version_negotiation [None req-2a8cddc7-1eb0-42d7-960a-d91024c77dcf tempest-VolumesCloneTest-1470458449 tempest-VolumesCloneTest-1470458449-project-member] Using url versioning {{(pid=99719) process_request /opt/stack/glance/glance/api/middleware/version_negotiation.py:57}}
Aug 19 19:25:20.985724 np0000007805 devstack@g-api.service[99719]: DEBUG glance.api.middleware.version_negotiation [None req-2a8cddc7-1eb0-42d7-960a-d91024c77dcf tempest-VolumesCloneTest-1470458449 tempest-VolumesCloneTest-1470458449-project-member] Matched version: v2 {{(pid=99719) process_request /opt/stack/glance/glance/api/middleware/version_negotiation.py:69}}
Aug 19 19:25:20.985897 np0000007805 devstack@g-api.service[99719]: DEBUG glance.api.middleware.version_negotiation [None req-2a8cddc7-1eb0-42d7-960a-d91024c77dcf tempest-VolumesCloneTest-1470458449 tempest-VolumesCloneTest-1470458449-project-member] new path /v2/schemas/image {{(pid=99719) process_request /opt/stack/glance/glance/api/middleware/version_negotiation.py:70}}
Aug 19 19:25:20.989637 np0000007805 devstack@g-api.service[99719]: [pid: 99719|app: 0|req: 96/303] 127.0.0.1 () {44 vars in 1051 bytes} [Wed Aug 19 19:25:20 2026] GET /v2/schemas/image => generated 6083 bytes in 5 msecs (HTTP/1.1 200) 4 headers in 158 bytes (1 switches on core 0)
Aug 19 19:25:21.180972 np0000007805 devstack@g-api.service[99718]: DEBUG glance.location [None req-b80fd5f0-8b12-45e8-8dd3-68a90dae2282 tempest-ServerBootFromVolumeStableRescueTest-1391742064 tempest-ServerBootFromVolumeStableRescueTest-1391742064-project-member] Enabling in-flight format inspection for qcow2 {{(pid=99718) set_data /opt/stack/glance/glance/location.py:596}}
Aug 19 19:25:21.181497 np0000007805 devstack@g-api.service[99718]: DEBUG glance_store.backend [None req-b80fd5f0-8b12-45e8-8dd3-68a90dae2282 tempest-ServerBootFromVolumeStableRescueTest-1391742064 tempest-ServerBootFromVolumeStableRescueTest-1391742064-project-member] Attempting to import store swift {{(pid=99718) _load_store /opt/stack/data/venv/lib/python3.12/site-packages/glance_store/backend.py:215}}
Aug 19 19:25:21.183704 np0000007805 devstack@g-api.service[99718]: DEBUG glance_store.capabilities [None req-b80fd5f0-8b12-45e8-8dd3-68a90dae2282 tempest-ServerBootFromVolumeStableRescueTest-1391742064 tempest-ServerBootFromVolumeStableRescueTest-1391742064-project-member] Store glance_store._drivers.swift.store.SingleTenantStore doesn't support updating dynamic storage capabilities. Please overwrite 'update_capabilities' method of the store to implement updating logics if needed. {{(pid=99718) update_capabilities /opt/stack/data/venv/lib/python3.12/site-packages/glance_store/capabilities.py:91}}
Aug 19 19:25:21.183888 np0000007805 devstack@g-api.service[99718]: DEBUG glance_store.driver [None req-b80fd5f0-8b12-45e8-8dd3-68a90dae2282 tempest-ServerBootFromVolumeStableRescueTest-1391742064 tempest-ServerBootFromVolumeStableRescueTest-1391742064-project-member] Late loading location class glance_store._drivers.swift.store.StoreLocation {{(pid=99718) get_store_location_class /opt/stack/data/venv/lib/python3.12/site-packages/glance_store/driver.py:134}}
Aug 19 19:25:21.184088 np0000007805 devstack@g-api.service[99718]: DEBUG glance_store.location [None req-b80fd5f0-8b12-45e8-8dd3-68a90dae2282 tempest-ServerBootFromVolumeStableRescueTest-1391742064 tempest-ServerBootFromVolumeStableRescueTest-1391742064-project-member] Registering scheme swift+https with {'store': , 'location_class': , 'store_entry': 'swift'} {{(pid=99718) register_scheme_map /opt/stack/data/venv/lib/python3.12/site-packages/glance_store/location.py:146}}
Aug 19 19:25:21.184277 np0000007805 devstack@g-api.service[99718]: DEBUG glance_store.location [None req-b80fd5f0-8b12-45e8-8dd3-68a90dae2282 tempest-ServerBootFromVolumeStableRescueTest-1391742064 tempest-ServerBootFromVolumeStableRescueTest-1391742064-project-member] Registering scheme swift+https with {'store': , 'location_class': , 'store_entry': 'swift'} {{(pid=99718) register_scheme_map /opt/stack/data/venv/lib/python3.12/site-packages/glance_store/location.py:146}}
Aug 19 19:25:21.184439 np0000007805 devstack@g-api.service[99718]: DEBUG glance_store.location [None req-b80fd5f0-8b12-45e8-8dd3-68a90dae2282 tempest-ServerBootFromVolumeStableRescueTest-1391742064 tempest-ServerBootFromVolumeStableRescueTest-1391742064-project-member] Registering scheme swift with {'store': , 'location_class': , 'store_entry': 'swift'} {{(pid=99718) register_scheme_map /opt/stack/data/venv/lib/python3.12/site-packages/glance_store/location.py:146}}
Aug 19 19:25:21.184533 np0000007805 devstack@g-api.service[99718]: DEBUG glance_store.location [None req-b80fd5f0-8b12-45e8-8dd3-68a90dae2282 tempest-ServerBootFromVolumeStableRescueTest-1391742064 tempest-ServerBootFromVolumeStableRescueTest-1391742064-project-member] Registering scheme swift+https with {'store': , 'location_class': , 'store_entry': 'swift'} {{(pid=99718) register_scheme_map /opt/stack/data/venv/lib/python3.12/site-packages/glance_store/location.py:146}}
Aug 19 19:25:21.184734 np0000007805 devstack@g-api.service[99718]: DEBUG glance_store.location [None req-b80fd5f0-8b12-45e8-8dd3-68a90dae2282 tempest-ServerBootFromVolumeStableRescueTest-1391742064 tempest-ServerBootFromVolumeStableRescueTest-1391742064-project-member] Registering scheme swift with {'store': , 'location_class': , 'store_entry': 'swift'} {{(pid=99718) register_scheme_map /opt/stack/data/venv/lib/python3.12/site-packages/glance_store/location.py:146}}
Aug 19 19:25:21.184799 np0000007805 devstack@g-api.service[99718]: DEBUG glance_store.location [None req-b80fd5f0-8b12-45e8-8dd3-68a90dae2282 tempest-ServerBootFromVolumeStableRescueTest-1391742064 tempest-ServerBootFromVolumeStableRescueTest-1391742064-project-member] Registering scheme swift+http with {'store': , 'location_class': , 'store_entry': 'swift'} {{(pid=99718) register_scheme_map /opt/stack/data/venv/lib/python3.12/site-packages/glance_store/location.py:146}}
Aug 19 19:25:21.184966 np0000007805 devstack@g-api.service[99718]: DEBUG glance_store.location [None req-b80fd5f0-8b12-45e8-8dd3-68a90dae2282 tempest-ServerBootFromVolumeStableRescueTest-1391742064 tempest-ServerBootFromVolumeStableRescueTest-1391742064-project-member] Registering scheme swift+https with {'store': , 'location_class': , 'store_entry': 'swift'} {{(pid=99718) register_scheme_map /opt/stack/data/venv/lib/python3.12/site-packages/glance_store/location.py:146}}
Aug 19 19:25:21.185099 np0000007805 devstack@g-api.service[99718]: DEBUG glance_store.location [None req-b80fd5f0-8b12-45e8-8dd3-68a90dae2282 tempest-ServerBootFromVolumeStableRescueTest-1391742064 tempest-ServerBootFromVolumeStableRescueTest-1391742064-project-member] Registering scheme swift with {'store': , 'location_class': , 'store_entry': 'swift'} {{(pid=99718) register_scheme_map /opt/stack/data/venv/lib/python3.12/site-packages/glance_store/location.py:146}}
Aug 19 19:25:21.185255 np0000007805 devstack@g-api.service[99718]: DEBUG glance_store.location [None req-b80fd5f0-8b12-45e8-8dd3-68a90dae2282 tempest-ServerBootFromVolumeStableRescueTest-1391742064 tempest-ServerBootFromVolumeStableRescueTest-1391742064-project-member] Registering scheme swift+http with {'store': , 'location_class': , 'store_entry': 'swift'} {{(pid=99718) register_scheme_map /opt/stack/data/venv/lib/python3.12/site-packages/glance_store/location.py:146}}
Aug 19 19:25:21.185355 np0000007805 devstack@g-api.service[99718]: DEBUG glance_store.location [None req-b80fd5f0-8b12-45e8-8dd3-68a90dae2282 tempest-ServerBootFromVolumeStableRescueTest-1391742064 tempest-ServerBootFromVolumeStableRescueTest-1391742064-project-member] Registering scheme swift+config with {'store': , 'location_class': , 'store_entry': 'swift'} {{(pid=99718) register_scheme_map /opt/stack/data/venv/lib/python3.12/site-packages/glance_store/location.py:146}}
Aug 19 19:25:21.419500 np0000007805 devstack@g-api.service[99717]: DEBUG glance.api.middleware.version_negotiation [None req-2a8cddc7-1eb0-42d7-960a-d91024c77dcf tempest-VolumesCloneTest-1470458449 tempest-VolumesCloneTest-1470458449-project-member] Determining version of request: GET /versions Accept: */* {{(pid=99717) process_request /opt/stack/glance/glance/api/middleware/version_negotiation.py:44}}
Aug 19 19:25:21.423672 np0000007805 devstack@g-api.service[99717]: [pid: 99717|app: 0|req: 108/304] 127.0.0.1 () {44 vars in 1035 bytes} [Wed Aug 19 19:25:21 2026] GET /versions => generated 1501 bytes in 4 msecs (HTTP/1.1 200) 3 headers in 92 bytes (1 switches on core 0)
Aug 19 19:25:21.440373 np0000007805 devstack@g-api.service[99719]: DEBUG glance.api.middleware.version_negotiation [None req-2a8cddc7-1eb0-42d7-960a-d91024c77dcf tempest-VolumesCloneTest-1470458449 tempest-VolumesCloneTest-1470458449-project-member] Determining version of request: GET /v2/images/f540e5ea-71d3-49fe-b942-fcbe69db7cae/locations Accept: */* {{(pid=99719) process_request /opt/stack/glance/glance/api/middleware/version_negotiation.py:44}}
Aug 19 19:25:21.440572 np0000007805 devstack@g-api.service[99719]: DEBUG glance.api.middleware.version_negotiation [None req-2a8cddc7-1eb0-42d7-960a-d91024c77dcf tempest-VolumesCloneTest-1470458449 tempest-VolumesCloneTest-1470458449-project-member] Using url versioning {{(pid=99719) process_request /opt/stack/glance/glance/api/middleware/version_negotiation.py:57}}
Aug 19 19:25:21.440746 np0000007805 devstack@g-api.service[99719]: DEBUG glance.api.middleware.version_negotiation [None req-2a8cddc7-1eb0-42d7-960a-d91024c77dcf tempest-VolumesCloneTest-1470458449 tempest-VolumesCloneTest-1470458449-project-member] Matched version: v2 {{(pid=99719) process_request /opt/stack/glance/glance/api/middleware/version_negotiation.py:69}}
Aug 19 19:25:21.440896 np0000007805 devstack@g-api.service[99719]: DEBUG glance.api.middleware.version_negotiation [None req-2a8cddc7-1eb0-42d7-960a-d91024c77dcf tempest-VolumesCloneTest-1470458449 tempest-VolumesCloneTest-1470458449-project-member] new path /v2/images/f540e5ea-71d3-49fe-b942-fcbe69db7cae/locations {{(pid=99719) process_request /opt/stack/glance/glance/api/middleware/version_negotiation.py:70}}
Aug 19 19:25:21.541312 np0000007805 devstack@g-api.service[99719]: [pid: 99719|app: 0|req: 97/305] 127.0.0.1 () {44 vars in 1131 bytes} [Wed Aug 19 19:25:21 2026] GET /v2/images/f540e5ea-71d3-49fe-b942-fcbe69db7cae/locations => generated 92 bytes in 101 msecs (HTTP/1.1 200) 4 headers in 156 bytes (1 switches on core 0)
Aug 19 19:25:21.552708 np0000007805 devstack@g-api.service[99717]: DEBUG glance.api.middleware.version_negotiation [None req-2a8cddc7-1eb0-42d7-960a-d91024c77dcf tempest-VolumesCloneTest-1470458449 tempest-VolumesCloneTest-1470458449-project-member] Determining version of request: GET /v2/images/f540e5ea-71d3-49fe-b942-fcbe69db7cae Accept: */* {{(pid=99717) process_request /opt/stack/glance/glance/api/middleware/version_negotiation.py:44}}
Aug 19 19:25:21.552854 np0000007805 devstack@g-api.service[99717]: DEBUG glance.api.middleware.version_negotiation [None req-2a8cddc7-1eb0-42d7-960a-d91024c77dcf tempest-VolumesCloneTest-1470458449 tempest-VolumesCloneTest-1470458449-project-member] Using url versioning {{(pid=99717) process_request /opt/stack/glance/glance/api/middleware/version_negotiation.py:57}}
Aug 19 19:25:21.552961 np0000007805 devstack@g-api.service[99717]: DEBUG glance.api.middleware.version_negotiation [None req-2a8cddc7-1eb0-42d7-960a-d91024c77dcf tempest-VolumesCloneTest-1470458449 tempest-VolumesCloneTest-1470458449-project-member] Matched version: v2 {{(pid=99717) process_request /opt/stack/glance/glance/api/middleware/version_negotiation.py:69}}
Aug 19 19:25:21.553086 np0000007805 devstack@g-api.service[99717]: DEBUG glance.api.middleware.version_negotiation [None req-2a8cddc7-1eb0-42d7-960a-d91024c77dcf tempest-VolumesCloneTest-1470458449 tempest-VolumesCloneTest-1470458449-project-member] new path /v2/images/f540e5ea-71d3-49fe-b942-fcbe69db7cae {{(pid=99717) process_request /opt/stack/glance/glance/api/middleware/version_negotiation.py:70}}
Aug 19 19:25:21.567605 np0000007805 devstack@g-api.service[99717]: [pid: 99717|app: 0|req: 109/306] 127.0.0.1 () {44 vars in 1111 bytes} [Wed Aug 19 19:25:21 2026] GET /v2/images/f540e5ea-71d3-49fe-b942-fcbe69db7cae => generated 1044 bytes in 15 msecs (HTTP/1.1 200) 4 headers in 158 bytes (1 switches on core 0)
Aug 19 19:25:21.581526 np0000007805 devstack@g-api.service[99719]: DEBUG glance.api.middleware.version_negotiation [None req-2a8cddc7-1eb0-42d7-960a-d91024c77dcf service glance] Determining version of request: GET /v2/schemas/image Accept: */* {{(pid=99719) process_request /opt/stack/glance/glance/api/middleware/version_negotiation.py:44}}
Aug 19 19:25:21.581694 np0000007805 devstack@g-api.service[99719]: DEBUG glance.api.middleware.version_negotiation [None req-2a8cddc7-1eb0-42d7-960a-d91024c77dcf service glance] Using url versioning {{(pid=99719) process_request /opt/stack/glance/glance/api/middleware/version_negotiation.py:57}}
Aug 19 19:25:21.581822 np0000007805 devstack@g-api.service[99719]: DEBUG glance.api.middleware.version_negotiation [None req-2a8cddc7-1eb0-42d7-960a-d91024c77dcf service glance] Matched version: v2 {{(pid=99719) process_request /opt/stack/glance/glance/api/middleware/version_negotiation.py:69}}
Aug 19 19:25:21.581936 np0000007805 devstack@g-api.service[99719]: DEBUG glance.api.middleware.version_negotiation [None req-2a8cddc7-1eb0-42d7-960a-d91024c77dcf service glance] new path /v2/schemas/image {{(pid=99719) process_request /opt/stack/glance/glance/api/middleware/version_negotiation.py:70}}
Aug 19 19:25:21.588134 np0000007805 devstack@g-api.service[99719]: [pid: 99719|app: 0|req: 98/307] 127.0.0.1 () {44 vars in 1051 bytes} [Wed Aug 19 19:25:21 2026] GET /v2/schemas/image => generated 6083 bytes in 6 msecs (HTTP/1.1 200) 4 headers in 158 bytes (1 switches on core 0)
Aug 19 19:25:21.600598 np0000007805 devstack@g-api.service[99718]: DEBUG swiftclient [None req-b80fd5f0-8b12-45e8-8dd3-68a90dae2282 tempest-ServerBootFromVolumeStableRescueTest-1391742064 tempest-ServerBootFromVolumeStableRescueTest-1391742064-project-member] REQ: curl -i https://10.4.3.86:8080/v1/AUTH_27a2f3d5464741e385483693dfdab28f/glance -I -H "X-Auth-Token: gAAAAABqhgMhQrO2..." {{(pid=99718) http_log /opt/stack/data/venv/lib/python3.12/site-packages/swiftclient/client.py:160}}
Aug 19 19:25:21.600598 np0000007805 devstack@g-api.service[99718]: DEBUG swiftclient [None req-b80fd5f0-8b12-45e8-8dd3-68a90dae2282 tempest-ServerBootFromVolumeStableRescueTest-1391742064 tempest-ServerBootFromVolumeStableRescueTest-1391742064-project-member] RESP STATUS: 204 No Content {{(pid=99718) http_log /opt/stack/data/venv/lib/python3.12/site-packages/swiftclient/client.py:161}}
Aug 19 19:25:21.600885 np0000007805 devstack@g-api.service[99718]: DEBUG swiftclient [None req-b80fd5f0-8b12-45e8-8dd3-68a90dae2282 tempest-ServerBootFromVolumeStableRescueTest-1391742064 tempest-ServerBootFromVolumeStableRescueTest-1391742064-project-member] RESP HEADERS: {'Date': 'Wed, 19 Aug 2026 19:25:21 GMT', 'Server': 'Apache/2.4.58 (Ubuntu)', 'Content-Type': 'text/plain; charset=utf-8', 'X-Container-Object-Count': '3', 'X-Container-Bytes-Used': '64356352', 'X-Timestamp': '1787167226.95015', 'Last-Modified': 'Wed, 19 Aug 2026 19:20:27 GMT', 'Accept-Ranges': 'bytes', 'X-Storage-Policy': 'Policy-0', 'X-Container-Sharding': 'False', 'Vary': 'Accept', 'X-Trans-Id': 'tx6c28f7002287465aaaf2c-006a860321', 'X-Openstack-Request-Id': 'tx6c28f7002287465aaaf2c-006a860321', 'Connection': 'close'} {{(pid=99718) http_log /opt/stack/data/venv/lib/python3.12/site-packages/swiftclient/client.py:162}}
Aug 19 19:25:21.603396 np0000007805 devstack@g-api.service[99718]: DEBUG glance_store._drivers.swift.store [None req-b80fd5f0-8b12-45e8-8dd3-68a90dae2282 tempest-ServerBootFromVolumeStableRescueTest-1391742064 tempest-ServerBootFromVolumeStableRescueTest-1391742064-project-member] Adding image object '82b7d43d-2020-468a-869f-76e57f226465' to Swift {{(pid=99718) add /opt/stack/data/venv/lib/python3.12/site-packages/glance_store/_drivers/swift/store.py:970}}
Aug 19 19:25:21.603396 np0000007805 devstack@g-api.service[99718]: DEBUG glance_store._drivers.swift.store [None req-b80fd5f0-8b12-45e8-8dd3-68a90dae2282 tempest-ServerBootFromVolumeStableRescueTest-1391742064 tempest-ServerBootFromVolumeStableRescueTest-1391742064-project-member] Cannot determine image size because it is either not provided in the request or chunked-transfer encoding is used. Adding image as a segmented object to Swift. {{(pid=99718) add /opt/stack/data/venv/lib/python3.12/site-packages/glance_store/_drivers/swift/store.py:994}}
Aug 19 19:25:21.606284 np0000007805 devstack@g-api.service[99717]: DEBUG glance.api.middleware.version_negotiation [None req-2a8cddc7-1eb0-42d7-960a-d91024c77dcf tempest-VolumesCloneTest-1470458449 tempest-VolumesCloneTest-1470458449-project-member] Determining version of request: GET /v2/schemas/image Accept: */* {{(pid=99717) process_request /opt/stack/glance/glance/api/middleware/version_negotiation.py:44}}
Aug 19 19:25:21.606452 np0000007805 devstack@g-api.service[99717]: DEBUG glance.api.middleware.version_negotiation [None req-2a8cddc7-1eb0-42d7-960a-d91024c77dcf tempest-VolumesCloneTest-1470458449 tempest-VolumesCloneTest-1470458449-project-member] Using url versioning {{(pid=99717) process_request /opt/stack/glance/glance/api/middleware/version_negotiation.py:57}}
Aug 19 19:25:21.610798 np0000007805 devstack@g-api.service[99717]: DEBUG glance.api.middleware.version_negotiation [None req-2a8cddc7-1eb0-42d7-960a-d91024c77dcf tempest-VolumesCloneTest-1470458449 tempest-VolumesCloneTest-1470458449-project-member] Matched version: v2 {{(pid=99717) process_request /opt/stack/glance/glance/api/middleware/version_negotiation.py:69}}
Aug 19 19:25:21.611014 np0000007805 devstack@g-api.service[99717]: DEBUG glance.api.middleware.version_negotiation [None req-2a8cddc7-1eb0-42d7-960a-d91024c77dcf tempest-VolumesCloneTest-1470458449 tempest-VolumesCloneTest-1470458449-project-member] new path /v2/schemas/image {{(pid=99717) process_request /opt/stack/glance/glance/api/middleware/version_negotiation.py:70}}
Aug 19 19:25:21.616338 np0000007805 devstack@g-api.service[99718]: DEBUG oslo_utils.imageutils.format_inspector [None req-b80fd5f0-8b12-45e8-8dd3-68a90dae2282 tempest-ServerBootFromVolumeStableRescueTest-1391742064 tempest-ServerBootFromVolumeStableRescueTest-1391742064-project-member] Format inspector for vmdk does not match, excluding from consideration (Signature KDMV not found: b'QFI\xfb') {{(pid=99718) _process_chunk /opt/stack/data/venv/lib/python3.12/site-packages/oslo_utils/imageutils/format_inspector.py:1758}}
Aug 19 19:25:21.616633 np0000007805 devstack@g-api.service[99719]: DEBUG glance.api.middleware.version_negotiation [None req-2a8cddc7-1eb0-42d7-960a-d91024c77dcf tempest-VolumesCloneTest-1470458449 tempest-VolumesCloneTest-1470458449-project-member] Determining version of request: GET /v2/images/82b7d43d-2020-468a-869f-76e57f226465 Accept: application/json {{(pid=99719) process_request /opt/stack/glance/glance/api/middleware/version_negotiation.py:44}}
Aug 19 19:25:21.616782 np0000007805 devstack@g-api.service[99719]: DEBUG glance.api.middleware.version_negotiation [None req-2a8cddc7-1eb0-42d7-960a-d91024c77dcf tempest-VolumesCloneTest-1470458449 tempest-VolumesCloneTest-1470458449-project-member] Using url versioning {{(pid=99719) process_request /opt/stack/glance/glance/api/middleware/version_negotiation.py:57}}
Aug 19 19:25:21.616946 np0000007805 devstack@g-api.service[99719]: DEBUG glance.api.middleware.version_negotiation [None req-2a8cddc7-1eb0-42d7-960a-d91024c77dcf tempest-VolumesCloneTest-1470458449 tempest-VolumesCloneTest-1470458449-project-member] Matched version: v2 {{(pid=99719) process_request /opt/stack/glance/glance/api/middleware/version_negotiation.py:69}}
Aug 19 19:25:21.617038 np0000007805 devstack@g-api.service[99719]: DEBUG glance.api.middleware.version_negotiation [None req-2a8cddc7-1eb0-42d7-960a-d91024c77dcf tempest-VolumesCloneTest-1470458449 tempest-VolumesCloneTest-1470458449-project-member] new path /v2/images/82b7d43d-2020-468a-869f-76e57f226465 {{(pid=99719) process_request /opt/stack/glance/glance/api/middleware/version_negotiation.py:70}}
Aug 19 19:25:21.622759 np0000007805 devstack@g-api.service[99718]: DEBUG oslo_utils.imageutils.format_inspector [None req-b80fd5f0-8b12-45e8-8dd3-68a90dae2282 tempest-ServerBootFromVolumeStableRescueTest-1391742064 tempest-ServerBootFromVolumeStableRescueTest-1391742064-project-member] Format inspector for vhdx does not match, excluding from consideration (Region signature not found at 30000) {{(pid=99718) _process_chunk /opt/stack/data/venv/lib/python3.12/site-packages/oslo_utils/imageutils/format_inspector.py:1758}}
Aug 19 19:25:21.626584 np0000007805 devstack@g-api.service[99717]: [pid: 99717|app: 0|req: 110/308] 127.0.0.1 () {44 vars in 1051 bytes} [Wed Aug 19 19:25:21 2026] GET /v2/schemas/image => generated 6083 bytes in 20 msecs (HTTP/1.1 200) 4 headers in 158 bytes (1 switches on core 0)
Aug 19 19:25:21.641847 np0000007805 devstack@g-api.service[99719]: [pid: 99719|app: 0|req: 99/309] 127.0.0.1 () {40 vars in 834 bytes} [Wed Aug 19 19:25:21 2026] GET /v2/images/82b7d43d-2020-468a-869f-76e57f226465 => generated 1470 bytes in 25 msecs (HTTP/1.1 200) 4 headers in 158 bytes (1 switches on core 0)
Aug 19 19:25:22.004880 np0000007805 devstack@g-api.service[99718]: DEBUG swiftclient [None req-b80fd5f0-8b12-45e8-8dd3-68a90dae2282 tempest-ServerBootFromVolumeStableRescueTest-1391742064 tempest-ServerBootFromVolumeStableRescueTest-1391742064-project-member] REQ: curl -i https://10.4.3.86:8080/v1/AUTH_27a2f3d5464741e385483693dfdab28f/glance/82b7d43d-2020-468a-869f-76e57f226465-00001 -X PUT -H "X-Auth-Token: gAAAAABqhgMhQrO2..." {{(pid=99718) http_log /opt/stack/data/venv/lib/python3.12/site-packages/swiftclient/client.py:160}}
Aug 19 19:25:22.005247 np0000007805 devstack@g-api.service[99718]: DEBUG swiftclient [None req-b80fd5f0-8b12-45e8-8dd3-68a90dae2282 tempest-ServerBootFromVolumeStableRescueTest-1391742064 tempest-ServerBootFromVolumeStableRescueTest-1391742064-project-member] RESP STATUS: 201 Created {{(pid=99718) http_log /opt/stack/data/venv/lib/python3.12/site-packages/swiftclient/client.py:161}}
Aug 19 19:25:22.005247 np0000007805 devstack@g-api.service[99718]: DEBUG swiftclient [None req-b80fd5f0-8b12-45e8-8dd3-68a90dae2282 tempest-ServerBootFromVolumeStableRescueTest-1391742064 tempest-ServerBootFromVolumeStableRescueTest-1391742064-project-member] RESP HEADERS: {'Date': 'Wed, 19 Aug 2026 19:25:22 GMT', 'Server': 'Apache/2.4.58 (Ubuntu)', 'Content-Type': 'text/html; charset=UTF-8', 'Content-Length': '0', 'Etag': '4fa343ee581d8d2e78533191fd1ac3e1', 'Last-Modified': 'Wed, 19 Aug 2026 19:25:22 GMT', 'X-Trans-Id': 'tx4f13b65e924c40688d889-006a860321', 'X-Openstack-Request-Id': 'tx4f13b65e924c40688d889-006a860321', 'Connection': 'close'} {{(pid=99718) http_log /opt/stack/data/venv/lib/python3.12/site-packages/swiftclient/client.py:162}}
Aug 19 19:25:22.007115 np0000007805 devstack@g-api.service[99718]: DEBUG glance_store._drivers.swift.store [None req-b80fd5f0-8b12-45e8-8dd3-68a90dae2282 tempest-ServerBootFromVolumeStableRescueTest-1391742064 tempest-ServerBootFromVolumeStableRescueTest-1391742064-project-member] Wrote chunk 82b7d43d-2020-468a-869f-76e57f226465-00001 (1/?) of length 23527424 to Swift returning MD5 of content: 4fa343ee581d8d2e78533191fd1ac3e1 {{(pid=99718) add /opt/stack/data/venv/lib/python3.12/site-packages/glance_store/_drivers/swift/store.py:1059}}
Aug 19 19:25:22.007854 np0000007805 devstack@g-api.service[99718]: DEBUG glance_store._drivers.swift.store [None req-b80fd5f0-8b12-45e8-8dd3-68a90dae2282 tempest-ServerBootFromVolumeStableRescueTest-1391742064 tempest-ServerBootFromVolumeStableRescueTest-1391742064-project-member] Not writing zero-length chunk. {{(pid=99718) add /opt/stack/data/venv/lib/python3.12/site-packages/glance_store/_drivers/swift/store.py:1028}}
Aug 19 19:25:22.043041 np0000007805 devstack@g-api.service[99718]: DEBUG swiftclient [None req-b80fd5f0-8b12-45e8-8dd3-68a90dae2282 tempest-ServerBootFromVolumeStableRescueTest-1391742064 tempest-ServerBootFromVolumeStableRescueTest-1391742064-project-member] REQ: curl -i https://10.4.3.86:8080/v1/AUTH_27a2f3d5464741e385483693dfdab28f/glance/82b7d43d-2020-468a-869f-76e57f226465 -X PUT -H "X-Object-Manifest: glance/82b7d43d-2020-468a-869f-76e57f226465-" -H "X-Auth-Token: gAAAAABqhgMhQrO2..." -H "Content-Length: 0" {{(pid=99718) http_log /opt/stack/data/venv/lib/python3.12/site-packages/swiftclient/client.py:160}}
Aug 19 19:25:22.044665 np0000007805 devstack@g-api.service[99718]: DEBUG swiftclient [None req-b80fd5f0-8b12-45e8-8dd3-68a90dae2282 tempest-ServerBootFromVolumeStableRescueTest-1391742064 tempest-ServerBootFromVolumeStableRescueTest-1391742064-project-member] RESP STATUS: 201 Created {{(pid=99718) http_log /opt/stack/data/venv/lib/python3.12/site-packages/swiftclient/client.py:161}}
Aug 19 19:25:22.044921 np0000007805 devstack@g-api.service[99718]: DEBUG swiftclient [None req-b80fd5f0-8b12-45e8-8dd3-68a90dae2282 tempest-ServerBootFromVolumeStableRescueTest-1391742064 tempest-ServerBootFromVolumeStableRescueTest-1391742064-project-member] RESP HEADERS: {'Date': 'Wed, 19 Aug 2026 19:25:22 GMT', 'Server': 'Apache/2.4.58 (Ubuntu)', 'Content-Type': 'text/html; charset=UTF-8', 'Content-Length': '0', 'Etag': 'd41d8cd98f00b204e9800998ecf8427e', 'Last-Modified': 'Wed, 19 Aug 2026 19:25:23 GMT', 'X-Trans-Id': 'tx4dbccd22b8114578bf865-006a860322', 'X-Openstack-Request-Id': 'tx4dbccd22b8114578bf865-006a860322', 'Connection': 'close'} {{(pid=99718) http_log /opt/stack/data/venv/lib/python3.12/site-packages/swiftclient/client.py:162}}
Aug 19 19:25:22.045484 np0000007805 devstack@g-api.service[99718]: INFO glance.location [None req-b80fd5f0-8b12-45e8-8dd3-68a90dae2282 tempest-ServerBootFromVolumeStableRescueTest-1391742064 tempest-ServerBootFromVolumeStableRescueTest-1391742064-project-member] Image format matched and virtual size computed: 1073741824
Aug 19 19:25:22.091480 np0000007805 devstack@g-api.service[99718]: DEBUG glance_store.backend [None req-b80fd5f0-8b12-45e8-8dd3-68a90dae2282 tempest-ServerBootFromVolumeStableRescueTest-1391742064 tempest-ServerBootFromVolumeStableRescueTest-1391742064-project-member] Attempting to import store swift {{(pid=99718) _load_store /opt/stack/data/venv/lib/python3.12/site-packages/glance_store/backend.py:215}}
Aug 19 19:25:22.093018 np0000007805 devstack@g-api.service[99718]: DEBUG glance_store.capabilities [None req-b80fd5f0-8b12-45e8-8dd3-68a90dae2282 tempest-ServerBootFromVolumeStableRescueTest-1391742064 tempest-ServerBootFromVolumeStableRescueTest-1391742064-project-member] Store glance_store._drivers.swift.store.SingleTenantStore doesn't support updating dynamic storage capabilities. Please overwrite 'update_capabilities' method of the store to implement updating logics if needed. {{(pid=99718) update_capabilities /opt/stack/data/venv/lib/python3.12/site-packages/glance_store/capabilities.py:91}}
Aug 19 19:25:22.093227 np0000007805 devstack@g-api.service[99718]: DEBUG glance_store.driver [None req-b80fd5f0-8b12-45e8-8dd3-68a90dae2282 tempest-ServerBootFromVolumeStableRescueTest-1391742064 tempest-ServerBootFromVolumeStableRescueTest-1391742064-project-member] Late loading location class glance_store._drivers.swift.store.StoreLocation {{(pid=99718) get_store_location_class /opt/stack/data/venv/lib/python3.12/site-packages/glance_store/driver.py:134}}
Aug 19 19:25:22.093415 np0000007805 devstack@g-api.service[99718]: DEBUG glance_store.location [None req-b80fd5f0-8b12-45e8-8dd3-68a90dae2282 tempest-ServerBootFromVolumeStableRescueTest-1391742064 tempest-ServerBootFromVolumeStableRescueTest-1391742064-project-member] Registering scheme swift+https with {'store': , 'location_class': , 'store_entry': 'swift'} {{(pid=99718) register_scheme_map /opt/stack/data/venv/lib/python3.12/site-packages/glance_store/location.py:146}}
Aug 19 19:25:22.093584 np0000007805 devstack@g-api.service[99718]: DEBUG glance_store.location [None req-b80fd5f0-8b12-45e8-8dd3-68a90dae2282 tempest-ServerBootFromVolumeStableRescueTest-1391742064 tempest-ServerBootFromVolumeStableRescueTest-1391742064-project-member] Registering scheme swift+https with {'store': , 'location_class': , 'store_entry': 'swift'} {{(pid=99718) register_scheme_map /opt/stack/data/venv/lib/python3.12/site-packages/glance_store/location.py:146}}
Aug 19 19:25:22.093746 np0000007805 devstack@g-api.service[99718]: DEBUG glance_store.location [None req-b80fd5f0-8b12-45e8-8dd3-68a90dae2282 tempest-ServerBootFromVolumeStableRescueTest-1391742064 tempest-ServerBootFromVolumeStableRescueTest-1391742064-project-member] Registering scheme swift with {'store': , 'location_class': , 'store_entry': 'swift'} {{(pid=99718) register_scheme_map /opt/stack/data/venv/lib/python3.12/site-packages/glance_store/location.py:146}}
Aug 19 19:25:22.093932 np0000007805 devstack@g-api.service[99718]: DEBUG glance_store.location [None req-b80fd5f0-8b12-45e8-8dd3-68a90dae2282 tempest-ServerBootFromVolumeStableRescueTest-1391742064 tempest-ServerBootFromVolumeStableRescueTest-1391742064-project-member] Registering scheme swift+https with {'store': , 'location_class': , 'store_entry': 'swift'} {{(pid=99718) register_scheme_map /opt/stack/data/venv/lib/python3.12/site-packages/glance_store/location.py:146}}
Aug 19 19:25:22.094089 np0000007805 devstack@g-api.service[99718]: DEBUG glance_store.location [None req-b80fd5f0-8b12-45e8-8dd3-68a90dae2282 tempest-ServerBootFromVolumeStableRescueTest-1391742064 tempest-ServerBootFromVolumeStableRescueTest-1391742064-project-member] Registering scheme swift with {'store': , 'location_class': , 'store_entry': 'swift'} {{(pid=99718) register_scheme_map /opt/stack/data/venv/lib/python3.12/site-packages/glance_store/location.py:146}}
