Aug 19 19:25:59.157358 np0000007805 devstack@g-api.service[99718]: DEBUG glance.api.middleware.version_negotiation [None req-d308583f-ac84-4f69-a005-c44063149205 tempest-TestImageHashVerification-1394850393 tempest-TestImageHashVerification-1394850393-project-member] new path /v2/images/f540e5ea-71d3-49fe-b942-fcbe69db7cae {{(pid=99718) process_request /opt/stack/glance/glance/api/middleware/version_negotiation.py:70}}
Aug 19 19:25:59.167093 np0000007805 devstack@g-api.service[99718]: [pid: 99718|app: 0|req: 129/387] 127.0.0.1 () {44 vars in 1111 bytes} [Wed Aug 19 19:25:59 2026] GET /v2/images/f540e5ea-71d3-49fe-b942-fcbe69db7cae => generated 1044 bytes in 10 msecs (HTTP/1.1 200) 4 headers in 158 bytes (1 switches on core 0)
Aug 19 19:25:59.175748 np0000007805 devstack@g-api.service[99719]: DEBUG glance.api.middleware.version_negotiation [None req-ea0262c8-8e39-4c59-8d15-bcc04b8da4db service glance] Determining version of request: GET /v2/schemas/image Accept: */* {{(pid=99719) process_request /opt/stack/glance/glance/api/middleware/version_negotiation.py:44}}
Aug 19 19:25:59.176002 np0000007805 devstack@g-api.service[99719]: DEBUG glance.api.middleware.version_negotiation [None req-ea0262c8-8e39-4c59-8d15-bcc04b8da4db service glance] Using url versioning {{(pid=99719) process_request /opt/stack/glance/glance/api/middleware/version_negotiation.py:57}}
Aug 19 19:25:59.176141 np0000007805 devstack@g-api.service[99719]: DEBUG glance.api.middleware.version_negotiation [None req-ea0262c8-8e39-4c59-8d15-bcc04b8da4db service glance] Matched version: v2 {{(pid=99719) process_request /opt/stack/glance/glance/api/middleware/version_negotiation.py:69}}
Aug 19 19:25:59.176346 np0000007805 devstack@g-api.service[99719]: DEBUG glance.api.middleware.version_negotiation [None req-ea0262c8-8e39-4c59-8d15-bcc04b8da4db service glance] new path /v2/schemas/image {{(pid=99719) process_request /opt/stack/glance/glance/api/middleware/version_negotiation.py:70}}
Aug 19 19:25:59.183454 np0000007805 devstack@g-api.service[99719]: [pid: 99719|app: 0|req: 128/388] 127.0.0.1 () {44 vars in 1051 bytes} [Wed Aug 19 19:25:59 2026] GET /v2/schemas/image => generated 6083 bytes in 7 msecs (HTTP/1.1 200) 4 headers in 158 bytes (1 switches on core 0)
Aug 19 19:25:59.194592 np0000007805 devstack@g-api.service[99718]: DEBUG glance.api.middleware.version_negotiation [None req-ea0262c8-8e39-4c59-8d15-bcc04b8da4db tempest-ServerBootFromVolumeStableRescueTest-1391742064 tempest-ServerBootFromVolumeStableRescueTest-1391742064-project-member] Determining version of request: GET /v2/schemas/image Accept: */* {{(pid=99718) process_request /opt/stack/glance/glance/api/middleware/version_negotiation.py:44}}
Aug 19 19:25:59.195542 np0000007805 devstack@g-api.service[99718]: DEBUG glance.api.middleware.version_negotiation [None req-ea0262c8-8e39-4c59-8d15-bcc04b8da4db tempest-ServerBootFromVolumeStableRescueTest-1391742064 tempest-ServerBootFromVolumeStableRescueTest-1391742064-project-member] Using url versioning {{(pid=99718) process_request /opt/stack/glance/glance/api/middleware/version_negotiation.py:57}}
Aug 19 19:25:59.195542 np0000007805 devstack@g-api.service[99718]: DEBUG glance.api.middleware.version_negotiation [None req-ea0262c8-8e39-4c59-8d15-bcc04b8da4db tempest-ServerBootFromVolumeStableRescueTest-1391742064 tempest-ServerBootFromVolumeStableRescueTest-1391742064-project-member] Matched version: v2 {{(pid=99718) process_request /opt/stack/glance/glance/api/middleware/version_negotiation.py:69}}
Aug 19 19:25:59.195542 np0000007805 devstack@g-api.service[99718]: DEBUG glance.api.middleware.version_negotiation [None req-ea0262c8-8e39-4c59-8d15-bcc04b8da4db tempest-ServerBootFromVolumeStableRescueTest-1391742064 tempest-ServerBootFromVolumeStableRescueTest-1391742064-project-member] new path /v2/schemas/image {{(pid=99718) process_request /opt/stack/glance/glance/api/middleware/version_negotiation.py:70}}
Aug 19 19:25:59.199105 np0000007805 devstack@g-api.service[99718]: [pid: 99718|app: 0|req: 130/389] 127.0.0.1 () {44 vars in 1051 bytes} [Wed Aug 19 19:25:59 2026] GET /v2/schemas/image => generated 6083 bytes in 4 msecs (HTTP/1.1 200) 4 headers in 158 bytes (1 switches on core 0)
Aug 19 19:25:59.414248 np0000007805 devstack@g-api.service[99717]: DEBUG glance.location [None req-48e9e668-89c7-4822-9199-22612daf65d2 tempest-TestImageHashVerification-1394850393 tempest-TestImageHashVerification-1394850393-project-member] Enabling in-flight format inspection for raw {{(pid=99717) set_data /opt/stack/glance/glance/location.py:596}}
Aug 19 19:25:59.414600 np0000007805 devstack@g-api.service[99717]: DEBUG glance_store.backend [None req-48e9e668-89c7-4822-9199-22612daf65d2 tempest-TestImageHashVerification-1394850393 tempest-TestImageHashVerification-1394850393-project-member] Attempting to import store swift {{(pid=99717) _load_store /opt/stack/data/venv/lib/python3.12/site-packages/glance_store/backend.py:215}}
Aug 19 19:25:59.416390 np0000007805 devstack@g-api.service[99717]: DEBUG glance_store.capabilities [None req-48e9e668-89c7-4822-9199-22612daf65d2 tempest-TestImageHashVerification-1394850393 tempest-TestImageHashVerification-1394850393-project-member] Store glance_store._drivers.swift.store.SingleTenantStore doesn't support updating dynamic storage capabilities. Please overwrite 'update_capabilities' method of the store to implement updating logics if needed. {{(pid=99717) update_capabilities /opt/stack/data/venv/lib/python3.12/site-packages/glance_store/capabilities.py:91}}
Aug 19 19:25:59.416547 np0000007805 devstack@g-api.service[99717]: DEBUG glance_store.driver [None req-48e9e668-89c7-4822-9199-22612daf65d2 tempest-TestImageHashVerification-1394850393 tempest-TestImageHashVerification-1394850393-project-member] Late loading location class glance_store._drivers.swift.store.StoreLocation {{(pid=99717) get_store_location_class /opt/stack/data/venv/lib/python3.12/site-packages/glance_store/driver.py:134}}
Aug 19 19:25:59.416612 np0000007805 devstack@g-api.service[99717]: DEBUG glance_store.location [None req-48e9e668-89c7-4822-9199-22612daf65d2 tempest-TestImageHashVerification-1394850393 tempest-TestImageHashVerification-1394850393-project-member] Registering scheme swift+https with {'store': , 'location_class': , 'store_entry': 'swift'} {{(pid=99717) register_scheme_map /opt/stack/data/venv/lib/python3.12/site-packages/glance_store/location.py:146}}
Aug 19 19:25:59.416680 np0000007805 devstack@g-api.service[99717]: DEBUG glance_store.location [None req-48e9e668-89c7-4822-9199-22612daf65d2 tempest-TestImageHashVerification-1394850393 tempest-TestImageHashVerification-1394850393-project-member] Registering scheme swift+https with {'store': , 'location_class': , 'store_entry': 'swift'} {{(pid=99717) register_scheme_map /opt/stack/data/venv/lib/python3.12/site-packages/glance_store/location.py:146}}
Aug 19 19:25:59.416754 np0000007805 devstack@g-api.service[99717]: DEBUG glance_store.location [None req-48e9e668-89c7-4822-9199-22612daf65d2 tempest-TestImageHashVerification-1394850393 tempest-TestImageHashVerification-1394850393-project-member] Registering scheme swift with {'store': , 'location_class': , 'store_entry': 'swift'} {{(pid=99717) register_scheme_map /opt/stack/data/venv/lib/python3.12/site-packages/glance_store/location.py:146}}
Aug 19 19:25:59.416830 np0000007805 devstack@g-api.service[99717]: DEBUG glance_store.location [None req-48e9e668-89c7-4822-9199-22612daf65d2 tempest-TestImageHashVerification-1394850393 tempest-TestImageHashVerification-1394850393-project-member] Registering scheme swift+https with {'store': , 'location_class': , 'store_entry': 'swift'} {{(pid=99717) register_scheme_map /opt/stack/data/venv/lib/python3.12/site-packages/glance_store/location.py:146}}
Aug 19 19:25:59.416830 np0000007805 devstack@g-api.service[99717]: DEBUG glance_store.location [None req-48e9e668-89c7-4822-9199-22612daf65d2 tempest-TestImageHashVerification-1394850393 tempest-TestImageHashVerification-1394850393-project-member] Registering scheme swift with {'store': , 'location_class': , 'store_entry': 'swift'} {{(pid=99717) register_scheme_map /opt/stack/data/venv/lib/python3.12/site-packages/glance_store/location.py:146}}
Aug 19 19:25:59.416977 np0000007805 devstack@g-api.service[99717]: DEBUG glance_store.location [None req-48e9e668-89c7-4822-9199-22612daf65d2 tempest-TestImageHashVerification-1394850393 tempest-TestImageHashVerification-1394850393-project-member] Registering scheme swift+http with {'store': , 'location_class': , 'store_entry': 'swift'} {{(pid=99717) register_scheme_map /opt/stack/data/venv/lib/python3.12/site-packages/glance_store/location.py:146}}
Aug 19 19:25:59.417059 np0000007805 devstack@g-api.service[99717]: DEBUG glance_store.location [None req-48e9e668-89c7-4822-9199-22612daf65d2 tempest-TestImageHashVerification-1394850393 tempest-TestImageHashVerification-1394850393-project-member] Registering scheme swift+https with {'store': , 'location_class': , 'store_entry': 'swift'} {{(pid=99717) register_scheme_map /opt/stack/data/venv/lib/python3.12/site-packages/glance_store/location.py:146}}
Aug 19 19:25:59.417319 np0000007805 devstack@g-api.service[99717]: DEBUG glance_store.location [None req-48e9e668-89c7-4822-9199-22612daf65d2 tempest-TestImageHashVerification-1394850393 tempest-TestImageHashVerification-1394850393-project-member] Registering scheme swift with {'store': , 'location_class': , 'store_entry': 'swift'} {{(pid=99717) register_scheme_map /opt/stack/data/venv/lib/python3.12/site-packages/glance_store/location.py:146}}
Aug 19 19:25:59.418394 np0000007805 devstack@g-api.service[99717]: DEBUG glance_store.location [None req-48e9e668-89c7-4822-9199-22612daf65d2 tempest-TestImageHashVerification-1394850393 tempest-TestImageHashVerification-1394850393-project-member] Registering scheme swift+http with {'store': , 'location_class': , 'store_entry': 'swift'} {{(pid=99717) register_scheme_map /opt/stack/data/venv/lib/python3.12/site-packages/glance_store/location.py:146}}
Aug 19 19:25:59.418394 np0000007805 devstack@g-api.service[99717]: DEBUG glance_store.location [None req-48e9e668-89c7-4822-9199-22612daf65d2 tempest-TestImageHashVerification-1394850393 tempest-TestImageHashVerification-1394850393-project-member] Registering scheme swift+config with {'store': , 'location_class': , 'store_entry': 'swift'} {{(pid=99717) register_scheme_map /opt/stack/data/venv/lib/python3.12/site-packages/glance_store/location.py:146}}
Aug 19 19:25:59.569877 np0000007805 devstack@g-api.service[99717]: DEBUG swiftclient [None req-48e9e668-89c7-4822-9199-22612daf65d2 tempest-TestImageHashVerification-1394850393 tempest-TestImageHashVerification-1394850393-project-member] REQ: curl -i https://10.4.3.86:8080/v1/AUTH_27a2f3d5464741e385483693dfdab28f/glance -I -H "X-Auth-Token: gAAAAABqhgNHKQ3y..." {{(pid=99717) http_log /opt/stack/data/venv/lib/python3.12/site-packages/swiftclient/client.py:160}}
Aug 19 19:25:59.569877 np0000007805 devstack@g-api.service[99717]: DEBUG swiftclient [None req-48e9e668-89c7-4822-9199-22612daf65d2 tempest-TestImageHashVerification-1394850393 tempest-TestImageHashVerification-1394850393-project-member] RESP STATUS: 204 No Content {{(pid=99717) http_log /opt/stack/data/venv/lib/python3.12/site-packages/swiftclient/client.py:161}}
Aug 19 19:25:59.569877 np0000007805 devstack@g-api.service[99717]: DEBUG swiftclient [None req-48e9e668-89c7-4822-9199-22612daf65d2 tempest-TestImageHashVerification-1394850393 tempest-TestImageHashVerification-1394850393-project-member] RESP HEADERS: {'Date': 'Wed, 19 Aug 2026 19:25:59 GMT', 'Server': 'Apache/2.4.58 (Ubuntu)', 'Content-Type': 'text/plain; charset=utf-8', 'X-Container-Object-Count': '7', 'X-Container-Bytes-Used': '111411200', 'X-Timestamp': '1787167226.95015', 'Last-Modified': 'Wed, 19 Aug 2026 19:20:27 GMT', 'Accept-Ranges': 'bytes', 'X-Storage-Policy': 'Policy-0', 'X-Container-Sharding': 'False', 'Vary': 'Accept', 'X-Trans-Id': 'tx9160166db77b45158f588-006a860347', 'X-Openstack-Request-Id': 'tx9160166db77b45158f588-006a860347', 'Connection': 'close'} {{(pid=99717) http_log /opt/stack/data/venv/lib/python3.12/site-packages/swiftclient/client.py:162}}
Aug 19 19:25:59.570660 np0000007805 devstack@g-api.service[99717]: DEBUG glance_store._drivers.swift.store [None req-48e9e668-89c7-4822-9199-22612daf65d2 tempest-TestImageHashVerification-1394850393 tempest-TestImageHashVerification-1394850393-project-member] Adding image object 'bc06283e-ee3d-4752-95d5-12b398cfd2b1' to Swift {{(pid=99717) add /opt/stack/data/venv/lib/python3.12/site-packages/glance_store/_drivers/swift/store.py:970}}
Aug 19 19:25:59.570722 np0000007805 devstack@g-api.service[99717]: DEBUG glance_store._drivers.swift.store [None req-48e9e668-89c7-4822-9199-22612daf65d2 tempest-TestImageHashVerification-1394850393 tempest-TestImageHashVerification-1394850393-project-member] Cannot determine image size because it is either not provided in the request or chunked-transfer encoding is used. Adding image as a segmented object to Swift. {{(pid=99717) add /opt/stack/data/venv/lib/python3.12/site-packages/glance_store/_drivers/swift/store.py:994}}
Aug 19 19:25:59.578095 np0000007805 devstack@g-api.service[99717]: DEBUG oslo_utils.imageutils.format_inspector [None req-48e9e668-89c7-4822-9199-22612daf65d2 tempest-TestImageHashVerification-1394850393 tempest-TestImageHashVerification-1394850393-project-member] Format inspector for vmdk does not match, excluding from consideration (Signature KDMV not found: b'\x00\x00\x00\x00') {{(pid=99717) _process_chunk /opt/stack/data/venv/lib/python3.12/site-packages/oslo_utils/imageutils/format_inspector.py:1758}}
Aug 19 19:25:59.583073 np0000007805 devstack@g-api.service[99717]: DEBUG oslo_utils.imageutils.format_inspector [None req-48e9e668-89c7-4822-9199-22612daf65d2 tempest-TestImageHashVerification-1394850393 tempest-TestImageHashVerification-1394850393-project-member] Format inspector for vhdx does not match, excluding from consideration (Region signature not found at 30000) {{(pid=99717) _process_chunk /opt/stack/data/venv/lib/python3.12/site-packages/oslo_utils/imageutils/format_inspector.py:1758}}
Aug 19 19:26:00.107974 np0000007805 devstack@g-api.service[99719]: DEBUG glance.api.middleware.version_negotiation [None req-ea0262c8-8e39-4c59-8d15-bcc04b8da4db tempest-ServerBootFromVolumeStableRescueTest-1391742064 tempest-ServerBootFromVolumeStableRescueTest-1391742064-project-member] Determining version of request: GET /v2/images/bc06283e-ee3d-4752-95d5-12b398cfd2b1 Accept: application/json {{(pid=99719) process_request /opt/stack/glance/glance/api/middleware/version_negotiation.py:44}}
Aug 19 19:26:00.107974 np0000007805 devstack@g-api.service[99719]: DEBUG glance.api.middleware.version_negotiation [None req-ea0262c8-8e39-4c59-8d15-bcc04b8da4db tempest-ServerBootFromVolumeStableRescueTest-1391742064 tempest-ServerBootFromVolumeStableRescueTest-1391742064-project-member] Using url versioning {{(pid=99719) process_request /opt/stack/glance/glance/api/middleware/version_negotiation.py:57}}
Aug 19 19:26:00.108549 np0000007805 devstack@g-api.service[99719]: DEBUG glance.api.middleware.version_negotiation [None req-ea0262c8-8e39-4c59-8d15-bcc04b8da4db tempest-ServerBootFromVolumeStableRescueTest-1391742064 tempest-ServerBootFromVolumeStableRescueTest-1391742064-project-member] Matched version: v2 {{(pid=99719) process_request /opt/stack/glance/glance/api/middleware/version_negotiation.py:69}}
Aug 19 19:26:00.108549 np0000007805 devstack@g-api.service[99719]: DEBUG glance.api.middleware.version_negotiation [None req-ea0262c8-8e39-4c59-8d15-bcc04b8da4db tempest-ServerBootFromVolumeStableRescueTest-1391742064 tempest-ServerBootFromVolumeStableRescueTest-1391742064-project-member] new path /v2/images/bc06283e-ee3d-4752-95d5-12b398cfd2b1 {{(pid=99719) process_request /opt/stack/glance/glance/api/middleware/version_negotiation.py:70}}
Aug 19 19:26:00.127649 np0000007805 devstack@g-api.service[99719]: [pid: 99719|app: 0|req: 129/390] 127.0.0.1 () {40 vars in 834 bytes} [Wed Aug 19 19:26:00 2026] GET /v2/images/bc06283e-ee3d-4752-95d5-12b398cfd2b1 => generated 648 bytes in 20 msecs (HTTP/1.1 200) 4 headers in 157 bytes (1 switches on core 0)
Aug 19 19:26:01.139745 np0000007805 devstack@g-api.service[99718]: DEBUG glance.api.middleware.version_negotiation [None req-ea0262c8-8e39-4c59-8d15-bcc04b8da4db tempest-ServerBootFromVolumeStableRescueTest-1391742064 tempest-ServerBootFromVolumeStableRescueTest-1391742064-project-member] Determining version of request: GET /v2/images/bc06283e-ee3d-4752-95d5-12b398cfd2b1 Accept: application/json {{(pid=99718) process_request /opt/stack/glance/glance/api/middleware/version_negotiation.py:44}}
Aug 19 19:26:01.140170 np0000007805 devstack@g-api.service[99718]: DEBUG glance.api.middleware.version_negotiation [None req-ea0262c8-8e39-4c59-8d15-bcc04b8da4db tempest-ServerBootFromVolumeStableRescueTest-1391742064 tempest-ServerBootFromVolumeStableRescueTest-1391742064-project-member] Using url versioning {{(pid=99718) process_request /opt/stack/glance/glance/api/middleware/version_negotiation.py:57}}
Aug 19 19:26:01.140231 np0000007805 devstack@g-api.service[99718]: DEBUG glance.api.middleware.version_negotiation [None req-ea0262c8-8e39-4c59-8d15-bcc04b8da4db tempest-ServerBootFromVolumeStableRescueTest-1391742064 tempest-ServerBootFromVolumeStableRescueTest-1391742064-project-member] Matched version: v2 {{(pid=99718) process_request /opt/stack/glance/glance/api/middleware/version_negotiation.py:69}}
Aug 19 19:26:01.140356 np0000007805 devstack@g-api.service[99718]: DEBUG glance.api.middleware.version_negotiation [None req-ea0262c8-8e39-4c59-8d15-bcc04b8da4db tempest-ServerBootFromVolumeStableRescueTest-1391742064 tempest-ServerBootFromVolumeStableRescueTest-1391742064-project-member] new path /v2/images/bc06283e-ee3d-4752-95d5-12b398cfd2b1 {{(pid=99718) process_request /opt/stack/glance/glance/api/middleware/version_negotiation.py:70}}
Aug 19 19:26:01.157577 np0000007805 devstack@g-api.service[99718]: [pid: 99718|app: 0|req: 131/391] 127.0.0.1 () {40 vars in 834 bytes} [Wed Aug 19 19:26:01 2026] GET /v2/images/bc06283e-ee3d-4752-95d5-12b398cfd2b1 => generated 648 bytes in 18 msecs (HTTP/1.1 200) 4 headers in 157 bytes (1 switches on core 0)
Aug 19 19:26:01.815320 np0000007805 devstack@g-api.service[99717]: DEBUG swiftclient [None req-48e9e668-89c7-4822-9199-22612daf65d2 tempest-TestImageHashVerification-1394850393 tempest-TestImageHashVerification-1394850393-project-member] REQ: curl -i https://10.4.3.86:8080/v1/AUTH_27a2f3d5464741e385483693dfdab28f/glance/bc06283e-ee3d-4752-95d5-12b398cfd2b1-00001 -X PUT -H "X-Auth-Token: gAAAAABqhgNHKQ3y..." {{(pid=99717) http_log /opt/stack/data/venv/lib/python3.12/site-packages/swiftclient/client.py:160}}
Aug 19 19:26:01.815655 np0000007805 devstack@g-api.service[99717]: DEBUG swiftclient [None req-48e9e668-89c7-4822-9199-22612daf65d2 tempest-TestImageHashVerification-1394850393 tempest-TestImageHashVerification-1394850393-project-member] RESP STATUS: 201 Created {{(pid=99717) http_log /opt/stack/data/venv/lib/python3.12/site-packages/swiftclient/client.py:161}}
Aug 19 19:26:01.815725 np0000007805 devstack@g-api.service[99717]: DEBUG swiftclient [None req-48e9e668-89c7-4822-9199-22612daf65d2 tempest-TestImageHashVerification-1394850393 tempest-TestImageHashVerification-1394850393-project-member] RESP HEADERS: {'Date': 'Wed, 19 Aug 2026 19:26:01 GMT', 'Server': 'Apache/2.4.58 (Ubuntu)', 'Content-Type': 'text/html; charset=UTF-8', 'Content-Length': '0', 'Etag': 'eda9a9889837ac4bc81d6387d92c1bec', 'Last-Modified': 'Wed, 19 Aug 2026 19:26:00 GMT', 'X-Trans-Id': 'txbc54f0d7050a448d9a3f6-006a860347', 'X-Openstack-Request-Id': 'txbc54f0d7050a448d9a3f6-006a860347', 'Connection': 'close'} {{(pid=99717) http_log /opt/stack/data/venv/lib/python3.12/site-packages/swiftclient/client.py:162}}
Aug 19 19:26:01.815831 np0000007805 devstack@g-api.service[99717]: DEBUG glance_store._drivers.swift.store [None req-48e9e668-89c7-4822-9199-22612daf65d2 tempest-TestImageHashVerification-1394850393 tempest-TestImageHashVerification-1394850393-project-member] Wrote chunk bc06283e-ee3d-4752-95d5-12b398cfd2b1-00001 (1/?) of length 204800000 to Swift returning MD5 of content: eda9a9889837ac4bc81d6387d92c1bec {{(pid=99717) add /opt/stack/data/venv/lib/python3.12/site-packages/glance_store/_drivers/swift/store.py:1059}}
Aug 19 19:26:01.983431 np0000007805 devstack@g-api.service[99719]: DEBUG glance.api.middleware.version_negotiation [None req-4ad5163f-1677-4507-97c0-1b9ce33b95b5 tempest-TestImageHashVerification-1394850393 tempest-TestImageHashVerification-1394850393-project-member] Determining version of request: GET /v2/images/f540e5ea-71d3-49fe-b942-fcbe69db7cae Accept: */* {{(pid=99719) process_request /opt/stack/glance/glance/api/middleware/version_negotiation.py:44}}
Aug 19 19:26:01.983782 np0000007805 devstack@g-api.service[99719]: DEBUG glance.api.middleware.version_negotiation [None req-4ad5163f-1677-4507-97c0-1b9ce33b95b5 tempest-TestImageHashVerification-1394850393 tempest-TestImageHashVerification-1394850393-project-member] Using url versioning {{(pid=99719) process_request /opt/stack/glance/glance/api/middleware/version_negotiation.py:57}}
Aug 19 19:26:01.983782 np0000007805 devstack@g-api.service[99719]: DEBUG glance.api.middleware.version_negotiation [None req-4ad5163f-1677-4507-97c0-1b9ce33b95b5 tempest-TestImageHashVerification-1394850393 tempest-TestImageHashVerification-1394850393-project-member] Matched version: v2 {{(pid=99719) process_request /opt/stack/glance/glance/api/middleware/version_negotiation.py:69}}
Aug 19 19:26:01.983909 np0000007805 devstack@g-api.service[99719]: DEBUG glance.api.middleware.version_negotiation [None req-4ad5163f-1677-4507-97c0-1b9ce33b95b5 tempest-TestImageHashVerification-1394850393 tempest-TestImageHashVerification-1394850393-project-member] new path /v2/images/f540e5ea-71d3-49fe-b942-fcbe69db7cae {{(pid=99719) process_request /opt/stack/glance/glance/api/middleware/version_negotiation.py:70}}
Aug 19 19:26:02.001170 np0000007805 devstack@g-api.service[99719]: [pid: 99719|app: 0|req: 130/392] 127.0.0.1 () {44 vars in 1111 bytes} [Wed Aug 19 19:26:01 2026] GET /v2/images/f540e5ea-71d3-49fe-b942-fcbe69db7cae => generated 1044 bytes in 18 msecs (HTTP/1.1 200) 4 headers in 158 bytes (1 switches on core 0)
Aug 19 19:26:02.013968 np0000007805 devstack@g-api.service[99718]: DEBUG glance.api.middleware.version_negotiation [None req-b6e4345e-6ea4-43d6-b9b2-e7942db767f2 tempest-TestImageHashVerification-1394850393 tempest-TestImageHashVerification-1394850393-project-member] Determining version of request: GET /v2/schemas/image Accept: */* {{(pid=99718) process_request /opt/stack/glance/glance/api/middleware/version_negotiation.py:44}}
Aug 19 19:26:02.014130 np0000007805 devstack@g-api.service[99718]: DEBUG glance.api.middleware.version_negotiation [None req-b6e4345e-6ea4-43d6-b9b2-e7942db767f2 tempest-TestImageHashVerification-1394850393 tempest-TestImageHashVerification-1394850393-project-member] Using url versioning {{(pid=99718) process_request /opt/stack/glance/glance/api/middleware/version_negotiation.py:57}}
Aug 19 19:26:02.014643 np0000007805 devstack@g-api.service[99718]: DEBUG glance.api.middleware.version_negotiation [None req-b6e4345e-6ea4-43d6-b9b2-e7942db767f2 tempest-TestImageHashVerification-1394850393 tempest-TestImageHashVerification-1394850393-project-member] Matched version: v2 {{(pid=99718) process_request /opt/stack/glance/glance/api/middleware/version_negotiation.py:69}}
Aug 19 19:26:02.014643 np0000007805 devstack@g-api.service[99718]: DEBUG glance.api.middleware.version_negotiation [None req-b6e4345e-6ea4-43d6-b9b2-e7942db767f2 tempest-TestImageHashVerification-1394850393 tempest-TestImageHashVerification-1394850393-project-member] new path /v2/schemas/image {{(pid=99718) process_request /opt/stack/glance/glance/api/middleware/version_negotiation.py:70}}
Aug 19 19:26:02.021089 np0000007805 devstack@g-api.service[99718]: [pid: 99718|app: 0|req: 132/393] 127.0.0.1 () {44 vars in 1051 bytes} [Wed Aug 19 19:26:02 2026] GET /v2/schemas/image => generated 6083 bytes in 7 msecs (HTTP/1.1 200) 4 headers in 158 bytes (1 switches on core 0)
Aug 19 19:26:02.033526 np0000007805 devstack@g-api.service[99719]: DEBUG glance.api.middleware.version_negotiation [None req-bb7c1c27-5fe6-4e70-99d4-e645ffdf374e tempest-TestShelveInstance-440135621 tempest-TestShelveInstance-440135621-project-member] Determining version of request: GET /v2/schemas/image Accept: */* {{(pid=99719) process_request /opt/stack/glance/glance/api/middleware/version_negotiation.py:44}}
Aug 19 19:26:02.033526 np0000007805 devstack@g-api.service[99719]: DEBUG glance.api.middleware.version_negotiation [None req-bb7c1c27-5fe6-4e70-99d4-e645ffdf374e tempest-TestShelveInstance-440135621 tempest-TestShelveInstance-440135621-project-member] Using url versioning {{(pid=99719) process_request /opt/stack/glance/glance/api/middleware/version_negotiation.py:57}}
Aug 19 19:26:02.033712 np0000007805 devstack@g-api.service[99719]: DEBUG glance.api.middleware.version_negotiation [None req-bb7c1c27-5fe6-4e70-99d4-e645ffdf374e tempest-TestShelveInstance-440135621 tempest-TestShelveInstance-440135621-project-member] Matched version: v2 {{(pid=99719) process_request /opt/stack/glance/glance/api/middleware/version_negotiation.py:69}}
Aug 19 19:26:02.033805 np0000007805 devstack@g-api.service[99719]: DEBUG glance.api.middleware.version_negotiation [None req-bb7c1c27-5fe6-4e70-99d4-e645ffdf374e tempest-TestShelveInstance-440135621 tempest-TestShelveInstance-440135621-project-member] new path /v2/schemas/image {{(pid=99719) process_request /opt/stack/glance/glance/api/middleware/version_negotiation.py:70}}
Aug 19 19:26:02.036331 np0000007805 devstack@g-api.service[99719]: [pid: 99719|app: 0|req: 131/394] 127.0.0.1 () {44 vars in 1051 bytes} [Wed Aug 19 19:26:02 2026] GET /v2/schemas/image => generated 6083 bytes in 3 msecs (HTTP/1.1 200) 4 headers in 158 bytes (1 switches on core 0)
Aug 19 19:26:02.046992 np0000007805 devstack@g-api.service[99718]: DEBUG glance.api.middleware.version_negotiation [None req-bb7c1c27-5fe6-4e70-99d4-e645ffdf374e tempest-TestShelveInstance-440135621 tempest-TestShelveInstance-440135621-project-member] Determining version of request: GET /v2/images/f540e5ea-71d3-49fe-b942-fcbe69db7cae Accept: */* {{(pid=99718) process_request /opt/stack/glance/glance/api/middleware/version_negotiation.py:44}}
Aug 19 19:26:02.048015 np0000007805 devstack@g-api.service[99718]: DEBUG glance.api.middleware.version_negotiation [None req-bb7c1c27-5fe6-4e70-99d4-e645ffdf374e tempest-TestShelveInstance-440135621 tempest-TestShelveInstance-440135621-project-member] Using url versioning {{(pid=99718) process_request /opt/stack/glance/glance/api/middleware/version_negotiation.py:57}}
Aug 19 19:26:02.048015 np0000007805 devstack@g-api.service[99718]: DEBUG glance.api.middleware.version_negotiation [None req-bb7c1c27-5fe6-4e70-99d4-e645ffdf374e tempest-TestShelveInstance-440135621 tempest-TestShelveInstance-440135621-project-member] Matched version: v2 {{(pid=99718) process_request /opt/stack/glance/glance/api/middleware/version_negotiation.py:69}}
Aug 19 19:26:02.048148 np0000007805 devstack@g-api.service[99718]: DEBUG glance.api.middleware.version_negotiation [None req-bb7c1c27-5fe6-4e70-99d4-e645ffdf374e tempest-TestShelveInstance-440135621 tempest-TestShelveInstance-440135621-project-member] new path /v2/images/f540e5ea-71d3-49fe-b942-fcbe69db7cae {{(pid=99718) process_request /opt/stack/glance/glance/api/middleware/version_negotiation.py:70}}
Aug 19 19:26:02.060725 np0000007805 devstack@g-api.service[99718]: [pid: 99718|app: 0|req: 133/395] 127.0.0.1 () {44 vars in 1111 bytes} [Wed Aug 19 19:26:02 2026] GET /v2/images/f540e5ea-71d3-49fe-b942-fcbe69db7cae => generated 1044 bytes in 14 msecs (HTTP/1.1 200) 4 headers in 158 bytes (1 switches on core 0)
Aug 19 19:26:02.075569 np0000007805 devstack@g-api.service[99719]: DEBUG glance.api.middleware.version_negotiation [None req-bb7c1c27-5fe6-4e70-99d4-e645ffdf374e tempest-TestShelveInstance-440135621 tempest-TestShelveInstance-440135621-project-member] Determining version of request: GET /v2/schemas/image Accept: */* {{(pid=99719) process_request /opt/stack/glance/glance/api/middleware/version_negotiation.py:44}}
Aug 19 19:26:02.075744 np0000007805 devstack@g-api.service[99719]: DEBUG glance.api.middleware.version_negotiation [None req-bb7c1c27-5fe6-4e70-99d4-e645ffdf374e tempest-TestShelveInstance-440135621 tempest-TestShelveInstance-440135621-project-member] Using url versioning {{(pid=99719) process_request /opt/stack/glance/glance/api/middleware/version_negotiation.py:57}}
Aug 19 19:26:02.077903 np0000007805 devstack@g-api.service[99719]: DEBUG glance.api.middleware.version_negotiation [None req-bb7c1c27-5fe6-4e70-99d4-e645ffdf374e tempest-TestShelveInstance-440135621 tempest-TestShelveInstance-440135621-project-member] Matched version: v2 {{(pid=99719) process_request /opt/stack/glance/glance/api/middleware/version_negotiation.py:69}}
Aug 19 19:26:02.077903 np0000007805 devstack@g-api.service[99719]: DEBUG glance.api.middleware.version_negotiation [None req-bb7c1c27-5fe6-4e70-99d4-e645ffdf374e tempest-TestShelveInstance-440135621 tempest-TestShelveInstance-440135621-project-member] new path /v2/schemas/image {{(pid=99719) process_request /opt/stack/glance/glance/api/middleware/version_negotiation.py:70}}
Aug 19 19:26:02.079151 np0000007805 devstack@g-api.service[99719]: [pid: 99719|app: 0|req: 132/396] 127.0.0.1 () {44 vars in 1051 bytes} [Wed Aug 19 19:26:02 2026] GET /v2/schemas/image => generated 6083 bytes in 4 msecs (HTTP/1.1 200) 4 headers in 158 bytes (1 switches on core 0)
Aug 19 19:26:02.104910 np0000007805 devstack@g-api.service[99718]: DEBUG glance.api.middleware.version_negotiation [None req-bb7c1c27-5fe6-4e70-99d4-e645ffdf374e tempest-TestShelveInstance-440135621 tempest-TestShelveInstance-440135621-project-member] Determining version of request: GET /v2/schemas/image Accept: */* {{(pid=99718) process_request /opt/stack/glance/glance/api/middleware/version_negotiation.py:44}}
Aug 19 19:26:02.104910 np0000007805 devstack@g-api.service[99718]: DEBUG glance.api.middleware.version_negotiation [None req-bb7c1c27-5fe6-4e70-99d4-e645ffdf374e tempest-TestShelveInstance-440135621 tempest-TestShelveInstance-440135621-project-member] Using url versioning {{(pid=99718) process_request /opt/stack/glance/glance/api/middleware/version_negotiation.py:57}}
Aug 19 19:26:02.104910 np0000007805 devstack@g-api.service[99718]: DEBUG glance.api.middleware.version_negotiation [None req-bb7c1c27-5fe6-4e70-99d4-e645ffdf374e tempest-TestShelveInstance-440135621 tempest-TestShelveInstance-440135621-project-member] Matched version: v2 {{(pid=99718) process_request /opt/stack/glance/glance/api/middleware/version_negotiation.py:69}}
Aug 19 19:26:02.104910 np0000007805 devstack@g-api.service[99718]: DEBUG glance.api.middleware.version_negotiation [None req-bb7c1c27-5fe6-4e70-99d4-e645ffdf374e tempest-TestShelveInstance-440135621 tempest-TestShelveInstance-440135621-project-member] new path /v2/schemas/image {{(pid=99718) process_request /opt/stack/glance/glance/api/middleware/version_negotiation.py:70}}
Aug 19 19:26:02.107764 np0000007805 devstack@g-api.service[99718]: [pid: 99718|app: 0|req: 134/397] 127.0.0.1 () {44 vars in 1051 bytes} [Wed Aug 19 19:26:02 2026] GET /v2/schemas/image => generated 6083 bytes in 4 msecs (HTTP/1.1 200) 4 headers in 158 bytes (1 switches on core 0)
Aug 19 19:26:02.143532 np0000007805 devstack@g-api.service[99719]: DEBUG glance.api.middleware.version_negotiation [None req-bb7c1c27-5fe6-4e70-99d4-e645ffdf374e tempest-TestShelveInstance-440135621 tempest-TestShelveInstance-440135621-project-member] Determining version of request: GET /v2/images/f540e5ea-71d3-49fe-b942-fcbe69db7cae Accept: */* {{(pid=99719) process_request /opt/stack/glance/glance/api/middleware/version_negotiation.py:44}}
Aug 19 19:26:02.143780 np0000007805 devstack@g-api.service[99719]: DEBUG glance.api.middleware.version_negotiation [None req-bb7c1c27-5fe6-4e70-99d4-e645ffdf374e tempest-TestShelveInstance-440135621 tempest-TestShelveInstance-440135621-project-member] Using url versioning {{(pid=99719) process_request /opt/stack/glance/glance/api/middleware/version_negotiation.py:57}}
Aug 19 19:26:02.144117 np0000007805 devstack@g-api.service[99719]: DEBUG glance.api.middleware.version_negotiation [None req-bb7c1c27-5fe6-4e70-99d4-e645ffdf374e tempest-TestShelveInstance-440135621 tempest-TestShelveInstance-440135621-project-member] Matched version: v2 {{(pid=99719) process_request /opt/stack/glance/glance/api/middleware/version_negotiation.py:69}}
Aug 19 19:26:02.144117 np0000007805 devstack@g-api.service[99719]: DEBUG glance.api.middleware.version_negotiation [None req-bb7c1c27-5fe6-4e70-99d4-e645ffdf374e tempest-TestShelveInstance-440135621 tempest-TestShelveInstance-440135621-project-member] new path /v2/images/f540e5ea-71d3-49fe-b942-fcbe69db7cae {{(pid=99719) process_request /opt/stack/glance/glance/api/middleware/version_negotiation.py:70}}
Aug 19 19:26:02.158339 np0000007805 devstack@g-api.service[99719]: [pid: 99719|app: 0|req: 133/398] 127.0.0.1 () {44 vars in 1111 bytes} [Wed Aug 19 19:26:02 2026] GET /v2/images/f540e5ea-71d3-49fe-b942-fcbe69db7cae => generated 1044 bytes in 15 msecs (HTTP/1.1 200) 4 headers in 158 bytes (1 switches on core 0)
Aug 19 19:26:02.170804 np0000007805 devstack@g-api.service[99718]: DEBUG glance.api.middleware.version_negotiation [None req-bb7c1c27-5fe6-4e70-99d4-e645ffdf374e tempest-TestShelveInstance-440135621 tempest-TestShelveInstance-440135621-project-member] Determining version of request: GET /v2/schemas/image Accept: */* {{(pid=99718) process_request /opt/stack/glance/glance/api/middleware/version_negotiation.py:44}}
Aug 19 19:26:02.172385 np0000007805 devstack@g-api.service[99718]: DEBUG glance.api.middleware.version_negotiation [None req-bb7c1c27-5fe6-4e70-99d4-e645ffdf374e tempest-TestShelveInstance-440135621 tempest-TestShelveInstance-440135621-project-member] Using url versioning {{(pid=99718) process_request /opt/stack/glance/glance/api/middleware/version_negotiation.py:57}}
Aug 19 19:26:02.173765 np0000007805 devstack@g-api.service[99719]: DEBUG glance.api.middleware.version_negotiation [None req-bb7c1c27-5fe6-4e70-99d4-e645ffdf374e tempest-TestShelveInstance-440135621 tempest-TestShelveInstance-440135621-project-member] Determining version of request: GET /v2/images/bc06283e-ee3d-4752-95d5-12b398cfd2b1 Accept: application/json {{(pid=99719) process_request /opt/stack/glance/glance/api/middleware/version_negotiation.py:44}}
Aug 19 19:26:02.173927 np0000007805 devstack@g-api.service[99718]: DEBUG glance.api.middleware.version_negotiation [None req-bb7c1c27-5fe6-4e70-99d4-e645ffdf374e tempest-TestShelveInstance-440135621 tempest-TestShelveInstance-440135621-project-member] Matched version: v2 {{(pid=99718) process_request /opt/stack/glance/glance/api/middleware/version_negotiation.py:69}}
Aug 19 19:26:02.173971 np0000007805 devstack@g-api.service[99719]: DEBUG glance.api.middleware.version_negotiation [None req-bb7c1c27-5fe6-4e70-99d4-e645ffdf374e tempest-TestShelveInstance-440135621 tempest-TestShelveInstance-440135621-project-member] Using url versioning {{(pid=99719) process_request /opt/stack/glance/glance/api/middleware/version_negotiation.py:57}}
Aug 19 19:26:02.174078 np0000007805 devstack@g-api.service[99719]: DEBUG glance.api.middleware.version_negotiation [None req-bb7c1c27-5fe6-4e70-99d4-e645ffdf374e tempest-TestShelveInstance-440135621 tempest-TestShelveInstance-440135621-project-member] Matched version: v2 {{(pid=99719) process_request /opt/stack/glance/glance/api/middleware/version_negotiation.py:69}}
Aug 19 19:26:02.174121 np0000007805 devstack@g-api.service[99718]: DEBUG glance.api.middleware.version_negotiation [None req-bb7c1c27-5fe6-4e70-99d4-e645ffdf374e tempest-TestShelveInstance-440135621 tempest-TestShelveInstance-440135621-project-member] new path /v2/schemas/image {{(pid=99718) process_request /opt/stack/glance/glance/api/middleware/version_negotiation.py:70}}
Aug 19 19:26:02.174195 np0000007805 devstack@g-api.service[99719]: DEBUG glance.api.middleware.version_negotiation [None req-bb7c1c27-5fe6-4e70-99d4-e645ffdf374e tempest-TestShelveInstance-440135621 tempest-TestShelveInstance-440135621-project-member] new path /v2/images/bc06283e-ee3d-4752-95d5-12b398cfd2b1 {{(pid=99719) process_request /opt/stack/glance/glance/api/middleware/version_negotiation.py:70}}
Aug 19 19:26:02.180491 np0000007805 devstack@g-api.service[99718]: [pid: 99718|app: 0|req: 135/399] 127.0.0.1 () {44 vars in 1051 bytes} [Wed Aug 19 19:26:02 2026] GET /v2/schemas/image => generated 6083 bytes in 10 msecs (HTTP/1.1 200) 4 headers in 158 bytes (1 switches on core 0)
Aug 19 19:26:02.184666 np0000007805 devstack@g-api.service[99719]: [pid: 99719|app: 0|req: 134/400] 127.0.0.1 () {40 vars in 834 bytes} [Wed Aug 19 19:26:02 2026] GET /v2/images/bc06283e-ee3d-4752-95d5-12b398cfd2b1 => generated 648 bytes in 11 msecs (HTTP/1.1 200) 4 headers in 157 bytes (1 switches on core 0)
Aug 19 19:26:02.735308 np0000007805 devstack@g-api.service[99718]: DEBUG glance.api.middleware.version_negotiation [None req-bb7c1c27-5fe6-4e70-99d4-e645ffdf374e tempest-TestShelveInstance-440135621 tempest-TestShelveInstance-440135621-project-member] Determining version of request: GET /versions Accept: */* {{(pid=99718) process_request /opt/stack/glance/glance/api/middleware/version_negotiation.py:44}}
Aug 19 19:26:02.737046 np0000007805 devstack@g-api.service[99718]: [pid: 99718|app: 0|req: 136/401] 127.0.0.1 () {44 vars in 1035 bytes} [Wed Aug 19 19:26:02 2026] GET /versions => generated 1501 bytes in 1 msecs (HTTP/1.1 200) 3 headers in 92 bytes (1 switches on core 0)
Aug 19 19:26:02.748677 np0000007805 devstack@g-api.service[99719]: DEBUG glance.api.middleware.version_negotiation [None req-6e451a19-5f57-42e3-99d8-f5414e531633 tempest-TestImageHashVerification-1394850393 tempest-TestImageHashVerification-1394850393-project-member] Determining version of request: GET /v2/images/f540e5ea-71d3-49fe-b942-fcbe69db7cae/locations Accept: */* {{(pid=99719) process_request /opt/stack/glance/glance/api/middleware/version_negotiation.py:44}}
Aug 19 19:26:02.748845 np0000007805 devstack@g-api.service[99719]: DEBUG glance.api.middleware.version_negotiation [None req-6e451a19-5f57-42e3-99d8-f5414e531633 tempest-TestImageHashVerification-1394850393 tempest-TestImageHashVerification-1394850393-project-member] Using url versioning {{(pid=99719) process_request /opt/stack/glance/glance/api/middleware/version_negotiation.py:57}}
Aug 19 19:26:02.749004 np0000007805 devstack@g-api.service[99719]: DEBUG glance.api.middleware.version_negotiation [None req-6e451a19-5f57-42e3-99d8-f5414e531633 tempest-TestImageHashVerification-1394850393 tempest-TestImageHashVerification-1394850393-project-member] Matched version: v2 {{(pid=99719) process_request /opt/stack/glance/glance/api/middleware/version_negotiation.py:69}}
Aug 19 19:26:02.749101 np0000007805 devstack@g-api.service[99719]: DEBUG glance.api.middleware.version_negotiation [None req-6e451a19-5f57-42e3-99d8-f5414e531633 tempest-TestImageHashVerification-1394850393 tempest-TestImageHashVerification-1394850393-project-member] new path /v2/images/f540e5ea-71d3-49fe-b942-fcbe69db7cae/locations {{(pid=99719) process_request /opt/stack/glance/glance/api/middleware/version_negotiation.py:70}}
Aug 19 19:26:02.891795 np0000007805 devstack@g-api.service[99719]: [pid: 99719|app: 0|req: 135/402] 127.0.0.1 () {44 vars in 1131 bytes} [Wed Aug 19 19:26:02 2026] GET /v2/images/f540e5ea-71d3-49fe-b942-fcbe69db7cae/locations => generated 92 bytes in 142 msecs (HTTP/1.1 200) 4 headers in 156 bytes (1 switches on core 0)
Aug 19 19:26:02.903511 np0000007805 devstack@g-api.service[99718]: DEBUG glance.api.middleware.version_negotiation [None req-bb7c1c27-5fe6-4e70-99d4-e645ffdf374e tempest-TestShelveInstance-440135621 tempest-TestShelveInstance-440135621-project-member] Determining version of request: GET /v2/images/f540e5ea-71d3-49fe-b942-fcbe69db7cae Accept: */* {{(pid=99718) process_request /opt/stack/glance/glance/api/middleware/version_negotiation.py:44}}
Aug 19 19:26:02.903694 np0000007805 devstack@g-api.service[99718]: DEBUG glance.api.middleware.version_negotiation [None req-bb7c1c27-5fe6-4e70-99d4-e645ffdf374e tempest-TestShelveInstance-440135621 tempest-TestShelveInstance-440135621-project-member] Using url versioning {{(pid=99718) process_request /opt/stack/glance/glance/api/middleware/version_negotiation.py:57}}
Aug 19 19:26:02.903793 np0000007805 devstack@g-api.service[99718]: DEBUG glance.api.middleware.version_negotiation [None req-bb7c1c27-5fe6-4e70-99d4-e645ffdf374e tempest-TestShelveInstance-440135621 tempest-TestShelveInstance-440135621-project-member] Matched version: v2 {{(pid=99718) process_request /opt/stack/glance/glance/api/middleware/version_negotiation.py:69}}
Aug 19 19:26:02.903929 np0000007805 devstack@g-api.service[99718]: DEBUG glance.api.middleware.version_negotiation [None req-bb7c1c27-5fe6-4e70-99d4-e645ffdf374e tempest-TestShelveInstance-440135621 tempest-TestShelveInstance-440135621-project-member] new path /v2/images/f540e5ea-71d3-49fe-b942-fcbe69db7cae {{(pid=99718) process_request /opt/stack/glance/glance/api/middleware/version_negotiation.py:70}}
Aug 19 19:26:02.935056 np0000007805 devstack@g-api.service[99718]: [pid: 99718|app: 0|req: 137/403] 127.0.0.1 () {44 vars in 1111 bytes} [Wed Aug 19 19:26:02 2026] GET /v2/images/f540e5ea-71d3-49fe-b942-fcbe69db7cae => generated 1044 bytes in 31 msecs (HTTP/1.1 200) 4 headers in 158 bytes (1 switches on core 0)
Aug 19 19:26:02.950655 np0000007805 devstack@g-api.service[99719]: DEBUG glance.api.middleware.version_negotiation [None req-bb7c1c27-5fe6-4e70-99d4-e645ffdf374e service glance] Determining version of request: GET /v2/schemas/image Accept: */* {{(pid=99719) process_request /opt/stack/glance/glance/api/middleware/version_negotiation.py:44}}
Aug 19 19:26:02.950851 np0000007805 devstack@g-api.service[99719]: DEBUG glance.api.middleware.version_negotiation [None req-bb7c1c27-5fe6-4e70-99d4-e645ffdf374e service glance] Using url versioning {{(pid=99719) process_request /opt/stack/glance/glance/api/middleware/version_negotiation.py:57}}
Aug 19 19:26:02.951607 np0000007805 devstack@g-api.service[99719]: DEBUG glance.api.middleware.version_negotiation [None req-bb7c1c27-5fe6-4e70-99d4-e645ffdf374e service glance] Matched version: v2 {{(pid=99719) process_request /opt/stack/glance/glance/api/middleware/version_negotiation.py:69}}
Aug 19 19:26:02.951607 np0000007805 devstack@g-api.service[99719]: DEBUG glance.api.middleware.version_negotiation [None req-bb7c1c27-5fe6-4e70-99d4-e645ffdf374e service glance] new path /v2/schemas/image {{(pid=99719) process_request /opt/stack/glance/glance/api/middleware/version_negotiation.py:70}}
Aug 19 19:26:02.956595 np0000007805 devstack@g-api.service[99719]: [pid: 99719|app: 0|req: 136/404] 127.0.0.1 () {44 vars in 1051 bytes} [Wed Aug 19 19:26:02 2026] GET /v2/schemas/image => generated 6083 bytes in 6 msecs (HTTP/1.1 200) 4 headers in 158 bytes (1 switches on core 0)
Aug 19 19:26:02.973595 np0000007805 devstack@g-api.service[99718]: DEBUG glance.api.middleware.version_negotiation [None req-bb7c1c27-5fe6-4e70-99d4-e645ffdf374e tempest-TestShelveInstance-440135621 tempest-TestShelveInstance-440135621-project-member] Determining version of request: GET /v2/schemas/image Accept: */* {{(pid=99718) process_request /opt/stack/glance/glance/api/middleware/version_negotiation.py:44}}
Aug 19 19:26:02.973774 np0000007805 devstack@g-api.service[99718]: DEBUG glance.api.middleware.version_negotiation [None req-bb7c1c27-5fe6-4e70-99d4-e645ffdf374e tempest-TestShelveInstance-440135621 tempest-TestShelveInstance-440135621-project-member] Using url versioning {{(pid=99718) process_request /opt/stack/glance/glance/api/middleware/version_negotiation.py:57}}
Aug 19 19:26:02.974025 np0000007805 devstack@g-api.service[99718]: DEBUG glance.api.middleware.version_negotiation [None req-bb7c1c27-5fe6-4e70-99d4-e645ffdf374e tempest-TestShelveInstance-440135621 tempest-TestShelveInstance-440135621-project-member] Matched version: v2 {{(pid=99718) process_request /opt/stack/glance/glance/api/middleware/version_negotiation.py:69}}
Aug 19 19:26:02.974524 np0000007805 devstack@g-api.service[99718]: DEBUG glance.api.middleware.version_negotiation [None req-bb7c1c27-5fe6-4e70-99d4-e645ffdf374e tempest-TestShelveInstance-440135621 tempest-TestShelveInstance-440135621-project-member] new path /v2/schemas/image {{(pid=99718) process_request /opt/stack/glance/glance/api/middleware/version_negotiation.py:70}}
Aug 19 19:26:02.981415 np0000007805 devstack@g-api.service[99718]: [pid: 99718|app: 0|req: 138/405] 127.0.0.1 () {44 vars in 1051 bytes} [Wed Aug 19 19:26:02 2026] GET /v2/schemas/image => generated 6083 bytes in 8 msecs (HTTP/1.1 200) 4 headers in 158 bytes (1 switches on core 0)
Aug 19 19:26:03.196253 np0000007805 devstack@g-api.service[99719]: DEBUG glance.api.middleware.version_negotiation [None req-bb7c1c27-5fe6-4e70-99d4-e645ffdf374e tempest-TestShelveInstance-440135621 tempest-TestShelveInstance-440135621-project-member] Determining version of request: GET /v2/images/bc06283e-ee3d-4752-95d5-12b398cfd2b1 Accept: application/json {{(pid=99719) process_request /opt/stack/glance/glance/api/middleware/version_negotiation.py:44}}
Aug 19 19:26:03.196620 np0000007805 devstack@g-api.service[99719]: DEBUG glance.api.middleware.version_negotiation [None req-bb7c1c27-5fe6-4e70-99d4-e645ffdf374e tempest-TestShelveInstance-440135621 tempest-TestShelveInstance-440135621-project-member] Using url versioning {{(pid=99719) process_request /opt/stack/glance/glance/api/middleware/version_negotiation.py:57}}
Aug 19 19:26:03.196620 np0000007805 devstack@g-api.service[99719]: DEBUG glance.api.middleware.version_negotiation [None req-bb7c1c27-5fe6-4e70-99d4-e645ffdf374e tempest-TestShelveInstance-440135621 tempest-TestShelveInstance-440135621-project-member] Matched version: v2 {{(pid=99719) process_request /opt/stack/glance/glance/api/middleware/version_negotiation.py:69}}
Aug 19 19:26:03.196620 np0000007805 devstack@g-api.service[99719]: DEBUG glance.api.middleware.version_negotiation [None req-bb7c1c27-5fe6-4e70-99d4-e645ffdf374e tempest-TestShelveInstance-440135621 tempest-TestShelveInstance-440135621-project-member] new path /v2/images/bc06283e-ee3d-4752-95d5-12b398cfd2b1 {{(pid=99719) process_request /opt/stack/glance/glance/api/middleware/version_negotiation.py:70}}
Aug 19 19:26:03.223453 np0000007805 devstack@g-api.service[99719]: [pid: 99719|app: 0|req: 137/406] 127.0.0.1 () {40 vars in 834 bytes} [Wed Aug 19 19:26:03 2026] GET /v2/images/bc06283e-ee3d-4752-95d5-12b398cfd2b1 => generated 648 bytes in 27 msecs (HTTP/1.1 200) 4 headers in 157 bytes (1 switches on core 0)
Aug 19 19:26:04.003554 np0000007805 devstack@g-api.service[99717]: DEBUG swiftclient [None req-48e9e668-89c7-4822-9199-22612daf65d2 tempest-TestImageHashVerification-1394850393 tempest-TestImageHashVerification-1394850393-project-member] REQ: curl -i https://10.4.3.86:8080/v1/AUTH_27a2f3d5464741e385483693dfdab28f/glance/bc06283e-ee3d-4752-95d5-12b398cfd2b1-00002 -X PUT -H "X-Auth-Token: gAAAAABqhgNHKQ3y..." {{(pid=99717) http_log /opt/stack/data/venv/lib/python3.12/site-packages/swiftclient/client.py:160}}
Aug 19 19:26:04.003944 np0000007805 devstack@g-api.service[99717]: DEBUG swiftclient [None req-48e9e668-89c7-4822-9199-22612daf65d2 tempest-TestImageHashVerification-1394850393 tempest-TestImageHashVerification-1394850393-project-member] RESP STATUS: 201 Created {{(pid=99717) http_log /opt/stack/data/venv/lib/python3.12/site-packages/swiftclient/client.py:161}}
Aug 19 19:26:04.003944 np0000007805 devstack@g-api.service[99717]: DEBUG swiftclient [None req-48e9e668-89c7-4822-9199-22612daf65d2 tempest-TestImageHashVerification-1394850393 tempest-TestImageHashVerification-1394850393-project-member] RESP HEADERS: {'Date': 'Wed, 19 Aug 2026 19:26:04 GMT', 'Server': 'Apache/2.4.58 (Ubuntu)', 'Content-Type': 'text/html; charset=UTF-8', 'Content-Length': '0', 'Etag': 'eda9a9889837ac4bc81d6387d92c1bec', 'Last-Modified': 'Wed, 19 Aug 2026 19:26:02 GMT', 'X-Trans-Id': 'tx5eb26a5bed9f449786bdb-006a860349', 'X-Openstack-Request-Id': 'tx5eb26a5bed9f449786bdb-006a860349', 'Connection': 'close'} {{(pid=99717) http_log /opt/stack/data/venv/lib/python3.12/site-packages/swiftclient/client.py:162}}
Aug 19 19:26:04.004063 np0000007805 devstack@g-api.service[99717]: DEBUG glance_store._drivers.swift.store [None req-48e9e668-89c7-4822-9199-22612daf65d2 tempest-TestImageHashVerification-1394850393 tempest-TestImageHashVerification-1394850393-project-member] Wrote chunk bc06283e-ee3d-4752-95d5-12b398cfd2b1-00002 (2/?) of length 204800000 to Swift returning MD5 of content: eda9a9889837ac4bc81d6387d92c1bec {{(pid=99717) add /opt/stack/data/venv/lib/python3.12/site-packages/glance_store/_drivers/swift/store.py:1059}}
Aug 19 19:26:04.234250 np0000007805 devstack@g-api.service[99718]: DEBUG glance.api.middleware.version_negotiation [None req-bb7c1c27-5fe6-4e70-99d4-e645ffdf374e tempest-TestShelveInstance-440135621 tempest-TestShelveInstance-440135621-project-member] Determining version of request: GET /v2/images/bc06283e-ee3d-4752-95d5-12b398cfd2b1 Accept: application/json {{(pid=99718) process_request /opt/stack/glance/glance/api/middleware/version_negotiation.py:44}}
