Jul 08 05:46:55.391724 np0000004781 nova-scheduler[93161]: DEBUG cotyledon.oslo_config_glue [-] oslo_messaging_notifications.topics = ['notifications'] {{(pid=93161) log_opt_values /opt/stack/data/venv/lib/python3.12/site-packages/oslo_config/cfg.py:3253}}
Jul 08 05:46:55.391724 np0000004781 nova-scheduler[93161]: DEBUG cotyledon.oslo_config_glue [-] oslo_messaging_notifications.transport_url = **** {{(pid=93161) log_opt_values /opt/stack/data/venv/lib/python3.12/site-packages/oslo_config/cfg.py:3253}}
Jul 08 05:46:55.391724 np0000004781 nova-scheduler[93161]: DEBUG cotyledon.oslo_config_glue [-] oslo_limit.auth_section = None {{(pid=93161) log_opt_values /opt/stack/data/venv/lib/python3.12/site-packages/oslo_config/cfg.py:3253}}
Jul 08 05:46:55.391724 np0000004781 nova-scheduler[93161]: DEBUG cotyledon.oslo_config_glue [-] oslo_limit.auth_type = None {{(pid=93161) log_opt_values /opt/stack/data/venv/lib/python3.12/site-packages/oslo_config/cfg.py:3253}}
Jul 08 05:46:55.391724 np0000004781 nova-scheduler[93161]: DEBUG cotyledon.oslo_config_glue [-] oslo_limit.cafile = None {{(pid=93161) log_opt_values /opt/stack/data/venv/lib/python3.12/site-packages/oslo_config/cfg.py:3253}}
Jul 08 05:46:55.391958 np0000004781 nova-scheduler[93161]: DEBUG cotyledon.oslo_config_glue [-] oslo_limit.certfile = None {{(pid=93161) log_opt_values /opt/stack/data/venv/lib/python3.12/site-packages/oslo_config/cfg.py:3253}}
Jul 08 05:46:55.391958 np0000004781 nova-scheduler[93161]: DEBUG cotyledon.oslo_config_glue [-] oslo_limit.collect_timing = False {{(pid=93161) log_opt_values /opt/stack/data/venv/lib/python3.12/site-packages/oslo_config/cfg.py:3253}}
Jul 08 05:46:55.391958 np0000004781 nova-scheduler[93161]: DEBUG cotyledon.oslo_config_glue [-] oslo_limit.connect_retries = None {{(pid=93161) log_opt_values /opt/stack/data/venv/lib/python3.12/site-packages/oslo_config/cfg.py:3253}}
Jul 08 05:46:55.391958 np0000004781 nova-scheduler[93161]: DEBUG cotyledon.oslo_config_glue [-] oslo_limit.connect_retry_delay = None {{(pid=93161) log_opt_values /opt/stack/data/venv/lib/python3.12/site-packages/oslo_config/cfg.py:3253}}
Jul 08 05:46:55.391958 np0000004781 nova-scheduler[93161]: DEBUG cotyledon.oslo_config_glue [-] oslo_limit.endpoint_id = None {{(pid=93161) log_opt_values /opt/stack/data/venv/lib/python3.12/site-packages/oslo_config/cfg.py:3253}}
Jul 08 05:46:55.391958 np0000004781 nova-scheduler[93161]: DEBUG cotyledon.oslo_config_glue [-] oslo_limit.endpoint_interface = public {{(pid=93161) log_opt_values /opt/stack/data/venv/lib/python3.12/site-packages/oslo_config/cfg.py:3253}}
Jul 08 05:46:55.391958 np0000004781 nova-scheduler[93161]: DEBUG cotyledon.oslo_config_glue [-] oslo_limit.endpoint_override = None {{(pid=93161) log_opt_values /opt/stack/data/venv/lib/python3.12/site-packages/oslo_config/cfg.py:3253}}
Jul 08 05:46:55.391958 np0000004781 nova-scheduler[93161]: DEBUG cotyledon.oslo_config_glue [-] oslo_limit.endpoint_region_name = None {{(pid=93161) log_opt_values /opt/stack/data/venv/lib/python3.12/site-packages/oslo_config/cfg.py:3253}}
Jul 08 05:46:55.391958 np0000004781 nova-scheduler[93161]: DEBUG cotyledon.oslo_config_glue [-] oslo_limit.endpoint_service_name = None {{(pid=93161) log_opt_values /opt/stack/data/venv/lib/python3.12/site-packages/oslo_config/cfg.py:3253}}
Jul 08 05:46:55.392139 np0000004781 nova-scheduler[93161]: DEBUG cotyledon.oslo_config_glue [-] oslo_limit.endpoint_service_type = None {{(pid=93161) log_opt_values /opt/stack/data/venv/lib/python3.12/site-packages/oslo_config/cfg.py:3253}}
Jul 08 05:46:55.392139 np0000004781 nova-scheduler[93161]: DEBUG cotyledon.oslo_config_glue [-] oslo_limit.insecure = False {{(pid=93161) log_opt_values /opt/stack/data/venv/lib/python3.12/site-packages/oslo_config/cfg.py:3253}}
Jul 08 05:46:55.392139 np0000004781 nova-scheduler[93161]: DEBUG cotyledon.oslo_config_glue [-] oslo_limit.keyfile = None {{(pid=93161) log_opt_values /opt/stack/data/venv/lib/python3.12/site-packages/oslo_config/cfg.py:3253}}
Jul 08 05:46:55.392139 np0000004781 nova-scheduler[93161]: DEBUG cotyledon.oslo_config_glue [-] oslo_limit.max_version = None {{(pid=93161) log_opt_values /opt/stack/data/venv/lib/python3.12/site-packages/oslo_config/cfg.py:3253}}
Jul 08 05:46:55.392139 np0000004781 nova-scheduler[93161]: DEBUG cotyledon.oslo_config_glue [-] oslo_limit.min_version = None {{(pid=93161) log_opt_values /opt/stack/data/venv/lib/python3.12/site-packages/oslo_config/cfg.py:3253}}
Jul 08 05:46:55.392139 np0000004781 nova-scheduler[93161]: DEBUG cotyledon.oslo_config_glue [-] oslo_limit.region_name = None {{(pid=93161) log_opt_values /opt/stack/data/venv/lib/python3.12/site-packages/oslo_config/cfg.py:3253}}
Jul 08 05:46:55.392139 np0000004781 nova-scheduler[93161]: DEBUG cotyledon.oslo_config_glue [-] oslo_limit.retriable_status_codes = None {{(pid=93161) log_opt_values /opt/stack/data/venv/lib/python3.12/site-packages/oslo_config/cfg.py:3253}}
Jul 08 05:46:55.392139 np0000004781 nova-scheduler[93161]: DEBUG cotyledon.oslo_config_glue [-] oslo_limit.service_name = None {{(pid=93161) log_opt_values /opt/stack/data/venv/lib/python3.12/site-packages/oslo_config/cfg.py:3253}}
Jul 08 05:46:55.392139 np0000004781 nova-scheduler[93161]: DEBUG cotyledon.oslo_config_glue [-] oslo_limit.service_type = None {{(pid=93161) log_opt_values /opt/stack/data/venv/lib/python3.12/site-packages/oslo_config/cfg.py:3253}}
Jul 08 05:46:55.392309 np0000004781 nova-scheduler[93161]: DEBUG cotyledon.oslo_config_glue [-] oslo_limit.split_loggers = False {{(pid=93161) log_opt_values /opt/stack/data/venv/lib/python3.12/site-packages/oslo_config/cfg.py:3253}}
Jul 08 05:46:55.392309 np0000004781 nova-scheduler[93161]: DEBUG cotyledon.oslo_config_glue [-] oslo_limit.status_code_retries = None {{(pid=93161) log_opt_values /opt/stack/data/venv/lib/python3.12/site-packages/oslo_config/cfg.py:3253}}
Jul 08 05:46:55.392309 np0000004781 nova-scheduler[93161]: DEBUG cotyledon.oslo_config_glue [-] oslo_limit.status_code_retry_delay = None {{(pid=93161) log_opt_values /opt/stack/data/venv/lib/python3.12/site-packages/oslo_config/cfg.py:3253}}
Jul 08 05:46:55.392309 np0000004781 nova-scheduler[93161]: DEBUG cotyledon.oslo_config_glue [-] oslo_limit.timeout = None {{(pid=93161) log_opt_values /opt/stack/data/venv/lib/python3.12/site-packages/oslo_config/cfg.py:3253}}
Jul 08 05:46:55.392309 np0000004781 nova-scheduler[93161]: DEBUG cotyledon.oslo_config_glue [-] oslo_limit.valid_interfaces = None {{(pid=93161) log_opt_values /opt/stack/data/venv/lib/python3.12/site-packages/oslo_config/cfg.py:3253}}
Jul 08 05:46:55.392309 np0000004781 nova-scheduler[93161]: DEBUG cotyledon.oslo_config_glue [-] oslo_limit.version = None {{(pid=93161) log_opt_values /opt/stack/data/venv/lib/python3.12/site-packages/oslo_config/cfg.py:3253}}
Jul 08 05:46:55.392309 np0000004781 nova-scheduler[93161]: DEBUG cotyledon.oslo_config_glue [-] oslo_reports.file_event_handler = None {{(pid=93161) log_opt_values /opt/stack/data/venv/lib/python3.12/site-packages/oslo_config/cfg.py:3253}}
Jul 08 05:46:55.392309 np0000004781 nova-scheduler[93161]: DEBUG cotyledon.oslo_config_glue [-] oslo_reports.file_event_handler_interval = 1 {{(pid=93161) log_opt_values /opt/stack/data/venv/lib/python3.12/site-packages/oslo_config/cfg.py:3253}}
Jul 08 05:46:55.392309 np0000004781 nova-scheduler[93161]: DEBUG cotyledon.oslo_config_glue [-] oslo_reports.log_dir = None {{(pid=93161) log_opt_values /opt/stack/data/venv/lib/python3.12/site-packages/oslo_config/cfg.py:3253}}
Jul 08 05:46:55.392522 np0000004781 nova-scheduler[93161]: DEBUG cotyledon.oslo_config_glue [-] ******************************************************************************** {{(pid=93161) log_opt_values /opt/stack/data/venv/lib/python3.12/site-packages/oslo_config/cfg.py:3260}}
Jul 08 05:46:55.392522 np0000004781 nova-scheduler[93161]: DEBUG cotyledon._service_worker [-] Run service ServiceWrapper(1) [93161] {{(pid=93161) wait_forever /opt/stack/data/venv/lib/python3.12/site-packages/cotyledon/_service_worker.py:218}}
Jul 08 05:46:55.392522 np0000004781 nova-scheduler[93161]: INFO nova.service [-] Starting scheduler node (version 33.1.0)
Jul 08 05:46:55.392522 np0000004781 nova-scheduler[93161]: INFO dbcounter [None req-e683e893-a21e-444c-86b0-5804ab147d4e None None] Registered counter for database nova_cell0
Jul 08 05:46:55.393001 np0000004781 nova-scheduler[93156]: DEBUG oslo_db.sqlalchemy.engines [None req-55a45ff1-79be-456d-9844-adefbb226f65 None None] MySQL server mode set to STRICT_TRANS_TABLES,STRICT_ALL_TABLES,NO_ZERO_IN_DATE,NO_ZERO_DATE,ERROR_FOR_DIVISION_BY_ZERO,TRADITIONAL,NO_ENGINE_SUBSTITUTION {{(pid=93156) _check_effective_sql_mode /opt/stack/data/venv/lib/python3.12/site-packages/oslo_db/sqlalchemy/engines.py:325}}
Jul 08 05:46:55.404594 np0000004781 nova-scheduler[93156]: DEBUG dbcounter [-] [93156] Writer thread running {{(pid=93156) stat_writer /opt/stack/data/venv/lib/python3.12/site-packages/dbcounter.py:102}}
Jul 08 05:46:55.410719 np0000004781 nova-scheduler[93163]: DEBUG oslo_db.sqlalchemy.engines [None req-b16b32d5-7044-482d-b518-45c2cf27bbf7 None None] MySQL server mode set to STRICT_TRANS_TABLES,STRICT_ALL_TABLES,NO_ZERO_IN_DATE,NO_ZERO_DATE,ERROR_FOR_DIVISION_BY_ZERO,TRADITIONAL,NO_ENGINE_SUBSTITUTION {{(pid=93163) _check_effective_sql_mode /opt/stack/data/venv/lib/python3.12/site-packages/oslo_db/sqlalchemy/engines.py:325}}
Jul 08 05:46:55.421182 np0000004781 nova-scheduler[93163]: DEBUG dbcounter [-] [93163] Writer thread running {{(pid=93163) stat_writer /opt/stack/data/venv/lib/python3.12/site-packages/dbcounter.py:102}}
Jul 08 05:46:55.423360 np0000004781 nova-scheduler[93156]: DEBUG nova.service [None req-55a45ff1-79be-456d-9844-adefbb226f65 None None] Creating RPC server for service: nova-scheduler on topic: scheduler {{(pid=93156) start /opt/stack/nova/nova/service.py:196}}
Jul 08 05:46:55.424108 np0000004781 nova-scheduler[93161]: DEBUG oslo_db.sqlalchemy.engines [None req-e683e893-a21e-444c-86b0-5804ab147d4e None None] MySQL server mode set to STRICT_TRANS_TABLES,STRICT_ALL_TABLES,NO_ZERO_IN_DATE,NO_ZERO_DATE,ERROR_FOR_DIVISION_BY_ZERO,TRADITIONAL,NO_ENGINE_SUBSTITUTION {{(pid=93161) _check_effective_sql_mode /opt/stack/data/venv/lib/python3.12/site-packages/oslo_db/sqlalchemy/engines.py:325}}
Jul 08 05:46:55.433367 np0000004781 nova-scheduler[93161]: DEBUG dbcounter [-] [93161] Writer thread running {{(pid=93161) stat_writer /opt/stack/data/venv/lib/python3.12/site-packages/dbcounter.py:102}}
Jul 08 05:46:55.436166 np0000004781 nova-scheduler[93163]: DEBUG nova.service [None req-b16b32d5-7044-482d-b518-45c2cf27bbf7 None None] Creating RPC server for service: nova-scheduler on topic: scheduler {{(pid=93163) start /opt/stack/nova/nova/service.py:196}}
Jul 08 05:46:55.436370 np0000004781 nova-scheduler[93161]: DEBUG nova.service [None req-e683e893-a21e-444c-86b0-5804ab147d4e None None] Creating RPC server for service: nova-scheduler on topic: scheduler {{(pid=93161) start /opt/stack/nova/nova/service.py:196}}
Jul 08 05:46:55.444204 np0000004781 nova-scheduler[93156]: DEBUG nova.service [None req-55a45ff1-79be-456d-9844-adefbb226f65 None None] Join ServiceGroup membership for this service scheduler {{(pid=93156) start /opt/stack/nova/nova/service.py:222}}
Jul 08 05:46:55.444710 np0000004781 nova-scheduler[93156]: DEBUG nova.servicegroup.drivers.db [None req-55a45ff1-79be-456d-9844-adefbb226f65 None None] DB_Driver: join new ServiceGroup member np0000004781 to the scheduler group, service = {{(pid=93156) join /opt/stack/nova/nova/servicegroup/drivers/db.py:44}}
Jul 08 05:46:55.456476 np0000004781 nova-scheduler[93161]: DEBUG nova.service [None req-e683e893-a21e-444c-86b0-5804ab147d4e None None] Join ServiceGroup membership for this service scheduler {{(pid=93161) start /opt/stack/nova/nova/service.py:222}}
Jul 08 05:46:55.456583 np0000004781 nova-scheduler[93163]: DEBUG nova.service [None req-b16b32d5-7044-482d-b518-45c2cf27bbf7 None None] Join ServiceGroup membership for this service scheduler {{(pid=93163) start /opt/stack/nova/nova/service.py:222}}
Jul 08 05:46:55.456776 np0000004781 nova-scheduler[93161]: DEBUG nova.servicegroup.drivers.db [None req-e683e893-a21e-444c-86b0-5804ab147d4e None None] DB_Driver: join new ServiceGroup member np0000004781 to the scheduler group, service = {{(pid=93161) join /opt/stack/nova/nova/servicegroup/drivers/db.py:44}}
Jul 08 05:46:55.456820 np0000004781 nova-scheduler[93163]: DEBUG nova.servicegroup.drivers.db [None req-b16b32d5-7044-482d-b518-45c2cf27bbf7 None None] DB_Driver: join new ServiceGroup member np0000004781 to the scheduler group, service = {{(pid=93163) join /opt/stack/nova/nova/servicegroup/drivers/db.py:44}}
Jul 08 05:47:00.457526 np0000004781 nova-scheduler[93156]: DEBUG oslo.service.backend._threading.loopingcall [-] Fixed interval looping call 'nova.servicegroup.drivers.db.DbDriver._report_state' sleeping for 119.99 seconds {{(pid=93156) _run_loop /opt/stack/data/venv/lib/python3.12/site-packages/oslo_service/backend/_threading/loopingcall.py:125}}
Jul 08 05:47:00.465646 np0000004781 nova-scheduler[93163]: DEBUG oslo.service.backend._threading.loopingcall [-] Fixed interval looping call 'nova.servicegroup.drivers.db.DbDriver._report_state' sleeping for 119.99 seconds {{(pid=93163) _run_loop /opt/stack/data/venv/lib/python3.12/site-packages/oslo_service/backend/_threading/loopingcall.py:125}}
Jul 08 05:47:00.472336 np0000004781 nova-scheduler[93161]: DEBUG oslo.service.backend._threading.loopingcall [-] Fixed interval looping call 'nova.servicegroup.drivers.db.DbDriver._report_state' sleeping for 119.99 seconds {{(pid=93161) _run_loop /opt/stack/data/venv/lib/python3.12/site-packages/oslo_service/backend/_threading/loopingcall.py:125}}
Jul 08 05:47:03.970719 np0000004781 nova-scheduler[91959]: DEBUG dbcounter [-] [91959] Writing DB stats nova_api:SELECT=3 {{(pid=91959) stat_writer /opt/stack/data/venv/lib/python3.12/site-packages/dbcounter.py:115}}
Jul 08 05:47:04.134982 np0000004781 nova-scheduler[91959]: DEBUG dbcounter [-] [91959] Writing DB stats nova_cell0:SELECT=1 {{(pid=91959) stat_writer /opt/stack/data/venv/lib/python3.12/site-packages/dbcounter.py:115}}
Jul 08 05:47:04.142129 np0000004781 nova-scheduler[91959]: DEBUG dbcounter [-] [91959] Writing DB stats nova_cell1:SELECT=1 {{(pid=91959) stat_writer /opt/stack/data/venv/lib/python3.12/site-packages/dbcounter.py:115}}
Jul 08 05:47:10.454792 np0000004781 nova-scheduler[93156]: DEBUG dbcounter [-] [93156] Writing DB stats nova_cell0:SELECT=4,nova_cell0:INSERT=1,nova_cell0:UPDATE=1 {{(pid=93156) stat_writer /opt/stack/data/venv/lib/python3.12/site-packages/dbcounter.py:115}}
Jul 08 05:47:10.462723 np0000004781 nova-scheduler[93163]: DEBUG dbcounter [-] [93163] Writing DB stats nova_cell0:SELECT=4,nova_cell0:INSERT=1 {{(pid=93163) stat_writer /opt/stack/data/venv/lib/python3.12/site-packages/dbcounter.py:115}}
Jul 08 05:47:10.470557 np0000004781 nova-scheduler[93161]: DEBUG dbcounter [-] [93161] Writing DB stats nova_cell0:SELECT=3 {{(pid=93161) stat_writer /opt/stack/data/venv/lib/python3.12/site-packages/dbcounter.py:115}}
Jul 08 05:47:24.446672 np0000004781 nova-scheduler[93156]: DEBUG oslo.service.backend._threading.loopingcall [None req-3d1ed2d7-9433-4757-a53d-b1b3da903719 None None] Dynamic interval looping call 'nova.service.Service.periodic_tasks' sleeping for 60.00 seconds {{(pid=93156) _run_loop /opt/stack/data/venv/lib/python3.12/site-packages/oslo_service/backend/_threading/loopingcall.py:125}}
Jul 08 05:47:47.458631 np0000004781 nova-scheduler[93161]: DEBUG oslo.service.backend._threading.loopingcall [None req-813b585c-d8ab-4922-b4ad-619422d22fdf None None] Dynamic interval looping call 'nova.service.Service.periodic_tasks' sleeping for 60.00 seconds {{(pid=93161) _run_loop /opt/stack/data/venv/lib/python3.12/site-packages/oslo_service/backend/_threading/loopingcall.py:125}}
Jul 08 05:47:49.458792 np0000004781 nova-scheduler[93163]: DEBUG oslo.service.backend._threading.loopingcall [None req-46e03105-b017-4d1e-b76e-c2f632be33dc None None] Dynamic interval looping call 'nova.service.Service.periodic_tasks' sleeping for 60.00 seconds {{(pid=93163) _run_loop /opt/stack/data/venv/lib/python3.12/site-packages/oslo_service/backend/_threading/loopingcall.py:125}}
Jul 08 05:48:24.447185 np0000004781 nova-scheduler[93156]: DEBUG oslo.service.backend._threading.loopingcall [None req-3d1ed2d7-9433-4757-a53d-b1b3da903719 None None] Dynamic interval looping call 'nova.service.Service.periodic_tasks' sleeping for 60.00 seconds {{(pid=93156) _run_loop /opt/stack/data/venv/lib/python3.12/site-packages/oslo_service/backend/_threading/loopingcall.py:125}}
Jul 08 05:48:47.459609 np0000004781 nova-scheduler[93161]: DEBUG oslo.service.backend._threading.loopingcall [None req-813b585c-d8ab-4922-b4ad-619422d22fdf None None] Dynamic interval looping call 'nova.service.Service.periodic_tasks' sleeping for 60.00 seconds {{(pid=93161) _run_loop /opt/stack/data/venv/lib/python3.12/site-packages/oslo_service/backend/_threading/loopingcall.py:125}}
Jul 08 05:48:49.459315 np0000004781 nova-scheduler[93163]: DEBUG oslo.service.backend._threading.loopingcall [None req-46e03105-b017-4d1e-b76e-c2f632be33dc None None] Dynamic interval looping call 'nova.service.Service.periodic_tasks' sleeping for 60.00 seconds {{(pid=93163) _run_loop /opt/stack/data/venv/lib/python3.12/site-packages/oslo_service/backend/_threading/loopingcall.py:125}}
Jul 08 05:49:00.455284 np0000004781 nova-scheduler[93156]: DEBUG oslo.service.backend._threading.loopingcall [-] Fixed interval looping call 'nova.servicegroup.drivers.db.DbDriver._report_state' sleeping for 119.99 seconds {{(pid=93156) _run_loop /opt/stack/data/venv/lib/python3.12/site-packages/oslo_service/backend/_threading/loopingcall.py:125}}
Jul 08 05:49:00.459660 np0000004781 nova-scheduler[93163]: DEBUG oslo.service.backend._threading.loopingcall [-] Fixed interval looping call 'nova.servicegroup.drivers.db.DbDriver._report_state' sleeping for 120.00 seconds {{(pid=93163) _run_loop /opt/stack/data/venv/lib/python3.12/site-packages/oslo_service/backend/_threading/loopingcall.py:125}}
Jul 08 05:49:00.466118 np0000004781 nova-scheduler[93161]: DEBUG oslo.service.backend._threading.loopingcall [-] Fixed interval looping call 'nova.servicegroup.drivers.db.DbDriver._report_state' sleeping for 120.00 seconds {{(pid=93161) _run_loop /opt/stack/data/venv/lib/python3.12/site-packages/oslo_service/backend/_threading/loopingcall.py:125}}
Jul 08 05:49:10.451608 np0000004781 nova-scheduler[93156]: DEBUG dbcounter [-] [93156] Writing DB stats nova_cell0:SELECT=1,nova_cell0:UPDATE=1 {{(pid=93156) stat_writer /opt/stack/data/venv/lib/python3.12/site-packages/dbcounter.py:115}}
Jul 08 05:49:10.459798 np0000004781 nova-scheduler[93163]: DEBUG dbcounter [-] [93163] Writing DB stats nova_cell0:SELECT=1 {{(pid=93163) stat_writer /opt/stack/data/venv/lib/python3.12/site-packages/dbcounter.py:115}}
Jul 08 05:49:10.464847 np0000004781 nova-scheduler[93161]: DEBUG dbcounter [-] [93161] Writing DB stats nova_cell0:SELECT=1 {{(pid=93161) stat_writer /opt/stack/data/venv/lib/python3.12/site-packages/dbcounter.py:115}}
Jul 08 05:49:24.448599 np0000004781 nova-scheduler[93156]: DEBUG oslo.service.backend._threading.loopingcall [None req-3d1ed2d7-9433-4757-a53d-b1b3da903719 None None] Dynamic interval looping call 'nova.service.Service.periodic_tasks' sleeping for 60.00 seconds {{(pid=93156) _run_loop /opt/stack/data/venv/lib/python3.12/site-packages/oslo_service/backend/_threading/loopingcall.py:125}}
Jul 08 05:49:32.724274 np0000004781 nova-scheduler[93156]: DEBUG nova.scheduler.manager [None req-beba0ff9-27a0-4822-b062-267cdef2480f tempest-DeleteServersTestJSON-407853273 tempest-DeleteServersTestJSON-407853273-project-member] Starting to schedule for instances: ['5b0a1309-8eaf-48b2-bf72-4534d4c0d8a7'] {{(pid=93156) select_destinations /opt/stack/nova/nova/scheduler/manager.py:209}}
Jul 08 05:49:32.725348 np0000004781 nova-scheduler[93156]: DEBUG nova.scheduler.request_filter [None req-beba0ff9-27a0-4822-b062-267cdef2480f tempest-DeleteServersTestJSON-407853273 tempest-DeleteServersTestJSON-407853273-project-member] compute_status_filter request filter added forbidden trait COMPUTE_STATUS_DISABLED {{(pid=93156) compute_status_filter /opt/stack/nova/nova/scheduler/request_filter.py:253}}
Jul 08 05:49:32.725348 np0000004781 nova-scheduler[93156]: DEBUG nova.scheduler.request_filter [None req-beba0ff9-27a0-4822-b062-267cdef2480f tempest-DeleteServersTestJSON-407853273 tempest-DeleteServersTestJSON-407853273-project-member] Request filter 'compute_status_filter' took 0.0 seconds {{(pid=93156) wrapper /opt/stack/nova/nova/scheduler/request_filter.py:46}}
Jul 08 05:49:32.725348 np0000004781 nova-scheduler[93156]: DEBUG nova.scheduler.request_filter [None req-beba0ff9-27a0-4822-b062-267cdef2480f tempest-DeleteServersTestJSON-407853273 tempest-DeleteServersTestJSON-407853273-project-member] Request filter 'accelerators_filter' took 0.0 seconds {{(pid=93156) wrapper /opt/stack/nova/nova/scheduler/request_filter.py:46}}
Jul 08 05:49:32.725660 np0000004781 nova-scheduler[93156]: DEBUG nova.scheduler.request_filter [None req-beba0ff9-27a0-4822-b062-267cdef2480f tempest-DeleteServersTestJSON-407853273 tempest-DeleteServersTestJSON-407853273-project-member] Request filter 'packed_virtqueue_filter' took 0.0 seconds {{(pid=93156) wrapper /opt/stack/nova/nova/scheduler/request_filter.py:46}}
Jul 08 05:49:32.725973 np0000004781 nova-scheduler[93156]: DEBUG nova.scheduler.request_filter [None req-beba0ff9-27a0-4822-b062-267cdef2480f tempest-DeleteServersTestJSON-407853273 tempest-DeleteServersTestJSON-407853273-project-member] Request filter 'remote_managed_ports_filter' took 0.0 seconds {{(pid=93156) wrapper /opt/stack/nova/nova/scheduler/request_filter.py:46}}
Jul 08 05:49:32.726148 np0000004781 nova-scheduler[93156]: DEBUG nova.scheduler.request_filter [None req-beba0ff9-27a0-4822-b062-267cdef2480f tempest-DeleteServersTestJSON-407853273 tempest-DeleteServersTestJSON-407853273-project-member] ephemeral_encryption_filter skipped {{(pid=93156) ephemeral_encryption_filter /opt/stack/nova/nova/scheduler/request_filter.py:426}}
Jul 08 05:49:32.726314 np0000004781 nova-scheduler[93156]: DEBUG nova.scheduler.request_filter [None req-beba0ff9-27a0-4822-b062-267cdef2480f tempest-DeleteServersTestJSON-407853273 tempest-DeleteServersTestJSON-407853273-project-member] virtio_sound_filter skipped {{(pid=93156) virtio_sound_filter /opt/stack/nova/nova/scheduler/request_filter.py:460}}
Jul 08 05:49:32.726720 np0000004781 nova-scheduler[93156]: DEBUG nova.scheduler.request_filter [None req-beba0ff9-27a0-4822-b062-267cdef2480f tempest-DeleteServersTestJSON-407853273 tempest-DeleteServersTestJSON-407853273-project-member] tpm_secret_security_filter skipped {{(pid=93156) tpm_secret_security_filter /opt/stack/nova/nova/scheduler/request_filter.py:477}}
Jul 08 05:49:32.909664 np0000004781 nova-scheduler[93161]: DEBUG nova.scheduler.manager [None req-f1921e23-8390-4904-bfd8-6bfc24317b54 tempest-ServerBootFromVolumeStableRescueTest-1613689075 tempest-ServerBootFromVolumeStableRescueTest-1613689075-project-member] Starting to schedule for instances: ['3ae8048f-b6e1-47d5-a89e-e258e0c6da3a'] {{(pid=93161) select_destinations /opt/stack/nova/nova/scheduler/manager.py:209}}
Jul 08 05:49:32.910758 np0000004781 nova-scheduler[93161]: DEBUG nova.scheduler.request_filter [None req-f1921e23-8390-4904-bfd8-6bfc24317b54 tempest-ServerBootFromVolumeStableRescueTest-1613689075 tempest-ServerBootFromVolumeStableRescueTest-1613689075-project-member] compute_status_filter request filter added forbidden trait COMPUTE_STATUS_DISABLED {{(pid=93161) compute_status_filter /opt/stack/nova/nova/scheduler/request_filter.py:253}}
Jul 08 05:49:32.910758 np0000004781 nova-scheduler[93161]: DEBUG nova.scheduler.request_filter [None req-f1921e23-8390-4904-bfd8-6bfc24317b54 tempest-ServerBootFromVolumeStableRescueTest-1613689075 tempest-ServerBootFromVolumeStableRescueTest-1613689075-project-member] Request filter 'compute_status_filter' took 0.0 seconds {{(pid=93161) wrapper /opt/stack/nova/nova/scheduler/request_filter.py:46}}
Jul 08 05:49:32.910758 np0000004781 nova-scheduler[93161]: DEBUG nova.scheduler.request_filter [None req-f1921e23-8390-4904-bfd8-6bfc24317b54 tempest-ServerBootFromVolumeStableRescueTest-1613689075 tempest-ServerBootFromVolumeStableRescueTest-1613689075-project-member] Request filter 'accelerators_filter' took 0.0 seconds {{(pid=93161) wrapper /opt/stack/nova/nova/scheduler/request_filter.py:46}}
Jul 08 05:49:32.910959 np0000004781 nova-scheduler[93161]: DEBUG nova.scheduler.request_filter [None req-f1921e23-8390-4904-bfd8-6bfc24317b54 tempest-ServerBootFromVolumeStableRescueTest-1613689075 tempest-ServerBootFromVolumeStableRescueTest-1613689075-project-member] Request filter 'packed_virtqueue_filter' took 0.0 seconds {{(pid=93161) wrapper /opt/stack/nova/nova/scheduler/request_filter.py:46}}
Jul 08 05:49:32.911589 np0000004781 nova-scheduler[93161]: DEBUG nova.scheduler.request_filter [None req-f1921e23-8390-4904-bfd8-6bfc24317b54 tempest-ServerBootFromVolumeStableRescueTest-1613689075 tempest-ServerBootFromVolumeStableRescueTest-1613689075-project-member] Request filter 'remote_managed_ports_filter' took 0.0 seconds {{(pid=93161) wrapper /opt/stack/nova/nova/scheduler/request_filter.py:46}}
Jul 08 05:49:32.911814 np0000004781 nova-scheduler[93161]: DEBUG nova.scheduler.request_filter [None req-f1921e23-8390-4904-bfd8-6bfc24317b54 tempest-ServerBootFromVolumeStableRescueTest-1613689075 tempest-ServerBootFromVolumeStableRescueTest-1613689075-project-member] ephemeral_encryption_filter skipped {{(pid=93161) ephemeral_encryption_filter /opt/stack/nova/nova/scheduler/request_filter.py:426}}
Jul 08 05:49:32.912013 np0000004781 nova-scheduler[93161]: DEBUG nova.scheduler.request_filter [None req-f1921e23-8390-4904-bfd8-6bfc24317b54 tempest-ServerBootFromVolumeStableRescueTest-1613689075 tempest-ServerBootFromVolumeStableRescueTest-1613689075-project-member] virtio_sound_filter skipped {{(pid=93161) virtio_sound_filter /opt/stack/nova/nova/scheduler/request_filter.py:460}}
Jul 08 05:49:32.912182 np0000004781 nova-scheduler[93161]: DEBUG nova.scheduler.request_filter [None req-f1921e23-8390-4904-bfd8-6bfc24317b54 tempest-ServerBootFromVolumeStableRescueTest-1613689075 tempest-ServerBootFromVolumeStableRescueTest-1613689075-project-member] tpm_secret_security_filter skipped {{(pid=93161) tpm_secret_security_filter /opt/stack/nova/nova/scheduler/request_filter.py:477}}
Jul 08 05:49:33.451009 np0000004781 nova-scheduler[93161]: INFO nova.utils [None req-f1921e23-8390-4904-bfd8-6bfc24317b54 tempest-ServerBootFromVolumeStableRescueTest-1613689075 tempest-ServerBootFromVolumeStableRescueTest-1613689075-project-member] The cell worker thread pool ForkProcess-2.cell_worker is initialized
Jul 08 05:49:33.451730 np0000004781 nova-scheduler[93161]: DEBUG oslo_concurrency.lockutils [None req-f1921e23-8390-4904-bfd8-6bfc24317b54 tempest-ServerBootFromVolumeStableRescueTest-1613689075 tempest-ServerBootFromVolumeStableRescueTest-1613689075-project-member] Acquiring lock "762cda85-fe36-4e88-acac-d37cd8ddd8a2" by "nova.context.set_target_cell..get_or_set_cached_cell_and_set_connections" {{(pid=93161) inner /opt/stack/data/venv/lib/python3.12/site-packages/oslo_concurrency/lockutils.py:511}}
Jul 08 05:49:33.451730 np0000004781 nova-scheduler[93161]: DEBUG oslo_concurrency.lockutils [None req-f1921e23-8390-4904-bfd8-6bfc24317b54 tempest-ServerBootFromVolumeStableRescueTest-1613689075 tempest-ServerBootFromVolumeStableRescueTest-1613689075-project-member] Lock "762cda85-fe36-4e88-acac-d37cd8ddd8a2" acquired by "nova.context.set_target_cell..get_or_set_cached_cell_and_set_connections" :: waited 0.000s {{(pid=93161) inner /opt/stack/data/venv/lib/python3.12/site-packages/oslo_concurrency/lockutils.py:524}}
Jul 08 05:49:33.454060 np0000004781 nova-scheduler[93161]: DEBUG oslo_concurrency.lockutils [None req-f1921e23-8390-4904-bfd8-6bfc24317b54 tempest-ServerBootFromVolumeStableRescueTest-1613689075 tempest-ServerBootFromVolumeStableRescueTest-1613689075-project-member] Lock "762cda85-fe36-4e88-acac-d37cd8ddd8a2" "released" by "nova.context.set_target_cell..get_or_set_cached_cell_and_set_connections" :: held 0.002s {{(pid=93161) inner /opt/stack/data/venv/lib/python3.12/site-packages/oslo_concurrency/lockutils.py:543}}
Jul 08 05:49:33.455970 np0000004781 nova-scheduler[93161]: INFO dbcounter [None req-f1921e23-8390-4904-bfd8-6bfc24317b54 tempest-ServerBootFromVolumeStableRescueTest-1613689075 tempest-ServerBootFromVolumeStableRescueTest-1613689075-project-member] Registered counter for database nova_cell1
Jul 08 05:49:33.500661 np0000004781 nova-scheduler[93161]: DEBUG oslo_db.sqlalchemy.engines [None req-f1921e23-8390-4904-bfd8-6bfc24317b54 tempest-ServerBootFromVolumeStableRescueTest-1613689075 tempest-ServerBootFromVolumeStableRescueTest-1613689075-project-member] MySQL server mode set to STRICT_TRANS_TABLES,STRICT_ALL_TABLES,NO_ZERO_IN_DATE,NO_ZERO_DATE,ERROR_FOR_DIVISION_BY_ZERO,TRADITIONAL,NO_ENGINE_SUBSTITUTION {{(pid=93161) _check_effective_sql_mode /opt/stack/data/venv/lib/python3.12/site-packages/oslo_db/sqlalchemy/engines.py:325}}
Jul 08 05:49:33.507544 np0000004781 nova-scheduler[93161]: DEBUG dbcounter [-] [93161] Writer thread running {{(pid=93161) stat_writer /opt/stack/data/venv/lib/python3.12/site-packages/dbcounter.py:102}}
Jul 08 05:49:33.526569 np0000004781 nova-scheduler[93161]: DEBUG oslo_db.sqlalchemy.engines [None req-f1921e23-8390-4904-bfd8-6bfc24317b54 tempest-ServerBootFromVolumeStableRescueTest-1613689075 tempest-ServerBootFromVolumeStableRescueTest-1613689075-project-member] Parent process 91959 forked (93161) with an open database connection, which is being discarded and recreated. {{(pid=93161) checkout /opt/stack/data/venv/lib/python3.12/site-packages/oslo_db/sqlalchemy/engines.py:402}}
Jul 08 05:49:33.554417 np0000004781 nova-scheduler[93163]: DEBUG nova.scheduler.manager [None req-2f78a6ea-ec67-4b41-bf0d-8dfc5ab31291 tempest-AttachVolumeTestJSON-1919696602 tempest-AttachVolumeTestJSON-1919696602-project-member] Starting to schedule for instances: ['9330f881-94af-43f3-8bdb-ae5177342cb6'] {{(pid=93163) select_destinations /opt/stack/nova/nova/scheduler/manager.py:209}}
Jul 08 05:49:33.555937 np0000004781 nova-scheduler[93163]: DEBUG nova.scheduler.request_filter [None req-2f78a6ea-ec67-4b41-bf0d-8dfc5ab31291 tempest-AttachVolumeTestJSON-1919696602 tempest-AttachVolumeTestJSON-1919696602-project-member] compute_status_filter request filter added forbidden trait COMPUTE_STATUS_DISABLED {{(pid=93163) compute_status_filter /opt/stack/nova/nova/scheduler/request_filter.py:253}}
Jul 08 05:49:33.555937 np0000004781 nova-scheduler[93163]: DEBUG nova.scheduler.request_filter [None req-2f78a6ea-ec67-4b41-bf0d-8dfc5ab31291 tempest-AttachVolumeTestJSON-1919696602 tempest-AttachVolumeTestJSON-1919696602-project-member] Request filter 'compute_status_filter' took 0.0 seconds {{(pid=93163) wrapper /opt/stack/nova/nova/scheduler/request_filter.py:46}}
Jul 08 05:49:33.555937 np0000004781 nova-scheduler[93163]: DEBUG nova.scheduler.request_filter [None req-2f78a6ea-ec67-4b41-bf0d-8dfc5ab31291 tempest-AttachVolumeTestJSON-1919696602 tempest-AttachVolumeTestJSON-1919696602-project-member] Request filter 'accelerators_filter' took 0.0 seconds {{(pid=93163) wrapper /opt/stack/nova/nova/scheduler/request_filter.py:46}}
Jul 08 05:49:33.555937 np0000004781 nova-scheduler[93163]: DEBUG nova.scheduler.request_filter [None req-2f78a6ea-ec67-4b41-bf0d-8dfc5ab31291 tempest-AttachVolumeTestJSON-1919696602 tempest-AttachVolumeTestJSON-1919696602-project-member] Request filter 'packed_virtqueue_filter' took 0.0 seconds {{(pid=93163) wrapper /opt/stack/nova/nova/scheduler/request_filter.py:46}}
Jul 08 05:49:33.555937 np0000004781 nova-scheduler[93163]: DEBUG nova.scheduler.request_filter [None req-2f78a6ea-ec67-4b41-bf0d-8dfc5ab31291 tempest-AttachVolumeTestJSON-1919696602 tempest-AttachVolumeTestJSON-1919696602-project-member] Request filter 'remote_managed_ports_filter' took 0.0 seconds {{(pid=93163) wrapper /opt/stack/nova/nova/scheduler/request_filter.py:46}}
Jul 08 05:49:33.556652 np0000004781 nova-scheduler[93163]: DEBUG nova.scheduler.request_filter [None req-2f78a6ea-ec67-4b41-bf0d-8dfc5ab31291 tempest-AttachVolumeTestJSON-1919696602 tempest-AttachVolumeTestJSON-1919696602-project-member] ephemeral_encryption_filter skipped {{(pid=93163) ephemeral_encryption_filter /opt/stack/nova/nova/scheduler/request_filter.py:426}}
Jul 08 05:49:33.556652 np0000004781 nova-scheduler[93163]: DEBUG nova.scheduler.request_filter [None req-2f78a6ea-ec67-4b41-bf0d-8dfc5ab31291 tempest-AttachVolumeTestJSON-1919696602 tempest-AttachVolumeTestJSON-1919696602-project-member] virtio_sound_filter skipped {{(pid=93163) virtio_sound_filter /opt/stack/nova/nova/scheduler/request_filter.py:460}}
Jul 08 05:49:33.556652 np0000004781 nova-scheduler[93163]: DEBUG nova.scheduler.request_filter [None req-2f78a6ea-ec67-4b41-bf0d-8dfc5ab31291 tempest-AttachVolumeTestJSON-1919696602 tempest-AttachVolumeTestJSON-1919696602-project-member] tpm_secret_security_filter skipped {{(pid=93163) tpm_secret_security_filter /opt/stack/nova/nova/scheduler/request_filter.py:477}}
Jul 08 05:49:33.579131 np0000004781 nova-scheduler[93161]: DEBUG dbcounter [-] [93161] Writer thread running {{(pid=93161) stat_writer /opt/stack/data/venv/lib/python3.12/site-packages/dbcounter.py:102}}
Jul 08 05:49:33.582283 np0000004781 nova-scheduler[93161]: DEBUG oslo_concurrency.lockutils [None req-f1921e23-8390-4904-bfd8-6bfc24317b54 tempest-ServerBootFromVolumeStableRescueTest-1613689075 tempest-ServerBootFromVolumeStableRescueTest-1613689075-project-member] Acquiring lock "762cda85-fe36-4e88-acac-d37cd8ddd8a2" by "nova.context.set_target_cell..get_or_set_cached_cell_and_set_connections" {{(pid=93161) inner /opt/stack/data/venv/lib/python3.12/site-packages/oslo_concurrency/lockutils.py:511}}
Jul 08 05:49:33.582690 np0000004781 nova-scheduler[93161]: DEBUG oslo_concurrency.lockutils [None req-f1921e23-8390-4904-bfd8-6bfc24317b54 tempest-ServerBootFromVolumeStableRescueTest-1613689075 tempest-ServerBootFromVolumeStableRescueTest-1613689075-project-member] Lock "762cda85-fe36-4e88-acac-d37cd8ddd8a2" acquired by "nova.context.set_target_cell..get_or_set_cached_cell_and_set_connections" :: waited 0.000s {{(pid=93161) inner /opt/stack/data/venv/lib/python3.12/site-packages/oslo_concurrency/lockutils.py:524}}
Jul 08 05:49:33.582860 np0000004781 nova-scheduler[93161]: DEBUG oslo_concurrency.lockutils [None req-f1921e23-8390-4904-bfd8-6bfc24317b54 tempest-ServerBootFromVolumeStableRescueTest-1613689075 tempest-ServerBootFromVolumeStableRescueTest-1613689075-project-member] Lock "762cda85-fe36-4e88-acac-d37cd8ddd8a2" "released" by "nova.context.set_target_cell..get_or_set_cached_cell_and_set_connections" :: held 0.000s {{(pid=93161) inner /opt/stack/data/venv/lib/python3.12/site-packages/oslo_concurrency/lockutils.py:543}}
Jul 08 05:49:33.589357 np0000004781 nova-scheduler[93161]: DEBUG oslo_concurrency.lockutils [None req-f1921e23-8390-4904-bfd8-6bfc24317b54 tempest-ServerBootFromVolumeStableRescueTest-1613689075 tempest-ServerBootFromVolumeStableRescueTest-1613689075-project-member] Acquiring lock "np0000004781-np0000004781" by "nova.scheduler.host_manager.HostState.update.._locked_update" {{(pid=93161) inner /opt/stack/data/venv/lib/python3.12/site-packages/oslo_concurrency/lockutils.py:511}}
Jul 08 05:49:33.590204 np0000004781 nova-scheduler[93161]: DEBUG oslo_concurrency.lockutils [None req-f1921e23-8390-4904-bfd8-6bfc24317b54 tempest-ServerBootFromVolumeStableRescueTest-1613689075 tempest-ServerBootFromVolumeStableRescueTest-1613689075-project-member] Lock "np0000004781-np0000004781" acquired by "nova.scheduler.host_manager.HostState.update.._locked_update" :: waited 0.000s {{(pid=93161) inner /opt/stack/data/venv/lib/python3.12/site-packages/oslo_concurrency/lockutils.py:524}}
Jul 08 05:49:33.591094 np0000004781 nova-scheduler[93161]: DEBUG nova.scheduler.host_manager [None req-f1921e23-8390-4904-bfd8-6bfc24317b54 tempest-ServerBootFromVolumeStableRescueTest-1613689075 tempest-ServerBootFromVolumeStableRescueTest-1613689075-project-member] Update host state from compute node: ComputeNode(cpu_allocation_ratio=4.0,cpu_info='{"arch": "x86_64", "model": "EPYC-Milan", "vendor": "AMD", "topology": {"cells": 1, "sockets": 16, "cores": 1, "threads": 1}, "maxphysaddr": {"mode": "emulate", "bits": 40}, "features": ["cmov", "popcnt", "clzero", "mmxext", "movbe", "skip-l1dfl-vmentry", "stibp-always-on", "virt-ssbd", "hypervisor", "pschange-mc-no", "apic", "xsaveerptr", "ibrs", "smap", "rdpid", "lm", "clwb", "npt", "sse2", "vgif", "pse", "pfthreshold", "tsc-deadline", "stibp", "v-vmsave-vmload", "mtrr", "xsave", "clflushopt", "osvw", "wbnoinvd", "misalignsse", "topoext", "xsaveopt", "msr", "lahf_lm", "pge", "aes", "de", "x2apic", "spec-ctrl", "flushbyasid", "vpclmulqdq", "bmi1", "ibpb", "abm", "sse4.2", "mce", "mds-no", "3dnowprefetch", "gds-no", "sse4.1", "pse36", "amd-stibp", "rdctl-no", "fma", "ssbd", "mca", "arch-capabilities", "umip", "pni", "f16c", "null-sel-clr-base", "vmcb-clean", "cr8legacy", "pae", "tsc-scale", "svm", "cx16", "fpu", "sse", "invpcid", "sse4a", "arat", "xgetbv1", "erms", "svme-addr-chk", "pat", "pdpe1gb", "tsc", "adx", "xsavec", "no-nested-data-bp", "fsgsbase", "rdrand", "fsrm", "pause-filter", "pcid", "amd-psfd", "avx", "perfctr_core", "bmi2", "cx8", "syscall", "tsc_adjust", "avx2", "vaes", "rdseed", "cmp_legacy", "fxsr_opt", "lfence-always-serializing", "lbrv", "pclmuldq", "xsaves", "nrip-save", "vme", "clflush", "ssse3", "sha-ni", "sep", "nx", "pku", "amd-ssbd", "fxsr", "mmx", "smep", "rdtscp"]}',created_at=2026-07-08T05:47:22Z,current_workload=0,deleted=False,deleted_at=None,disk_allocation_ratio=1.0,disk_available_least=73,free_disk_gb=95,free_ram_mb=62765,host='np0000004781',host_ip=10.4.3.104,hypervisor_hostname='np0000004781',hypervisor_type='QEMU',hypervisor_version=8002002,id=1,local_gb=95,local_gb_used=0,mapped=1,memory_mb=63277,memory_mb_used=512,metrics='[]',numa_topology='{"nova_object.name": "NUMATopology", "nova_object.namespace": "nova", "nova_object.version": "1.2", "nova_object.data": {"cells": [{"nova_object.name": "NUMACell", "nova_object.namespace": "nova", "nova_object.version": "1.5", "nova_object.data": {"id": 0, "cpuset": [0, 1, 2, 3, 4, 5, 6, 7, 8, 9, 10, 11, 12, 13, 14, 15], "pcpuset": [0, 1, 2, 3, 4, 5, 6, 7, 8, 9, 10, 11, 12, 13, 14, 15], "memory": 63277, "cpu_usage": 0, "memory_usage": 0, "pinned_cpus": [], "siblings": [[6], [12], [2], [15], [5], [11], [8], [14], [4], [1], [7], [10], [0], [13], [3], [9]], "mempages": [{"nova_object.name": "NUMAPagesTopology", "nova_object.namespace": "nova", "nova_object.version": "1.1", "nova_object.data": {"size_kb": 4, "total": 16177928, "used": 0, "reserved": 0}, "nova_object.changes": ["size_kb", "reserved", "total", "used"]}, {"nova_object.name": "NUMAPagesTopology", "nova_object.namespace": "nova", "nova_object.version": "1.1", "nova_object.data": {"size_kb": 2048, "total": 41, "used": 0, "reserved": 0}, "nova_object.changes": ["size_kb", "reserved", "total", "used"]}, {"nova_object.name": "NUMAPagesTopology", "nova_object.namespace": "nova", "nova_object.version": "1.1", "nova_object.data": {"size_kb": 1048576, "total": 0, "used": 0, "reserved": 0}, "nova_object.changes": ["size_kb", "reserved", "total", "used"]}], "network_metadata": {"nova_object.name": "NetworkMetadata", "nova_object.namespace": "nova", "nova_object.version": "1.0", "nova_object.data": {"physnets": [], "tunneled": false}, "nova_object.changes": ["physnets", "tunneled"]}, "socket": null}, "nova_object.changes": ["socket", "siblings", "pcpuset", "id", "cpuset", "memory_usage", "mempages", "memory", "network_metadata", "pinned_cpus", "cpu_usage"]}]}, "nova_object.changes": ["cells"]}',pci_device_pools=PciDevicePoolList,ram_allocation_ratio=1.0,running_vms=0,service_id=3,stats={failed_builds='0',uptime=' 05:49:06 up 14 min, 2 users, load average: 1.24, 1.46, 0.85
Jul 08 05:49:33.591094 np0000004781 nova-scheduler[93161]: '},supported_hv_specs=[HVSpec,HVSpec,HVSpec,HVSpec,HVSpec,HVSpec,HVSpec,HVSpec,HVSpec,HVSpec,HVSpec,HVSpec,HVSpec,HVSpec,HVSpec,HVSpec,HVSpec,HVSpec,HVSpec,HVSpec,HVSpec,HVSpec,HVSpec,HVSpec,HVSpec],updated_at=2026-07-08T05:49:08Z,uuid=43a4c0ca-83a3-4fef-a669-899674badda8,vcpus=16,vcpus_used=0) {{(pid=93161) _locked_update /opt/stack/nova/nova/scheduler/host_manager.py:168}}
Jul 08 05:49:33.592219 np0000004781 nova-scheduler[93161]: DEBUG nova.scheduler.host_manager [None req-f1921e23-8390-4904-bfd8-6bfc24317b54 tempest-ServerBootFromVolumeStableRescueTest-1613689075 tempest-ServerBootFromVolumeStableRescueTest-1613689075-project-member] Update host state with aggregates: [] {{(pid=93161) _locked_update /opt/stack/nova/nova/scheduler/host_manager.py:171}}
Jul 08 05:49:33.592452 np0000004781 nova-scheduler[93161]: DEBUG nova.scheduler.host_manager [None req-f1921e23-8390-4904-bfd8-6bfc24317b54 tempest-ServerBootFromVolumeStableRescueTest-1613689075 tempest-ServerBootFromVolumeStableRescueTest-1613689075-project-member] Update host state with service dict: {'id': 3, 'uuid': '5296b826-900f-4fef-ad69-1b9c8f82646f', 'host': 'np0000004781', 'binary': 'nova-compute', 'topic': 'compute', 'report_count': 2, 'disabled': False, 'disabled_reason': None, 'last_seen_up': datetime.datetime(2026, 7, 8, 5, 49, 30, tzinfo=datetime.timezone.utc), 'forced_down': False, 'version': 72, 'created_at': datetime.datetime(2026, 7, 8, 5, 47, 20, tzinfo=datetime.timezone.utc), 'updated_at': datetime.datetime(2026, 7, 8, 5, 49, 30, tzinfo=datetime.timezone.utc), 'deleted_at': None, 'deleted': False} {{(pid=93161) _locked_update /opt/stack/nova/nova/scheduler/host_manager.py:174}}
Jul 08 05:49:33.592675 np0000004781 nova-scheduler[93161]: DEBUG nova.scheduler.host_manager [None req-f1921e23-8390-4904-bfd8-6bfc24317b54 tempest-ServerBootFromVolumeStableRescueTest-1613689075 tempest-ServerBootFromVolumeStableRescueTest-1613689075-project-member] Update host state with instances: [] {{(pid=93161) _locked_update /opt/stack/nova/nova/scheduler/host_manager.py:177}}
Jul 08 05:49:33.592770 np0000004781 nova-scheduler[93161]: DEBUG oslo_concurrency.lockutils [None req-f1921e23-8390-4904-bfd8-6bfc24317b54 tempest-ServerBootFromVolumeStableRescueTest-1613689075 tempest-ServerBootFromVolumeStableRescueTest-1613689075-project-member] Lock "np0000004781-np0000004781" "released" by "nova.scheduler.host_manager.HostState.update.._locked_update" :: held 0.003s {{(pid=93161) inner /opt/stack/data/venv/lib/python3.12/site-packages/oslo_concurrency/lockutils.py:543}}
Jul 08 05:49:33.593398 np0000004781 nova-scheduler[93161]: DEBUG nova.filters [None req-f1921e23-8390-4904-bfd8-6bfc24317b54 tempest-ServerBootFromVolumeStableRescueTest-1613689075 tempest-ServerBootFromVolumeStableRescueTest-1613689075-project-member] Starting with 1 host(s) {{(pid=93161) get_filtered_objects /opt/stack/nova/nova/filters.py:70}}
Jul 08 05:49:33.593687 np0000004781 nova-scheduler[93161]: DEBUG nova.filters [None req-f1921e23-8390-4904-bfd8-6bfc24317b54 tempest-ServerBootFromVolumeStableRescueTest-1613689075 tempest-ServerBootFromVolumeStableRescueTest-1613689075-project-member] Filter ComputeFilter returned 1 host(s) {{(pid=93161) get_filtered_objects /opt/stack/nova/nova/filters.py:102}}
Jul 08 05:49:33.593909 np0000004781 nova-scheduler[93161]: DEBUG nova.filters [None req-f1921e23-8390-4904-bfd8-6bfc24317b54 tempest-ServerBootFromVolumeStableRescueTest-1613689075 tempest-ServerBootFromVolumeStableRescueTest-1613689075-project-member] Filter ComputeCapabilitiesFilter returned 1 host(s) {{(pid=93161) get_filtered_objects /opt/stack/nova/nova/filters.py:102}}
Jul 08 05:49:33.594468 np0000004781 nova-scheduler[93161]: DEBUG nova.filters [None req-f1921e23-8390-4904-bfd8-6bfc24317b54 tempest-ServerBootFromVolumeStableRescueTest-1613689075 tempest-ServerBootFromVolumeStableRescueTest-1613689075-project-member] Filter ImagePropertiesFilter returned 1 host(s) {{(pid=93161) get_filtered_objects /opt/stack/nova/nova/filters.py:102}}
Jul 08 05:49:33.594468 np0000004781 nova-scheduler[93161]: DEBUG nova.filters [None req-f1921e23-8390-4904-bfd8-6bfc24317b54 tempest-ServerBootFromVolumeStableRescueTest-1613689075 tempest-ServerBootFromVolumeStableRescueTest-1613689075-project-member] Filter ServerGroupAntiAffinityFilter returned 1 host(s) {{(pid=93161) get_filtered_objects /opt/stack/nova/nova/filters.py:102}}
Jul 08 05:49:33.594607 np0000004781 nova-scheduler[93161]: DEBUG nova.filters [None req-f1921e23-8390-4904-bfd8-6bfc24317b54 tempest-ServerBootFromVolumeStableRescueTest-1613689075 tempest-ServerBootFromVolumeStableRescueTest-1613689075-project-member] Filter ServerGroupAffinityFilter returned 1 host(s) {{(pid=93161) get_filtered_objects /opt/stack/nova/nova/filters.py:102}}
Jul 08 05:49:33.594748 np0000004781 nova-scheduler[93161]: DEBUG nova.filters [None req-f1921e23-8390-4904-bfd8-6bfc24317b54 tempest-ServerBootFromVolumeStableRescueTest-1613689075 tempest-ServerBootFromVolumeStableRescueTest-1613689075-project-member] Filter SameHostFilter returned 1 host(s) {{(pid=93161) get_filtered_objects /opt/stack/nova/nova/filters.py:102}}
Jul 08 05:49:33.594881 np0000004781 nova-scheduler[93161]: DEBUG nova.filters [None req-f1921e23-8390-4904-bfd8-6bfc24317b54 tempest-ServerBootFromVolumeStableRescueTest-1613689075 tempest-ServerBootFromVolumeStableRescueTest-1613689075-project-member] Filter DifferentHostFilter returned 1 host(s) {{(pid=93161) get_filtered_objects /opt/stack/nova/nova/filters.py:102}}
Jul 08 05:49:33.595072 np0000004781 nova-scheduler[93161]: DEBUG nova.scheduler.manager [None req-f1921e23-8390-4904-bfd8-6bfc24317b54 tempest-ServerBootFromVolumeStableRescueTest-1613689075 tempest-ServerBootFromVolumeStableRescueTest-1613689075-project-member] Filtered [(np0000004781, np0000004781) ram: 62765MB disk: 74752MB io_ops: 0 instances: 0, allocation_candidates: 1] {{(pid=93161) _get_sorted_hosts /opt/stack/nova/nova/scheduler/manager.py:742}}
Jul 08 05:49:33.595338 np0000004781 nova-scheduler[93161]: DEBUG nova.scheduler.manager [None req-f1921e23-8390-4904-bfd8-6bfc24317b54 tempest-ServerBootFromVolumeStableRescueTest-1613689075 tempest-ServerBootFromVolumeStableRescueTest-1613689075-project-member] Weighed [WeighedHost [host: (np0000004781, np0000004781) ram: 62765MB disk: 74752MB io_ops: 0 instances: 0, allocation_candidates: 1, weight: 0.0]] {{(pid=93161) _get_sorted_hosts /opt/stack/nova/nova/scheduler/manager.py:764}}
Jul 08 05:49:33.595652 np0000004781 nova-scheduler[93161]: DEBUG nova.scheduler.utils [None req-f1921e23-8390-4904-bfd8-6bfc24317b54 tempest-ServerBootFromVolumeStableRescueTest-1613689075 tempest-ServerBootFromVolumeStableRescueTest-1613689075-project-member] Attempting to claim resources in the placement API for instance 3ae8048f-b6e1-47d5-a89e-e258e0c6da3a {{(pid=93161) claim_resources /opt/stack/nova/nova/scheduler/utils.py:1345}}
Jul 08 05:49:33.672192 np0000004781 nova-scheduler[93156]: INFO nova.utils [None req-beba0ff9-27a0-4822-b062-267cdef2480f tempest-DeleteServersTestJSON-407853273 tempest-DeleteServersTestJSON-407853273-project-member] The cell worker thread pool ForkProcess-1.cell_worker is initialized
Jul 08 05:49:33.672576 np0000004781 nova-scheduler[93156]: DEBUG oslo_concurrency.lockutils [None req-beba0ff9-27a0-4822-b062-267cdef2480f tempest-DeleteServersTestJSON-407853273 tempest-DeleteServersTestJSON-407853273-project-member] Acquiring lock "762cda85-fe36-4e88-acac-d37cd8ddd8a2" by "nova.context.set_target_cell..get_or_set_cached_cell_and_set_connections" {{(pid=93156) inner /opt/stack/data/venv/lib/python3.12/site-packages/oslo_concurrency/lockutils.py:511}}
Jul 08 05:49:33.672724 np0000004781 nova-scheduler[93156]: DEBUG oslo_concurrency.lockutils [None req-beba0ff9-27a0-4822-b062-267cdef2480f tempest-DeleteServersTestJSON-407853273 tempest-DeleteServersTestJSON-407853273-project-member] Lock "762cda85-fe36-4e88-acac-d37cd8ddd8a2" acquired by "nova.context.set_target_cell..get_or_set_cached_cell_and_set_connections" :: waited 0.000s {{(pid=93156) inner /opt/stack/data/venv/lib/python3.12/site-packages/oslo_concurrency/lockutils.py:524}}
Jul 08 05:49:33.674173 np0000004781 nova-scheduler[93156]: DEBUG oslo_concurrency.lockutils [None req-beba0ff9-27a0-4822-b062-267cdef2480f tempest-DeleteServersTestJSON-407853273 tempest-DeleteServersTestJSON-407853273-project-member] Lock "762cda85-fe36-4e88-acac-d37cd8ddd8a2" "released" by "nova.context.set_target_cell..get_or_set_cached_cell_and_set_connections" :: held 0.001s {{(pid=93156) inner /opt/stack/data/venv/lib/python3.12/site-packages/oslo_concurrency/lockutils.py:543}}
Jul 08 05:49:33.676979 np0000004781 nova-scheduler[93163]: INFO nova.utils [None req-2f78a6ea-ec67-4b41-bf0d-8dfc5ab31291 tempest-AttachVolumeTestJSON-1919696602 tempest-AttachVolumeTestJSON-1919696602-project-member] The cell worker thread pool ForkProcess-3.cell_worker is initialized
Jul 08 05:49:33.677569 np0000004781 nova-scheduler[93163]: DEBUG oslo_concurrency.lockutils [None req-2f78a6ea-ec67-4b41-bf0d-8dfc5ab31291 tempest-AttachVolumeTestJSON-1919696602 tempest-AttachVolumeTestJSON-1919696602-project-member] Acquiring lock "762cda85-fe36-4e88-acac-d37cd8ddd8a2" by "nova.context.set_target_cell..get_or_set_cached_cell_and_set_connections" {{(pid=93163) inner /opt/stack/data/venv/lib/python3.12/site-packages/oslo_concurrency/lockutils.py:511}}
