Jun 25 04:37:50.766930 np0000003584 nova-scheduler[93283]: DEBUG cotyledon.oslo_config_glue [-] oslo_limit.cafile = None {{(pid=93283) log_opt_values /opt/stack/data/venv/lib/python3.12/site-packages/oslo_config/cfg.py:3253}}
Jun 25 04:37:50.766984 np0000003584 nova-scheduler[93283]: DEBUG cotyledon.oslo_config_glue [-] oslo_limit.certfile = None {{(pid=93283) log_opt_values /opt/stack/data/venv/lib/python3.12/site-packages/oslo_config/cfg.py:3253}}
Jun 25 04:37:50.767066 np0000003584 nova-scheduler[93283]: DEBUG cotyledon.oslo_config_glue [-] oslo_limit.collect_timing = False {{(pid=93283) log_opt_values /opt/stack/data/venv/lib/python3.12/site-packages/oslo_config/cfg.py:3253}}
Jun 25 04:37:50.767117 np0000003584 nova-scheduler[93283]: DEBUG cotyledon.oslo_config_glue [-] oslo_limit.connect_retries = None {{(pid=93283) log_opt_values /opt/stack/data/venv/lib/python3.12/site-packages/oslo_config/cfg.py:3253}}
Jun 25 04:37:50.767181 np0000003584 nova-scheduler[93283]: DEBUG cotyledon.oslo_config_glue [-] oslo_limit.connect_retry_delay = None {{(pid=93283) log_opt_values /opt/stack/data/venv/lib/python3.12/site-packages/oslo_config/cfg.py:3253}}
Jun 25 04:37:50.767241 np0000003584 nova-scheduler[93283]: DEBUG cotyledon.oslo_config_glue [-] oslo_limit.endpoint_id = None {{(pid=93283) log_opt_values /opt/stack/data/venv/lib/python3.12/site-packages/oslo_config/cfg.py:3253}}
Jun 25 04:37:50.767293 np0000003584 nova-scheduler[93283]: DEBUG cotyledon.oslo_config_glue [-] oslo_limit.endpoint_interface = public {{(pid=93283) log_opt_values /opt/stack/data/venv/lib/python3.12/site-packages/oslo_config/cfg.py:3253}}
Jun 25 04:37:50.767352 np0000003584 nova-scheduler[93283]: DEBUG cotyledon.oslo_config_glue [-] oslo_limit.endpoint_override = None {{(pid=93283) log_opt_values /opt/stack/data/venv/lib/python3.12/site-packages/oslo_config/cfg.py:3253}}
Jun 25 04:37:50.767413 np0000003584 nova-scheduler[93283]: DEBUG cotyledon.oslo_config_glue [-] oslo_limit.endpoint_region_name = None {{(pid=93283) log_opt_values /opt/stack/data/venv/lib/python3.12/site-packages/oslo_config/cfg.py:3253}}
Jun 25 04:37:50.767477 np0000003584 nova-scheduler[93283]: DEBUG cotyledon.oslo_config_glue [-] oslo_limit.endpoint_service_name = None {{(pid=93283) log_opt_values /opt/stack/data/venv/lib/python3.12/site-packages/oslo_config/cfg.py:3253}}
Jun 25 04:37:50.767542 np0000003584 nova-scheduler[93283]: DEBUG cotyledon.oslo_config_glue [-] oslo_limit.endpoint_service_type = None {{(pid=93283) log_opt_values /opt/stack/data/venv/lib/python3.12/site-packages/oslo_config/cfg.py:3253}}
Jun 25 04:37:50.767598 np0000003584 nova-scheduler[93283]: DEBUG cotyledon.oslo_config_glue [-] oslo_limit.insecure = False {{(pid=93283) log_opt_values /opt/stack/data/venv/lib/python3.12/site-packages/oslo_config/cfg.py:3253}}
Jun 25 04:37:50.767651 np0000003584 nova-scheduler[93283]: DEBUG cotyledon.oslo_config_glue [-] oslo_limit.keyfile = None {{(pid=93283) log_opt_values /opt/stack/data/venv/lib/python3.12/site-packages/oslo_config/cfg.py:3253}}
Jun 25 04:37:50.767703 np0000003584 nova-scheduler[93283]: DEBUG cotyledon.oslo_config_glue [-] oslo_limit.max_version = None {{(pid=93283) log_opt_values /opt/stack/data/venv/lib/python3.12/site-packages/oslo_config/cfg.py:3253}}
Jun 25 04:37:50.767757 np0000003584 nova-scheduler[93283]: DEBUG cotyledon.oslo_config_glue [-] oslo_limit.min_version = None {{(pid=93283) log_opt_values /opt/stack/data/venv/lib/python3.12/site-packages/oslo_config/cfg.py:3253}}
Jun 25 04:37:50.767808 np0000003584 nova-scheduler[93283]: DEBUG cotyledon.oslo_config_glue [-] oslo_limit.region_name = None {{(pid=93283) log_opt_values /opt/stack/data/venv/lib/python3.12/site-packages/oslo_config/cfg.py:3253}}
Jun 25 04:37:50.767861 np0000003584 nova-scheduler[93283]: DEBUG cotyledon.oslo_config_glue [-] oslo_limit.retriable_status_codes = None {{(pid=93283) log_opt_values /opt/stack/data/venv/lib/python3.12/site-packages/oslo_config/cfg.py:3253}}
Jun 25 04:37:50.767928 np0000003584 nova-scheduler[93283]: DEBUG cotyledon.oslo_config_glue [-] oslo_limit.service_name = None {{(pid=93283) log_opt_values /opt/stack/data/venv/lib/python3.12/site-packages/oslo_config/cfg.py:3253}}
Jun 25 04:37:50.767984 np0000003584 nova-scheduler[93283]: DEBUG cotyledon.oslo_config_glue [-] oslo_limit.service_type = None {{(pid=93283) log_opt_values /opt/stack/data/venv/lib/python3.12/site-packages/oslo_config/cfg.py:3253}}
Jun 25 04:37:50.768111 np0000003584 nova-scheduler[93283]: DEBUG cotyledon.oslo_config_glue [-] oslo_limit.split_loggers = False {{(pid=93283) log_opt_values /opt/stack/data/venv/lib/python3.12/site-packages/oslo_config/cfg.py:3253}}
Jun 25 04:37:50.768187 np0000003584 nova-scheduler[93283]: DEBUG cotyledon.oslo_config_glue [-] oslo_limit.status_code_retries = None {{(pid=93283) log_opt_values /opt/stack/data/venv/lib/python3.12/site-packages/oslo_config/cfg.py:3253}}
Jun 25 04:37:50.768246 np0000003584 nova-scheduler[93283]: DEBUG cotyledon.oslo_config_glue [-] oslo_limit.status_code_retry_delay = None {{(pid=93283) log_opt_values /opt/stack/data/venv/lib/python3.12/site-packages/oslo_config/cfg.py:3253}}
Jun 25 04:37:50.768303 np0000003584 nova-scheduler[93283]: DEBUG cotyledon.oslo_config_glue [-] oslo_limit.timeout = None {{(pid=93283) log_opt_values /opt/stack/data/venv/lib/python3.12/site-packages/oslo_config/cfg.py:3253}}
Jun 25 04:37:50.768355 np0000003584 nova-scheduler[93283]: DEBUG cotyledon.oslo_config_glue [-] oslo_limit.valid_interfaces = None {{(pid=93283) log_opt_values /opt/stack/data/venv/lib/python3.12/site-packages/oslo_config/cfg.py:3253}}
Jun 25 04:37:50.768388 np0000003584 nova-scheduler[93283]: DEBUG cotyledon.oslo_config_glue [-] oslo_limit.version = None {{(pid=93283) log_opt_values /opt/stack/data/venv/lib/python3.12/site-packages/oslo_config/cfg.py:3253}}
Jun 25 04:37:50.768447 np0000003584 nova-scheduler[93283]: DEBUG cotyledon.oslo_config_glue [-] oslo_reports.file_event_handler = None {{(pid=93283) log_opt_values /opt/stack/data/venv/lib/python3.12/site-packages/oslo_config/cfg.py:3253}}
Jun 25 04:37:50.768492 np0000003584 nova-scheduler[93283]: DEBUG cotyledon.oslo_config_glue [-] oslo_reports.file_event_handler_interval = 1 {{(pid=93283) log_opt_values /opt/stack/data/venv/lib/python3.12/site-packages/oslo_config/cfg.py:3253}}
Jun 25 04:37:50.768543 np0000003584 nova-scheduler[93283]: DEBUG cotyledon.oslo_config_glue [-] oslo_reports.log_dir = None {{(pid=93283) log_opt_values /opt/stack/data/venv/lib/python3.12/site-packages/oslo_config/cfg.py:3253}}
Jun 25 04:37:50.768584 np0000003584 nova-scheduler[93283]: DEBUG cotyledon.oslo_config_glue [-] ******************************************************************************** {{(pid=93283) log_opt_values /opt/stack/data/venv/lib/python3.12/site-packages/oslo_config/cfg.py:3260}}
Jun 25 04:37:50.768741 np0000003584 nova-scheduler[93283]: DEBUG cotyledon._service_worker [-] Run service ServiceWrapper(2) [93283] {{(pid=93283) wait_forever /opt/stack/data/venv/lib/python3.12/site-packages/cotyledon/_service_worker.py:218}}
Jun 25 04:37:50.769955 np0000003584 nova-scheduler[93283]: INFO nova.service [-] Starting scheduler node (version 33.1.0)
Jun 25 04:37:50.774309 np0000003584 nova-scheduler[93283]: INFO dbcounter [None req-7ca049cc-99b2-4bd4-bd31-59e3cdcf23c3 None None] Registered counter for database nova_cell0
Jun 25 04:37:50.781051 np0000003584 nova-scheduler[93238]: DEBUG oslo_db.sqlalchemy.engines [None req-e979832d-5643-401f-8807-6d52852a017d None None] MySQL server mode set to STRICT_TRANS_TABLES,STRICT_ALL_TABLES,NO_ZERO_IN_DATE,NO_ZERO_DATE,ERROR_FOR_DIVISION_BY_ZERO,TRADITIONAL,NO_ENGINE_SUBSTITUTION {{(pid=93238) _check_effective_sql_mode /opt/stack/data/venv/lib/python3.12/site-packages/oslo_db/sqlalchemy/engines.py:325}}
Jun 25 04:37:50.790134 np0000003584 nova-scheduler[93238]: DEBUG dbcounter [-] [93238] Writer thread running {{(pid=93238) stat_writer /opt/stack/data/venv/lib/python3.12/site-packages/dbcounter.py:102}}
Jun 25 04:37:50.791212 np0000003584 nova-scheduler[93240]: DEBUG oslo_db.sqlalchemy.engines [None req-2892eacf-e0b9-4fda-b761-71b798537304 None None] MySQL server mode set to STRICT_TRANS_TABLES,STRICT_ALL_TABLES,NO_ZERO_IN_DATE,NO_ZERO_DATE,ERROR_FOR_DIVISION_BY_ZERO,TRADITIONAL,NO_ENGINE_SUBSTITUTION {{(pid=93240) _check_effective_sql_mode /opt/stack/data/venv/lib/python3.12/site-packages/oslo_db/sqlalchemy/engines.py:325}}
Jun 25 04:37:50.799946 np0000003584 nova-scheduler[93240]: DEBUG dbcounter [-] [93240] Writer thread running {{(pid=93240) stat_writer /opt/stack/data/venv/lib/python3.12/site-packages/dbcounter.py:102}}
Jun 25 04:37:50.809925 np0000003584 nova-scheduler[93283]: DEBUG oslo_db.sqlalchemy.engines [None req-7ca049cc-99b2-4bd4-bd31-59e3cdcf23c3 None None] MySQL server mode set to STRICT_TRANS_TABLES,STRICT_ALL_TABLES,NO_ZERO_IN_DATE,NO_ZERO_DATE,ERROR_FOR_DIVISION_BY_ZERO,TRADITIONAL,NO_ENGINE_SUBSTITUTION {{(pid=93283) _check_effective_sql_mode /opt/stack/data/venv/lib/python3.12/site-packages/oslo_db/sqlalchemy/engines.py:325}}
Jun 25 04:37:50.810055 np0000003584 nova-scheduler[93238]: DEBUG nova.service [None req-e979832d-5643-401f-8807-6d52852a017d None None] Creating RPC server for service: nova-scheduler on topic: scheduler {{(pid=93238) start /opt/stack/nova/nova/service.py:196}}
Jun 25 04:37:50.817484 np0000003584 nova-scheduler[93240]: DEBUG nova.service [None req-2892eacf-e0b9-4fda-b761-71b798537304 None None] Creating RPC server for service: nova-scheduler on topic: scheduler {{(pid=93240) start /opt/stack/nova/nova/service.py:196}}
Jun 25 04:37:50.819538 np0000003584 nova-scheduler[93283]: DEBUG dbcounter [-] [93283] Writer thread running {{(pid=93283) stat_writer /opt/stack/data/venv/lib/python3.12/site-packages/dbcounter.py:102}}
Jun 25 04:37:50.822667 np0000003584 nova-scheduler[93283]: DEBUG nova.service [None req-7ca049cc-99b2-4bd4-bd31-59e3cdcf23c3 None None] Creating RPC server for service: nova-scheduler on topic: scheduler {{(pid=93283) start /opt/stack/nova/nova/service.py:196}}
Jun 25 04:37:50.840707 np0000003584 nova-scheduler[93240]: DEBUG nova.service [None req-2892eacf-e0b9-4fda-b761-71b798537304 None None] Join ServiceGroup membership for this service scheduler {{(pid=93240) start /opt/stack/nova/nova/service.py:222}}
Jun 25 04:37:50.840861 np0000003584 nova-scheduler[93240]: DEBUG nova.servicegroup.drivers.db [None req-2892eacf-e0b9-4fda-b761-71b798537304 None None] DB_Driver: join new ServiceGroup member np0000003584 to the scheduler group, service = {{(pid=93240) join /opt/stack/nova/nova/servicegroup/drivers/db.py:44}}
Jun 25 04:37:50.841515 np0000003584 nova-scheduler[93283]: DEBUG nova.service [None req-7ca049cc-99b2-4bd4-bd31-59e3cdcf23c3 None None] Join ServiceGroup membership for this service scheduler {{(pid=93283) start /opt/stack/nova/nova/service.py:222}}
Jun 25 04:37:50.841622 np0000003584 nova-scheduler[93283]: DEBUG nova.servicegroup.drivers.db [None req-7ca049cc-99b2-4bd4-bd31-59e3cdcf23c3 None None] DB_Driver: join new ServiceGroup member np0000003584 to the scheduler group, service = {{(pid=93283) join /opt/stack/nova/nova/servicegroup/drivers/db.py:44}}
Jun 25 04:37:50.845861 np0000003584 nova-scheduler[93238]: DEBUG nova.service [None req-e979832d-5643-401f-8807-6d52852a017d None None] Join ServiceGroup membership for this service scheduler {{(pid=93238) start /opt/stack/nova/nova/service.py:222}}
Jun 25 04:37:50.846188 np0000003584 nova-scheduler[93238]: DEBUG nova.servicegroup.drivers.db [None req-e979832d-5643-401f-8807-6d52852a017d None None] DB_Driver: join new ServiceGroup member np0000003584 to the scheduler group, service = {{(pid=93238) join /opt/stack/nova/nova/servicegroup/drivers/db.py:44}}
Jun 25 04:37:51.848498 np0000003584 nova-scheduler[93238]: DEBUG oslo.service.backend._threading.loopingcall [None req-0b1a935c-1d6f-41c2-a4db-7c2d81cbf177 None None] Dynamic interval looping call 'nova.service.Service.periodic_tasks' sleeping for 60.00 seconds {{(pid=93238) _run_loop /opt/stack/data/venv/lib/python3.12/site-packages/oslo_service/backend/_threading/loopingcall.py:125}}
Jun 25 04:37:55.857889 np0000003584 nova-scheduler[93240]: DEBUG oslo.service.backend._threading.loopingcall [-] Fixed interval looping call 'nova.servicegroup.drivers.db.DbDriver._report_state' sleeping for 119.98 seconds {{(pid=93240) _run_loop /opt/stack/data/venv/lib/python3.12/site-packages/oslo_service/backend/_threading/loopingcall.py:125}}
Jun 25 04:37:55.858936 np0000003584 nova-scheduler[93283]: DEBUG oslo.service.backend._threading.loopingcall [-] Fixed interval looping call 'nova.servicegroup.drivers.db.DbDriver._report_state' sleeping for 119.98 seconds {{(pid=93283) _run_loop /opt/stack/data/venv/lib/python3.12/site-packages/oslo_service/backend/_threading/loopingcall.py:125}}
Jun 25 04:37:55.859633 np0000003584 nova-scheduler[93238]: DEBUG oslo.service.backend._threading.loopingcall [-] Fixed interval looping call 'nova.servicegroup.drivers.db.DbDriver._report_state' sleeping for 119.99 seconds {{(pid=93238) _run_loop /opt/stack/data/venv/lib/python3.12/site-packages/oslo_service/backend/_threading/loopingcall.py:125}}
Jun 25 04:37:59.373358 np0000003584 nova-scheduler[92030]: DEBUG dbcounter [-] [92030] Writing DB stats nova_api:SELECT=3 {{(pid=92030) stat_writer /opt/stack/data/venv/lib/python3.12/site-packages/dbcounter.py:115}}
Jun 25 04:37:59.534539 np0000003584 nova-scheduler[92030]: DEBUG dbcounter [-] [92030] Writing DB stats nova_cell0:SELECT=1 {{(pid=92030) stat_writer /opt/stack/data/venv/lib/python3.12/site-packages/dbcounter.py:115}}
Jun 25 04:37:59.539011 np0000003584 nova-scheduler[92030]: DEBUG dbcounter [-] [92030] Writing DB stats nova_cell1:SELECT=1 {{(pid=92030) stat_writer /opt/stack/data/venv/lib/python3.12/site-packages/dbcounter.py:115}}
Jun 25 04:38:05.849968 np0000003584 nova-scheduler[93240]: DEBUG dbcounter [-] [93240] Writing DB stats nova_cell0:SELECT=5,nova_cell0:INSERT=1,nova_cell0:UPDATE=1 {{(pid=93240) stat_writer /opt/stack/data/venv/lib/python3.12/site-packages/dbcounter.py:115}}
Jun 25 04:38:05.853982 np0000003584 nova-scheduler[93283]: DEBUG dbcounter [-] [93283] Writing DB stats nova_cell0:SELECT=3,nova_cell0:UPDATE=1 {{(pid=93283) stat_writer /opt/stack/data/venv/lib/python3.12/site-packages/dbcounter.py:115}}
Jun 25 04:38:05.855543 np0000003584 nova-scheduler[93238]: DEBUG dbcounter [-] [93238] Writing DB stats nova_cell0:SELECT=4,nova_cell0:INSERT=1,nova_cell0:UPDATE=1 {{(pid=93238) stat_writer /opt/stack/data/venv/lib/python3.12/site-packages/dbcounter.py:115}}
Jun 25 04:38:33.843889 np0000003584 nova-scheduler[93283]: DEBUG oslo.service.backend._threading.loopingcall [None req-da645251-1a95-400a-961a-7cd1c9cbf712 None None] Dynamic interval looping call 'nova.service.Service.periodic_tasks' sleeping for 60.00 seconds {{(pid=93283) _run_loop /opt/stack/data/venv/lib/python3.12/site-packages/oslo_service/backend/_threading/loopingcall.py:125}}
Jun 25 04:38:50.842853 np0000003584 nova-scheduler[93240]: DEBUG oslo.service.backend._threading.loopingcall [None req-3863cea7-1045-40f9-8fb1-cc19c50be4cd None None] Dynamic interval looping call 'nova.service.Service.periodic_tasks' sleeping for 60.00 seconds {{(pid=93240) _run_loop /opt/stack/data/venv/lib/python3.12/site-packages/oslo_service/backend/_threading/loopingcall.py:125}}
Jun 25 04:38:51.848947 np0000003584 nova-scheduler[93238]: DEBUG oslo.service.backend._threading.loopingcall [None req-0b1a935c-1d6f-41c2-a4db-7c2d81cbf177 None None] Dynamic interval looping call 'nova.service.Service.periodic_tasks' sleeping for 60.00 seconds {{(pid=93238) _run_loop /opt/stack/data/venv/lib/python3.12/site-packages/oslo_service/backend/_threading/loopingcall.py:125}}
Jun 25 04:39:33.844464 np0000003584 nova-scheduler[93283]: DEBUG oslo.service.backend._threading.loopingcall [None req-da645251-1a95-400a-961a-7cd1c9cbf712 None None] Dynamic interval looping call 'nova.service.Service.periodic_tasks' sleeping for 60.00 seconds {{(pid=93283) _run_loop /opt/stack/data/venv/lib/python3.12/site-packages/oslo_service/backend/_threading/loopingcall.py:125}}
Jun 25 04:39:50.843637 np0000003584 nova-scheduler[93240]: DEBUG oslo.service.backend._threading.loopingcall [None req-3863cea7-1045-40f9-8fb1-cc19c50be4cd None None] Dynamic interval looping call 'nova.service.Service.periodic_tasks' sleeping for 60.00 seconds {{(pid=93240) _run_loop /opt/stack/data/venv/lib/python3.12/site-packages/oslo_service/backend/_threading/loopingcall.py:125}}
Jun 25 04:39:51.849441 np0000003584 nova-scheduler[93238]: DEBUG oslo.service.backend._threading.loopingcall [None req-0b1a935c-1d6f-41c2-a4db-7c2d81cbf177 None None] Dynamic interval looping call 'nova.service.Service.periodic_tasks' sleeping for 60.00 seconds {{(pid=93238) _run_loop /opt/stack/data/venv/lib/python3.12/site-packages/oslo_service/backend/_threading/loopingcall.py:125}}
Jun 25 04:39:55.847055 np0000003584 nova-scheduler[93240]: DEBUG oslo.service.backend._threading.loopingcall [-] Fixed interval looping call 'nova.servicegroup.drivers.db.DbDriver._report_state' sleeping for 119.99 seconds {{(pid=93240) _run_loop /opt/stack/data/venv/lib/python3.12/site-packages/oslo_service/backend/_threading/loopingcall.py:125}}
Jun 25 04:39:55.847716 np0000003584 nova-scheduler[93283]: DEBUG oslo.service.backend._threading.loopingcall [-] Fixed interval looping call 'nova.servicegroup.drivers.db.DbDriver._report_state' sleeping for 119.99 seconds {{(pid=93283) _run_loop /opt/stack/data/venv/lib/python3.12/site-packages/oslo_service/backend/_threading/loopingcall.py:125}}
Jun 25 04:39:55.852565 np0000003584 nova-scheduler[93238]: DEBUG oslo.service.backend._threading.loopingcall [-] Fixed interval looping call 'nova.servicegroup.drivers.db.DbDriver._report_state' sleeping for 120.00 seconds {{(pid=93238) _run_loop /opt/stack/data/venv/lib/python3.12/site-packages/oslo_service/backend/_threading/loopingcall.py:125}}
Jun 25 04:40:05.841374 np0000003584 nova-scheduler[93240]: DEBUG dbcounter [-] [93240] Writing DB stats nova_cell0:SELECT=1,nova_cell0:UPDATE=1 {{(pid=93240) stat_writer /opt/stack/data/venv/lib/python3.12/site-packages/dbcounter.py:115}}
Jun 25 04:40:05.841962 np0000003584 nova-scheduler[93283]: DEBUG dbcounter [-] [93283] Writing DB stats nova_cell0:SELECT=1,nova_cell0:UPDATE=1 {{(pid=93283) stat_writer /opt/stack/data/venv/lib/python3.12/site-packages/dbcounter.py:115}}
Jun 25 04:40:05.851157 np0000003584 nova-scheduler[93238]: DEBUG dbcounter [-] [93238] Writing DB stats nova_cell0:SELECT=1 {{(pid=93238) stat_writer /opt/stack/data/venv/lib/python3.12/site-packages/dbcounter.py:115}}
Jun 25 04:40:31.748228 np0000003584 nova-scheduler[93240]: DEBUG nova.scheduler.manager [None req-57869b55-3d53-4e99-9917-501deda72e74 tempest-DeleteServersTestJSON-1345234189 tempest-DeleteServersTestJSON-1345234189-project-member] Starting to schedule for instances: ['1ad96212-e7cc-4479-8908-b733821f34e9'] {{(pid=93240) select_destinations /opt/stack/nova/nova/scheduler/manager.py:210}}
Jun 25 04:40:31.748228 np0000003584 nova-scheduler[93240]: DEBUG nova.scheduler.request_filter [None req-57869b55-3d53-4e99-9917-501deda72e74 tempest-DeleteServersTestJSON-1345234189 tempest-DeleteServersTestJSON-1345234189-project-member] compute_status_filter request filter added forbidden trait COMPUTE_STATUS_DISABLED {{(pid=93240) compute_status_filter /opt/stack/nova/nova/scheduler/request_filter.py:253}}
Jun 25 04:40:31.748228 np0000003584 nova-scheduler[93240]: DEBUG nova.scheduler.request_filter [None req-57869b55-3d53-4e99-9917-501deda72e74 tempest-DeleteServersTestJSON-1345234189 tempest-DeleteServersTestJSON-1345234189-project-member] Request filter 'compute_status_filter' took 0.0 seconds {{(pid=93240) wrapper /opt/stack/nova/nova/scheduler/request_filter.py:46}}
Jun 25 04:40:31.748869 np0000003584 nova-scheduler[93240]: DEBUG nova.scheduler.request_filter [None req-57869b55-3d53-4e99-9917-501deda72e74 tempest-DeleteServersTestJSON-1345234189 tempest-DeleteServersTestJSON-1345234189-project-member] Request filter 'accelerators_filter' took 0.0 seconds {{(pid=93240) wrapper /opt/stack/nova/nova/scheduler/request_filter.py:46}}
Jun 25 04:40:31.748869 np0000003584 nova-scheduler[93240]: DEBUG nova.scheduler.request_filter [None req-57869b55-3d53-4e99-9917-501deda72e74 tempest-DeleteServersTestJSON-1345234189 tempest-DeleteServersTestJSON-1345234189-project-member] Request filter 'packed_virtqueue_filter' took 0.0 seconds {{(pid=93240) wrapper /opt/stack/nova/nova/scheduler/request_filter.py:46}}
Jun 25 04:40:31.749338 np0000003584 nova-scheduler[93240]: DEBUG nova.scheduler.request_filter [None req-57869b55-3d53-4e99-9917-501deda72e74 tempest-DeleteServersTestJSON-1345234189 tempest-DeleteServersTestJSON-1345234189-project-member] Request filter 'remote_managed_ports_filter' took 0.0 seconds {{(pid=93240) wrapper /opt/stack/nova/nova/scheduler/request_filter.py:46}}
Jun 25 04:40:31.749523 np0000003584 nova-scheduler[93240]: DEBUG nova.scheduler.request_filter [None req-57869b55-3d53-4e99-9917-501deda72e74 tempest-DeleteServersTestJSON-1345234189 tempest-DeleteServersTestJSON-1345234189-project-member] ephemeral_encryption_filter skipped {{(pid=93240) ephemeral_encryption_filter /opt/stack/nova/nova/scheduler/request_filter.py:426}}
Jun 25 04:40:31.749714 np0000003584 nova-scheduler[93240]: DEBUG nova.scheduler.request_filter [None req-57869b55-3d53-4e99-9917-501deda72e74 tempest-DeleteServersTestJSON-1345234189 tempest-DeleteServersTestJSON-1345234189-project-member] virtio_sound_filter skipped {{(pid=93240) virtio_sound_filter /opt/stack/nova/nova/scheduler/request_filter.py:460}}
Jun 25 04:40:31.752673 np0000003584 nova-scheduler[93240]: DEBUG nova.scheduler.request_filter [None req-57869b55-3d53-4e99-9917-501deda72e74 tempest-DeleteServersTestJSON-1345234189 tempest-DeleteServersTestJSON-1345234189-project-member] tpm_secret_security_filter skipped {{(pid=93240) tpm_secret_security_filter /opt/stack/nova/nova/scheduler/request_filter.py:477}}
Jun 25 04:40:32.266796 np0000003584 nova-scheduler[93240]: INFO nova.utils [None req-57869b55-3d53-4e99-9917-501deda72e74 tempest-DeleteServersTestJSON-1345234189 tempest-DeleteServersTestJSON-1345234189-project-member] The cell worker thread pool ForkProcess-2.cell_worker is initialized
Jun 25 04:40:32.267201 np0000003584 nova-scheduler[93240]: DEBUG oslo_concurrency.lockutils [None req-57869b55-3d53-4e99-9917-501deda72e74 tempest-DeleteServersTestJSON-1345234189 tempest-DeleteServersTestJSON-1345234189-project-member] Acquiring lock "33b7c96e-81e6-4ede-b164-2aa835c2467b" by "nova.context.set_target_cell..get_or_set_cached_cell_and_set_connections" {{(pid=93240) inner /opt/stack/data/venv/lib/python3.12/site-packages/oslo_concurrency/lockutils.py:511}}
Jun 25 04:40:32.267428 np0000003584 nova-scheduler[93240]: DEBUG oslo_concurrency.lockutils [None req-57869b55-3d53-4e99-9917-501deda72e74 tempest-DeleteServersTestJSON-1345234189 tempest-DeleteServersTestJSON-1345234189-project-member] Lock "33b7c96e-81e6-4ede-b164-2aa835c2467b" acquired by "nova.context.set_target_cell..get_or_set_cached_cell_and_set_connections" :: waited 0.000s {{(pid=93240) inner /opt/stack/data/venv/lib/python3.12/site-packages/oslo_concurrency/lockutils.py:524}}
Jun 25 04:40:32.269160 np0000003584 nova-scheduler[93240]: DEBUG oslo_concurrency.lockutils [None req-57869b55-3d53-4e99-9917-501deda72e74 tempest-DeleteServersTestJSON-1345234189 tempest-DeleteServersTestJSON-1345234189-project-member] Lock "33b7c96e-81e6-4ede-b164-2aa835c2467b" "released" by "nova.context.set_target_cell..get_or_set_cached_cell_and_set_connections" :: held 0.002s {{(pid=93240) inner /opt/stack/data/venv/lib/python3.12/site-packages/oslo_concurrency/lockutils.py:543}}
Jun 25 04:40:32.272351 np0000003584 nova-scheduler[93240]: INFO dbcounter [None req-57869b55-3d53-4e99-9917-501deda72e74 tempest-DeleteServersTestJSON-1345234189 tempest-DeleteServersTestJSON-1345234189-project-member] Registered counter for database nova_cell1
Jun 25 04:40:32.305294 np0000003584 nova-scheduler[93240]: DEBUG oslo_db.sqlalchemy.engines [None req-57869b55-3d53-4e99-9917-501deda72e74 tempest-DeleteServersTestJSON-1345234189 tempest-DeleteServersTestJSON-1345234189-project-member] MySQL server mode set to STRICT_TRANS_TABLES,STRICT_ALL_TABLES,NO_ZERO_IN_DATE,NO_ZERO_DATE,ERROR_FOR_DIVISION_BY_ZERO,TRADITIONAL,NO_ENGINE_SUBSTITUTION {{(pid=93240) _check_effective_sql_mode /opt/stack/data/venv/lib/python3.12/site-packages/oslo_db/sqlalchemy/engines.py:325}}
Jun 25 04:40:32.316117 np0000003584 nova-scheduler[93240]: DEBUG dbcounter [-] [93240] Writer thread running {{(pid=93240) stat_writer /opt/stack/data/venv/lib/python3.12/site-packages/dbcounter.py:102}}
Jun 25 04:40:32.332590 np0000003584 nova-scheduler[93240]: DEBUG oslo_db.sqlalchemy.engines [None req-57869b55-3d53-4e99-9917-501deda72e74 tempest-DeleteServersTestJSON-1345234189 tempest-DeleteServersTestJSON-1345234189-project-member] Parent process 92030 forked (93240) with an open database connection, which is being discarded and recreated. {{(pid=93240) checkout /opt/stack/data/venv/lib/python3.12/site-packages/oslo_db/sqlalchemy/engines.py:402}}
Jun 25 04:40:32.375706 np0000003584 nova-scheduler[93240]: DEBUG dbcounter [-] [93240] Writer thread running {{(pid=93240) stat_writer /opt/stack/data/venv/lib/python3.12/site-packages/dbcounter.py:102}}
Jun 25 04:40:32.378361 np0000003584 nova-scheduler[93240]: DEBUG oslo_concurrency.lockutils [None req-57869b55-3d53-4e99-9917-501deda72e74 tempest-DeleteServersTestJSON-1345234189 tempest-DeleteServersTestJSON-1345234189-project-member] Acquiring lock "33b7c96e-81e6-4ede-b164-2aa835c2467b" by "nova.context.set_target_cell..get_or_set_cached_cell_and_set_connections" {{(pid=93240) inner /opt/stack/data/venv/lib/python3.12/site-packages/oslo_concurrency/lockutils.py:511}}
Jun 25 04:40:32.378494 np0000003584 nova-scheduler[93240]: DEBUG oslo_concurrency.lockutils [None req-57869b55-3d53-4e99-9917-501deda72e74 tempest-DeleteServersTestJSON-1345234189 tempest-DeleteServersTestJSON-1345234189-project-member] Lock "33b7c96e-81e6-4ede-b164-2aa835c2467b" acquired by "nova.context.set_target_cell..get_or_set_cached_cell_and_set_connections" :: waited 0.000s {{(pid=93240) inner /opt/stack/data/venv/lib/python3.12/site-packages/oslo_concurrency/lockutils.py:524}}
Jun 25 04:40:32.378569 np0000003584 nova-scheduler[93240]: DEBUG oslo_concurrency.lockutils [None req-57869b55-3d53-4e99-9917-501deda72e74 tempest-DeleteServersTestJSON-1345234189 tempest-DeleteServersTestJSON-1345234189-project-member] Lock "33b7c96e-81e6-4ede-b164-2aa835c2467b" "released" by "nova.context.set_target_cell..get_or_set_cached_cell_and_set_connections" :: held 0.000s {{(pid=93240) inner /opt/stack/data/venv/lib/python3.12/site-packages/oslo_concurrency/lockutils.py:543}}
Jun 25 04:40:32.381108 np0000003584 nova-scheduler[93240]: DEBUG oslo_concurrency.lockutils [None req-57869b55-3d53-4e99-9917-501deda72e74 tempest-DeleteServersTestJSON-1345234189 tempest-DeleteServersTestJSON-1345234189-project-member] Acquiring lock "('np0000003584', 'np0000003584')" by "nova.scheduler.host_manager.HostState.update.._locked_update" {{(pid=93240) inner /opt/stack/data/venv/lib/python3.12/site-packages/oslo_concurrency/lockutils.py:511}}
Jun 25 04:40:32.381371 np0000003584 nova-scheduler[93240]: DEBUG oslo_concurrency.lockutils [None req-57869b55-3d53-4e99-9917-501deda72e74 tempest-DeleteServersTestJSON-1345234189 tempest-DeleteServersTestJSON-1345234189-project-member] Lock "('np0000003584', 'np0000003584')" acquired by "nova.scheduler.host_manager.HostState.update.._locked_update" :: waited 0.000s {{(pid=93240) inner /opt/stack/data/venv/lib/python3.12/site-packages/oslo_concurrency/lockutils.py:524}}
Jun 25 04:40:32.382064 np0000003584 nova-scheduler[93240]: DEBUG nova.scheduler.host_manager [None req-57869b55-3d53-4e99-9917-501deda72e74 tempest-DeleteServersTestJSON-1345234189 tempest-DeleteServersTestJSON-1345234189-project-member] Update host state from compute node: ComputeNode(cpu_allocation_ratio=4.0,cpu_info='{"arch": "x86_64", "model": "EPYC-Milan", "vendor": "AMD", "topology": {"cells": 1, "sockets": 16, "cores": 1, "threads": 1}, "maxphysaddr": {"mode": "emulate", "bits": 40}, "features": ["de", "abm", "nrip-save", "pfthreshold", "skip-l1dfl-vmentry", "fsgsbase", "rdtscp", "movbe", "tsc-deadline", "rdpid", "ssse3", "cmov", "stibp", "lfence-always-serializing", "amd-ssbd", "vpclmulqdq", "topoext", "ibrs", "nx", "sha-ni", "sse", "invpcid", "cr8legacy", "tsc_adjust", "smap", "apic", "wbnoinvd", "perfctr_core", "mmx", "f16c", "pschange-mc-no", "vmcb-clean", "clflushopt", "avx", "flushbyasid", "xsave", "spec-ctrl", "lm", "hypervisor", "mmxext", "xsavec", "syscall", "adx", "clzero", "cx8", "fsrm", "3dnowprefetch", "svme-addr-chk", "pdpe1gb", "ibpb", "pat", "umip", "sse4.1", "xsaveerptr", "npt", "vme", "osvw", "msr", "pni", "rdseed", "fma", "rdctl-no", "pclmuldq", "null-sel-clr-base", "mds-no", "pse36", "sse4.2", "no-nested-data-bp", "tsc-scale", "misalignsse", "rdrand", "fpu", "amd-psfd", "pcid", "clwb", "x2apic", "fxsr_opt", "arch-capabilities", "smep", "sse2", "ssbd", "vgif", "xgetbv1", "pae", "amd-stibp", "mtrr", "avx2", "clflush", "gds-no", "cx16", "bmi1", "pause-filter", "mce", "cmp_legacy", "fxsr", "virt-ssbd", "sse4a", "lahf_lm", "v-vmsave-vmload", "pku", "pge", "vaes", "svm", "tsc", "bmi2", "xsaves", "mca", "erms", "stibp-always-on", "sep", "popcnt", "arat", "pse", "xsaveopt", "aes", "lbrv"]}',created_at=2026-06-25T04:38:17Z,current_workload=0,deleted=False,deleted_at=None,disk_allocation_ratio=1.0,disk_available_least=73,free_disk_gb=95,free_ram_mb=62765,host='np0000003584',host_ip=10.4.3.39,hypervisor_hostname='np0000003584',hypervisor_type='QEMU',hypervisor_version=8002002,id=1,local_gb=95,local_gb_used=0,mapped=1,memory_mb=63277,memory_mb_used=512,metrics='[]',numa_topology='{"nova_object.name": "NUMATopology", "nova_object.namespace": "nova", "nova_object.version": "1.2", "nova_object.data": {"cells": [{"nova_object.name": "NUMACell", "nova_object.namespace": "nova", "nova_object.version": "1.5", "nova_object.data": {"id": 0, "cpuset": [0, 1, 2, 3, 4, 5, 6, 7, 8, 9, 10, 11, 12, 13, 14, 15], "pcpuset": [0, 1, 2, 3, 4, 5, 6, 7, 8, 9, 10, 11, 12, 13, 14, 15], "memory": 63277, "cpu_usage": 0, "memory_usage": 0, "pinned_cpus": [], "siblings": [[6], [12], [2], [15], [5], [11], [8], [14], [4], [1], [7], [10], [0], [13], [3], [9]], "mempages": [{"nova_object.name": "NUMAPagesTopology", "nova_object.namespace": "nova", "nova_object.version": "1.1", "nova_object.data": {"size_kb": 4, "total": 16177930, "used": 0, "reserved": 0}, "nova_object.changes": ["total", "used", "reserved", "size_kb"]}, {"nova_object.name": "NUMAPagesTopology", "nova_object.namespace": "nova", "nova_object.version": "1.1", "nova_object.data": {"size_kb": 2048, "total": 41, "used": 0, "reserved": 0}, "nova_object.changes": ["total", "used", "reserved", "size_kb"]}, {"nova_object.name": "NUMAPagesTopology", "nova_object.namespace": "nova", "nova_object.version": "1.1", "nova_object.data": {"size_kb": 1048576, "total": 0, "used": 0, "reserved": 0}, "nova_object.changes": ["total", "used", "reserved", "size_kb"]}], "network_metadata": {"nova_object.name": "NetworkMetadata", "nova_object.namespace": "nova", "nova_object.version": "1.0", "nova_object.data": {"physnets": [], "tunneled": false}, "nova_object.changes": ["physnets", "tunneled"]}, "socket": null}, "nova_object.changes": ["cpuset", "pcpuset", "memory", "pinned_cpus", "cpu_usage", "id", "socket", "mempages", "network_metadata", "memory_usage", "siblings"]}]}, "nova_object.changes": ["cells"]}',pci_device_pools=PciDevicePoolList,ram_allocation_ratio=1.0,running_vms=0,service_id=3,stats={failed_builds='0',uptime=' 04:40:02 up 14 min, 2 users, load average: 1.61, 1.55, 0.88
Jun 25 04:40:32.382064 np0000003584 nova-scheduler[93240]: '},supported_hv_specs=[HVSpec,HVSpec,HVSpec,HVSpec,HVSpec,HVSpec,HVSpec,HVSpec,HVSpec,HVSpec,HVSpec,HVSpec,HVSpec,HVSpec,HVSpec,HVSpec,HVSpec,HVSpec,HVSpec,HVSpec,HVSpec,HVSpec,HVSpec,HVSpec,HVSpec],updated_at=2026-06-25T04:40:04Z,uuid=282ba1cc-d770-4d36-be23-5b63764e1e37,vcpus=16,vcpus_used=0) {{(pid=93240) _locked_update /opt/stack/nova/nova/scheduler/host_manager.py:168}}
Jun 25 04:40:32.382708 np0000003584 nova-scheduler[93240]: DEBUG nova.scheduler.host_manager [None req-57869b55-3d53-4e99-9917-501deda72e74 tempest-DeleteServersTestJSON-1345234189 tempest-DeleteServersTestJSON-1345234189-project-member] Update host state with aggregates: [] {{(pid=93240) _locked_update /opt/stack/nova/nova/scheduler/host_manager.py:171}}
Jun 25 04:40:32.382824 np0000003584 nova-scheduler[93240]: DEBUG nova.scheduler.host_manager [None req-57869b55-3d53-4e99-9917-501deda72e74 tempest-DeleteServersTestJSON-1345234189 tempest-DeleteServersTestJSON-1345234189-project-member] Update host state with service dict: {'id': 3, 'uuid': 'e3374746-5218-4794-a44b-ccfe96ce7fe2', 'host': 'np0000003584', 'binary': 'nova-compute', 'topic': 'compute', 'report_count': 2, 'disabled': False, 'disabled_reason': None, 'last_seen_up': datetime.datetime(2026, 6, 25, 4, 40, 26, tzinfo=datetime.timezone.utc), 'forced_down': False, 'version': 72, 'created_at': datetime.datetime(2026, 6, 25, 4, 38, 15, tzinfo=datetime.timezone.utc), 'updated_at': datetime.datetime(2026, 6, 25, 4, 40, 26, tzinfo=datetime.timezone.utc), 'deleted_at': None, 'deleted': False} {{(pid=93240) _locked_update /opt/stack/nova/nova/scheduler/host_manager.py:174}}
Jun 25 04:40:32.382898 np0000003584 nova-scheduler[93240]: DEBUG nova.scheduler.host_manager [None req-57869b55-3d53-4e99-9917-501deda72e74 tempest-DeleteServersTestJSON-1345234189 tempest-DeleteServersTestJSON-1345234189-project-member] Update host state with instances: [] {{(pid=93240) _locked_update /opt/stack/nova/nova/scheduler/host_manager.py:177}}
Jun 25 04:40:32.383003 np0000003584 nova-scheduler[93240]: DEBUG oslo_concurrency.lockutils [None req-57869b55-3d53-4e99-9917-501deda72e74 tempest-DeleteServersTestJSON-1345234189 tempest-DeleteServersTestJSON-1345234189-project-member] Lock "('np0000003584', 'np0000003584')" "released" by "nova.scheduler.host_manager.HostState.update.._locked_update" :: held 0.002s {{(pid=93240) inner /opt/stack/data/venv/lib/python3.12/site-packages/oslo_concurrency/lockutils.py:543}}
Jun 25 04:40:32.383360 np0000003584 nova-scheduler[93240]: DEBUG nova.filters [None req-57869b55-3d53-4e99-9917-501deda72e74 tempest-DeleteServersTestJSON-1345234189 tempest-DeleteServersTestJSON-1345234189-project-member] Starting with 1 host(s) {{(pid=93240) get_filtered_objects /opt/stack/nova/nova/filters.py:70}}
Jun 25 04:40:32.383542 np0000003584 nova-scheduler[93240]: DEBUG nova.filters [None req-57869b55-3d53-4e99-9917-501deda72e74 tempest-DeleteServersTestJSON-1345234189 tempest-DeleteServersTestJSON-1345234189-project-member] Filter ComputeFilter returned 1 host(s) {{(pid=93240) get_filtered_objects /opt/stack/nova/nova/filters.py:102}}
Jun 25 04:40:32.383668 np0000003584 nova-scheduler[93240]: DEBUG nova.filters [None req-57869b55-3d53-4e99-9917-501deda72e74 tempest-DeleteServersTestJSON-1345234189 tempest-DeleteServersTestJSON-1345234189-project-member] Filter ComputeCapabilitiesFilter returned 1 host(s) {{(pid=93240) get_filtered_objects /opt/stack/nova/nova/filters.py:102}}
Jun 25 04:40:32.384389 np0000003584 nova-scheduler[93240]: DEBUG nova.filters [None req-57869b55-3d53-4e99-9917-501deda72e74 tempest-DeleteServersTestJSON-1345234189 tempest-DeleteServersTestJSON-1345234189-project-member] Filter ImagePropertiesFilter returned 1 host(s) {{(pid=93240) get_filtered_objects /opt/stack/nova/nova/filters.py:102}}
Jun 25 04:40:32.384389 np0000003584 nova-scheduler[93240]: DEBUG nova.filters [None req-57869b55-3d53-4e99-9917-501deda72e74 tempest-DeleteServersTestJSON-1345234189 tempest-DeleteServersTestJSON-1345234189-project-member] Filter ServerGroupAntiAffinityFilter returned 1 host(s) {{(pid=93240) get_filtered_objects /opt/stack/nova/nova/filters.py:102}}
Jun 25 04:40:32.384389 np0000003584 nova-scheduler[93240]: DEBUG nova.filters [None req-57869b55-3d53-4e99-9917-501deda72e74 tempest-DeleteServersTestJSON-1345234189 tempest-DeleteServersTestJSON-1345234189-project-member] Filter ServerGroupAffinityFilter returned 1 host(s) {{(pid=93240) get_filtered_objects /opt/stack/nova/nova/filters.py:102}}
Jun 25 04:40:32.384389 np0000003584 nova-scheduler[93240]: DEBUG nova.filters [None req-57869b55-3d53-4e99-9917-501deda72e74 tempest-DeleteServersTestJSON-1345234189 tempest-DeleteServersTestJSON-1345234189-project-member] Filter SameHostFilter returned 1 host(s) {{(pid=93240) get_filtered_objects /opt/stack/nova/nova/filters.py:102}}
Jun 25 04:40:32.384389 np0000003584 nova-scheduler[93240]: DEBUG nova.filters [None req-57869b55-3d53-4e99-9917-501deda72e74 tempest-DeleteServersTestJSON-1345234189 tempest-DeleteServersTestJSON-1345234189-project-member] Filter DifferentHostFilter returned 1 host(s) {{(pid=93240) get_filtered_objects /opt/stack/nova/nova/filters.py:102}}
Jun 25 04:40:32.384389 np0000003584 nova-scheduler[93240]: DEBUG nova.scheduler.manager [None req-57869b55-3d53-4e99-9917-501deda72e74 tempest-DeleteServersTestJSON-1345234189 tempest-DeleteServersTestJSON-1345234189-project-member] Filtered [(np0000003584, np0000003584) ram: 62765MB disk: 74752MB io_ops: 0 instances: 0, allocation_candidates: 1] {{(pid=93240) _get_sorted_hosts /opt/stack/nova/nova/scheduler/manager.py:743}}
Jun 25 04:40:32.384881 np0000003584 nova-scheduler[93240]: DEBUG nova.scheduler.manager [None req-57869b55-3d53-4e99-9917-501deda72e74 tempest-DeleteServersTestJSON-1345234189 tempest-DeleteServersTestJSON-1345234189-project-member] Weighed [WeighedHost [host: (np0000003584, np0000003584) ram: 62765MB disk: 74752MB io_ops: 0 instances: 0, allocation_candidates: 1, weight: 0.0]] {{(pid=93240) _get_sorted_hosts /opt/stack/nova/nova/scheduler/manager.py:765}}
Jun 25 04:40:32.384881 np0000003584 nova-scheduler[93240]: DEBUG nova.scheduler.utils [None req-57869b55-3d53-4e99-9917-501deda72e74 tempest-DeleteServersTestJSON-1345234189 tempest-DeleteServersTestJSON-1345234189-project-member] Attempting to claim resources in the placement API for instance 1ad96212-e7cc-4479-8908-b733821f34e9 {{(pid=93240) claim_resources /opt/stack/nova/nova/scheduler/utils.py:1345}}
Jun 25 04:40:32.535890 np0000003584 nova-scheduler[93240]: DEBUG nova.scheduler.manager [None req-57869b55-3d53-4e99-9917-501deda72e74 tempest-DeleteServersTestJSON-1345234189 tempest-DeleteServersTestJSON-1345234189-project-member] [instance: 1ad96212-e7cc-4479-8908-b733821f34e9] Selected host: (np0000003584, np0000003584) ram: 62765MB disk: 74752MB io_ops: 0 instances: 0, allocation_candidates: 1 {{(pid=93240) _consume_selected_host /opt/stack/nova/nova/scheduler/manager.py:625}}
Jun 25 04:40:32.536169 np0000003584 nova-scheduler[93240]: DEBUG oslo_concurrency.lockutils [None req-57869b55-3d53-4e99-9917-501deda72e74 tempest-DeleteServersTestJSON-1345234189 tempest-DeleteServersTestJSON-1345234189-project-member] Acquiring lock "('np0000003584', 'np0000003584')" by "nova.scheduler.host_manager.HostState.consume_from_request.._locked" {{(pid=93240) inner /opt/stack/data/venv/lib/python3.12/site-packages/oslo_concurrency/lockutils.py:511}}
Jun 25 04:40:32.536367 np0000003584 nova-scheduler[93240]: DEBUG oslo_concurrency.lockutils [None req-57869b55-3d53-4e99-9917-501deda72e74 tempest-DeleteServersTestJSON-1345234189 tempest-DeleteServersTestJSON-1345234189-project-member] Lock "('np0000003584', 'np0000003584')" acquired by "nova.scheduler.host_manager.HostState.consume_from_request.._locked" :: waited 0.000s {{(pid=93240) inner /opt/stack/data/venv/lib/python3.12/site-packages/oslo_concurrency/lockutils.py:524}}
Jun 25 04:40:32.536574 np0000003584 nova-scheduler[93240]: DEBUG oslo_concurrency.lockutils [None req-57869b55-3d53-4e99-9917-501deda72e74 tempest-DeleteServersTestJSON-1345234189 tempest-DeleteServersTestJSON-1345234189-project-member] Lock "('np0000003584', 'np0000003584')" "released" by "nova.scheduler.host_manager.HostState.consume_from_request.._locked" :: held 0.000s {{(pid=93240) inner /opt/stack/data/venv/lib/python3.12/site-packages/oslo_concurrency/lockutils.py:543}}
Jun 25 04:40:33.846930 np0000003584 nova-scheduler[93283]: DEBUG oslo.service.backend._threading.loopingcall [None req-da645251-1a95-400a-961a-7cd1c9cbf712 None None] Dynamic interval looping call 'nova.service.Service.periodic_tasks' sleeping for 60.00 seconds {{(pid=93283) _run_loop /opt/stack/data/venv/lib/python3.12/site-packages/oslo_service/backend/_threading/loopingcall.py:125}}
Jun 25 04:40:38.273929 np0000003584 nova-scheduler[93283]: DEBUG nova.scheduler.manager [None req-1c1f813c-ea8e-40b4-8dcf-d50c733e6c59 tempest-ServerActionsTestOtherA-326719514 tempest-ServerActionsTestOtherA-326719514-project-member] Starting to schedule for instances: ['b20f9f1f-d477-4c0c-9ad0-321183768392'] {{(pid=93283) select_destinations /opt/stack/nova/nova/scheduler/manager.py:210}}
Jun 25 04:40:38.274613 np0000003584 nova-scheduler[93283]: DEBUG nova.scheduler.request_filter [None req-1c1f813c-ea8e-40b4-8dcf-d50c733e6c59 tempest-ServerActionsTestOtherA-326719514 tempest-ServerActionsTestOtherA-326719514-project-member] compute_status_filter request filter added forbidden trait COMPUTE_STATUS_DISABLED {{(pid=93283) compute_status_filter /opt/stack/nova/nova/scheduler/request_filter.py:253}}
Jun 25 04:40:38.274728 np0000003584 nova-scheduler[93283]: DEBUG nova.scheduler.request_filter [None req-1c1f813c-ea8e-40b4-8dcf-d50c733e6c59 tempest-ServerActionsTestOtherA-326719514 tempest-ServerActionsTestOtherA-326719514-project-member] Request filter 'compute_status_filter' took 0.0 seconds {{(pid=93283) wrapper /opt/stack/nova/nova/scheduler/request_filter.py:46}}
Jun 25 04:40:38.275369 np0000003584 nova-scheduler[93283]: DEBUG nova.scheduler.request_filter [None req-1c1f813c-ea8e-40b4-8dcf-d50c733e6c59 tempest-ServerActionsTestOtherA-326719514 tempest-ServerActionsTestOtherA-326719514-project-member] Request filter 'accelerators_filter' took 0.0 seconds {{(pid=93283) wrapper /opt/stack/nova/nova/scheduler/request_filter.py:46}}
Jun 25 04:40:38.276069 np0000003584 nova-scheduler[93283]: DEBUG nova.scheduler.request_filter [None req-1c1f813c-ea8e-40b4-8dcf-d50c733e6c59 tempest-ServerActionsTestOtherA-326719514 tempest-ServerActionsTestOtherA-326719514-project-member] Request filter 'packed_virtqueue_filter' took 0.0 seconds {{(pid=93283) wrapper /opt/stack/nova/nova/scheduler/request_filter.py:46}}
Jun 25 04:40:38.276604 np0000003584 nova-scheduler[93283]: DEBUG nova.scheduler.request_filter [None req-1c1f813c-ea8e-40b4-8dcf-d50c733e6c59 tempest-ServerActionsTestOtherA-326719514 tempest-ServerActionsTestOtherA-326719514-project-member] Request filter 'remote_managed_ports_filter' took 0.0 seconds {{(pid=93283) wrapper /opt/stack/nova/nova/scheduler/request_filter.py:46}}
Jun 25 04:40:38.276974 np0000003584 nova-scheduler[93283]: DEBUG nova.scheduler.request_filter [None req-1c1f813c-ea8e-40b4-8dcf-d50c733e6c59 tempest-ServerActionsTestOtherA-326719514 tempest-ServerActionsTestOtherA-326719514-project-member] ephemeral_encryption_filter skipped {{(pid=93283) ephemeral_encryption_filter /opt/stack/nova/nova/scheduler/request_filter.py:426}}
Jun 25 04:40:38.277200 np0000003584 nova-scheduler[93283]: DEBUG nova.scheduler.request_filter [None req-1c1f813c-ea8e-40b4-8dcf-d50c733e6c59 tempest-ServerActionsTestOtherA-326719514 tempest-ServerActionsTestOtherA-326719514-project-member] virtio_sound_filter skipped {{(pid=93283) virtio_sound_filter /opt/stack/nova/nova/scheduler/request_filter.py:460}}
Jun 25 04:40:38.277423 np0000003584 nova-scheduler[93283]: DEBUG nova.scheduler.request_filter [None req-1c1f813c-ea8e-40b4-8dcf-d50c733e6c59 tempest-ServerActionsTestOtherA-326719514 tempest-ServerActionsTestOtherA-326719514-project-member] tpm_secret_security_filter skipped {{(pid=93283) tpm_secret_security_filter /opt/stack/nova/nova/scheduler/request_filter.py:477}}
Jun 25 04:40:38.314241 np0000003584 nova-scheduler[93238]: DEBUG nova.scheduler.manager [None req-d52e8ccf-ae2b-4509-aa9d-b2749803cd88 tempest-AttachVolumeShelveTestJSON-1408459458 tempest-AttachVolumeShelveTestJSON-1408459458-project-member] Starting to schedule for instances: ['ac480a3f-2bce-4203-a283-68ffb2eed3cd'] {{(pid=93238) select_destinations /opt/stack/nova/nova/scheduler/manager.py:210}}
Jun 25 04:40:38.315701 np0000003584 nova-scheduler[93238]: DEBUG nova.scheduler.request_filter [None req-d52e8ccf-ae2b-4509-aa9d-b2749803cd88 tempest-AttachVolumeShelveTestJSON-1408459458 tempest-AttachVolumeShelveTestJSON-1408459458-project-member] compute_status_filter request filter added forbidden trait COMPUTE_STATUS_DISABLED {{(pid=93238) compute_status_filter /opt/stack/nova/nova/scheduler/request_filter.py:253}}
Jun 25 04:40:38.316015 np0000003584 nova-scheduler[93238]: DEBUG nova.scheduler.request_filter [None req-d52e8ccf-ae2b-4509-aa9d-b2749803cd88 tempest-AttachVolumeShelveTestJSON-1408459458 tempest-AttachVolumeShelveTestJSON-1408459458-project-member] Request filter 'compute_status_filter' took 0.0 seconds {{(pid=93238) wrapper /opt/stack/nova/nova/scheduler/request_filter.py:46}}
Jun 25 04:40:38.316408 np0000003584 nova-scheduler[93238]: DEBUG nova.scheduler.request_filter [None req-d52e8ccf-ae2b-4509-aa9d-b2749803cd88 tempest-AttachVolumeShelveTestJSON-1408459458 tempest-AttachVolumeShelveTestJSON-1408459458-project-member] Request filter 'accelerators_filter' took 0.0 seconds {{(pid=93238) wrapper /opt/stack/nova/nova/scheduler/request_filter.py:46}}
Jun 25 04:40:38.316903 np0000003584 nova-scheduler[93238]: DEBUG nova.scheduler.request_filter [None req-d52e8ccf-ae2b-4509-aa9d-b2749803cd88 tempest-AttachVolumeShelveTestJSON-1408459458 tempest-AttachVolumeShelveTestJSON-1408459458-project-member] Request filter 'packed_virtqueue_filter' took 0.0 seconds {{(pid=93238) wrapper /opt/stack/nova/nova/scheduler/request_filter.py:46}}
Jun 25 04:40:38.317424 np0000003584 nova-scheduler[93238]: DEBUG nova.scheduler.request_filter [None req-d52e8ccf-ae2b-4509-aa9d-b2749803cd88 tempest-AttachVolumeShelveTestJSON-1408459458 tempest-AttachVolumeShelveTestJSON-1408459458-project-member] Request filter 'remote_managed_ports_filter' took 0.0 seconds {{(pid=93238) wrapper /opt/stack/nova/nova/scheduler/request_filter.py:46}}
Jun 25 04:40:38.317638 np0000003584 nova-scheduler[93238]: DEBUG nova.scheduler.request_filter [None req-d52e8ccf-ae2b-4509-aa9d-b2749803cd88 tempest-AttachVolumeShelveTestJSON-1408459458 tempest-AttachVolumeShelveTestJSON-1408459458-project-member] ephemeral_encryption_filter skipped {{(pid=93238) ephemeral_encryption_filter /opt/stack/nova/nova/scheduler/request_filter.py:426}}
Jun 25 04:40:38.317845 np0000003584 nova-scheduler[93238]: DEBUG nova.scheduler.request_filter [None req-d52e8ccf-ae2b-4509-aa9d-b2749803cd88 tempest-AttachVolumeShelveTestJSON-1408459458 tempest-AttachVolumeShelveTestJSON-1408459458-project-member] virtio_sound_filter skipped {{(pid=93238) virtio_sound_filter /opt/stack/nova/nova/scheduler/request_filter.py:460}}
Jun 25 04:40:38.318022 np0000003584 nova-scheduler[93238]: DEBUG nova.scheduler.request_filter [None req-d52e8ccf-ae2b-4509-aa9d-b2749803cd88 tempest-AttachVolumeShelveTestJSON-1408459458 tempest-AttachVolumeShelveTestJSON-1408459458-project-member] tpm_secret_security_filter skipped {{(pid=93238) tpm_secret_security_filter /opt/stack/nova/nova/scheduler/request_filter.py:477}}
Jun 25 04:40:38.390174 np0000003584 nova-scheduler[93283]: INFO nova.utils [None req-1c1f813c-ea8e-40b4-8dcf-d50c733e6c59 tempest-ServerActionsTestOtherA-326719514 tempest-ServerActionsTestOtherA-326719514-project-member] The cell worker thread pool ForkProcess-3.cell_worker is initialized
Jun 25 04:40:38.390542 np0000003584 nova-scheduler[93283]: DEBUG oslo_concurrency.lockutils [None req-1c1f813c-ea8e-40b4-8dcf-d50c733e6c59 tempest-ServerActionsTestOtherA-326719514 tempest-ServerActionsTestOtherA-326719514-project-member] Acquiring lock "33b7c96e-81e6-4ede-b164-2aa835c2467b" by "nova.context.set_target_cell..get_or_set_cached_cell_and_set_connections" {{(pid=93283) inner /opt/stack/data/venv/lib/python3.12/site-packages/oslo_concurrency/lockutils.py:511}}
Jun 25 04:40:38.390777 np0000003584 nova-scheduler[93283]: DEBUG oslo_concurrency.lockutils [None req-1c1f813c-ea8e-40b4-8dcf-d50c733e6c59 tempest-ServerActionsTestOtherA-326719514 tempest-ServerActionsTestOtherA-326719514-project-member] Lock "33b7c96e-81e6-4ede-b164-2aa835c2467b" acquired by "nova.context.set_target_cell..get_or_set_cached_cell_and_set_connections" :: waited 0.000s {{(pid=93283) inner /opt/stack/data/venv/lib/python3.12/site-packages/oslo_concurrency/lockutils.py:524}}
Jun 25 04:40:38.392471 np0000003584 nova-scheduler[93283]: DEBUG oslo_concurrency.lockutils [None req-1c1f813c-ea8e-40b4-8dcf-d50c733e6c59 tempest-ServerActionsTestOtherA-326719514 tempest-ServerActionsTestOtherA-326719514-project-member] Lock "33b7c96e-81e6-4ede-b164-2aa835c2467b" "released" by "nova.context.set_target_cell..get_or_set_cached_cell_and_set_connections" :: held 0.002s {{(pid=93283) inner /opt/stack/data/venv/lib/python3.12/site-packages/oslo_concurrency/lockutils.py:543}}
Jun 25 04:40:38.394283 np0000003584 nova-scheduler[93283]: INFO dbcounter [None req-1c1f813c-ea8e-40b4-8dcf-d50c733e6c59 tempest-ServerActionsTestOtherA-326719514 tempest-ServerActionsTestOtherA-326719514-project-member] Registered counter for database nova_cell1
