Jun 25 04:37:38.988401 np0000003584 devstack@placement-api.service[89795]: DEBUG dbcounter [-] [89795] Writing DB stats placement:SELECT=2,placement:INSERT=1 {{(pid=89795) stat_writer /opt/stack/data/venv/lib/python3.12/site-packages/dbcounter.py:115}}
Jun 25 04:37:49.357116 np0000003584 devstack@placement-api.service[89797]: DEBUG placement.requestlog [None req-bbb8728b-759a-4886-abe7-ebdaa2ff671e None None] Starting request: 10.4.3.39 "GET /placement/" {{(pid=89797) __call__ /opt/stack/placement/placement/requestlog.py:55}}
Jun 25 04:37:49.363438 np0000003584 devstack@placement-api.service[89797]: INFO placement.requestlog [None req-bbb8728b-759a-4886-abe7-ebdaa2ff671e None None] 10.4.3.39 "GET /placement/" status: 200 len: 136 microversion: 1.0
Jun 25 04:37:49.363679 np0000003584 devstack@placement-api.service[89797]: [pid: 89797|app: 0|req: 1/2] 10.4.3.39 () {62 vars in 1030 bytes} [Thu Jun 25 04:37:49 2026] GET /placement => generated 136 bytes in 7 msecs (HTTP/1.1 200) 6 headers in 224 bytes (1 switches on core 0)
Jun 25 04:37:54.709503 np0000003584 devstack@placement-api.service[89795]: DEBUG placement.requestlog [None req-17c9c220-6822-45aa-9ddb-fe5789e3f969 None None] Starting request: 10.4.3.39 "GET /placement/" {{(pid=89795) __call__ /opt/stack/placement/placement/requestlog.py:55}}
Jun 25 04:37:54.714719 np0000003584 devstack@placement-api.service[89795]: INFO placement.requestlog [None req-17c9c220-6822-45aa-9ddb-fe5789e3f969 None None] 10.4.3.39 "GET /placement/" status: 200 len: 136 microversion: 1.0
Jun 25 04:37:54.714974 np0000003584 devstack@placement-api.service[89795]: [pid: 89795|app: 0|req: 1/3] 10.4.3.39 () {62 vars in 1030 bytes} [Thu Jun 25 04:37:54 2026] GET /placement => generated 136 bytes in 6 msecs (HTTP/1.1 200) 6 headers in 224 bytes (1 switches on core 0)
Jun 25 04:37:56.647429 np0000003584 devstack@placement-api.service[89796]: DEBUG placement.requestlog [None req-6fecc35b-c36f-42cd-98cc-adf335018589 None None] Starting request: 10.4.3.39 "GET /placement/" {{(pid=89796) __call__ /opt/stack/placement/placement/requestlog.py:55}}
Jun 25 04:37:56.647924 np0000003584 devstack@placement-api.service[89796]: INFO placement.requestlog [None req-6fecc35b-c36f-42cd-98cc-adf335018589 None None] 10.4.3.39 "GET /placement/" status: 200 len: 136 microversion: 1.0
Jun 25 04:37:56.648122 np0000003584 devstack@placement-api.service[89796]: [pid: 89796|app: 0|req: 2/4] 10.4.3.39 () {62 vars in 1030 bytes} [Thu Jun 25 04:37:56 2026] GET /placement => generated 136 bytes in 1 msecs (HTTP/1.1 200) 6 headers in 224 bytes (1 switches on core 0)
Jun 25 04:37:59.910721 np0000003584 devstack@placement-api.service[89797]: DEBUG placement.requestlog [None req-115f187a-9ae4-424c-bf13-805c6d782fcf None None] Starting request: 10.4.3.39 "GET /placement/" {{(pid=89797) __call__ /opt/stack/placement/placement/requestlog.py:55}}
Jun 25 04:37:59.911274 np0000003584 devstack@placement-api.service[89797]: INFO placement.requestlog [None req-115f187a-9ae4-424c-bf13-805c6d782fcf None None] 10.4.3.39 "GET /placement/" status: 200 len: 136 microversion: 1.0
Jun 25 04:37:59.911488 np0000003584 devstack@placement-api.service[89797]: [pid: 89797|app: 0|req: 2/5] 10.4.3.39 () {62 vars in 1028 bytes} [Thu Jun 25 04:37:59 2026] GET /placement => generated 136 bytes in 1 msecs (HTTP/1.1 200) 6 headers in 224 bytes (1 switches on core 0)
Jun 25 04:38:18.917110 np0000003584 devstack@placement-api.service[89795]: DEBUG placement.requestlog [req-55fee7f5-489f-4761-89e5-aaf68800e92f req-6256b32c-dae5-4b0f-ade7-66235499b52e None None] Starting request: 10.4.3.39 "GET /placement/resource_providers?in_tree=282ba1cc-d770-4d36-be23-5b63764e1e37" {{(pid=89795) __call__ /opt/stack/placement/placement/requestlog.py:55}}
Jun 25 04:38:19.299223 np0000003584 devstack@placement-api.service[89795]: INFO placement.requestlog [req-55fee7f5-489f-4761-89e5-aaf68800e92f req-6256b32c-dae5-4b0f-ade7-66235499b52e service nova] 10.4.3.39 "GET /placement/resource_providers?in_tree=282ba1cc-d770-4d36-be23-5b63764e1e37" status: 200 len: 26 microversion: 1.14
Jun 25 04:38:19.299435 np0000003584 devstack@placement-api.service[89795]: [pid: 89795|app: 0|req: 2/6] 10.4.3.39 () {68 vars in 1491 bytes} [Thu Jun 25 04:38:18 2026] GET /placement/resource_providers?in_tree=282ba1cc-d770-4d36-be23-5b63764e1e37 => generated 26 bytes in 382 msecs (HTTP/1.1 200) 6 headers in 224 bytes (1 switches on core 0)
Jun 25 04:38:19.330047 np0000003584 devstack@placement-api.service[89796]: DEBUG placement.requestlog [req-55fee7f5-489f-4761-89e5-aaf68800e92f req-bf96026b-ccac-4a1c-ad7f-f84daa300cce None None] Starting request: 10.4.3.39 "POST /placement/resource_providers" {{(pid=89796) __call__ /opt/stack/placement/placement/requestlog.py:55}}
Jun 25 04:38:19.356728 np0000003584 devstack@placement-api.service[89796]: INFO placement.requestlog [req-55fee7f5-489f-4761-89e5-aaf68800e92f req-bf96026b-ccac-4a1c-ad7f-f84daa300cce service nova] 10.4.3.39 "POST /placement/resource_providers" status: 200 len: 835 microversion: 1.20
Jun 25 04:38:19.356960 np0000003584 devstack@placement-api.service[89796]: [pid: 89796|app: 0|req: 3/7] 10.4.3.39 () {72 vars in 1455 bytes} [Thu Jun 25 04:38:19 2026] POST /placement/resource_providers => generated 835 bytes in 27 msecs (HTTP/1.1 200) 9 headers in 391 bytes (1 switches on core 0)
Jun 25 04:38:19.385335 np0000003584 devstack@placement-api.service[89797]: DEBUG placement.requestlog [req-55fee7f5-489f-4761-89e5-aaf68800e92f req-1f95c2db-ad43-4be1-9009-c51ba52ed758 None None] Starting request: 10.4.3.39 "GET /placement/resource_providers/282ba1cc-d770-4d36-be23-5b63764e1e37/allocations" {{(pid=89797) __call__ /opt/stack/placement/placement/requestlog.py:55}}
Jun 25 04:38:19.400009 np0000003584 devstack@placement-api.service[89797]: INFO placement.requestlog [req-55fee7f5-489f-4761-89e5-aaf68800e92f req-1f95c2db-ad43-4be1-9009-c51ba52ed758 service nova] 10.4.3.39 "GET /placement/resource_providers/282ba1cc-d770-4d36-be23-5b63764e1e37/allocations" status: 200 len: 54 microversion: 1.0
Jun 25 04:38:19.400262 np0000003584 devstack@placement-api.service[89797]: [pid: 89797|app: 0|req: 3/8] 10.4.3.39 () {66 vars in 1505 bytes} [Thu Jun 25 04:38:19 2026] GET /placement/resource_providers/282ba1cc-d770-4d36-be23-5b63764e1e37/allocations => generated 54 bytes in 15 msecs (HTTP/1.1 200) 6 headers in 223 bytes (1 switches on core 0)
Jun 25 04:38:19.961265 np0000003584 devstack@placement-api.service[89795]: DEBUG placement.requestlog [req-55fee7f5-489f-4761-89e5-aaf68800e92f req-440038d4-f8a6-4792-821c-a309dd6ad96d None None] Starting request: 10.4.3.39 "PUT /placement/resource_providers/282ba1cc-d770-4d36-be23-5b63764e1e37/inventories" {{(pid=89795) __call__ /opt/stack/placement/placement/requestlog.py:55}}
Jun 25 04:38:19.989182 np0000003584 devstack@placement-api.service[89795]: INFO placement.requestlog [req-55fee7f5-489f-4761-89e5-aaf68800e92f req-440038d4-f8a6-4792-821c-a309dd6ad96d service nova] 10.4.3.39 "PUT /placement/resource_providers/282ba1cc-d770-4d36-be23-5b63764e1e37/inventories" status: 200 len: 398 microversion: 1.26
Jun 25 04:38:19.989395 np0000003584 devstack@placement-api.service[89795]: [pid: 89795|app: 0|req: 3/9] 10.4.3.39 () {72 vars in 1602 bytes} [Thu Jun 25 04:38:19 2026] PUT /placement/resource_providers/282ba1cc-d770-4d36-be23-5b63764e1e37/inventories => generated 398 bytes in 28 msecs (HTTP/1.1 200) 8 headers in 296 bytes (1 switches on core 0)
Jun 25 04:38:20.019622 np0000003584 devstack@placement-api.service[89796]: DEBUG placement.requestlog [req-55fee7f5-489f-4761-89e5-aaf68800e92f req-3c193c38-3209-4463-9e81-aad6ebfdc89b None None] Starting request: 10.4.3.39 "GET /placement/traits?name=in:COMPUTE_SOUND_MODEL_AC97,COMPUTE_NET_VIF_MODEL_SPAPR_VLAN,COMPUTE_SOCKET_PCI_NUMA_AFFINITY,COMPUTE_NET_ATTACH_INTERFACE,COMPUTE_ADDRESS_SPACE_EMULATED,COMPUTE_ACCELERATORS,COMPUTE_GRAPHICS_MODEL_NONE,COMPUTE_ARCH_RISCV64,COMPUTE_IMAGE_TYPE_RAW,COMPUTE_IMAGE_TYPE_ISO,COMPUTE_ADDRESS_SPACE_PASSTHROUGH,COMPUTE_VOLUME_MULTI_ATTACH,COMPUTE_ARCH_S390X,COMPUTE_NET_VIF_MODEL_RTL8139,COMPUTE_GRAPHICS_MODEL_BOCHS,HW_CPU_X86_SSE,HW_CPU_X86_MMX,COMPUTE_GRAPHICS_MODEL_VGA,COMPUTE_STORAGE_BUS_USB,COMPUTE_NET_VIF_MODEL_PCNET,COMPUTE_GRAPHICS_MODEL_VMVGA,COMPUTE_NET_VIRTIO_PACKED,COMPUTE_NET_VIF_MODEL_E1000,COMPUTE_SOUND_MODEL_PCSPK,COMPUTE_GRAPHICS_MODEL_VIRTIO,COMPUTE_IMAGE_TYPE_ARI,COMPUTE_STORAGE_VIRTIO_FS,COMPUTE_RESCUE_BFV,COMPUTE_NODE,COMPUTE_GRAPHICS_MODEL_CIRRUS,COMPUTE_VOLUME_EXTEND,COMPUTE_STORAGE_BUS_FDC,COMPUTE_NET_VIF_MODEL_NE2K_PCI,COMPUTE_VIOMMU_MODEL_SMMUV3,COMPUTE_VIOMMU_MODEL_VIRTIO,COMPUTE_STORAGE_BUS_VIRTIO,COMPUTE_DEVICE_TAGGING,COMPUTE_ARCH_PPC64LE,COMPUTE_ARCH_AARCH64,HW_CPU_X86_SSE41,COMPUTE_NET_VIF_MODEL_VMXNET3,COMPUTE_IMAGE_TYPE_AMI,COMPUTE_STORAGE_BUS_SATA,COMPUTE_NET_VIF_MODEL_VIRTIO,HW_CPU_X86_SSSE3,COMPUTE_ARCH_X86_64,COMPUTE_STORAGE_BUS_SCSI,COMPUTE_VIOMMU_MODEL_AUTO,COMPUTE_NET_ATTACH_INTERFACE_WITH_TAG,COMPUTE_STORAGE_BUS_IDE,COMPUTE_SECURITY_STATELESS_FIRMWARE,COMPUTE_IMAGE_TYPE_QCOW2,COMPUTE_TRUSTED_CERTS,COMPUTE_IMAGE_TYPE_AKI,COMPUTE_VOLUME_ATTACH_WITH_TAG,COMPUTE_SOUND_MODEL_ES1370,HW_CPU_X86_SSE2,HW_CPU_X86_SSE42,COMPUTE_SOUND_MODEL_ICH6,COMPUTE_GRAPHICS_MODEL_QXL,COMPUTE_SOUND_MODEL_USB,COMPUTE_NET_VIF_MODEL_E1000E,COMPUTE_SOUND_MODEL_SB16,COMPUTE_NET_VIF_MODEL_IGB,COMPUTE_SOUND_MODEL_ICH9,COMPUTE_NET_VIF_MODEL_LAN9118,COMPUTE_VIOMMU_MODEL_INTEL,COMPUTE_SECURITY_UEFI_SECURE_BOOT,COMPUTE_ARCH_MIPSEL,HW_ARCH_X86_64" {{(pid=89796) __call__ /opt/stack/placement/placement/requestlog.py:55}}
Jun 25 04:38:20.033942 np0000003584 devstack@placement-api.service[89796]: INFO placement.requestlog [req-55fee7f5-489f-4761-89e5-aaf68800e92f req-3c193c38-3209-4463-9e81-aad6ebfdc89b service nova] 10.4.3.39 "GET /placement/traits?name=in:COMPUTE_SOUND_MODEL_AC97,COMPUTE_NET_VIF_MODEL_SPAPR_VLAN,COMPUTE_SOCKET_PCI_NUMA_AFFINITY,COMPUTE_NET_ATTACH_INTERFACE,COMPUTE_ADDRESS_SPACE_EMULATED,COMPUTE_ACCELERATORS,COMPUTE_GRAPHICS_MODEL_NONE,COMPUTE_ARCH_RISCV64,COMPUTE_IMAGE_TYPE_RAW,COMPUTE_IMAGE_TYPE_ISO,COMPUTE_ADDRESS_SPACE_PASSTHROUGH,COMPUTE_VOLUME_MULTI_ATTACH,COMPUTE_ARCH_S390X,COMPUTE_NET_VIF_MODEL_RTL8139,COMPUTE_GRAPHICS_MODEL_BOCHS,HW_CPU_X86_SSE,HW_CPU_X86_MMX,COMPUTE_GRAPHICS_MODEL_VGA,COMPUTE_STORAGE_BUS_USB,COMPUTE_NET_VIF_MODEL_PCNET,COMPUTE_GRAPHICS_MODEL_VMVGA,COMPUTE_NET_VIRTIO_PACKED,COMPUTE_NET_VIF_MODEL_E1000,COMPUTE_SOUND_MODEL_PCSPK,COMPUTE_GRAPHICS_MODEL_VIRTIO,COMPUTE_IMAGE_TYPE_ARI,COMPUTE_STORAGE_VIRTIO_FS,COMPUTE_RESCUE_BFV,COMPUTE_NODE,COMPUTE_GRAPHICS_MODEL_CIRRUS,COMPUTE_VOLUME_EXTEND,COMPUTE_STORAGE_BUS_FDC,COMPUTE_NET_VIF_MODEL_NE2K_PCI,COMPUTE_VIOMMU_MODEL_SMMUV3,COMPUTE_VIOMMU_MODEL_VIRTIO,COMPUTE_STORAGE_BUS_VIRTIO,COMPUTE_DEVICE_TAGGING,COMPUTE_ARCH_PPC64LE,COMPUTE_ARCH_AARCH64,HW_CPU_X86_SSE41,COMPUTE_NET_VIF_MODEL_VMXNET3,COMPUTE_IMAGE_TYPE_AMI,COMPUTE_STORAGE_BUS_SATA,COMPUTE_NET_VIF_MODEL_VIRTIO,HW_CPU_X86_SSSE3,COMPUTE_ARCH_X86_64,COMPUTE_STORAGE_BUS_SCSI,COMPUTE_VIOMMU_MODEL_AUTO,COMPUTE_NET_ATTACH_INTERFACE_WITH_TAG,COMPUTE_STORAGE_BUS_IDE,COMPUTE_SECURITY_STATELESS_FIRMWARE,COMPUTE_IMAGE_TYPE_QCOW2,COMPUTE_TRUSTED_CERTS,COMPUTE_IMAGE_TYPE_AKI,COMPUTE_VOLUME_ATTACH_WITH_TAG,COMPUTE_SOUND_MODEL_ES1370,HW_CPU_X86_SSE2,HW_CPU_X86_SSE42,COMPUTE_SOUND_MODEL_ICH6,COMPUTE_GRAPHICS_MODEL_QXL,COMPUTE_SOUND_MODEL_USB,COMPUTE_NET_VIF_MODEL_E1000E,COMPUTE_SOUND_MODEL_SB16,COMPUTE_NET_VIF_MODEL_IGB,COMPUTE_SOUND_MODEL_ICH9,COMPUTE_NET_VIF_MODEL_LAN9118,COMPUTE_VIOMMU_MODEL_INTEL,COMPUTE_SECURITY_UEFI_SECURE_BOOT,COMPUTE_ARCH_MIPSEL,HW_ARCH_X86_64" status: 200 len: 1991 microversion: 1.6
Jun 25 04:38:20.034191 np0000003584 devstack@placement-api.service[89796]: [pid: 89796|app: 0|req: 4/10] 10.4.3.39 () {68 vars in 4918 bytes} [Thu Jun 25 04:38:20 2026] GET /placement/traits?name=in:COMPUTE_SOUND_MODEL_AC97,COMPUTE_NET_VIF_MODEL_SPAPR_VLAN,COMPUTE_SOCKET_PCI_NUMA_AFFINITY,COMPUTE_NET_ATTACH_INTERFACE,COMPUTE_ADDRESS_SPACE_EMULATED,COMPUTE_ACCELERATORS,COMPUTE_GRAPHICS_MODEL_NONE,COMPUTE_ARCH_RISCV64,COMPUTE_IMAGE_TYPE_RAW,COMPUTE_IMAGE_TYPE_ISO,COMPUTE_ADDRESS_SPACE_PASSTHROUGH,COMPUTE_VOLUME_MULTI_ATTACH,COMPUTE_ARCH_S390X,COMPUTE_NET_VIF_MODEL_RTL8139,COMPUTE_GRAPHICS_MODEL_BOCHS,HW_CPU_X86_SSE,HW_CPU_X86_MMX,COMPUTE_GRAPHICS_MODEL_VGA,COMPUTE_STORAGE_BUS_USB,COMPUTE_NET_VIF_MODEL_PCNET,COMPUTE_GRAPHICS_MODEL_VMVGA,COMPUTE_NET_VIRTIO_PACKED,COMPUTE_NET_VIF_MODEL_E1000,COMPUTE_SOUND_MODEL_PCSPK,COMPUTE_GRAPHICS_MODEL_VIRTIO,COMPUTE_IMAGE_TYPE_ARI,COMPUTE_STORAGE_VIRTIO_FS,COMPUTE_RESCUE_BFV,COMPUTE_NODE,COMPUTE_GRAPHICS_MODEL_CIRRUS,COMPUTE_VOLUME_EXTEND,COMPUTE_STORAGE_BUS_FDC,COMPUTE_NET_VIF_MODEL_NE2K_PCI,COMPUTE_VIOMMU_MODEL_SMMUV3,COMPUTE_VIOMMU_MODEL_VIRTIO,COMPUTE_STORAGE_BUS_VIRTIO,COMPUTE_DEVICE_TAGGING,COMPUTE_ARCH_PPC64LE,COMPUTE_ARCH_AARCH64,HW_CPU_X86_SSE41,COMPUTE_NET_VIF_MODEL_VMXNET3,COMPUTE_IMAGE_TYPE_AMI,COMPUTE_STORAGE_BUS_SATA,COMPUTE_NET_VIF_MODEL_VIRTIO,HW_CPU_X86_SSSE3,COMPUTE_ARCH_X86_64,COMPUTE_STORAGE_BUS_SCSI,COMPUTE_VIOMMU_MODEL_AUTO,COMPUTE_NET_ATTACH_INTERFACE_WITH_TAG,COMPUTE_STORAGE_BUS_IDE,COMPUTE_SECURITY_STATELESS_FIRMWARE,COMPUTE_IMAGE_TYPE_QCOW2,COMPUTE_TRUSTED_CERTS,COMPUTE_IMAGE_TYPE_AKI,COMPUTE_VOLUME_ATTACH_WITH_TAG,COMPUTE_SOUND_MODEL_ES1370,HW_CPU_X86_SSE2,HW_CPU_X86_SSE42,COMPUTE_SOUND_MODEL_ICH6,COMPUTE_GRAPHICS_MODEL_QXL,COMPUTE_SOUND_MODEL_USB,COMPUTE_NET_VIF_MODEL_E1000E,COMPUTE_SOUND_MODEL_SB16,COMPUTE_NET_VIF_MODEL_IGB,COMPUTE_SOUND_MODEL_ICH9,COMPUTE_NET_VIF_MODEL_LAN9118,COMPUTE_VIOMMU_MODEL_INTEL,COMPUTE_SECURITY_UEFI_SECURE_BOOT,COMPUTE_ARCH_MIPSEL,HW_ARCH_X86_64 => generated 1991 bytes in 15 msecs (HTTP/1.1 200) 6 headers in 225 bytes (1 switches on core 0)
Jun 25 04:38:20.061503 np0000003584 devstack@placement-api.service[89797]: DEBUG placement.requestlog [req-55fee7f5-489f-4761-89e5-aaf68800e92f req-19dcf28e-d1c6-4fc3-bd82-3f6c12b36ca5 None None] Starting request: 10.4.3.39 "PUT /placement/resource_providers/282ba1cc-d770-4d36-be23-5b63764e1e37/traits" {{(pid=89797) __call__ /opt/stack/placement/placement/requestlog.py:55}}
Jun 25 04:38:20.123206 np0000003584 devstack@placement-api.service[89797]: INFO placement.requestlog [req-55fee7f5-489f-4761-89e5-aaf68800e92f req-19dcf28e-d1c6-4fc3-bd82-3f6c12b36ca5 service nova] 10.4.3.39 "PUT /placement/resource_providers/282ba1cc-d770-4d36-be23-5b63764e1e37/traits" status: 200 len: 2026 microversion: 1.6
Jun 25 04:38:20.124084 np0000003584 devstack@placement-api.service[89797]: [pid: 89797|app: 0|req: 4/11] 10.4.3.39 () {72 vars in 1587 bytes} [Thu Jun 25 04:38:20 2026] PUT /placement/resource_providers/282ba1cc-d770-4d36-be23-5b63764e1e37/traits => generated 2026 bytes in 62 msecs (HTTP/1.1 200) 6 headers in 225 bytes (1 switches on core 0)
Jun 25 04:38:29.980814 np0000003584 devstack@placement-api.service[89795]: DEBUG dbcounter [-] [89795] Writing DB stats placement:SELECT=4,placement:INSERT=3,placement:UPDATE=1 {{(pid=89795) stat_writer /opt/stack/data/venv/lib/python3.12/site-packages/dbcounter.py:115}}
Jun 25 04:38:30.029953 np0000003584 devstack@placement-api.service[89796]: DEBUG dbcounter [-] [89796] Writing DB stats placement:INSERT=1,placement:UPDATE=1,placement:SELECT=1 {{(pid=89796) stat_writer /opt/stack/data/venv/lib/python3.12/site-packages/dbcounter.py:115}}
Jun 25 04:38:30.120166 np0000003584 devstack@placement-api.service[89797]: DEBUG dbcounter [-] [89797] Writing DB stats placement:SELECT=5,placement:INSERT=70,placement:UPDATE=1 {{(pid=89797) stat_writer /opt/stack/data/venv/lib/python3.12/site-packages/dbcounter.py:115}}
Jun 25 04:38:36.687094 np0000003584 devstack@placement-api.service[89795]: DEBUG placement.requestlog [None req-0d460b07-fce0-4af6-a308-1216c70af552 None None] Starting request: 10.4.3.39 "GET /placement//" {{(pid=89795) __call__ /opt/stack/placement/placement/requestlog.py:55}}
Jun 25 04:38:36.687548 np0000003584 devstack@placement-api.service[89795]: INFO placement.requestlog [None req-0d460b07-fce0-4af6-a308-1216c70af552 None None] 10.4.3.39 "GET /placement//" status: 200 len: 136 microversion: 1.0
Jun 25 04:38:36.687548 np0000003584 devstack@placement-api.service[89795]: [pid: 89795|app: 0|req: 4/12] 10.4.3.39 () {64 vars in 1220 bytes} [Thu Jun 25 04:38:36 2026] GET /placement/ => generated 136 bytes in 1 msecs (HTTP/1.1 200) 6 headers in 224 bytes (1 switches on core 0)
Jun 25 04:39:18.731912 np0000003584 devstack@placement-api.service[89796]: DEBUG placement.requestlog [req-fdc61d04-a2e3-4153-93a8-20092d87f7f1 req-e0dd2226-540d-4967-ad8f-099ba19d64c6 None None] Starting request: 10.4.3.39 "GET /placement/resource_providers/282ba1cc-d770-4d36-be23-5b63764e1e37/allocations" {{(pid=89796) __call__ /opt/stack/placement/placement/requestlog.py:55}}
Jun 25 04:39:18.742792 np0000003584 devstack@placement-api.service[89796]: INFO placement.requestlog [req-fdc61d04-a2e3-4153-93a8-20092d87f7f1 req-e0dd2226-540d-4967-ad8f-099ba19d64c6 service nova] 10.4.3.39 "GET /placement/resource_providers/282ba1cc-d770-4d36-be23-5b63764e1e37/allocations" status: 200 len: 54 microversion: 1.0
Jun 25 04:39:18.742792 np0000003584 devstack@placement-api.service[89796]: [pid: 89796|app: 0|req: 5/13] 10.4.3.39 () {66 vars in 1505 bytes} [Thu Jun 25 04:39:18 2026] GET /placement/resource_providers/282ba1cc-d770-4d36-be23-5b63764e1e37/allocations => generated 54 bytes in 11 msecs (HTTP/1.1 200) 6 headers in 223 bytes (1 switches on core 0)
Jun 25 04:39:18.770410 np0000003584 devstack@placement-api.service[89797]: DEBUG placement.requestlog [req-fdc61d04-a2e3-4153-93a8-20092d87f7f1 req-338a606d-ddf7-44f0-b71c-6526d5c2ab3e None None] Starting request: 10.4.3.39 "GET /placement/resource_providers/282ba1cc-d770-4d36-be23-5b63764e1e37/allocations" {{(pid=89797) __call__ /opt/stack/placement/placement/requestlog.py:55}}
Jun 25 04:39:18.778446 np0000003584 devstack@placement-api.service[89797]: INFO placement.requestlog [req-fdc61d04-a2e3-4153-93a8-20092d87f7f1 req-338a606d-ddf7-44f0-b71c-6526d5c2ab3e service nova] 10.4.3.39 "GET /placement/resource_providers/282ba1cc-d770-4d36-be23-5b63764e1e37/allocations" status: 200 len: 54 microversion: 1.0
Jun 25 04:39:18.778446 np0000003584 devstack@placement-api.service[89797]: [pid: 89797|app: 0|req: 5/14] 10.4.3.39 () {66 vars in 1505 bytes} [Thu Jun 25 04:39:18 2026] GET /placement/resource_providers/282ba1cc-d770-4d36-be23-5b63764e1e37/allocations => generated 54 bytes in 8 msecs (HTTP/1.1 200) 6 headers in 223 bytes (1 switches on core 0)
Jun 25 04:39:28.741323 np0000003584 devstack@placement-api.service[89796]: DEBUG dbcounter [-] [89796] Writing DB stats placement:SELECT=2 {{(pid=89796) stat_writer /opt/stack/data/venv/lib/python3.12/site-packages/dbcounter.py:115}}
Jun 25 04:39:28.777379 np0000003584 devstack@placement-api.service[89797]: DEBUG dbcounter [-] [89797] Writing DB stats placement:SELECT=2 {{(pid=89797) stat_writer /opt/stack/data/venv/lib/python3.12/site-packages/dbcounter.py:115}}
Jun 25 04:40:03.837655 np0000003584 devstack@placement-api.service[89795]: DEBUG placement.requestlog [req-00086ae1-a4e9-41ad-be64-c3e8e911683f req-45e7a207-d089-424c-be94-76ed51b250ef None None] Starting request: 10.4.3.39 "GET /placement/resource_providers/282ba1cc-d770-4d36-be23-5b63764e1e37/allocations" {{(pid=89795) __call__ /opt/stack/placement/placement/requestlog.py:55}}
Jun 25 04:40:03.846896 np0000003584 devstack@placement-api.service[89795]: INFO placement.requestlog [req-00086ae1-a4e9-41ad-be64-c3e8e911683f req-45e7a207-d089-424c-be94-76ed51b250ef service nova] 10.4.3.39 "GET /placement/resource_providers/282ba1cc-d770-4d36-be23-5b63764e1e37/allocations" status: 200 len: 54 microversion: 1.0
Jun 25 04:40:03.847108 np0000003584 devstack@placement-api.service[89795]: [pid: 89795|app: 0|req: 5/15] 10.4.3.39 () {66 vars in 1505 bytes} [Thu Jun 25 04:40:03 2026] GET /placement/resource_providers/282ba1cc-d770-4d36-be23-5b63764e1e37/allocations => generated 54 bytes in 9 msecs (HTTP/1.1 200) 6 headers in 223 bytes (1 switches on core 0)
Jun 25 04:40:03.872304 np0000003584 devstack@placement-api.service[89796]: DEBUG placement.requestlog [req-00086ae1-a4e9-41ad-be64-c3e8e911683f req-3887ad8d-1733-40ee-b6c7-ed492fd064ef None None] Starting request: 10.4.3.39 "GET /placement/resource_providers/282ba1cc-d770-4d36-be23-5b63764e1e37/allocations" {{(pid=89796) __call__ /opt/stack/placement/placement/requestlog.py:55}}
Jun 25 04:40:03.881615 np0000003584 devstack@placement-api.service[89796]: INFO placement.requestlog [req-00086ae1-a4e9-41ad-be64-c3e8e911683f req-3887ad8d-1733-40ee-b6c7-ed492fd064ef service nova] 10.4.3.39 "GET /placement/resource_providers/282ba1cc-d770-4d36-be23-5b63764e1e37/allocations" status: 200 len: 54 microversion: 1.0
Jun 25 04:40:03.881837 np0000003584 devstack@placement-api.service[89796]: [pid: 89796|app: 0|req: 6/16] 10.4.3.39 () {66 vars in 1505 bytes} [Thu Jun 25 04:40:03 2026] GET /placement/resource_providers/282ba1cc-d770-4d36-be23-5b63764e1e37/allocations => generated 54 bytes in 10 msecs (HTTP/1.1 200) 6 headers in 223 bytes (1 switches on core 0)
Jun 25 04:40:13.845905 np0000003584 devstack@placement-api.service[89795]: DEBUG dbcounter [-] [89795] Writing DB stats placement:SELECT=2 {{(pid=89795) stat_writer /opt/stack/data/venv/lib/python3.12/site-packages/dbcounter.py:115}}
Jun 25 04:40:13.880439 np0000003584 devstack@placement-api.service[89796]: DEBUG dbcounter [-] [89796] Writing DB stats placement:SELECT=2 {{(pid=89796) stat_writer /opt/stack/data/venv/lib/python3.12/site-packages/dbcounter.py:115}}
Jun 25 04:40:31.787428 np0000003584 devstack@placement-api.service[89797]: DEBUG placement.requestlog [req-57869b55-3d53-4e99-9917-501deda72e74 req-4fb5340a-3952-431c-8fe0-0ad7501f1c46 None None] Starting request: 10.4.3.39 "GET /placement/allocation_candidates?limit=1000&resources=DISK_GB%3A1%2CMEMORY_MB%3A192%2CVCPU%3A1&root_required=%21COMPUTE_STATUS_DISABLED" {{(pid=89797) __call__ /opt/stack/placement/placement/requestlog.py:55}}
Jun 25 04:40:32.224530 np0000003584 devstack@placement-api.service[89797]: DEBUG placement.objects.research_context [req-57869b55-3d53-4e99-9917-501deda72e74 req-4fb5340a-3952-431c-8fe0-0ad7501f1c46 service nova] getting providers with 1 DISK_GB {{(pid=89797) __init__ /opt/stack/placement/placement/objects/research_context.py:137}}
Jun 25 04:40:32.232548 np0000003584 devstack@placement-api.service[89797]: DEBUG placement.objects.research_context [req-57869b55-3d53-4e99-9917-501deda72e74 req-4fb5340a-3952-431c-8fe0-0ad7501f1c46 service nova] getting providers with 192 MEMORY_MB {{(pid=89797) __init__ /opt/stack/placement/placement/objects/research_context.py:137}}
Jun 25 04:40:32.235929 np0000003584 devstack@placement-api.service[89797]: DEBUG placement.objects.research_context [req-57869b55-3d53-4e99-9917-501deda72e74 req-4fb5340a-3952-431c-8fe0-0ad7501f1c46 service nova] getting providers with 1 VCPU {{(pid=89797) __init__ /opt/stack/placement/placement/objects/research_context.py:137}}
Jun 25 04:40:32.239177 np0000003584 devstack@placement-api.service[89797]: DEBUG placement.objects.research_context [req-57869b55-3d53-4e99-9917-501deda72e74 req-4fb5340a-3952-431c-8fe0-0ad7501f1c46 service nova] found 1 providers with available 1 DISK_GB {{(pid=89797) get_provider_ids_matching /opt/stack/placement/placement/objects/research_context.py:563}}
Jun 25 04:40:32.239311 np0000003584 devstack@placement-api.service[89797]: DEBUG placement.objects.research_context [req-57869b55-3d53-4e99-9917-501deda72e74 req-4fb5340a-3952-431c-8fe0-0ad7501f1c46 service nova] found 1 providers with available 192 MEMORY_MB {{(pid=89797) get_provider_ids_matching /opt/stack/placement/placement/objects/research_context.py:563}}
Jun 25 04:40:32.239536 np0000003584 devstack@placement-api.service[89797]: DEBUG placement.objects.research_context [req-57869b55-3d53-4e99-9917-501deda72e74 req-4fb5340a-3952-431c-8fe0-0ad7501f1c46 service nova] found 1 providers after filtering by previous result {{(pid=89797) get_provider_ids_matching /opt/stack/placement/placement/objects/research_context.py:594}}
Jun 25 04:40:32.239679 np0000003584 devstack@placement-api.service[89797]: DEBUG placement.objects.research_context [req-57869b55-3d53-4e99-9917-501deda72e74 req-4fb5340a-3952-431c-8fe0-0ad7501f1c46 service nova] found 1 providers with available 1 VCPU {{(pid=89797) get_provider_ids_matching /opt/stack/placement/placement/objects/research_context.py:563}}
Jun 25 04:40:32.239816 np0000003584 devstack@placement-api.service[89797]: DEBUG placement.objects.research_context [req-57869b55-3d53-4e99-9917-501deda72e74 req-4fb5340a-3952-431c-8fe0-0ad7501f1c46 service nova] found 1 providers after filtering by previous result {{(pid=89797) get_provider_ids_matching /opt/stack/placement/placement/objects/research_context.py:594}}
Jun 25 04:40:32.247746 np0000003584 devstack@placement-api.service[89797]: DEBUG placement.objects.allocation_candidate [req-57869b55-3d53-4e99-9917-501deda72e74 req-4fb5340a-3952-431c-8fe0-0ad7501f1c46 service nova] RequestGroup(use_same_provider=False, resources={DISK_GB:1, MEMORY_MB:192, VCPU:1}, traits=(), aggregates=[]) (suffix '') returned 1 matches {{(pid=89797) _get_by_requests /opt/stack/placement/placement/objects/allocation_candidate.py:158}}
Jun 25 04:40:32.248048 np0000003584 devstack@placement-api.service[89797]: DEBUG placement.objects.allocation_candidate [req-57869b55-3d53-4e99-9917-501deda72e74 req-4fb5340a-3952-431c-8fe0-0ad7501f1c46 service nova] Merging candidates yields 1 allocation requests and 1 provider summaries {{(pid=89797) _merge_candidates /opt/stack/placement/placement/objects/allocation_candidate.py:908}}
Jun 25 04:40:32.249177 np0000003584 devstack@placement-api.service[89797]: INFO placement.requestlog [req-57869b55-3d53-4e99-9917-501deda72e74 req-4fb5340a-3952-431c-8fe0-0ad7501f1c46 service nova] 10.4.3.39 "GET /placement/allocation_candidates?limit=1000&resources=DISK_GB%3A1%2CMEMORY_MB%3A192%2CVCPU%3A1&root_required=%21COMPUTE_STATUS_DISABLED" status: 200 len: 2490 microversion: 1.36
Jun 25 04:40:32.249364 np0000003584 devstack@placement-api.service[89797]: [pid: 89797|app: 0|req: 6/17] 10.4.3.39 () {68 vars in 1618 bytes} [Thu Jun 25 04:40:31 2026] GET /placement/allocation_candidates?limit=1000&resources=DISK_GB%3A1%2CMEMORY_MB%3A192%2CVCPU%3A1&root_required=%21COMPUTE_STATUS_DISABLED => generated 2490 bytes in 462 msecs (HTTP/1.1 200) 8 headers in 297 bytes (1 switches on core 0)
Jun 25 04:40:32.409839 np0000003584 devstack@placement-api.service[89795]: DEBUG placement.requestlog [req-57869b55-3d53-4e99-9917-501deda72e74 req-848cb6bc-fa67-4760-b11a-1e47be7ddde8 None None] Starting request: 10.4.3.39 "GET /placement/allocations/1ad96212-e7cc-4479-8908-b733821f34e9" {{(pid=89795) __call__ /opt/stack/placement/placement/requestlog.py:55}}
Jun 25 04:40:32.415856 np0000003584 devstack@placement-api.service[89795]: INFO placement.requestlog [req-57869b55-3d53-4e99-9917-501deda72e74 req-848cb6bc-fa67-4760-b11a-1e47be7ddde8 service nova] 10.4.3.39 "GET /placement/allocations/1ad96212-e7cc-4479-8908-b733821f34e9" status: 200 len: 19 microversion: 1.28
Jun 25 04:40:32.416062 np0000003584 devstack@placement-api.service[89795]: [pid: 89795|app: 0|req: 6/18] 10.4.3.39 () {68 vars in 1494 bytes} [Thu Jun 25 04:40:32 2026] GET /placement/allocations/1ad96212-e7cc-4479-8908-b733821f34e9 => generated 19 bytes in 6 msecs (HTTP/1.1 200) 8 headers in 295 bytes (1 switches on core 0)
Jun 25 04:40:32.454432 np0000003584 devstack@placement-api.service[89796]: DEBUG placement.requestlog [req-57869b55-3d53-4e99-9917-501deda72e74 req-920869ac-fb3b-4947-90d3-f73b49480447 None None] Starting request: 10.4.3.39 "PUT /placement/allocations/1ad96212-e7cc-4479-8908-b733821f34e9" {{(pid=89796) __call__ /opt/stack/placement/placement/requestlog.py:55}}
Jun 25 04:40:32.528404 np0000003584 devstack@placement-api.service[89796]: DEBUG placement.handlers.allocation [req-57869b55-3d53-4e99-9917-501deda72e74 req-920869ac-fb3b-4947-90d3-f73b49480447 service nova] Successfully wrote allocations [, , ] {{(pid=89796) _update_consumers_and_create_allocations /opt/stack/placement/placement/handlers/allocation.py:462}}
Jun 25 04:40:32.531409 np0000003584 devstack@placement-api.service[89796]: INFO placement.requestlog [req-57869b55-3d53-4e99-9917-501deda72e74 req-920869ac-fb3b-4947-90d3-f73b49480447 service nova] 10.4.3.39 "PUT /placement/allocations/1ad96212-e7cc-4479-8908-b733821f34e9" status: 204 len: 0 microversion: 1.36
Jun 25 04:40:32.531938 np0000003584 devstack@placement-api.service[89796]: [pid: 89796|app: 0|req: 7/19] 10.4.3.39 () {72 vars in 1547 bytes} [Thu Jun 25 04:40:32 2026] PUT /placement/allocations/1ad96212-e7cc-4479-8908-b733821f34e9 => generated 0 bytes in 77 msecs (HTTP/1.1 204) 5 headers in 199 bytes (1 switches on core 0)
Jun 25 04:40:34.094503 np0000003584 devstack@placement-api.service[89797]: DEBUG placement.requestlog [req-57869b55-3d53-4e99-9917-501deda72e74 req-256f7c25-51e1-4645-84e8-465ecdf383c9 None None] Starting request: 10.4.3.39 "GET /placement/allocations/1ad96212-e7cc-4479-8908-b733821f34e9" {{(pid=89797) __call__ /opt/stack/placement/placement/requestlog.py:55}}
Jun 25 04:40:34.105890 np0000003584 devstack@placement-api.service[89797]: INFO placement.requestlog [req-57869b55-3d53-4e99-9917-501deda72e74 req-256f7c25-51e1-4645-84e8-465ecdf383c9 service nova] 10.4.3.39 "GET /placement/allocations/1ad96212-e7cc-4479-8908-b733821f34e9" status: 200 len: 257 microversion: 1.28
Jun 25 04:40:34.106182 np0000003584 devstack@placement-api.service[89797]: [pid: 89797|app: 0|req: 7/20] 10.4.3.39 () {68 vars in 1492 bytes} [Thu Jun 25 04:40:34 2026] GET /placement/allocations/1ad96212-e7cc-4479-8908-b733821f34e9 => generated 257 bytes in 12 msecs (HTTP/1.1 200) 8 headers in 296 bytes (1 switches on core 0)
Jun 25 04:40:35.148415 np0000003584 devstack@placement-api.service[89795]: DEBUG placement.requestlog [req-57869b55-3d53-4e99-9917-501deda72e74 req-2ca3e103-3288-48e6-9955-5bbf0e200dd6 None None] Starting request: 10.4.3.39 "GET /placement/resource_providers/282ba1cc-d770-4d36-be23-5b63764e1e37/allocations" {{(pid=89795) __call__ /opt/stack/placement/placement/requestlog.py:55}}
Jun 25 04:40:35.160214 np0000003584 devstack@placement-api.service[89795]: INFO placement.requestlog [req-57869b55-3d53-4e99-9917-501deda72e74 req-2ca3e103-3288-48e6-9955-5bbf0e200dd6 service nova] 10.4.3.39 "GET /placement/resource_providers/282ba1cc-d770-4d36-be23-5b63764e1e37/allocations" status: 200 len: 152 microversion: 1.0
Jun 25 04:40:35.160519 np0000003584 devstack@placement-api.service[89795]: [pid: 89795|app: 0|req: 7/21] 10.4.3.39 () {66 vars in 1505 bytes} [Thu Jun 25 04:40:35 2026] GET /placement/resource_providers/282ba1cc-d770-4d36-be23-5b63764e1e37/allocations => generated 152 bytes in 12 msecs (HTTP/1.1 200) 6 headers in 224 bytes (1 switches on core 0)
Jun 25 04:40:35.201022 np0000003584 devstack@placement-api.service[89796]: DEBUG placement.requestlog [req-57869b55-3d53-4e99-9917-501deda72e74 req-8b1bec52-d731-4545-98ce-718fcb56c4c9 None None] Starting request: 10.4.3.39 "GET /placement/allocations/1ad96212-e7cc-4479-8908-b733821f34e9" {{(pid=89796) __call__ /opt/stack/placement/placement/requestlog.py:55}}
Jun 25 04:40:35.214394 np0000003584 devstack@placement-api.service[89796]: INFO placement.requestlog [req-57869b55-3d53-4e99-9917-501deda72e74 req-8b1bec52-d731-4545-98ce-718fcb56c4c9 service nova] 10.4.3.39 "GET /placement/allocations/1ad96212-e7cc-4479-8908-b733821f34e9" status: 200 len: 257 microversion: 1.28
Jun 25 04:40:35.214676 np0000003584 devstack@placement-api.service[89796]: [pid: 89796|app: 0|req: 8/22] 10.4.3.39 () {68 vars in 1492 bytes} [Thu Jun 25 04:40:35 2026] GET /placement/allocations/1ad96212-e7cc-4479-8908-b733821f34e9 => generated 257 bytes in 14 msecs (HTTP/1.1 200) 8 headers in 296 bytes (1 switches on core 0)
Jun 25 04:40:38.324661 np0000003584 devstack@placement-api.service[89797]: DEBUG placement.requestlog [req-1c1f813c-ea8e-40b4-8dcf-d50c733e6c59 req-3bc8b15d-d59f-45c5-89e7-02afed1384a8 None None] Starting request: 10.4.3.39 "GET /placement/allocation_candidates?limit=1000&resources=DISK_GB%3A1%2CMEMORY_MB%3A192%2CVCPU%3A1&root_required=%21COMPUTE_STATUS_DISABLED" {{(pid=89797) __call__ /opt/stack/placement/placement/requestlog.py:55}}
Jun 25 04:40:38.349146 np0000003584 devstack@placement-api.service[89797]: DEBUG placement.objects.research_context [req-1c1f813c-ea8e-40b4-8dcf-d50c733e6c59 req-3bc8b15d-d59f-45c5-89e7-02afed1384a8 service nova] getting providers with 1 DISK_GB {{(pid=89797) __init__ /opt/stack/placement/placement/objects/research_context.py:137}}
Jun 25 04:40:38.352234 np0000003584 devstack@placement-api.service[89797]: DEBUG placement.objects.research_context [req-1c1f813c-ea8e-40b4-8dcf-d50c733e6c59 req-3bc8b15d-d59f-45c5-89e7-02afed1384a8 service nova] getting providers with 192 MEMORY_MB {{(pid=89797) __init__ /opt/stack/placement/placement/objects/research_context.py:137}}
Jun 25 04:40:38.355021 np0000003584 devstack@placement-api.service[89797]: DEBUG placement.objects.research_context [req-1c1f813c-ea8e-40b4-8dcf-d50c733e6c59 req-3bc8b15d-d59f-45c5-89e7-02afed1384a8 service nova] getting providers with 1 VCPU {{(pid=89797) __init__ /opt/stack/placement/placement/objects/research_context.py:137}}
Jun 25 04:40:38.358391 np0000003584 devstack@placement-api.service[89797]: DEBUG placement.objects.research_context [req-1c1f813c-ea8e-40b4-8dcf-d50c733e6c59 req-3bc8b15d-d59f-45c5-89e7-02afed1384a8 service nova] found 1 providers with available 1 DISK_GB {{(pid=89797) get_provider_ids_matching /opt/stack/placement/placement/objects/research_context.py:563}}
Jun 25 04:40:38.358529 np0000003584 devstack@placement-api.service[89797]: DEBUG placement.objects.research_context [req-1c1f813c-ea8e-40b4-8dcf-d50c733e6c59 req-3bc8b15d-d59f-45c5-89e7-02afed1384a8 service nova] found 1 providers with available 192 MEMORY_MB {{(pid=89797) get_provider_ids_matching /opt/stack/placement/placement/objects/research_context.py:563}}
Jun 25 04:40:38.358664 np0000003584 devstack@placement-api.service[89797]: DEBUG placement.objects.research_context [req-1c1f813c-ea8e-40b4-8dcf-d50c733e6c59 req-3bc8b15d-d59f-45c5-89e7-02afed1384a8 service nova] found 1 providers after filtering by previous result {{(pid=89797) get_provider_ids_matching /opt/stack/placement/placement/objects/research_context.py:594}}
Jun 25 04:40:38.359077 np0000003584 devstack@placement-api.service[89797]: DEBUG placement.objects.research_context [req-1c1f813c-ea8e-40b4-8dcf-d50c733e6c59 req-3bc8b15d-d59f-45c5-89e7-02afed1384a8 service nova] found 1 providers with available 1 VCPU {{(pid=89797) get_provider_ids_matching /opt/stack/placement/placement/objects/research_context.py:563}}
Jun 25 04:40:38.359219 np0000003584 devstack@placement-api.service[89797]: DEBUG placement.objects.research_context [req-1c1f813c-ea8e-40b4-8dcf-d50c733e6c59 req-3bc8b15d-d59f-45c5-89e7-02afed1384a8 service nova] found 1 providers after filtering by previous result {{(pid=89797) get_provider_ids_matching /opt/stack/placement/placement/objects/research_context.py:594}}
Jun 25 04:40:38.361698 np0000003584 devstack@placement-api.service[89795]: DEBUG placement.requestlog [req-d52e8ccf-ae2b-4509-aa9d-b2749803cd88 req-84522097-55cb-4f8f-a3bf-29b4bebd7875 None None] Starting request: 10.4.3.39 "GET /placement/allocation_candidates?limit=1000&resources=DISK_GB%3A1%2CMEMORY_MB%3A192%2CVCPU%3A1&root_required=%21COMPUTE_STATUS_DISABLED" {{(pid=89795) __call__ /opt/stack/placement/placement/requestlog.py:55}}
Jun 25 04:40:38.368460 np0000003584 devstack@placement-api.service[89797]: DEBUG placement.objects.allocation_candidate [req-1c1f813c-ea8e-40b4-8dcf-d50c733e6c59 req-3bc8b15d-d59f-45c5-89e7-02afed1384a8 service nova] RequestGroup(use_same_provider=False, resources={DISK_GB:1, MEMORY_MB:192, VCPU:1}, traits=(), aggregates=[]) (suffix '') returned 1 matches {{(pid=89797) _get_by_requests /opt/stack/placement/placement/objects/allocation_candidate.py:158}}
Jun 25 04:40:38.368747 np0000003584 devstack@placement-api.service[89797]: DEBUG placement.objects.allocation_candidate [req-1c1f813c-ea8e-40b4-8dcf-d50c733e6c59 req-3bc8b15d-d59f-45c5-89e7-02afed1384a8 service nova] Merging candidates yields 1 allocation requests and 1 provider summaries {{(pid=89797) _merge_candidates /opt/stack/placement/placement/objects/allocation_candidate.py:908}}
Jun 25 04:40:38.373075 np0000003584 devstack@placement-api.service[89797]: INFO placement.requestlog [req-1c1f813c-ea8e-40b4-8dcf-d50c733e6c59 req-3bc8b15d-d59f-45c5-89e7-02afed1384a8 service nova] 10.4.3.39 "GET /placement/allocation_candidates?limit=1000&resources=DISK_GB%3A1%2CMEMORY_MB%3A192%2CVCPU%3A1&root_required=%21COMPUTE_STATUS_DISABLED" status: 200 len: 2492 microversion: 1.36
Jun 25 04:40:38.373507 np0000003584 devstack@placement-api.service[89797]: [pid: 89797|app: 0|req: 8/23] 10.4.3.39 () {68 vars in 1618 bytes} [Thu Jun 25 04:40:38 2026] GET /placement/allocation_candidates?limit=1000&resources=DISK_GB%3A1%2CMEMORY_MB%3A192%2CVCPU%3A1&root_required=%21COMPUTE_STATUS_DISABLED => generated 2492 bytes in 49 msecs (HTTP/1.1 200) 8 headers in 297 bytes (1 switches on core 0)
Jun 25 04:40:38.396338 np0000003584 devstack@placement-api.service[89795]: DEBUG placement.objects.research_context [req-d52e8ccf-ae2b-4509-aa9d-b2749803cd88 req-84522097-55cb-4f8f-a3bf-29b4bebd7875 service nova] getting providers with 1 DISK_GB {{(pid=89795) __init__ /opt/stack/placement/placement/objects/research_context.py:137}}
Jun 25 04:40:38.405964 np0000003584 devstack@placement-api.service[89795]: DEBUG placement.objects.research_context [req-d52e8ccf-ae2b-4509-aa9d-b2749803cd88 req-84522097-55cb-4f8f-a3bf-29b4bebd7875 service nova] getting providers with 192 MEMORY_MB {{(pid=89795) __init__ /opt/stack/placement/placement/objects/research_context.py:137}}
Jun 25 04:40:38.410085 np0000003584 devstack@placement-api.service[89795]: DEBUG placement.objects.research_context [req-d52e8ccf-ae2b-4509-aa9d-b2749803cd88 req-84522097-55cb-4f8f-a3bf-29b4bebd7875 service nova] getting providers with 1 VCPU {{(pid=89795) __init__ /opt/stack/placement/placement/objects/research_context.py:137}}
Jun 25 04:40:38.414486 np0000003584 devstack@placement-api.service[89795]: DEBUG placement.objects.research_context [req-d52e8ccf-ae2b-4509-aa9d-b2749803cd88 req-84522097-55cb-4f8f-a3bf-29b4bebd7875 service nova] found 1 providers with available 1 DISK_GB {{(pid=89795) get_provider_ids_matching /opt/stack/placement/placement/objects/research_context.py:563}}
Jun 25 04:40:38.414631 np0000003584 devstack@placement-api.service[89795]: DEBUG placement.objects.research_context [req-d52e8ccf-ae2b-4509-aa9d-b2749803cd88 req-84522097-55cb-4f8f-a3bf-29b4bebd7875 service nova] found 1 providers with available 192 MEMORY_MB {{(pid=89795) get_provider_ids_matching /opt/stack/placement/placement/objects/research_context.py:563}}
Jun 25 04:40:38.414999 np0000003584 devstack@placement-api.service[89795]: DEBUG placement.objects.research_context [req-d52e8ccf-ae2b-4509-aa9d-b2749803cd88 req-84522097-55cb-4f8f-a3bf-29b4bebd7875 service nova] found 1 providers after filtering by previous result {{(pid=89795) get_provider_ids_matching /opt/stack/placement/placement/objects/research_context.py:594}}
Jun 25 04:40:38.415171 np0000003584 devstack@placement-api.service[89795]: DEBUG placement.objects.research_context [req-d52e8ccf-ae2b-4509-aa9d-b2749803cd88 req-84522097-55cb-4f8f-a3bf-29b4bebd7875 service nova] found 1 providers with available 1 VCPU {{(pid=89795) get_provider_ids_matching /opt/stack/placement/placement/objects/research_context.py:563}}
Jun 25 04:40:38.415326 np0000003584 devstack@placement-api.service[89795]: DEBUG placement.objects.research_context [req-d52e8ccf-ae2b-4509-aa9d-b2749803cd88 req-84522097-55cb-4f8f-a3bf-29b4bebd7875 service nova] found 1 providers after filtering by previous result {{(pid=89795) get_provider_ids_matching /opt/stack/placement/placement/objects/research_context.py:594}}
Jun 25 04:40:38.424963 np0000003584 devstack@placement-api.service[89795]: DEBUG placement.objects.allocation_candidate [req-d52e8ccf-ae2b-4509-aa9d-b2749803cd88 req-84522097-55cb-4f8f-a3bf-29b4bebd7875 service nova] RequestGroup(use_same_provider=False, resources={DISK_GB:1, MEMORY_MB:192, VCPU:1}, traits=(), aggregates=[]) (suffix '') returned 1 matches {{(pid=89795) _get_by_requests /opt/stack/placement/placement/objects/allocation_candidate.py:158}}
Jun 25 04:40:38.425373 np0000003584 devstack@placement-api.service[89795]: DEBUG placement.objects.allocation_candidate [req-d52e8ccf-ae2b-4509-aa9d-b2749803cd88 req-84522097-55cb-4f8f-a3bf-29b4bebd7875 service nova] Merging candidates yields 1 allocation requests and 1 provider summaries {{(pid=89795) _merge_candidates /opt/stack/placement/placement/objects/allocation_candidate.py:908}}
Jun 25 04:40:38.426985 np0000003584 devstack@placement-api.service[89795]: INFO placement.requestlog [req-d52e8ccf-ae2b-4509-aa9d-b2749803cd88 req-84522097-55cb-4f8f-a3bf-29b4bebd7875 service nova] 10.4.3.39 "GET /placement/allocation_candidates?limit=1000&resources=DISK_GB%3A1%2CMEMORY_MB%3A192%2CVCPU%3A1&root_required=%21COMPUTE_STATUS_DISABLED" status: 200 len: 2492 microversion: 1.36
Jun 25 04:40:38.427268 np0000003584 devstack@placement-api.service[89795]: [pid: 89795|app: 0|req: 8/24] 10.4.3.39 () {68 vars in 1618 bytes} [Thu Jun 25 04:40:38 2026] GET /placement/allocation_candidates?limit=1000&resources=DISK_GB%3A1%2CMEMORY_MB%3A192%2CVCPU%3A1&root_required=%21COMPUTE_STATUS_DISABLED => generated 2492 bytes in 66 msecs (HTTP/1.1 200) 8 headers in 297 bytes (1 switches on core 0)
Jun 25 04:40:38.567418 np0000003584 devstack@placement-api.service[89796]: DEBUG placement.requestlog [req-1c1f813c-ea8e-40b4-8dcf-d50c733e6c59 req-f554cf93-6795-4a15-9d3e-a349351a5d70 None None] Starting request: 10.4.3.39 "GET /placement/allocations/b20f9f1f-d477-4c0c-9ad0-321183768392" {{(pid=89796) __call__ /opt/stack/placement/placement/requestlog.py:55}}
Jun 25 04:40:38.578410 np0000003584 devstack@placement-api.service[89796]: INFO placement.requestlog [req-1c1f813c-ea8e-40b4-8dcf-d50c733e6c59 req-f554cf93-6795-4a15-9d3e-a349351a5d70 service nova] 10.4.3.39 "GET /placement/allocations/b20f9f1f-d477-4c0c-9ad0-321183768392" status: 200 len: 19 microversion: 1.28
Jun 25 04:40:38.578682 np0000003584 devstack@placement-api.service[89796]: [pid: 89796|app: 0|req: 9/25] 10.4.3.39 () {68 vars in 1494 bytes} [Thu Jun 25 04:40:38 2026] GET /placement/allocations/b20f9f1f-d477-4c0c-9ad0-321183768392 => generated 19 bytes in 12 msecs (HTTP/1.1 200) 8 headers in 295 bytes (1 switches on core 0)
Jun 25 04:40:38.608051 np0000003584 devstack@placement-api.service[89797]: DEBUG placement.requestlog [req-1c1f813c-ea8e-40b4-8dcf-d50c733e6c59 req-24c63a86-d744-4169-928a-b60db0d9201e None None] Starting request: 10.4.3.39 "PUT /placement/allocations/b20f9f1f-d477-4c0c-9ad0-321183768392" {{(pid=89797) __call__ /opt/stack/placement/placement/requestlog.py:55}}
Jun 25 04:40:38.628551 np0000003584 devstack@placement-api.service[89795]: DEBUG placement.requestlog [req-d52e8ccf-ae2b-4509-aa9d-b2749803cd88 req-52f5e632-3e98-45b5-9d94-7a15eec73d4d None None] Starting request: 10.4.3.39 "GET /placement/allocations/ac480a3f-2bce-4203-a283-68ffb2eed3cd" {{(pid=89795) __call__ /opt/stack/placement/placement/requestlog.py:55}}
Jun 25 04:40:38.634972 np0000003584 devstack@placement-api.service[89795]: INFO placement.requestlog [req-d52e8ccf-ae2b-4509-aa9d-b2749803cd88 req-52f5e632-3e98-45b5-9d94-7a15eec73d4d service nova] 10.4.3.39 "GET /placement/allocations/ac480a3f-2bce-4203-a283-68ffb2eed3cd" status: 200 len: 19 microversion: 1.28
Jun 25 04:40:38.635212 np0000003584 devstack@placement-api.service[89795]: [pid: 89795|app: 0|req: 9/26] 10.4.3.39 () {68 vars in 1494 bytes} [Thu Jun 25 04:40:38 2026] GET /placement/allocations/ac480a3f-2bce-4203-a283-68ffb2eed3cd => generated 19 bytes in 7 msecs (HTTP/1.1 200) 8 headers in 295 bytes (1 switches on core 0)
Jun 25 04:40:38.667773 np0000003584 devstack@placement-api.service[89796]: DEBUG placement.requestlog [req-d52e8ccf-ae2b-4509-aa9d-b2749803cd88 req-8c3b3101-137d-49b9-b66a-3a6f4a7480d2 None None] Starting request: 10.4.3.39 "PUT /placement/allocations/ac480a3f-2bce-4203-a283-68ffb2eed3cd" {{(pid=89796) __call__ /opt/stack/placement/placement/requestlog.py:55}}
Jun 25 04:40:38.694098 np0000003584 devstack@placement-api.service[89797]: DEBUG placement.handlers.allocation [req-1c1f813c-ea8e-40b4-8dcf-d50c733e6c59 req-24c63a86-d744-4169-928a-b60db0d9201e service nova] Successfully wrote allocations [, , ] {{(pid=89797) _update_consumers_and_create_allocations /opt/stack/placement/placement/handlers/allocation.py:462}}
Jun 25 04:40:38.704507 np0000003584 devstack@placement-api.service[89797]: INFO placement.requestlog [req-1c1f813c-ea8e-40b4-8dcf-d50c733e6c59 req-24c63a86-d744-4169-928a-b60db0d9201e service nova] 10.4.3.39 "PUT /placement/allocations/b20f9f1f-d477-4c0c-9ad0-321183768392" status: 204 len: 0 microversion: 1.36
Jun 25 04:40:38.704613 np0000003584 devstack@placement-api.service[89797]: [pid: 89797|app: 0|req: 9/27] 10.4.3.39 () {72 vars in 1547 bytes} [Thu Jun 25 04:40:38 2026] PUT /placement/allocations/b20f9f1f-d477-4c0c-9ad0-321183768392 => generated 0 bytes in 96 msecs (HTTP/1.1 204) 5 headers in 199 bytes (1 switches on core 0)
Jun 25 04:40:38.731905 np0000003584 devstack@placement-api.service[89796]: DEBUG placement.handlers.allocation [req-d52e8ccf-ae2b-4509-aa9d-b2749803cd88 req-8c3b3101-137d-49b9-b66a-3a6f4a7480d2 service nova] Successfully wrote allocations [, , ] {{(pid=89796) _update_consumers_and_create_allocations /opt/stack/placement/placement/handlers/allocation.py:462}}
Jun 25 04:40:38.736388 np0000003584 devstack@placement-api.service[89796]: INFO placement.requestlog [req-d52e8ccf-ae2b-4509-aa9d-b2749803cd88 req-8c3b3101-137d-49b9-b66a-3a6f4a7480d2 service nova] 10.4.3.39 "PUT /placement/allocations/ac480a3f-2bce-4203-a283-68ffb2eed3cd" status: 204 len: 0 microversion: 1.36
Jun 25 04:40:38.736754 np0000003584 devstack@placement-api.service[89796]: [pid: 89796|app: 0|req: 10/28] 10.4.3.39 () {72 vars in 1547 bytes} [Thu Jun 25 04:40:38 2026] PUT /placement/allocations/ac480a3f-2bce-4203-a283-68ffb2eed3cd => generated 0 bytes in 70 msecs (HTTP/1.1 204) 5 headers in 199 bytes (1 switches on core 0)
Jun 25 04:40:40.205979 np0000003584 devstack@placement-api.service[89795]: DEBUG placement.requestlog [req-1c1f813c-ea8e-40b4-8dcf-d50c733e6c59 req-81cc6827-e1dc-4169-8e60-2581b258c5fb None None] Starting request: 10.4.3.39 "GET /placement/allocations/b20f9f1f-d477-4c0c-9ad0-321183768392" {{(pid=89795) __call__ /opt/stack/placement/placement/requestlog.py:55}}
Jun 25 04:40:40.219492 np0000003584 devstack@placement-api.service[89797]: DEBUG placement.requestlog [req-d52e8ccf-ae2b-4509-aa9d-b2749803cd88 req-3a9a7b56-b7db-4210-b078-8e62f0334d95 None None] Starting request: 10.4.3.39 "GET /placement/allocations/ac480a3f-2bce-4203-a283-68ffb2eed3cd" {{(pid=89797) __call__ /opt/stack/placement/placement/requestlog.py:55}}
Jun 25 04:40:40.232381 np0000003584 devstack@placement-api.service[89797]: INFO placement.requestlog [req-d52e8ccf-ae2b-4509-aa9d-b2749803cd88 req-3a9a7b56-b7db-4210-b078-8e62f0334d95 service nova] 10.4.3.39 "GET /placement/allocations/ac480a3f-2bce-4203-a283-68ffb2eed3cd" status: 200 len: 257 microversion: 1.28
Jun 25 04:40:40.232648 np0000003584 devstack@placement-api.service[89797]: [pid: 89797|app: 0|req: 10/29] 10.4.3.39 () {68 vars in 1492 bytes} [Thu Jun 25 04:40:40 2026] GET /placement/allocations/ac480a3f-2bce-4203-a283-68ffb2eed3cd => generated 257 bytes in 13 msecs (HTTP/1.1 200) 8 headers in 296 bytes (1 switches on core 0)
Jun 25 04:40:40.233707 np0000003584 devstack@placement-api.service[89795]: INFO placement.requestlog [req-1c1f813c-ea8e-40b4-8dcf-d50c733e6c59 req-81cc6827-e1dc-4169-8e60-2581b258c5fb service nova] 10.4.3.39 "GET /placement/allocations/b20f9f1f-d477-4c0c-9ad0-321183768392" status: 200 len: 257 microversion: 1.28
Jun 25 04:40:40.233989 np0000003584 devstack@placement-api.service[89795]: [pid: 89795|app: 0|req: 10/30] 10.4.3.39 () {68 vars in 1492 bytes} [Thu Jun 25 04:40:40 2026] GET /placement/allocations/b20f9f1f-d477-4c0c-9ad0-321183768392 => generated 257 bytes in 28 msecs (HTTP/1.1 200) 8 headers in 296 bytes (1 switches on core 0)
Jun 25 04:40:41.313834 np0000003584 devstack@placement-api.service[89796]: DEBUG placement.requestlog [req-d52e8ccf-ae2b-4509-aa9d-b2749803cd88 req-393dfada-9155-4bfc-bb19-9cc7657105a6 None None] Starting request: 10.4.3.39 "GET /placement/resource_providers/282ba1cc-d770-4d36-be23-5b63764e1e37/allocations" {{(pid=89796) __call__ /opt/stack/placement/placement/requestlog.py:55}}
Jun 25 04:40:41.336841 np0000003584 devstack@placement-api.service[89796]: INFO placement.requestlog [req-d52e8ccf-ae2b-4509-aa9d-b2749803cd88 req-393dfada-9155-4bfc-bb19-9cc7657105a6 service nova] 10.4.3.39 "GET /placement/resource_providers/282ba1cc-d770-4d36-be23-5b63764e1e37/allocations" status: 200 len: 352 microversion: 1.0
Jun 25 04:40:41.337157 np0000003584 devstack@placement-api.service[89796]: [pid: 89796|app: 0|req: 11/31] 10.4.3.39 () {66 vars in 1505 bytes} [Thu Jun 25 04:40:41 2026] GET /placement/resource_providers/282ba1cc-d770-4d36-be23-5b63764e1e37/allocations => generated 352 bytes in 25 msecs (HTTP/1.1 200) 6 headers in 224 bytes (1 switches on core 0)
Jun 25 04:40:41.403119 np0000003584 devstack@placement-api.service[89797]: DEBUG placement.requestlog [req-d52e8ccf-ae2b-4509-aa9d-b2749803cd88 req-a72add03-7938-41a2-9da9-c7313dceeef4 None None] Starting request: 10.4.3.39 "GET /placement/allocations/b20f9f1f-d477-4c0c-9ad0-321183768392" {{(pid=89797) __call__ /opt/stack/placement/placement/requestlog.py:55}}
