Aug 26 16:30:22.581055 np0000008174 devstack@neutron-api.service[87590]: DEBUG neutron.plugins.ml2.drivers.ovn.mech_driver.ovsdb.ovsdb_monitor [None req-d5f77723-2b5a-4416-9569-83c18c24b15f None None] Hash Ring: Node 7f11ced806565aa7b69eef19cbc1d667 (host: np0000008174) handling event "create" for row d0a9e649-1035-46c6-a2b2-7244062e33d5 (table: ACL) {{(pid=87590) notify /opt/stack/neutron/neutron/plugins/ml2/drivers/ovn/mech_driver/ovsdb/ovsdb_monitor.py:1099}}
Aug 26 16:30:22.581340 np0000008174 devstack@neutron-api.service[87590]: DEBUG neutron.plugins.ml2.drivers.ovn.mech_driver.ovsdb.ovsdb_monitor [None req-d5f77723-2b5a-4416-9569-83c18c24b15f None None] Hash Ring: Node 7f11ced806565aa7b69eef19cbc1d667 (host: np0000008174) handling event "create" for row 351243e9-f986-4c4c-94cb-18a4aad041e7 (table: Port_Group) {{(pid=87590) notify /opt/stack/neutron/neutron/plugins/ml2/drivers/ovn/mech_driver/ovsdb/ovsdb_monitor.py:1099}}
Aug 26 16:30:22.581498 np0000008174 devstack@neutron-api.service[87590]: DEBUG neutron.plugins.ml2.drivers.ovn.mech_driver.ovsdb.ovsdb_monitor [None req-d5f77723-2b5a-4416-9569-83c18c24b15f None None] Hash Ring: Node 7f11ced806565aa7b69eef19cbc1d667 (host: np0000008174) handling event "create" for row 8f638a66-1256-4692-9014-6b42054e3fe5 (table: Port_Group) {{(pid=87590) notify /opt/stack/neutron/neutron/plugins/ml2/drivers/ovn/mech_driver/ovsdb/ovsdb_monitor.py:1099}}
Aug 26 16:30:22.581688 np0000008174 devstack@neutron-api.service[87590]: DEBUG neutron.plugins.ml2.drivers.ovn.mech_driver.ovsdb.ovsdb_monitor [None req-d5f77723-2b5a-4416-9569-83c18c24b15f None None] Hash Ring: Node 7f11ced806565aa7b69eef19cbc1d667 (host: np0000008174) handling event "create" for row 39352a75-3da3-4dbb-bb6c-8b02ad67e6df (table: SSL) {{(pid=87590) notify /opt/stack/neutron/neutron/plugins/ml2/drivers/ovn/mech_driver/ovsdb/ovsdb_monitor.py:1099}}
Aug 26 16:30:22.582508 np0000008174 devstack@neutron-api.service[87590]: INFO neutron.plugins.ml2.drivers.ovn.mech_driver.ovsdb.impl_idl_ovn [None req-d5f77723-2b5a-4416-9569-83c18c24b15f None None] Getting OvsdbSbOvnIdl for WorkerService with retry
Aug 26 16:30:22.584752 np0000008174 devstack@neutron-api.service[87591]: DEBUG neutron.common.ovn.hash_ring_manager [None req-c2b64027-8868-47c6-b80a-de180651f482 None None] Hash Ring loaded. 3 active nodes. 0 offline nodes {{(pid=87591) _load_hash_ring /opt/stack/neutron/neutron/common/ovn/hash_ring_manager.py:110}}
Aug 26 16:30:22.585114 np0000008174 devstack@neutron-api.service[87591]: DEBUG neutron.plugins.ml2.drivers.ovn.mech_driver.ovsdb.ovsdb_monitor [None req-c2b64027-8868-47c6-b80a-de180651f482 None None] Hash Ring: Node 1292c1c6853f5d6dbf536258c7fe8516 (host: np0000008174) handling event "create" for row 8fdf188f-0ffe-4a68-9153-0e07758a36d7 (table: NB_Global) {{(pid=87591) notify /opt/stack/neutron/neutron/plugins/ml2/drivers/ovn/mech_driver/ovsdb/ovsdb_monitor.py:1099}}
Aug 26 16:30:22.586013 np0000008174 devstack@neutron-api.service[87591]: INFO neutron.plugins.ml2.drivers.ovn.mech_driver.ovsdb.impl_idl_ovn [None req-c2b64027-8868-47c6-b80a-de180651f482 None None] Getting OvsdbSbOvnIdl for WorkerService with retry
Aug 26 16:30:22.607904 np0000008174 devstack@neutron-api.service[87590]: DEBUG ovsdbapp.backend.ovs_idl [None req-d5f77723-2b5a-4416-9569-83c18c24b15f None None] Created lookup_table index Chassis.name {{(pid=87590) autocreate_indices /opt/stack/data/venv/lib/python3.12/site-packages/ovsdbapp/backend/ovs_idl/__init__.py:87}}
Aug 26 16:30:22.608020 np0000008174 devstack@neutron-api.service[87590]: DEBUG ovsdbapp.backend.ovs_idl [None req-d5f77723-2b5a-4416-9569-83c18c24b15f None None] Created lookup_table index Port_Binding.logical_port {{(pid=87590) autocreate_indices /opt/stack/data/venv/lib/python3.12/site-packages/ovsdbapp/backend/ovs_idl/__init__.py:87}}
Aug 26 16:30:22.608113 np0000008174 devstack@neutron-api.service[87590]: DEBUG ovsdbapp.backend.ovs_idl [None req-d5f77723-2b5a-4416-9569-83c18c24b15f None None] Created schema index Chassis_Private.name {{(pid=87590) autocreate_indices /opt/stack/data/venv/lib/python3.12/site-packages/ovsdbapp/backend/ovs_idl/__init__.py:106}}
Aug 26 16:30:22.608198 np0000008174 devstack@neutron-api.service[87590]: DEBUG ovsdbapp.backend.ovs_idl [None req-d5f77723-2b5a-4416-9569-83c18c24b15f None None] Created schema index Datapath_Binding.tunnel_key {{(pid=87590) autocreate_indices /opt/stack/data/venv/lib/python3.12/site-packages/ovsdbapp/backend/ovs_idl/__init__.py:106}}
Aug 26 16:30:22.610201 np0000008174 devstack@neutron-api.service[87590]: INFO ovsdbapp.backend.ovs_idl.vlog [None req-d5f77723-2b5a-4416-9569-83c18c24b15f None None] ssl:10.4.3.224:6642: connecting...
Aug 26 16:30:22.610252 np0000008174 devstack@neutron-api.service[87591]: DEBUG ovsdbapp.backend.ovs_idl [None req-c2b64027-8868-47c6-b80a-de180651f482 None None] Created lookup_table index Chassis.name {{(pid=87591) autocreate_indices /opt/stack/data/venv/lib/python3.12/site-packages/ovsdbapp/backend/ovs_idl/__init__.py:87}}
Aug 26 16:30:22.610343 np0000008174 devstack@neutron-api.service[87591]: DEBUG ovsdbapp.backend.ovs_idl [None req-c2b64027-8868-47c6-b80a-de180651f482 None None] Created lookup_table index Port_Binding.logical_port {{(pid=87591) autocreate_indices /opt/stack/data/venv/lib/python3.12/site-packages/ovsdbapp/backend/ovs_idl/__init__.py:87}}
Aug 26 16:30:22.610450 np0000008174 devstack@neutron-api.service[87591]: DEBUG ovsdbapp.backend.ovs_idl [None req-c2b64027-8868-47c6-b80a-de180651f482 None None] Created schema index Chassis_Private.name {{(pid=87591) autocreate_indices /opt/stack/data/venv/lib/python3.12/site-packages/ovsdbapp/backend/ovs_idl/__init__.py:106}}
Aug 26 16:30:22.610535 np0000008174 devstack@neutron-api.service[87591]: DEBUG ovsdbapp.backend.ovs_idl [None req-c2b64027-8868-47c6-b80a-de180651f482 None None] Created schema index Datapath_Binding.tunnel_key {{(pid=87591) autocreate_indices /opt/stack/data/venv/lib/python3.12/site-packages/ovsdbapp/backend/ovs_idl/__init__.py:106}}
Aug 26 16:30:22.614700 np0000008174 devstack@neutron-api.service[87591]: INFO ovsdbapp.backend.ovs_idl.vlog [None req-c2b64027-8868-47c6-b80a-de180651f482 None None] ssl:10.4.3.224:6642: connecting...
Aug 26 16:30:22.615061 np0000008174 devstack@neutron-api.service[87590]: INFO ovsdbapp.backend.ovs_idl.vlog [None req-d5f77723-2b5a-4416-9569-83c18c24b15f None None] ssl:10.4.3.224:6642: connected
Aug 26 16:30:22.616853 np0000008174 devstack@neutron-api.service[87591]: INFO ovsdbapp.backend.ovs_idl.vlog [None req-c2b64027-8868-47c6-b80a-de180651f482 None None] ssl:10.4.3.224:6642: connected
Aug 26 16:30:22.656248 np0000008174 devstack@neutron-api.service[87591]: DEBUG neutron.common.ovn.hash_ring_manager [None req-c2b64027-8868-47c6-b80a-de180651f482 None None] Allow caching, nodes 3>=3 {{(pid=87591) _wait_startup_before_caching /opt/stack/neutron/neutron/common/ovn/hash_ring_manager.py:71}}
Aug 26 16:30:22.658782 np0000008174 devstack@neutron-api.service[87590]: DEBUG neutron.common.ovn.hash_ring_manager [None req-d5f77723-2b5a-4416-9569-83c18c24b15f None None] Allow caching, nodes 3>=3 {{(pid=87590) _wait_startup_before_caching /opt/stack/neutron/neutron/common/ovn/hash_ring_manager.py:71}}
Aug 26 16:30:22.659316 np0000008174 devstack@neutron-api.service[87591]: DEBUG neutron.common.ovn.hash_ring_manager [None req-c2b64027-8868-47c6-b80a-de180651f482 None None] Hash Ring loaded. 3 active nodes. 0 offline nodes {{(pid=87591) _load_hash_ring /opt/stack/neutron/neutron/common/ovn/hash_ring_manager.py:110}}
Aug 26 16:30:22.659893 np0000008174 devstack@neutron-api.service[87591]: DEBUG ovsdbapp.backend.ovs_idl.event [None req-c2b64027-8868-47c6-b80a-de180651f482 None None] Matched CREATE: ChassisOVNAgentWriteEvent(events=('create', 'update'), table='Chassis_Private', conditions=None, old_conditions=None), priority=20 to row=Chassis_Private(uuid=ef3e6279-1ce3-4a42-93f7-68faa1d940f6, chassis=5a39fe86-f8ea-4be4-9de6-4a246caf4aff, external_ids={'neutron:ovn-bridge': 'br-int', 'neutron:ovn-neutron-agent-id': 'ac9011ef-413b-5934-a476-717c5b12bbaf', 'neutron:ovn-neutron-agent-sb-cfg': '0'}, name='4c75feee-10fc-42ca-a805-fc43b9741b10', nb_cfg=0, nb_cfg_timestamp=0) old= {{(pid=87591) matches /opt/stack/data/venv/lib/python3.12/site-packages/ovsdbapp/backend/ovs_idl/event.py:55}}
Aug 26 16:30:22.660256 np0000008174 devstack@neutron-api.service[87591]: DEBUG ovsdbapp.backend.ovs_idl.event [None req-c2b64027-8868-47c6-b80a-de180651f482 None None] Matched CREATE: ChassisAgentWriteEvent(events=('create', 'update'), table='Chassis_Private', conditions=None, old_conditions=None), priority=20 to row=Chassis_Private(uuid=ef3e6279-1ce3-4a42-93f7-68faa1d940f6, chassis=5a39fe86-f8ea-4be4-9de6-4a246caf4aff, external_ids={'neutron:ovn-bridge': 'br-int', 'neutron:ovn-neutron-agent-id': 'ac9011ef-413b-5934-a476-717c5b12bbaf', 'neutron:ovn-neutron-agent-sb-cfg': '0'}, name='4c75feee-10fc-42ca-a805-fc43b9741b10', nb_cfg=0, nb_cfg_timestamp=0) old= {{(pid=87591) matches /opt/stack/data/venv/lib/python3.12/site-packages/ovsdbapp/backend/ovs_idl/event.py:55}}
Aug 26 16:30:22.662011 np0000008174 devstack@neutron-api.service[87591]: INFO neutron.plugins.ml2.drivers.ovn.mech_driver.mech_driver [None req-c2b64027-8868-47c6-b80a-de180651f482 None None] WorkerService process has finished the post initialization
Aug 26 16:30:22.662394 np0000008174 devstack@neutron-api.service[87591]: DEBUG oslo_concurrency.processutils [None req-c2b64027-8868-47c6-b80a-de180651f482 None None] Running cmd (subprocess): ovsdb-client transact ssl:10.4.3.224:6641 --timeout 180 -p /opt/stack/data/CA/int-ca/private/devstack-cert.key -c /opt/stack/data/CA/int-ca/devstack-cert.crt -C /opt/stack/data/CA/int-ca/ca-chain.pem ["OVN_Northbound", {"op": "wait", "timeout": 0, "table": "Port_Group", "where": [["name", "==", "pvlan_pg_drop"]], "until": "==", "rows": []}, {"op": "insert", "table": "ACL", "row": {"action": "drop", "direction": "to-lport", "match": "outport == @pvlan_pg_drop && ip", "priority": 1010}, "uuid-name": "pvlandroptoport"}, {"op": "insert", "table": "ACL", "row": {"action": "drop", "direction": "from-lport", "match": "inport == @pvlan_pg_drop && ip", "priority": 1010}, "uuid-name": "pvlandropfromport"}, {"op": "insert", "table": "Port_Group", "row": {"name": "pvlan_pg_drop", "acls": ["set", [["named-uuid", "pvlandroptoport"], ["named-uuid", "pvlandropfromport"]]]}}] {{(pid=87591) execute /opt/stack/data/venv/lib/python3.12/site-packages/oslo_concurrency/processutils.py:440}}
Aug 26 16:30:22.663354 np0000008174 devstack@neutron-api.service[87590]: DEBUG neutron.common.ovn.hash_ring_manager [None req-d5f77723-2b5a-4416-9569-83c18c24b15f None None] Hash Ring loaded. 3 active nodes. 0 offline nodes {{(pid=87590) _load_hash_ring /opt/stack/neutron/neutron/common/ovn/hash_ring_manager.py:110}}
Aug 26 16:30:22.663535 np0000008174 devstack@neutron-api.service[87590]: DEBUG neutron.plugins.ml2.drivers.ovn.mech_driver.ovsdb.ovsdb_monitor [None req-d5f77723-2b5a-4416-9569-83c18c24b15f None None] Hash Ring: Node 7f11ced806565aa7b69eef19cbc1d667 (host: np0000008174) handling event "create" for row 5a39fe86-f8ea-4be4-9de6-4a246caf4aff (table: Chassis) {{(pid=87590) notify /opt/stack/neutron/neutron/plugins/ml2/drivers/ovn/mech_driver/ovsdb/ovsdb_monitor.py:1099}}
Aug 26 16:30:22.664407 np0000008174 devstack@neutron-api.service[87590]: DEBUG ovsdbapp.backend.ovs_idl.event [None req-d5f77723-2b5a-4416-9569-83c18c24b15f None None] Matched CREATE: ChassisBandwidthConfigEvent(events=('create', 'update'), table='Chassis', conditions=None, old_conditions=None), priority=20 to row=Chassis(uuid=5a39fe86-f8ea-4be4-9de6-4a246caf4aff, encaps=[a4bf6510-ae87-4a0b-9419-aef15928062f], external_ids={}, hostname='np0000008174', name='4c75feee-10fc-42ca-a805-fc43b9741b10', nb_cfg=0, other_config={'ct-commit-nat-v2': 'true', 'ct-commit-to-zone': 'true', 'ct-next-zone': 'true', 'ct-no-masked-label': 'true', 'ct-state-save': 'true', 'datapath-type': 'system', 'fdb-timestamp': 'true', 'iface-types': 'afxdp,afxdp-nonpmd,bareudp,erspan,geneve,gre,gtpu,internal,ip6erspan,ip6gre,lisp,patch,srv6,stt,system,tap,vxlan', 'is-interconn': 'false', 'ls-dpg-column': 'true', 'mac-binding-timestamp': 'true', 'ovn-bridge-mappings': 'public:br-ex', 'ovn-chassis-mac-mappings': '', 'ovn-cms-options': 'enable-chassis-as-gw', 'ovn-ct-lb-related': 'true', 'ovn-enable-lflow-cache': 'true', 'ovn-limit-lflow-cache': '', 'ovn-memlimit-lflow-cache-kb': '', 'ovn-monitor-all': 'false', 'ovn-trim-limit-lflow-cache': '', 'ovn-trim-timeout-ms': '', 'ovn-trim-wmark-perc-lflow-cache': '', 'port-up-notif': 'true'}, transport_zones=[], vtep_logical_switches=[]) old= {{(pid=87590) matches /opt/stack/data/venv/lib/python3.12/site-packages/ovsdbapp/backend/ovs_idl/event.py:55}}
Aug 26 16:30:22.665246 np0000008174 devstack@neutron-api.service[87590]: DEBUG ovsdbapp.backend.ovs_idl.event [None req-d5f77723-2b5a-4416-9569-83c18c24b15f None None] Matched CREATE: ChassisAgentWriteEvent(events=('create', 'update'), table='Chassis_Private', conditions=None, old_conditions=None), priority=20 to row=Chassis_Private(uuid=ef3e6279-1ce3-4a42-93f7-68faa1d940f6, chassis=5a39fe86-f8ea-4be4-9de6-4a246caf4aff, external_ids={'neutron:ovn-bridge': 'br-int', 'neutron:ovn-neutron-agent-id': 'ac9011ef-413b-5934-a476-717c5b12bbaf', 'neutron:ovn-neutron-agent-sb-cfg': '0'}, name='4c75feee-10fc-42ca-a805-fc43b9741b10', nb_cfg=0, nb_cfg_timestamp=0) old= {{(pid=87590) matches /opt/stack/data/venv/lib/python3.12/site-packages/ovsdbapp/backend/ovs_idl/event.py:55}}
Aug 26 16:30:22.666097 np0000008174 devstack@neutron-api.service[87590]: DEBUG ovsdbapp.backend.ovs_idl.event [None req-d5f77723-2b5a-4416-9569-83c18c24b15f None None] Matched CREATE: ChassisOVNAgentWriteEvent(events=('create', 'update'), table='Chassis_Private', conditions=None, old_conditions=None), priority=20 to row=Chassis_Private(uuid=ef3e6279-1ce3-4a42-93f7-68faa1d940f6, chassis=5a39fe86-f8ea-4be4-9de6-4a246caf4aff, external_ids={'neutron:ovn-bridge': 'br-int', 'neutron:ovn-neutron-agent-id': 'ac9011ef-413b-5934-a476-717c5b12bbaf', 'neutron:ovn-neutron-agent-sb-cfg': '0'}, name='4c75feee-10fc-42ca-a805-fc43b9741b10', nb_cfg=0, nb_cfg_timestamp=0) old= {{(pid=87590) matches /opt/stack/data/venv/lib/python3.12/site-packages/ovsdbapp/backend/ovs_idl/event.py:55}}
Aug 26 16:30:22.666348 np0000008174 devstack@neutron-api.service[87590]: DEBUG neutron.plugins.ml2.drivers.ovn.mech_driver.ovsdb.ovsdb_monitor [None req-d5f77723-2b5a-4416-9569-83c18c24b15f None None] Hash Ring: Node 7f11ced806565aa7b69eef19cbc1d667 (host: np0000008174) handling event "create" for row ef3e6279-1ce3-4a42-93f7-68faa1d940f6 (table: Chassis_Private) {{(pid=87590) notify /opt/stack/neutron/neutron/plugins/ml2/drivers/ovn/mech_driver/ovsdb/ovsdb_monitor.py:1099}}
Aug 26 16:30:22.667354 np0000008174 devstack@neutron-api.service[87590]: INFO neutron.plugins.ml2.drivers.ovn.mech_driver.mech_driver [None req-d5f77723-2b5a-4416-9569-83c18c24b15f None None] WorkerService process has finished the post initialization
Aug 26 16:30:22.668162 np0000008174 devstack@neutron-api.service[87590]: INFO neutron.plugins.ml2.drivers.ovn.mech_driver.ovsdb.extensions.qos [-] Starting OVNClientQosExtension
Aug 26 16:30:22.668450 np0000008174 devstack@neutron-api.service[87590]: DEBUG oslo_concurrency.processutils [None req-d5f77723-2b5a-4416-9569-83c18c24b15f None None] Running cmd (subprocess): ovsdb-client transact ssl:10.4.3.224:6641 --timeout 180 -p /opt/stack/data/CA/int-ca/private/devstack-cert.key -c /opt/stack/data/CA/int-ca/devstack-cert.crt -C /opt/stack/data/CA/int-ca/ca-chain.pem ["OVN_Northbound", {"op": "wait", "timeout": 0, "table": "Port_Group", "where": [["name", "==", "pvlan_pg_drop"]], "until": "==", "rows": []}, {"op": "insert", "table": "ACL", "row": {"action": "drop", "direction": "to-lport", "match": "outport == @pvlan_pg_drop && ip", "priority": 1010}, "uuid-name": "pvlandroptoport"}, {"op": "insert", "table": "ACL", "row": {"action": "drop", "direction": "from-lport", "match": "inport == @pvlan_pg_drop && ip", "priority": 1010}, "uuid-name": "pvlandropfromport"}, {"op": "insert", "table": "Port_Group", "row": {"name": "pvlan_pg_drop", "acls": ["set", [["named-uuid", "pvlandroptoport"], ["named-uuid", "pvlandropfromport"]]]}}] {{(pid=87590) execute /opt/stack/data/venv/lib/python3.12/site-packages/oslo_concurrency/processutils.py:440}}
Aug 26 16:30:22.669216 np0000008174 devstack@neutron-api.service[87590]: INFO neutron.plugins.ml2.drivers.ovn.mech_driver.ovsdb.extensions.placement [-] Starting OVNClientPlacementExtension
Aug 26 16:30:22.698941 np0000008174 devstack@neutron-api.service[87590]: DEBUG oslo_concurrency.processutils [None req-d5f77723-2b5a-4416-9569-83c18c24b15f None None] CMD "ovsdb-client transact ssl:10.4.3.224:6641 --timeout 180 -p /opt/stack/data/CA/int-ca/private/devstack-cert.key -c /opt/stack/data/CA/int-ca/devstack-cert.crt -C /opt/stack/data/CA/int-ca/ca-chain.pem ["OVN_Northbound", {"op": "wait", "timeout": 0, "table": "Port_Group", "where": [["name", "==", "pvlan_pg_drop"]], "until": "==", "rows": []}, {"op": "insert", "table": "ACL", "row": {"action": "drop", "direction": "to-lport", "match": "outport == @pvlan_pg_drop && ip", "priority": 1010}, "uuid-name": "pvlandroptoport"}, {"op": "insert", "table": "ACL", "row": {"action": "drop", "direction": "from-lport", "match": "inport == @pvlan_pg_drop && ip", "priority": 1010}, "uuid-name": "pvlandropfromport"}, {"op": "insert", "table": "Port_Group", "row": {"name": "pvlan_pg_drop", "acls": ["set", [["named-uuid", "pvlandroptoport"], ["named-uuid", "pvlandropfromport"]]]}}]" returned: 0 in 0.031s {{(pid=87590) execute /opt/stack/data/venv/lib/python3.12/site-packages/oslo_concurrency/processutils.py:468}}
Aug 26 16:30:22.701327 np0000008174 devstack@neutron-api.service[87590]: WSGI app 0 (mountpoint='') ready in 6 seconds on interpreter 0x71e26eca4668 pid: 87590 (default app)
Aug 26 16:30:22.701933 np0000008174 devstack@neutron-api.service[87591]: DEBUG oslo_concurrency.processutils [None req-c2b64027-8868-47c6-b80a-de180651f482 None None] CMD "ovsdb-client transact ssl:10.4.3.224:6641 --timeout 180 -p /opt/stack/data/CA/int-ca/private/devstack-cert.key -c /opt/stack/data/CA/int-ca/devstack-cert.crt -C /opt/stack/data/CA/int-ca/ca-chain.pem ["OVN_Northbound", {"op": "wait", "timeout": 0, "table": "Port_Group", "where": [["name", "==", "pvlan_pg_drop"]], "until": "==", "rows": []}, {"op": "insert", "table": "ACL", "row": {"action": "drop", "direction": "to-lport", "match": "outport == @pvlan_pg_drop && ip", "priority": 1010}, "uuid-name": "pvlandroptoport"}, {"op": "insert", "table": "ACL", "row": {"action": "drop", "direction": "from-lport", "match": "inport == @pvlan_pg_drop && ip", "priority": 1010}, "uuid-name": "pvlandropfromport"}, {"op": "insert", "table": "Port_Group", "row": {"name": "pvlan_pg_drop", "acls": ["set", [["named-uuid", "pvlandroptoport"], ["named-uuid", "pvlandropfromport"]]]}}]" returned: 0 in 0.039s {{(pid=87591) execute /opt/stack/data/venv/lib/python3.12/site-packages/oslo_concurrency/processutils.py:468}}
Aug 26 16:30:22.703608 np0000008174 devstack@neutron-api.service[87591]: WSGI app 0 (mountpoint='') ready in 6 seconds on interpreter 0x71e26eca4668 pid: 87591 (default app)
Aug 26 16:30:23.931488 np0000008174 devstack@neutron-api.service[87592]: DEBUG neutron.common.ovn.hash_ring_manager [-] Allow caching, nodes 3>=3 {{(pid=87592) _wait_startup_before_caching /opt/stack/neutron/neutron/common/ovn/hash_ring_manager.py:71}}
Aug 26 16:30:23.931773 np0000008174 devstack@neutron-api.service[87592]: DEBUG neutron.plugins.ml2.drivers.ovn.mech_driver.ovsdb.ovsdb_monitor [-] Hash Ring: Node 4a999b0761fb5286b5c62416448f3eb4 (host: np0000008174) handling event "update" for row 3ce44531-234f-4a44-b93f-d9ff577e2cef (table: Connection) {{(pid=87592) notify /opt/stack/neutron/neutron/plugins/ml2/drivers/ovn/mech_driver/ovsdb/ovsdb_monitor.py:1099}}
Aug 26 16:30:26.262509 np0000008174 devstack@neutron-api.service[87592]: DEBUG neutron.api.wsgi [None req-ce27cbea-9a3a-4154-920f-eb4f33b00305 admin admin] Missing Content-Type {{(pid=87592) get_content_type /opt/stack/neutron/neutron/api/wsgi.py:80}}
Aug 26 16:30:26.262979 np0000008174 devstack@neutron-api.service[87592]: DEBUG neutron.api.wsgi [None req-ce27cbea-9a3a-4154-920f-eb4f33b00305 admin admin] https://10.4.3.224/networking/v2.0/extensions returned with HTTP 200 {{(pid=87592) __call__ /opt/stack/neutron/neutron/api/wsgi.py:540}}
Aug 26 16:30:26.263197 np0000008174 devstack@neutron-api.service[87592]: [pid: 87592|app: 0|req: 2/2] 10.4.3.224 () {64 vars in 1292 bytes} [Wed Aug 26 16:30:25 2026] GET /networking/v2.0/extensions => generated 16171 bytes in 520 msecs (HTTP/1.1 200) 4 headers in 159 bytes (1 switches on core 0)
Aug 26 16:30:26.590302 np0000008174 devstack@neutron-api.service[87590]: DEBUG neutron.api.v2.base [None req-ac9ca473-4a01-4db7-9652-4b4afdced7c7 admin admin] Request body: {'subnetpool': {'prefixes': ['10.1.0.0/20'], 'name': 'shared-default-subnetpool-v4', 'shared': True, 'is_default': True, 'default_prefixlen': 26}} {{(pid=87590) prepare_request_body /opt/stack/neutron/neutron/api/v2/base.py:727}}
Aug 26 16:30:26.793049 np0000008174 devstack@neutron-api.service[87590]: DEBUG neutron.policy [None req-ac9ca473-4a01-4db7-9652-4b4afdced7c7 admin admin] Loaded default policies from ['neutron'] under neutron.policies entry points {{(pid=87590) register_rules /opt/stack/neutron/neutron/policy.py:65}}
Aug 26 16:30:26.911650 np0000008174 devstack@neutron-api.service[87590]: DEBUG neutron_lib.callbacks.manager [None req-ac9ca473-4a01-4db7-9652-4b4afdced7c7 admin admin] Publish callbacks ['neutron.objects.securitygroup.RbacNeutronDbObjectMixin.validate_rbac_policy_change-1500782815124', 'neutron.objects.address_group.RbacNeutronDbObjectMixin.validate_rbac_policy_change-1500783218097', 'neutron.objects.network.RbacNeutronDbObjectMixin.validate_rbac_policy_change-1500782853830', 'neutron.objects.qos.policy.RbacNeutronDbObjectMixin.validate_rbac_policy_change-1500782845046', 'neutron.objects.subnetpool.RbacNeutronDbObjectMixin.validate_rbac_policy_change-1500782856044', 'neutron.objects.address_scope.RbacNeutronDbObjectMixin.validate_rbac_policy_change-1500782885736', 'neutron.plugins.ml2.plugin.External_net_db_mixin._process_ext_policy_create-155352', 'neutron.plugins.ml2.plugin.NeutronDbPluginV2.validate_network_rbac_policy_change-240356'] for rbac-policy (None), before_create {{(pid=87590) _notify_loop /opt/stack/data/venv/lib/python3.12/site-packages/neutron_lib/callbacks/manager.py:184}}
Aug 26 16:30:26.943929 np0000008174 devstack@neutron-api.service[87590]: DEBUG neutron_lib.callbacks.manager [None req-ac9ca473-4a01-4db7-9652-4b4afdced7c7 admin admin] Publish callbacks [] for subnetpool (None), before_response {{(pid=87590) _notify_loop /opt/stack/data/venv/lib/python3.12/site-packages/neutron_lib/callbacks/manager.py:184}}
Aug 26 16:30:26.944370 np0000008174 devstack@neutron-api.service[87590]: [pid: 87590|app: 0|req: 1/3] 10.4.3.224 () {68 vars in 1336 bytes} [Wed Aug 26 16:30:26 2026] POST /networking/v2.0/subnetpools => generated 533 bytes in 440 msecs (HTTP/1.1 201) 4 headers in 162 bytes (1 switches on core 0)
Aug 26 16:30:27.239482 np0000008174 devstack@neutron-api.service[87591]: DEBUG neutron.api.v2.base [None req-aa3f7d46-0ca1-4b96-805b-acea34182dc1 admin admin] Request body: {'subnetpool': {'prefixes': ['fdbf:2842:95d1::/56'], 'name': 'shared-default-subnetpool-v6', 'shared': True, 'is_default': True, 'default_prefixlen': 64}} {{(pid=87591) prepare_request_body /opt/stack/neutron/neutron/api/v2/base.py:727}}
Aug 26 16:30:27.394317 np0000008174 devstack@neutron-api.service[87591]: DEBUG neutron.policy [None req-aa3f7d46-0ca1-4b96-805b-acea34182dc1 admin admin] Loaded default policies from ['neutron'] under neutron.policies entry points {{(pid=87591) register_rules /opt/stack/neutron/neutron/policy.py:65}}
Aug 26 16:30:27.515905 np0000008174 devstack@neutron-api.service[87591]: DEBUG neutron_lib.callbacks.manager [None req-aa3f7d46-0ca1-4b96-805b-acea34182dc1 admin admin] Publish callbacks ['neutron.objects.securitygroup.RbacNeutronDbObjectMixin.validate_rbac_policy_change-1500782816299', 'neutron.objects.address_group.RbacNeutronDbObjectMixin.validate_rbac_policy_change-1500783215263', 'neutron.objects.network.RbacNeutronDbObjectMixin.validate_rbac_policy_change-1500782851281', 'neutron.objects.qos.policy.RbacNeutronDbObjectMixin.validate_rbac_policy_change-1500782846873', 'neutron.objects.subnetpool.RbacNeutronDbObjectMixin.validate_rbac_policy_change-1500782854926', 'neutron.objects.address_scope.RbacNeutronDbObjectMixin.validate_rbac_policy_change-1500782876352', 'neutron.plugins.ml2.plugin.External_net_db_mixin._process_ext_policy_create-16521871', 'neutron.plugins.ml2.plugin.NeutronDbPluginV2.validate_network_rbac_policy_change-16640759'] for rbac-policy (None), before_create {{(pid=87591) _notify_loop /opt/stack/data/venv/lib/python3.12/site-packages/neutron_lib/callbacks/manager.py:184}}
Aug 26 16:30:27.548370 np0000008174 devstack@neutron-api.service[87591]: DEBUG neutron_lib.callbacks.manager [None req-aa3f7d46-0ca1-4b96-805b-acea34182dc1 admin admin] Publish callbacks [] for subnetpool (None), before_response {{(pid=87591) _notify_loop /opt/stack/data/venv/lib/python3.12/site-packages/neutron_lib/callbacks/manager.py:184}}
Aug 26 16:30:27.548925 np0000008174 devstack@neutron-api.service[87591]: [pid: 87591|app: 0|req: 1/4] 10.4.3.224 () {68 vars in 1336 bytes} [Wed Aug 26 16:30:27 2026] POST /networking/v2.0/subnetpools => generated 543 bytes in 400 msecs (HTTP/1.1 201) 4 headers in 162 bytes (1 switches on core 0)
Aug 26 16:30:27.750955 np0000008174 devstack@neutron-api.service[87592]: DEBUG neutron.api.v2.base [None req-1821a4ef-e444-4d08-bef0-b3016c43a21f admin admin] Request body: {'network': {'admin_state_up': True, 'name': 'private'}} {{(pid=87592) prepare_request_body /opt/stack/neutron/neutron/api/v2/base.py:727}}
Aug 26 16:30:27.778124 np0000008174 devstack@neutron-api.service[87592]: DEBUG neutron.pecan_wsgi.hooks.quota_enforcement [None req-1821a4ef-e444-4d08-bef0-b3016c43a21f admin admin] Made reservation on behalf of c80facbec1e744788cd1f9be6d089dc1 for: {'network': 1} {{(pid=87592) before /opt/stack/neutron/neutron/pecan_wsgi/hooks/quota_enforcement.py:66}}
Aug 26 16:30:27.916912 np0000008174 devstack@neutron-api.service[87592]: DEBUG neutron.policy [None req-1821a4ef-e444-4d08-bef0-b3016c43a21f admin admin] Loaded default policies from ['neutron'] under neutron.policies entry points {{(pid=87592) register_rules /opt/stack/neutron/neutron/policy.py:65}}
Aug 26 16:30:28.000272 np0000008174 devstack@neutron-api.service[87592]: DEBUG neutron_lib.callbacks.manager [None req-1821a4ef-e444-4d08-bef0-b3016c43a21f admin admin] Publish callbacks ['neutron.plugins.ml2.plugin.SecurityGroupDbMixin._ensure_default_security_group_handler-15940279'] for network (None), before_create {{(pid=87592) _notify_loop /opt/stack/data/venv/lib/python3.12/site-packages/neutron_lib/callbacks/manager.py:184}}
Aug 26 16:30:28.018264 np0000008174 devstack@neutron-api.service[87592]: DEBUG neutron_lib.callbacks.manager [None req-1821a4ef-e444-4d08-bef0-b3016c43a21f admin admin] Publish callbacks [] for security_group (None), before_create {{(pid=87592) _notify_loop /opt/stack/data/venv/lib/python3.12/site-packages/neutron_lib/callbacks/manager.py:184}}
Aug 26 16:30:28.105902 np0000008174 devstack@neutron-api.service[87592]: DEBUG neutron_lib.callbacks.manager [None req-1821a4ef-e444-4d08-bef0-b3016c43a21f admin admin] Publish callbacks ['neutron.plugins.ml2.drivers.ovn.mech_driver.mech_driver.OVNMechanismDriver._create_security_group_precommit-903360'] for security_group (9e7cc845-db84-4c35-b9a0-2ebc2a66427b), precommit_create {{(pid=87592) _notify_loop /opt/stack/data/venv/lib/python3.12/site-packages/neutron_lib/callbacks/manager.py:184}}
Aug 26 16:30:28.106083 np0000008174 devstack@neutron-api.service[87592]: DEBUG neutron.db.ovn_revision_numbers_db [None req-1821a4ef-e444-4d08-bef0-b3016c43a21f admin admin] create_initial_revision uuid=9e7cc845-db84-4c35-b9a0-2ebc2a66427b, type=security_groups, rev=-1 {{(pid=87592) create_initial_revision /opt/stack/neutron/neutron/db/ovn_revision_numbers_db.py:98}}
Aug 26 16:30:28.108918 np0000008174 devstack@neutron-api.service[87592]: DEBUG neutron.db.ovn_revision_numbers_db [None req-1821a4ef-e444-4d08-bef0-b3016c43a21f admin admin] create_initial_revision uuid=23228c87-3578-482a-b256-4b1276a87104, type=security_group_rules, rev=-1 {{(pid=87592) create_initial_revision /opt/stack/neutron/neutron/db/ovn_revision_numbers_db.py:98}}
Aug 26 16:30:28.110155 np0000008174 devstack@neutron-api.service[87592]: DEBUG neutron.db.ovn_revision_numbers_db [None req-1821a4ef-e444-4d08-bef0-b3016c43a21f admin admin] create_initial_revision uuid=9bf4a43a-2055-454c-9a99-9f48d7681da2, type=security_group_rules, rev=-1 {{(pid=87592) create_initial_revision /opt/stack/neutron/neutron/db/ovn_revision_numbers_db.py:98}}
Aug 26 16:30:28.111282 np0000008174 devstack@neutron-api.service[87592]: DEBUG neutron.db.ovn_revision_numbers_db [None req-1821a4ef-e444-4d08-bef0-b3016c43a21f admin admin] create_initial_revision uuid=bd13e2ca-b593-45ad-a838-3b1e5ed71f0e, type=security_group_rules, rev=-1 {{(pid=87592) create_initial_revision /opt/stack/neutron/neutron/db/ovn_revision_numbers_db.py:98}}
Aug 26 16:30:28.112457 np0000008174 devstack@neutron-api.service[87592]: DEBUG neutron.db.ovn_revision_numbers_db [None req-1821a4ef-e444-4d08-bef0-b3016c43a21f admin admin] create_initial_revision uuid=ff646ade-0500-4df8-9c86-6c8c31a2a321, type=security_group_rules, rev=-1 {{(pid=87592) create_initial_revision /opt/stack/neutron/neutron/db/ovn_revision_numbers_db.py:98}}
Aug 26 16:30:28.117535 np0000008174 devstack@neutron-api.service[87592]: DEBUG neutron_lib.callbacks.manager [None req-1821a4ef-e444-4d08-bef0-b3016c43a21f admin admin] Publish callbacks ['neutron.plugins.ml2.drivers.ovn.mech_driver.mech_driver.OVNMechanismDriver._create_security_group-903230', 'neutron.plugins.ml2.ovo_rpc._ObjectChangeHandler.handle_event-1125749'] for security_group (9e7cc845-db84-4c35-b9a0-2ebc2a66427b), after_create {{(pid=87592) _notify_loop /opt/stack/data/venv/lib/python3.12/site-packages/neutron_lib/callbacks/manager.py:184}}
Aug 26 16:30:28.118380 np0000008174 devstack@neutron-api.service[87592]: DEBUG ovsdbapp.backend.ovs_idl.transaction [-] Running txn 79cf81f9 n=1 command(idx=0): PgAddCommand(_result=None, name=pg_9e7cc845_db84_4c35_b9a0_2ebc2a66427b, may_exist=False, columns={'acls': [], 'external_ids': {'neutron:security_group_id': '9e7cc845-db84-4c35-b9a0-2ebc2a66427b'}}) {{(pid=87592) do_commit /opt/stack/data/venv/lib/python3.12/site-packages/ovsdbapp/backend/ovs_idl/transaction.py:91}}
Aug 26 16:30:28.119403 np0000008174 devstack@neutron-api.service[87592]: DEBUG ovsdbapp.backend.ovs_idl.transaction [-] Running txn 79cf81f9 n=1 command(idx=1): PgAclAddCommand(_result=None, entity=pg_9e7cc845_db84_4c35_b9a0_2ebc2a66427b, direction=to-lport, priority=1002, match=outport == @pg_9e7cc845_db84_4c35_b9a0_2ebc2a66427b && ip4 && ip4.src == $pg_9e7cc845_db84_4c35_b9a0_2ebc2a66427b_ip4, action=allow-related, log=False, may_exist=True, severity=[], name=[], meter=[], external_ids={'neutron:security_group_rule_id': '23228c87-3578-482a-b256-4b1276a87104'}) {{(pid=87592) do_commit /opt/stack/data/venv/lib/python3.12/site-packages/ovsdbapp/backend/ovs_idl/transaction.py:91}}
Aug 26 16:30:28.119754 np0000008174 devstack@neutron-api.service[87592]: DEBUG ovsdbapp.backend.ovs_idl.transaction [-] Running txn 79cf81f9 n=1 command(idx=2): PgAclAddCommand(_result=None, entity=pg_9e7cc845_db84_4c35_b9a0_2ebc2a66427b, direction=from-lport, priority=1002, match=inport == @pg_9e7cc845_db84_4c35_b9a0_2ebc2a66427b && ip4, action=allow-related, log=False, may_exist=True, severity=[], name=[], meter=[], external_ids={'neutron:security_group_rule_id': '9bf4a43a-2055-454c-9a99-9f48d7681da2'}) {{(pid=87592) do_commit /opt/stack/data/venv/lib/python3.12/site-packages/ovsdbapp/backend/ovs_idl/transaction.py:91}}
Aug 26 16:30:28.119982 np0000008174 devstack@neutron-api.service[87592]: DEBUG ovsdbapp.backend.ovs_idl.transaction [-] Running txn 79cf81f9 n=1 command(idx=3): PgAclAddCommand(_result=None, entity=pg_9e7cc845_db84_4c35_b9a0_2ebc2a66427b, direction=from-lport, priority=1002, match=inport == @pg_9e7cc845_db84_4c35_b9a0_2ebc2a66427b && ip6, action=allow-related, log=False, may_exist=True, severity=[], name=[], meter=[], external_ids={'neutron:security_group_rule_id': 'bd13e2ca-b593-45ad-a838-3b1e5ed71f0e'}) {{(pid=87592) do_commit /opt/stack/data/venv/lib/python3.12/site-packages/ovsdbapp/backend/ovs_idl/transaction.py:91}}
Aug 26 16:30:28.120173 np0000008174 devstack@neutron-api.service[87592]: DEBUG ovsdbapp.backend.ovs_idl.transaction [-] Running txn 79cf81f9 n=1 command(idx=4): PgAclAddCommand(_result=None, entity=pg_9e7cc845_db84_4c35_b9a0_2ebc2a66427b, direction=to-lport, priority=1002, match=outport == @pg_9e7cc845_db84_4c35_b9a0_2ebc2a66427b && ip6 && ip6.src == $pg_9e7cc845_db84_4c35_b9a0_2ebc2a66427b_ip6, action=allow-related, log=False, may_exist=True, severity=[], name=[], meter=[], external_ids={'neutron:security_group_rule_id': 'ff646ade-0500-4df8-9c86-6c8c31a2a321'}) {{(pid=87592) do_commit /opt/stack/data/venv/lib/python3.12/site-packages/ovsdbapp/backend/ovs_idl/transaction.py:91}}
Aug 26 16:30:28.123625 np0000008174 devstack@neutron-api.service[87592]: DEBUG neutron.plugins.ml2.drivers.ovn.mech_driver.ovsdb.ovsdb_monitor [-] Hash Ring: Node 4a999b0761fb5286b5c62416448f3eb4 (host: np0000008174) handling event "create" for row 480ba724-d7c4-4ba8-af8b-122187e66015 (table: ACL) {{(pid=87592) notify /opt/stack/neutron/neutron/plugins/ml2/drivers/ovn/mech_driver/ovsdb/ovsdb_monitor.py:1099}}
Aug 26 16:30:28.123625 np0000008174 devstack@neutron-api.service[87592]: DEBUG neutron.plugins.ml2.drivers.ovn.mech_driver.ovsdb.ovsdb_monitor [-] Hash Ring: Node 4a999b0761fb5286b5c62416448f3eb4 (host: np0000008174) handling event "create" for row 53e86507-9dc5-4ac1-9fb1-90fd5bf28baf (table: ACL) {{(pid=87592) notify /opt/stack/neutron/neutron/plugins/ml2/drivers/ovn/mech_driver/ovsdb/ovsdb_monitor.py:1099}}
Aug 26 16:30:28.123871 np0000008174 devstack@neutron-api.service[87592]: DEBUG neutron.plugins.ml2.drivers.ovn.mech_driver.ovsdb.ovsdb_monitor [-] Hash Ring: Node 4a999b0761fb5286b5c62416448f3eb4 (host: np0000008174) handling event "create" for row d8ab40bf-9808-496e-a755-c75cd1fdbcb1 (table: ACL) {{(pid=87592) notify /opt/stack/neutron/neutron/plugins/ml2/drivers/ovn/mech_driver/ovsdb/ovsdb_monitor.py:1099}}
Aug 26 16:30:28.123871 np0000008174 devstack@neutron-api.service[87592]: DEBUG neutron.plugins.ml2.drivers.ovn.mech_driver.ovsdb.ovsdb_monitor [-] Hash Ring: Node 4a999b0761fb5286b5c62416448f3eb4 (host: np0000008174) handling event "create" for row d98c3d23-6fb9-4ac6-991c-aa1803dabdd0 (table: ACL) {{(pid=87592) notify /opt/stack/neutron/neutron/plugins/ml2/drivers/ovn/mech_driver/ovsdb/ovsdb_monitor.py:1099}}
Aug 26 16:30:28.124069 np0000008174 devstack@neutron-api.service[87592]: DEBUG neutron.plugins.ml2.drivers.ovn.mech_driver.ovsdb.ovsdb_monitor [-] Hash Ring: Node 4a999b0761fb5286b5c62416448f3eb4 (host: np0000008174) handling event "create" for row e120ca1e-b0ad-4a51-9a15-6e5d46901df2 (table: Port_Group) {{(pid=87592) notify /opt/stack/neutron/neutron/plugins/ml2/drivers/ovn/mech_driver/ovsdb/ovsdb_monitor.py:1099}}
Aug 26 16:30:28.124490 np0000008174 devstack@neutron-api.service[87592]: DEBUG ovsdbapp.backend.ovs_idl.transaction [-] txn 79cf81f9 succeeded {{(pid=87592) do_commit /opt/stack/data/venv/lib/python3.12/site-packages/ovsdbapp/backend/ovs_idl/transaction.py:137}}
Aug 26 16:30:28.126509 np0000008174 devstack@neutron-api.service[87590]: DEBUG neutron.plugins.ml2.drivers.ovn.mech_driver.ovsdb.ovsdb_monitor [-] Hash Ring: Node 7f11ced806565aa7b69eef19cbc1d667 (host: np0000008174) handling event "create" for row 53e86507-9dc5-4ac1-9fb1-90fd5bf28baf (table: ACL) {{(pid=87590) notify /opt/stack/neutron/neutron/plugins/ml2/drivers/ovn/mech_driver/ovsdb/ovsdb_monitor.py:1099}}
Aug 26 16:30:28.128135 np0000008174 devstack@neutron-api.service[87591]: DEBUG neutron.plugins.ml2.drivers.ovn.mech_driver.ovsdb.ovsdb_monitor [-] Hash Ring: Node 1292c1c6853f5d6dbf536258c7fe8516 (host: np0000008174) handling event "create" for row 480ba724-d7c4-4ba8-af8b-122187e66015 (table: ACL) {{(pid=87591) notify /opt/stack/neutron/neutron/plugins/ml2/drivers/ovn/mech_driver/ovsdb/ovsdb_monitor.py:1099}}
Aug 26 16:30:28.147093 np0000008174 devstack@neutron-api.service[87592]: INFO neutron.db.ovn_revision_numbers_db [None req-1821a4ef-e444-4d08-bef0-b3016c43a21f admin admin] Successfully bumped revision number for resource 9e7cc845-db84-4c35-b9a0-2ebc2a66427b (type: security_groups) to 1
Aug 26 16:30:28.158067 np0000008174 devstack@neutron-api.service[87592]: INFO neutron.db.ovn_revision_numbers_db [None req-1821a4ef-e444-4d08-bef0-b3016c43a21f admin admin] Successfully bumped revision number for resource 23228c87-3578-482a-b256-4b1276a87104 (type: security_group_rules) to 0
Aug 26 16:30:28.170329 np0000008174 devstack@neutron-api.service[87592]: INFO neutron.db.ovn_revision_numbers_db [None req-1821a4ef-e444-4d08-bef0-b3016c43a21f admin admin] Successfully bumped revision number for resource 9bf4a43a-2055-454c-9a99-9f48d7681da2 (type: security_group_rules) to 0
Aug 26 16:30:28.180032 np0000008174 devstack@neutron-api.service[87592]: INFO neutron.db.ovn_revision_numbers_db [None req-1821a4ef-e444-4d08-bef0-b3016c43a21f admin admin] Successfully bumped revision number for resource bd13e2ca-b593-45ad-a838-3b1e5ed71f0e (type: security_group_rules) to 0
Aug 26 16:30:28.191889 np0000008174 devstack@neutron-api.service[87592]: INFO neutron.db.ovn_revision_numbers_db [None req-1821a4ef-e444-4d08-bef0-b3016c43a21f admin admin] Successfully bumped revision number for resource ff646ade-0500-4df8-9c86-6c8c31a2a321 (type: security_group_rules) to 0
Aug 26 16:30:28.210330 np0000008174 devstack@neutron-api.service[87592]: DEBUG neutron.api.rpc.handlers.resources_rpc [None req-1821a4ef-e444-4d08-bef0-b3016c43a21f admin admin] Pushing event updated for resources: {'SecurityGroup': ['ID=9e7cc845-db84-4c35-b9a0-2ebc2a66427b,revision_number=1']} {{(pid=87592) push /opt/stack/neutron/neutron/api/rpc/handlers/resources_rpc.py:237}}
Aug 26 16:30:28.216278 np0000008174 devstack@neutron-api.service[87592]: DEBUG ovsdbapp.backend.ovs_idl.transaction [-] Running txn ef9af6b3 n=1 command(idx=0): CheckLivenessCommand(_result=None) {{(pid=87592) do_commit /opt/stack/data/venv/lib/python3.12/site-packages/ovsdbapp/backend/ovs_idl/transaction.py:91}}
Aug 26 16:30:28.217954 np0000008174 devstack@neutron-api.service[87592]: DEBUG neutron.plugins.ml2.drivers.ovn.mech_driver.ovsdb.ovsdb_monitor [-] Hash Ring: Node 4a999b0761fb5286b5c62416448f3eb4 (host: np0000008174) handling event "update" for row 8fdf188f-0ffe-4a68-9153-0e07758a36d7 (table: NB_Global) {{(pid=87592) notify /opt/stack/neutron/neutron/plugins/ml2/drivers/ovn/mech_driver/ovsdb/ovsdb_monitor.py:1099}}
Aug 26 16:30:28.218628 np0000008174 devstack@neutron-api.service[87591]: DEBUG neutron.plugins.ml2.drivers.ovn.mech_driver.ovsdb.ovsdb_monitor [-] Hash Ring: Node 1292c1c6853f5d6dbf536258c7fe8516 (host: np0000008174) handling event "update" for row 8fdf188f-0ffe-4a68-9153-0e07758a36d7 (table: NB_Global) {{(pid=87591) notify /opt/stack/neutron/neutron/plugins/ml2/drivers/ovn/mech_driver/ovsdb/ovsdb_monitor.py:1099}}
Aug 26 16:30:28.219033 np0000008174 devstack@neutron-api.service[87592]: DEBUG neutron.plugins.ml2.drivers.ovn.mech_driver.ovsdb.ovsdb_monitor [-] Hash Ring: Node 4a999b0761fb5286b5c62416448f3eb4 (host: np0000008174) handling event "update" for row 8fdf188f-0ffe-4a68-9153-0e07758a36d7 (table: NB_Global) {{(pid=87592) notify /opt/stack/neutron/neutron/plugins/ml2/drivers/ovn/mech_driver/ovsdb/ovsdb_monitor.py:1099}}
Aug 26 16:30:28.219338 np0000008174 devstack@neutron-api.service[87591]: DEBUG neutron.plugins.ml2.drivers.ovn.mech_driver.ovsdb.ovsdb_monitor [-] Hash Ring: Node 1292c1c6853f5d6dbf536258c7fe8516 (host: np0000008174) handling event "update" for row 8fdf188f-0ffe-4a68-9153-0e07758a36d7 (table: NB_Global) {{(pid=87591) notify /opt/stack/neutron/neutron/plugins/ml2/drivers/ovn/mech_driver/ovsdb/ovsdb_monitor.py:1099}}
Aug 26 16:30:28.219684 np0000008174 devstack@neutron-api.service[87592]: DEBUG neutron.plugins.ml2.drivers.ovn.mech_driver.ovsdb.ovsdb_monitor [-] Hash Ring: Node 4a999b0761fb5286b5c62416448f3eb4 (host: np0000008174) handling event "update" for row 8fdf188f-0ffe-4a68-9153-0e07758a36d7 (table: NB_Global) {{(pid=87592) notify /opt/stack/neutron/neutron/plugins/ml2/drivers/ovn/mech_driver/ovsdb/ovsdb_monitor.py:1099}}
Aug 26 16:30:28.219913 np0000008174 devstack@neutron-api.service[87591]: DEBUG neutron.plugins.ml2.drivers.ovn.mech_driver.ovsdb.ovsdb_monitor [-] Hash Ring: Node 1292c1c6853f5d6dbf536258c7fe8516 (host: np0000008174) handling event "update" for row 8fdf188f-0ffe-4a68-9153-0e07758a36d7 (table: NB_Global) {{(pid=87591) notify /opt/stack/neutron/neutron/plugins/ml2/drivers/ovn/mech_driver/ovsdb/ovsdb_monitor.py:1099}}
Aug 26 16:30:28.220063 np0000008174 devstack@neutron-api.service[87592]: DEBUG ovsdbapp.backend.ovs_idl.transaction [-] txn ef9af6b3 succeeded {{(pid=87592) do_commit /opt/stack/data/venv/lib/python3.12/site-packages/ovsdbapp/backend/ovs_idl/transaction.py:137}}
Aug 26 16:30:28.221655 np0000008174 devstack@neutron-api.service[87592]: DEBUG neutron.api.rpc.callbacks.version_manager [None req-1821a4ef-e444-4d08-bef0-b3016c43a21f admin admin] Tracked resource versions report:
Aug 26 16:30:28.221655 np0000008174 devstack@neutron-api.service[87592]: pushed versions:
Aug 26 16:30:28.221655 np0000008174 devstack@neutron-api.service[87592]: { 'AddressGroup': {'1.2'},
Aug 26 16:30:28.221655 np0000008174 devstack@neutron-api.service[87592]: 'Agent': {'1.1'},
Aug 26 16:30:28.221655 np0000008174 devstack@neutron-api.service[87592]: 'ConntrackHelper': {'1.0'},
Aug 26 16:30:28.221655 np0000008174 devstack@neutron-api.service[87592]: 'LocalIPAssociation': {'1.0'},
Aug 26 16:30:28.221655 np0000008174 devstack@neutron-api.service[87592]: 'Log': {'1.0'},
Aug 26 16:30:28.221655 np0000008174 devstack@neutron-api.service[87592]: 'NDPProxy': {'1.0'},
Aug 26 16:30:28.221655 np0000008174 devstack@neutron-api.service[87592]: 'Network': {'1.3'},
Aug 26 16:30:28.221655 np0000008174 devstack@neutron-api.service[87592]: 'Port': {'1.11'},
Aug 26 16:30:28.221655 np0000008174 devstack@neutron-api.service[87592]: 'PortForwarding': {'1.3'},
Aug 26 16:30:28.221655 np0000008174 devstack@neutron-api.service[87592]: 'QosPolicy': {'1.10'},
Aug 26 16:30:28.221655 np0000008174 devstack@neutron-api.service[87592]: 'SecurityGroup': {'1.6'},
Aug 26 16:30:28.221655 np0000008174 devstack@neutron-api.service[87592]: 'SecurityGroupRule': {'1.3'},
Aug 26 16:30:28.221655 np0000008174 devstack@neutron-api.service[87592]: 'SubPort': {'1.0'},
Aug 26 16:30:28.221655 np0000008174 devstack@neutron-api.service[87592]: 'Subnet': {'1.2'},
Aug 26 16:30:28.221655 np0000008174 devstack@neutron-api.service[87592]: 'Trunk': {'1.1'}}
Aug 26 16:30:28.221655 np0000008174 devstack@neutron-api.service[87592]: consumer versions:
Aug 26 16:30:28.221655 np0000008174 devstack@neutron-api.service[87592]: {}
Aug 26 16:30:28.221655 np0000008174 devstack@neutron-api.service[87592]: {{(pid=87592) report /opt/stack/neutron/neutron/api/rpc/callbacks/version_manager.py:183}}
Aug 26 16:30:28.222389 np0000008174 devstack@neutron-api.service[87591]: DEBUG ovsdbapp.backend.ovs_idl.event [-] Matched UPDATE: ChassisAgentWriteEvent(events=('create', 'update'), table='Chassis_Private', conditions=None, old_conditions=None), priority=20 to row=Chassis_Private(uuid=ef3e6279-1ce3-4a42-93f7-68faa1d940f6, chassis=5a39fe86-f8ea-4be4-9de6-4a246caf4aff, external_ids={'neutron:ovn-bridge': 'br-int', 'neutron:ovn-neutron-agent-id': 'ac9011ef-413b-5934-a476-717c5b12bbaf', 'neutron:ovn-neutron-agent-sb-cfg': '0'}, name='4c75feee-10fc-42ca-a805-fc43b9741b10', nb_cfg=1, nb_cfg_timestamp=1787761828218) old=Chassis_Private(uuid=ef3e6279-1ce3-4a42-93f7-68faa1d940f6, nb_cfg=0, nb_cfg_timestamp=0) {{(pid=87591) matches /opt/stack/data/venv/lib/python3.12/site-packages/ovsdbapp/backend/ovs_idl/event.py:55}}
Aug 26 16:30:28.222487 np0000008174 devstack@neutron-api.service[87590]: DEBUG ovsdbapp.backend.ovs_idl.event [-] Matched UPDATE: ChassisAgentWriteEvent(events=('create', 'update'), table='Chassis_Private', conditions=None, old_conditions=None), priority=20 to row=Chassis_Private(uuid=ef3e6279-1ce3-4a42-93f7-68faa1d940f6, chassis=5a39fe86-f8ea-4be4-9de6-4a246caf4aff, external_ids={'neutron:ovn-bridge': 'br-int', 'neutron:ovn-neutron-agent-id': 'ac9011ef-413b-5934-a476-717c5b12bbaf', 'neutron:ovn-neutron-agent-sb-cfg': '0'}, name='4c75feee-10fc-42ca-a805-fc43b9741b10', nb_cfg=1, nb_cfg_timestamp=1787761828218) old=Chassis_Private(uuid=ef3e6279-1ce3-4a42-93f7-68faa1d940f6, nb_cfg=0, nb_cfg_timestamp=0) {{(pid=87590) matches /opt/stack/data/venv/lib/python3.12/site-packages/ovsdbapp/backend/ovs_idl/event.py:55}}
Aug 26 16:30:28.222861 np0000008174 devstack@neutron-api.service[87590]: DEBUG neutron.plugins.ml2.drivers.ovn.mech_driver.ovsdb.ovsdb_monitor [-] Hash Ring: Node 7f11ced806565aa7b69eef19cbc1d667 (host: np0000008174) handling event "update" for row ef3e6279-1ce3-4a42-93f7-68faa1d940f6 (table: Chassis_Private) {{(pid=87590) notify /opt/stack/neutron/neutron/plugins/ml2/drivers/ovn/mech_driver/ovsdb/ovsdb_monitor.py:1099}}
Aug 26 16:30:28.223367 np0000008174 devstack@neutron-api.service[87591]: DEBUG neutron.plugins.ml2.drivers.ovn.mech_driver.ovsdb.ovsdb_monitor [-] Hash Ring: Node 1292c1c6853f5d6dbf536258c7fe8516 (host: np0000008174) handling event "update" for row 8fdf188f-0ffe-4a68-9153-0e07758a36d7 (table: NB_Global) {{(pid=87591) notify /opt/stack/neutron/neutron/plugins/ml2/drivers/ovn/mech_driver/ovsdb/ovsdb_monitor.py:1099}}
Aug 26 16:30:28.225481 np0000008174 devstack@neutron-api.service[87592]: DEBUG ovsdbapp.backend.ovs_idl.event [-] Matched UPDATE: ChassisAgentWriteEvent(events=('create', 'update'), table='Chassis_Private', conditions=None, old_conditions=None), priority=20 to row=Chassis_Private(uuid=ef3e6279-1ce3-4a42-93f7-68faa1d940f6, chassis=5a39fe86-f8ea-4be4-9de6-4a246caf4aff, external_ids={'neutron:ovn-bridge': 'br-int', 'neutron:ovn-neutron-agent-id': 'ac9011ef-413b-5934-a476-717c5b12bbaf', 'neutron:ovn-neutron-agent-sb-cfg': '0'}, name='4c75feee-10fc-42ca-a805-fc43b9741b10', nb_cfg=1, nb_cfg_timestamp=1787761828218) old=Chassis_Private(uuid=ef3e6279-1ce3-4a42-93f7-68faa1d940f6, nb_cfg=0, nb_cfg_timestamp=0) {{(pid=87592) matches /opt/stack/data/venv/lib/python3.12/site-packages/ovsdbapp/backend/ovs_idl/event.py:55}}
Aug 26 16:30:28.225968 np0000008174 devstack@neutron-api.service[87590]: DEBUG ovsdbapp.backend.ovs_idl.event [-] Matched UPDATE: ChassisOVNAgentWriteEvent(events=('create', 'update'), table='Chassis_Private', conditions=None, old_conditions=None), priority=20 to row=Chassis_Private(uuid=ef3e6279-1ce3-4a42-93f7-68faa1d940f6, chassis=5a39fe86-f8ea-4be4-9de6-4a246caf4aff, external_ids={'neutron:ovn-bridge': 'br-int', 'neutron:ovn-neutron-agent-id': 'ac9011ef-413b-5934-a476-717c5b12bbaf', 'neutron:ovn-neutron-agent-sb-cfg': '1'}, name='4c75feee-10fc-42ca-a805-fc43b9741b10', nb_cfg=1, nb_cfg_timestamp=1787761828218) old=Chassis_Private(uuid=ef3e6279-1ce3-4a42-93f7-68faa1d940f6, external_ids={'neutron:ovn-bridge': 'br-int', 'neutron:ovn-neutron-agent-id': 'ac9011ef-413b-5934-a476-717c5b12bbaf', 'neutron:ovn-neutron-agent-sb-cfg': '0'}) {{(pid=87590) matches /opt/stack/data/venv/lib/python3.12/site-packages/ovsdbapp/backend/ovs_idl/event.py:55}}
Aug 26 16:30:28.226199 np0000008174 devstack@neutron-api.service[87590]: DEBUG neutron.plugins.ml2.drivers.ovn.mech_driver.ovsdb.ovsdb_monitor [-] Hash Ring: Node 7f11ced806565aa7b69eef19cbc1d667 (host: np0000008174) handling event "update" for row ef3e6279-1ce3-4a42-93f7-68faa1d940f6 (table: Chassis_Private) {{(pid=87590) notify /opt/stack/neutron/neutron/plugins/ml2/drivers/ovn/mech_driver/ovsdb/ovsdb_monitor.py:1099}}
Aug 26 16:30:28.227167 np0000008174 devstack@neutron-api.service[87591]: DEBUG ovsdbapp.backend.ovs_idl.event [-] Matched UPDATE: ChassisOVNAgentWriteEvent(events=('create', 'update'), table='Chassis_Private', conditions=None, old_conditions=None), priority=20 to row=Chassis_Private(uuid=ef3e6279-1ce3-4a42-93f7-68faa1d940f6, chassis=5a39fe86-f8ea-4be4-9de6-4a246caf4aff, external_ids={'neutron:ovn-bridge': 'br-int', 'neutron:ovn-neutron-agent-id': 'ac9011ef-413b-5934-a476-717c5b12bbaf', 'neutron:ovn-neutron-agent-sb-cfg': '1'}, name='4c75feee-10fc-42ca-a805-fc43b9741b10', nb_cfg=1, nb_cfg_timestamp=1787761828218) old=Chassis_Private(uuid=ef3e6279-1ce3-4a42-93f7-68faa1d940f6, external_ids={'neutron:ovn-bridge': 'br-int', 'neutron:ovn-neutron-agent-id': 'ac9011ef-413b-5934-a476-717c5b12bbaf', 'neutron:ovn-neutron-agent-sb-cfg': '0'}) {{(pid=87591) matches /opt/stack/data/venv/lib/python3.12/site-packages/ovsdbapp/backend/ovs_idl/event.py:55}}
Aug 26 16:30:28.229032 np0000008174 devstack@neutron-api.service[87592]: DEBUG neutron.plugins.ml2.drivers.ovn.mech_driver.ovsdb.ovsdb_monitor [-] Hash Ring: Node 4a999b0761fb5286b5c62416448f3eb4 (host: np0000008174) handling event "update" for row 8fdf188f-0ffe-4a68-9153-0e07758a36d7 (table: NB_Global) {{(pid=87592) notify /opt/stack/neutron/neutron/plugins/ml2/drivers/ovn/mech_driver/ovsdb/ovsdb_monitor.py:1099}}
