Jul 10 05:30:08.657804 np0000004958 devstack@g-api.service[102892]: DEBUG glance.api.middleware.version_negotiation [None req-d670ea9c-26bd-4a9f-ad13-a2c6b2e29d58 tempest-VolumesActionsTest-1849736887 tempest-VolumesActionsTest-1849736887-project-member] Using url versioning {{(pid=102892) process_request /opt/stack/glance/glance/api/middleware/version_negotiation.py:57}}
Jul 10 05:30:08.657908 np0000004958 devstack@g-api.service[102892]: DEBUG glance.api.middleware.version_negotiation [None req-d670ea9c-26bd-4a9f-ad13-a2c6b2e29d58 tempest-VolumesActionsTest-1849736887 tempest-VolumesActionsTest-1849736887-project-member] Matched version: v2 {{(pid=102892) process_request /opt/stack/glance/glance/api/middleware/version_negotiation.py:69}}
Jul 10 05:30:08.658006 np0000004958 devstack@g-api.service[102892]: DEBUG glance.api.middleware.version_negotiation [None req-d670ea9c-26bd-4a9f-ad13-a2c6b2e29d58 tempest-VolumesActionsTest-1849736887 tempest-VolumesActionsTest-1849736887-project-member] new path /v2/schemas/image {{(pid=102892) process_request /opt/stack/glance/glance/api/middleware/version_negotiation.py:70}}
Jul 10 05:30:08.661705 np0000004958 devstack@g-api.service[102892]: [pid: 102892|app: 0|req: 24/89] 127.0.0.1 () {44 vars in 1051 bytes} [Fri Jul 10 05:30:08 2026] GET /v2/schemas/image => generated 6083 bytes in 4 msecs (HTTP/1.1 200) 4 headers in 158 bytes (1 switches on core 0)
Jul 10 05:30:09.552921 np0000004958 devstack@g-api.service[102891]: DEBUG glance.api.middleware.version_negotiation [None req-44195e36-4117-47dc-bd4a-5205005ef0f8 tempest-VolumesAdminNegativeTest-789913399 tempest-VolumesAdminNegativeTest-789913399-project-member] Determining version of request: GET /v2/images/124bb08e-9ce1-410d-9fab-3b7f7a8a087c Accept: application/json {{(pid=102891) process_request /opt/stack/glance/glance/api/middleware/version_negotiation.py:44}}
Jul 10 05:30:09.553459 np0000004958 devstack@g-api.service[102891]: DEBUG glance.api.middleware.version_negotiation [None req-44195e36-4117-47dc-bd4a-5205005ef0f8 tempest-VolumesAdminNegativeTest-789913399 tempest-VolumesAdminNegativeTest-789913399-project-member] Using url versioning {{(pid=102891) process_request /opt/stack/glance/glance/api/middleware/version_negotiation.py:57}}
Jul 10 05:30:09.553459 np0000004958 devstack@g-api.service[102891]: DEBUG glance.api.middleware.version_negotiation [None req-44195e36-4117-47dc-bd4a-5205005ef0f8 tempest-VolumesAdminNegativeTest-789913399 tempest-VolumesAdminNegativeTest-789913399-project-member] Matched version: v2 {{(pid=102891) process_request /opt/stack/glance/glance/api/middleware/version_negotiation.py:69}}
Jul 10 05:30:09.553459 np0000004958 devstack@g-api.service[102891]: DEBUG glance.api.middleware.version_negotiation [None req-44195e36-4117-47dc-bd4a-5205005ef0f8 tempest-VolumesAdminNegativeTest-789913399 tempest-VolumesAdminNegativeTest-789913399-project-member] new path /v2/images/124bb08e-9ce1-410d-9fab-3b7f7a8a087c {{(pid=102891) process_request /opt/stack/glance/glance/api/middleware/version_negotiation.py:70}}
Jul 10 05:30:09.562628 np0000004958 devstack@g-api.service[102891]: [pid: 102891|app: 0|req: 23/90] 127.0.0.1 () {40 vars in 834 bytes} [Fri Jul 10 05:30:09 2026] GET /v2/images/124bb08e-9ce1-410d-9fab-3b7f7a8a087c => generated 650 bytes in 10 msecs (HTTP/1.1 200) 4 headers in 157 bytes (1 switches on core 0)
Jul 10 05:30:10.571078 np0000004958 devstack@g-api.service[102889]: DEBUG glance.api.middleware.version_negotiation [None req-3b8cc57e-ab83-4736-ad58-f7cc7e85ecbf tempest-VolumesActionsTest-1849736887 tempest-VolumesActionsTest-1849736887-project-member] Determining version of request: GET /v2/images/124bb08e-9ce1-410d-9fab-3b7f7a8a087c Accept: application/json {{(pid=102889) process_request /opt/stack/glance/glance/api/middleware/version_negotiation.py:44}}
Jul 10 05:30:10.571697 np0000004958 devstack@g-api.service[102889]: DEBUG glance.api.middleware.version_negotiation [None req-3b8cc57e-ab83-4736-ad58-f7cc7e85ecbf tempest-VolumesActionsTest-1849736887 tempest-VolumesActionsTest-1849736887-project-member] Using url versioning {{(pid=102889) process_request /opt/stack/glance/glance/api/middleware/version_negotiation.py:57}}
Jul 10 05:30:10.571697 np0000004958 devstack@g-api.service[102889]: DEBUG glance.api.middleware.version_negotiation [None req-3b8cc57e-ab83-4736-ad58-f7cc7e85ecbf tempest-VolumesActionsTest-1849736887 tempest-VolumesActionsTest-1849736887-project-member] Matched version: v2 {{(pid=102889) process_request /opt/stack/glance/glance/api/middleware/version_negotiation.py:69}}
Jul 10 05:30:10.571697 np0000004958 devstack@g-api.service[102889]: DEBUG glance.api.middleware.version_negotiation [None req-3b8cc57e-ab83-4736-ad58-f7cc7e85ecbf tempest-VolumesActionsTest-1849736887 tempest-VolumesActionsTest-1849736887-project-member] new path /v2/images/124bb08e-9ce1-410d-9fab-3b7f7a8a087c {{(pid=102889) process_request /opt/stack/glance/glance/api/middleware/version_negotiation.py:70}}
Jul 10 05:30:10.583409 np0000004958 devstack@g-api.service[102889]: [pid: 102889|app: 0|req: 22/91] 127.0.0.1 () {40 vars in 834 bytes} [Fri Jul 10 05:30:10 2026] GET /v2/images/124bb08e-9ce1-410d-9fab-3b7f7a8a087c => generated 650 bytes in 12 msecs (HTTP/1.1 200) 4 headers in 157 bytes (1 switches on core 0)
Jul 10 05:30:11.500989 np0000004958 devstack@g-api.service[102890]: DEBUG glance.api.middleware.version_negotiation [None req-afccc57e-ba86-4a8a-b0e4-fac9d6d57c54 tempest-ServerStableDeviceRescueTest-1418316293 tempest-ServerStableDeviceRescueTest-1418316293-project-member] Determining version of request: PUT /v2/images/124bb08e-9ce1-410d-9fab-3b7f7a8a087c/file Accept: */* {{(pid=102890) process_request /opt/stack/glance/glance/api/middleware/version_negotiation.py:44}}
Jul 10 05:30:11.500989 np0000004958 devstack@g-api.service[102890]: DEBUG glance.api.middleware.version_negotiation [None req-afccc57e-ba86-4a8a-b0e4-fac9d6d57c54 tempest-ServerStableDeviceRescueTest-1418316293 tempest-ServerStableDeviceRescueTest-1418316293-project-member] Using url versioning {{(pid=102890) process_request /opt/stack/glance/glance/api/middleware/version_negotiation.py:57}}
Jul 10 05:30:11.500989 np0000004958 devstack@g-api.service[102890]: DEBUG glance.api.middleware.version_negotiation [None req-afccc57e-ba86-4a8a-b0e4-fac9d6d57c54 tempest-ServerStableDeviceRescueTest-1418316293 tempest-ServerStableDeviceRescueTest-1418316293-project-member] Matched version: v2 {{(pid=102890) process_request /opt/stack/glance/glance/api/middleware/version_negotiation.py:69}}
Jul 10 05:30:11.501346 np0000004958 devstack@g-api.service[102890]: DEBUG glance.api.middleware.version_negotiation [None req-afccc57e-ba86-4a8a-b0e4-fac9d6d57c54 tempest-ServerStableDeviceRescueTest-1418316293 tempest-ServerStableDeviceRescueTest-1418316293-project-member] new path /v2/images/124bb08e-9ce1-410d-9fab-3b7f7a8a087c/file {{(pid=102890) process_request /opt/stack/glance/glance/api/middleware/version_negotiation.py:70}}
Jul 10 05:30:11.593163 np0000004958 devstack@g-api.service[102892]: DEBUG glance.api.middleware.version_negotiation [None req-afccc57e-ba86-4a8a-b0e4-fac9d6d57c54 tempest-ServerStableDeviceRescueTest-1418316293 tempest-ServerStableDeviceRescueTest-1418316293-project-member] Determining version of request: GET /v2/images/124bb08e-9ce1-410d-9fab-3b7f7a8a087c Accept: application/json {{(pid=102892) process_request /opt/stack/glance/glance/api/middleware/version_negotiation.py:44}}
Jul 10 05:30:11.593580 np0000004958 devstack@g-api.service[102892]: DEBUG glance.api.middleware.version_negotiation [None req-afccc57e-ba86-4a8a-b0e4-fac9d6d57c54 tempest-ServerStableDeviceRescueTest-1418316293 tempest-ServerStableDeviceRescueTest-1418316293-project-member] Using url versioning {{(pid=102892) process_request /opt/stack/glance/glance/api/middleware/version_negotiation.py:57}}
Jul 10 05:30:11.593627 np0000004958 devstack@g-api.service[102892]: DEBUG glance.api.middleware.version_negotiation [None req-afccc57e-ba86-4a8a-b0e4-fac9d6d57c54 tempest-ServerStableDeviceRescueTest-1418316293 tempest-ServerStableDeviceRescueTest-1418316293-project-member] Matched version: v2 {{(pid=102892) process_request /opt/stack/glance/glance/api/middleware/version_negotiation.py:69}}
Jul 10 05:30:11.593744 np0000004958 devstack@g-api.service[102892]: DEBUG glance.api.middleware.version_negotiation [None req-afccc57e-ba86-4a8a-b0e4-fac9d6d57c54 tempest-ServerStableDeviceRescueTest-1418316293 tempest-ServerStableDeviceRescueTest-1418316293-project-member] new path /v2/images/124bb08e-9ce1-410d-9fab-3b7f7a8a087c {{(pid=102892) process_request /opt/stack/glance/glance/api/middleware/version_negotiation.py:70}}
Jul 10 05:30:11.605074 np0000004958 devstack@g-api.service[102892]: [pid: 102892|app: 0|req: 25/92] 127.0.0.1 () {40 vars in 834 bytes} [Fri Jul 10 05:30:11 2026] GET /v2/images/124bb08e-9ce1-410d-9fab-3b7f7a8a087c => generated 650 bytes in 12 msecs (HTTP/1.1 200) 4 headers in 157 bytes (1 switches on core 0)
Jul 10 05:30:12.083780 np0000004958 devstack@g-api.service[102890]: INFO glance.api.v2.image_data [None req-cf87e07f-a854-4d21-9dfa-0e8f38f27d79 tempest-VolumesActionsTest-1849736887 tempest-VolumesActionsTest-1849736887-project-member] Unable to create trust: no such option collect_timing in group [keystone_authtoken] Use the existing user token.
Jul 10 05:30:12.613195 np0000004958 devstack@g-api.service[102891]: DEBUG glance.api.middleware.version_negotiation [None req-c8518cf8-3851-40c0-accd-16424b55767b tempest-VolumesActionsTest-1849736887 tempest-VolumesActionsTest-1849736887-project-member] Determining version of request: GET /v2/images/124bb08e-9ce1-410d-9fab-3b7f7a8a087c Accept: application/json {{(pid=102891) process_request /opt/stack/glance/glance/api/middleware/version_negotiation.py:44}}
Jul 10 05:30:12.613195 np0000004958 devstack@g-api.service[102891]: DEBUG glance.api.middleware.version_negotiation [None req-c8518cf8-3851-40c0-accd-16424b55767b tempest-VolumesActionsTest-1849736887 tempest-VolumesActionsTest-1849736887-project-member] Using url versioning {{(pid=102891) process_request /opt/stack/glance/glance/api/middleware/version_negotiation.py:57}}
Jul 10 05:30:12.613195 np0000004958 devstack@g-api.service[102891]: DEBUG glance.api.middleware.version_negotiation [None req-c8518cf8-3851-40c0-accd-16424b55767b tempest-VolumesActionsTest-1849736887 tempest-VolumesActionsTest-1849736887-project-member] Matched version: v2 {{(pid=102891) process_request /opt/stack/glance/glance/api/middleware/version_negotiation.py:69}}
Jul 10 05:30:12.613195 np0000004958 devstack@g-api.service[102891]: DEBUG glance.api.middleware.version_negotiation [None req-c8518cf8-3851-40c0-accd-16424b55767b tempest-VolumesActionsTest-1849736887 tempest-VolumesActionsTest-1849736887-project-member] new path /v2/images/124bb08e-9ce1-410d-9fab-3b7f7a8a087c {{(pid=102891) process_request /opt/stack/glance/glance/api/middleware/version_negotiation.py:70}}
Jul 10 05:30:12.623438 np0000004958 devstack@g-api.service[102891]: [pid: 102891|app: 0|req: 24/93] 127.0.0.1 () {40 vars in 834 bytes} [Fri Jul 10 05:30:12 2026] GET /v2/images/124bb08e-9ce1-410d-9fab-3b7f7a8a087c => generated 650 bytes in 11 msecs (HTTP/1.1 200) 4 headers in 157 bytes (1 switches on core 0)
Jul 10 05:30:12.655912 np0000004958 devstack@g-api.service[102890]: DEBUG glance.location [None req-cf87e07f-a854-4d21-9dfa-0e8f38f27d79 tempest-VolumesActionsTest-1849736887 tempest-VolumesActionsTest-1849736887-project-member] Enabling in-flight format inspection for raw {{(pid=102890) set_data /opt/stack/glance/glance/location.py:596}}
Jul 10 05:30:12.656501 np0000004958 devstack@g-api.service[102890]: DEBUG glance_store.backend [None req-cf87e07f-a854-4d21-9dfa-0e8f38f27d79 tempest-VolumesActionsTest-1849736887 tempest-VolumesActionsTest-1849736887-project-member] Attempting to import store swift {{(pid=102890) _load_store /opt/stack/data/venv/lib/python3.12/site-packages/glance_store/backend.py:215}}
Jul 10 05:30:12.657918 np0000004958 devstack@g-api.service[102890]: DEBUG glance_store.capabilities [None req-cf87e07f-a854-4d21-9dfa-0e8f38f27d79 tempest-VolumesActionsTest-1849736887 tempest-VolumesActionsTest-1849736887-project-member] Store glance_store._drivers.swift.store.SingleTenantStore doesn't support updating dynamic storage capabilities. Please overwrite 'update_capabilities' method of the store to implement updating logics if needed. {{(pid=102890) update_capabilities /opt/stack/data/venv/lib/python3.12/site-packages/glance_store/capabilities.py:91}}
Jul 10 05:30:12.658061 np0000004958 devstack@g-api.service[102890]: DEBUG glance_store.driver [None req-cf87e07f-a854-4d21-9dfa-0e8f38f27d79 tempest-VolumesActionsTest-1849736887 tempest-VolumesActionsTest-1849736887-project-member] Late loading location class glance_store._drivers.swift.store.StoreLocation {{(pid=102890) get_store_location_class /opt/stack/data/venv/lib/python3.12/site-packages/glance_store/driver.py:134}}
Jul 10 05:30:12.658238 np0000004958 devstack@g-api.service[102890]: DEBUG glance_store.location [None req-cf87e07f-a854-4d21-9dfa-0e8f38f27d79 tempest-VolumesActionsTest-1849736887 tempest-VolumesActionsTest-1849736887-project-member] Registering scheme swift+https with {'store': , 'location_class': , 'store_entry': 'swift'} {{(pid=102890) register_scheme_map /opt/stack/data/venv/lib/python3.12/site-packages/glance_store/location.py:146}}
Jul 10 05:30:12.658360 np0000004958 devstack@g-api.service[102890]: DEBUG glance_store.location [None req-cf87e07f-a854-4d21-9dfa-0e8f38f27d79 tempest-VolumesActionsTest-1849736887 tempest-VolumesActionsTest-1849736887-project-member] Registering scheme swift+https with {'store': , 'location_class': , 'store_entry': 'swift'} {{(pid=102890) register_scheme_map /opt/stack/data/venv/lib/python3.12/site-packages/glance_store/location.py:146}}
Jul 10 05:30:12.658458 np0000004958 devstack@g-api.service[102890]: DEBUG glance_store.location [None req-cf87e07f-a854-4d21-9dfa-0e8f38f27d79 tempest-VolumesActionsTest-1849736887 tempest-VolumesActionsTest-1849736887-project-member] Registering scheme swift with {'store': , 'location_class': , 'store_entry': 'swift'} {{(pid=102890) register_scheme_map /opt/stack/data/venv/lib/python3.12/site-packages/glance_store/location.py:146}}
Jul 10 05:30:12.658583 np0000004958 devstack@g-api.service[102890]: DEBUG glance_store.location [None req-cf87e07f-a854-4d21-9dfa-0e8f38f27d79 tempest-VolumesActionsTest-1849736887 tempest-VolumesActionsTest-1849736887-project-member] Registering scheme swift+https with {'store': , 'location_class': , 'store_entry': 'swift'} {{(pid=102890) register_scheme_map /opt/stack/data/venv/lib/python3.12/site-packages/glance_store/location.py:146}}
Jul 10 05:30:12.658635 np0000004958 devstack@g-api.service[102890]: DEBUG glance_store.location [None req-cf87e07f-a854-4d21-9dfa-0e8f38f27d79 tempest-VolumesActionsTest-1849736887 tempest-VolumesActionsTest-1849736887-project-member] Registering scheme swift with {'store': , 'location_class': , 'store_entry': 'swift'} {{(pid=102890) register_scheme_map /opt/stack/data/venv/lib/python3.12/site-packages/glance_store/location.py:146}}
Jul 10 05:30:12.658697 np0000004958 devstack@g-api.service[102890]: DEBUG glance_store.location [None req-cf87e07f-a854-4d21-9dfa-0e8f38f27d79 tempest-VolumesActionsTest-1849736887 tempest-VolumesActionsTest-1849736887-project-member] Registering scheme swift+http with {'store': , 'location_class': , 'store_entry': 'swift'} {{(pid=102890) register_scheme_map /opt/stack/data/venv/lib/python3.12/site-packages/glance_store/location.py:146}}
Jul 10 05:30:12.658765 np0000004958 devstack@g-api.service[102890]: DEBUG glance_store.location [None req-cf87e07f-a854-4d21-9dfa-0e8f38f27d79 tempest-VolumesActionsTest-1849736887 tempest-VolumesActionsTest-1849736887-project-member] Registering scheme swift+https with {'store': , 'location_class': , 'store_entry': 'swift'} {{(pid=102890) register_scheme_map /opt/stack/data/venv/lib/python3.12/site-packages/glance_store/location.py:146}}
Jul 10 05:30:12.658873 np0000004958 devstack@g-api.service[102890]: DEBUG glance_store.location [None req-cf87e07f-a854-4d21-9dfa-0e8f38f27d79 tempest-VolumesActionsTest-1849736887 tempest-VolumesActionsTest-1849736887-project-member] Registering scheme swift with {'store': , 'location_class': , 'store_entry': 'swift'} {{(pid=102890) register_scheme_map /opt/stack/data/venv/lib/python3.12/site-packages/glance_store/location.py:146}}
Jul 10 05:30:12.658964 np0000004958 devstack@g-api.service[102890]: DEBUG glance_store.location [None req-cf87e07f-a854-4d21-9dfa-0e8f38f27d79 tempest-VolumesActionsTest-1849736887 tempest-VolumesActionsTest-1849736887-project-member] Registering scheme swift+http with {'store': , 'location_class': , 'store_entry': 'swift'} {{(pid=102890) register_scheme_map /opt/stack/data/venv/lib/python3.12/site-packages/glance_store/location.py:146}}
Jul 10 05:30:12.659066 np0000004958 devstack@g-api.service[102890]: DEBUG glance_store.location [None req-cf87e07f-a854-4d21-9dfa-0e8f38f27d79 tempest-VolumesActionsTest-1849736887 tempest-VolumesActionsTest-1849736887-project-member] Registering scheme swift+config with {'store': , 'location_class': , 'store_entry': 'swift'} {{(pid=102890) register_scheme_map /opt/stack/data/venv/lib/python3.12/site-packages/glance_store/location.py:146}}
Jul 10 05:30:12.862309 np0000004958 devstack@g-api.service[102889]: DEBUG glance.api.middleware.version_negotiation [None req-f5ca3680-03b7-4d41-a5a8-480302664426 tempest-VolumesActionsTest-1849736887 tempest-VolumesActionsTest-1849736887-project-member] Determining version of request: GET /v2/images/a963dfde-3d67-4492-a924-ba7efc33205b Accept: */* {{(pid=102889) process_request /opt/stack/glance/glance/api/middleware/version_negotiation.py:44}}
Jul 10 05:30:12.862309 np0000004958 devstack@g-api.service[102889]: DEBUG glance.api.middleware.version_negotiation [None req-f5ca3680-03b7-4d41-a5a8-480302664426 tempest-VolumesActionsTest-1849736887 tempest-VolumesActionsTest-1849736887-project-member] Using url versioning {{(pid=102889) process_request /opt/stack/glance/glance/api/middleware/version_negotiation.py:57}}
Jul 10 05:30:12.862696 np0000004958 devstack@g-api.service[102889]: DEBUG glance.api.middleware.version_negotiation [None req-f5ca3680-03b7-4d41-a5a8-480302664426 tempest-VolumesActionsTest-1849736887 tempest-VolumesActionsTest-1849736887-project-member] Matched version: v2 {{(pid=102889) process_request /opt/stack/glance/glance/api/middleware/version_negotiation.py:69}}
Jul 10 05:30:12.862696 np0000004958 devstack@g-api.service[102889]: DEBUG glance.api.middleware.version_negotiation [None req-f5ca3680-03b7-4d41-a5a8-480302664426 tempest-VolumesActionsTest-1849736887 tempest-VolumesActionsTest-1849736887-project-member] new path /v2/images/a963dfde-3d67-4492-a924-ba7efc33205b {{(pid=102889) process_request /opt/stack/glance/glance/api/middleware/version_negotiation.py:70}}
Jul 10 05:30:12.883787 np0000004958 devstack@g-api.service[102889]: [pid: 102889|app: 0|req: 23/94] 127.0.0.1 () {44 vars in 1111 bytes} [Fri Jul 10 05:30:12 2026] GET /v2/images/a963dfde-3d67-4492-a924-ba7efc33205b => generated 1044 bytes in 22 msecs (HTTP/1.1 200) 4 headers in 158 bytes (1 switches on core 0)
Jul 10 05:30:12.934981 np0000004958 devstack@g-api.service[102892]: DEBUG glance.api.middleware.version_negotiation [None req-2b5d23cd-b709-4395-98a1-9924a6f5fc6c tempest-VolumesActionsTest-1849736887 tempest-VolumesActionsTest-1849736887-project-member] Determining version of request: GET /v2/schemas/image Accept: */* {{(pid=102892) process_request /opt/stack/glance/glance/api/middleware/version_negotiation.py:44}}
Jul 10 05:30:12.935345 np0000004958 devstack@g-api.service[102892]: DEBUG glance.api.middleware.version_negotiation [None req-2b5d23cd-b709-4395-98a1-9924a6f5fc6c tempest-VolumesActionsTest-1849736887 tempest-VolumesActionsTest-1849736887-project-member] Using url versioning {{(pid=102892) process_request /opt/stack/glance/glance/api/middleware/version_negotiation.py:57}}
Jul 10 05:30:12.935345 np0000004958 devstack@g-api.service[102892]: DEBUG glance.api.middleware.version_negotiation [None req-2b5d23cd-b709-4395-98a1-9924a6f5fc6c tempest-VolumesActionsTest-1849736887 tempest-VolumesActionsTest-1849736887-project-member] Matched version: v2 {{(pid=102892) process_request /opt/stack/glance/glance/api/middleware/version_negotiation.py:69}}
Jul 10 05:30:12.935345 np0000004958 devstack@g-api.service[102892]: DEBUG glance.api.middleware.version_negotiation [None req-2b5d23cd-b709-4395-98a1-9924a6f5fc6c tempest-VolumesActionsTest-1849736887 tempest-VolumesActionsTest-1849736887-project-member] new path /v2/schemas/image {{(pid=102892) process_request /opt/stack/glance/glance/api/middleware/version_negotiation.py:70}}
Jul 10 05:30:12.937247 np0000004958 devstack@g-api.service[102892]: [pid: 102892|app: 0|req: 26/95] 127.0.0.1 () {44 vars in 1051 bytes} [Fri Jul 10 05:30:12 2026] GET /v2/schemas/image => generated 6083 bytes in 2 msecs (HTTP/1.1 200) 4 headers in 158 bytes (1 switches on core 0)
Jul 10 05:30:12.965854 np0000004958 devstack@g-api.service[102890]: DEBUG swiftclient [None req-cf87e07f-a854-4d21-9dfa-0e8f38f27d79 tempest-VolumesActionsTest-1849736887 tempest-VolumesActionsTest-1849736887-project-member] REQ: curl -i https://10.4.3.21:8080/v1/AUTH_78efaf0891344dbdabb3bdc5383c55a3/glance -I -H "X-Auth-Token: gAAAAABqUINkfzjY..." {{(pid=102890) http_log /opt/stack/data/venv/lib/python3.12/site-packages/swiftclient/client.py:160}}
Jul 10 05:30:12.965980 np0000004958 devstack@g-api.service[102890]: DEBUG swiftclient [None req-cf87e07f-a854-4d21-9dfa-0e8f38f27d79 tempest-VolumesActionsTest-1849736887 tempest-VolumesActionsTest-1849736887-project-member] RESP STATUS: 204 No Content {{(pid=102890) http_log /opt/stack/data/venv/lib/python3.12/site-packages/swiftclient/client.py:161}}
Jul 10 05:30:12.966202 np0000004958 devstack@g-api.service[102890]: DEBUG swiftclient [None req-cf87e07f-a854-4d21-9dfa-0e8f38f27d79 tempest-VolumesActionsTest-1849736887 tempest-VolumesActionsTest-1849736887-project-member] RESP HEADERS: {'Date': 'Fri, 10 Jul 2026 05:30:12 GMT', 'Server': 'Apache/2.4.58 (Ubuntu)', 'Content-Type': 'text/plain; charset=utf-8', 'X-Container-Object-Count': '3', 'X-Container-Bytes-Used': '64356352', 'X-Timestamp': '1783661165.68295', 'Last-Modified': 'Fri, 10 Jul 2026 05:26:06 GMT', 'Accept-Ranges': 'bytes', 'X-Storage-Policy': 'Policy-0', 'X-Container-Sharding': 'False', 'Vary': 'Accept', 'X-Trans-Id': 'txe640079c38604852b284b-006a508364', 'X-Openstack-Request-Id': 'txe640079c38604852b284b-006a508364', 'Connection': 'close'} {{(pid=102890) http_log /opt/stack/data/venv/lib/python3.12/site-packages/swiftclient/client.py:162}}
Jul 10 05:30:12.966431 np0000004958 devstack@g-api.service[102890]: DEBUG glance_store._drivers.swift.store [None req-cf87e07f-a854-4d21-9dfa-0e8f38f27d79 tempest-VolumesActionsTest-1849736887 tempest-VolumesActionsTest-1849736887-project-member] Adding image object '124bb08e-9ce1-410d-9fab-3b7f7a8a087c' to Swift {{(pid=102890) add /opt/stack/data/venv/lib/python3.12/site-packages/glance_store/_drivers/swift/store.py:970}}
Jul 10 05:30:12.966535 np0000004958 devstack@g-api.service[102890]: DEBUG glance_store._drivers.swift.store [None req-cf87e07f-a854-4d21-9dfa-0e8f38f27d79 tempest-VolumesActionsTest-1849736887 tempest-VolumesActionsTest-1849736887-project-member] Cannot determine image size because it is either not provided in the request or chunked-transfer encoding is used. Adding image as a segmented object to Swift. {{(pid=102890) add /opt/stack/data/venv/lib/python3.12/site-packages/glance_store/_drivers/swift/store.py:994}}
Jul 10 05:30:12.975220 np0000004958 devstack@g-api.service[102890]: DEBUG oslo_utils.imageutils.format_inspector [None req-cf87e07f-a854-4d21-9dfa-0e8f38f27d79 tempest-VolumesActionsTest-1849736887 tempest-VolumesActionsTest-1849736887-project-member] Format inspector for vmdk does not match, excluding from consideration (Signature KDMV not found: b'\x00\x00\x00\x00') {{(pid=102890) _process_chunk /opt/stack/data/venv/lib/python3.12/site-packages/oslo_utils/imageutils/format_inspector.py:1758}}
Jul 10 05:30:12.978297 np0000004958 devstack@g-api.service[102890]: DEBUG oslo_utils.imageutils.format_inspector [None req-cf87e07f-a854-4d21-9dfa-0e8f38f27d79 tempest-VolumesActionsTest-1849736887 tempest-VolumesActionsTest-1849736887-project-member] Format inspector for vhdx does not match, excluding from consideration (Region signature not found at 30000) {{(pid=102890) _process_chunk /opt/stack/data/venv/lib/python3.12/site-packages/oslo_utils/imageutils/format_inspector.py:1758}}
Jul 10 05:30:13.633222 np0000004958 devstack@g-api.service[102891]: DEBUG glance.api.middleware.version_negotiation [None req-d8973ebb-1046-488c-86e4-4675d74dee7a tempest-VolumesActionsTest-1849736887 tempest-VolumesActionsTest-1849736887-project-member] Determining version of request: GET /v2/images/124bb08e-9ce1-410d-9fab-3b7f7a8a087c Accept: application/json {{(pid=102891) process_request /opt/stack/glance/glance/api/middleware/version_negotiation.py:44}}
Jul 10 05:30:13.633671 np0000004958 devstack@g-api.service[102891]: DEBUG glance.api.middleware.version_negotiation [None req-d8973ebb-1046-488c-86e4-4675d74dee7a tempest-VolumesActionsTest-1849736887 tempest-VolumesActionsTest-1849736887-project-member] Using url versioning {{(pid=102891) process_request /opt/stack/glance/glance/api/middleware/version_negotiation.py:57}}
Jul 10 05:30:13.634133 np0000004958 devstack@g-api.service[102891]: DEBUG glance.api.middleware.version_negotiation [None req-d8973ebb-1046-488c-86e4-4675d74dee7a tempest-VolumesActionsTest-1849736887 tempest-VolumesActionsTest-1849736887-project-member] Matched version: v2 {{(pid=102891) process_request /opt/stack/glance/glance/api/middleware/version_negotiation.py:69}}
Jul 10 05:30:13.634133 np0000004958 devstack@g-api.service[102891]: DEBUG glance.api.middleware.version_negotiation [None req-d8973ebb-1046-488c-86e4-4675d74dee7a tempest-VolumesActionsTest-1849736887 tempest-VolumesActionsTest-1849736887-project-member] new path /v2/images/124bb08e-9ce1-410d-9fab-3b7f7a8a087c {{(pid=102891) process_request /opt/stack/glance/glance/api/middleware/version_negotiation.py:70}}
Jul 10 05:30:13.654289 np0000004958 devstack@g-api.service[102891]: [pid: 102891|app: 0|req: 25/96] 127.0.0.1 () {40 vars in 834 bytes} [Fri Jul 10 05:30:13 2026] GET /v2/images/124bb08e-9ce1-410d-9fab-3b7f7a8a087c => generated 650 bytes in 19 msecs (HTTP/1.1 200) 4 headers in 157 bytes (1 switches on core 0)
Jul 10 05:30:14.660756 np0000004958 devstack@g-api.service[102889]: DEBUG glance.api.middleware.version_negotiation [None req-e8f7d42b-cd8b-4192-91d2-249d0d183dd3 tempest-TestStampPattern-1245763837 tempest-TestStampPattern-1245763837-project-member] Determining version of request: GET /v2/images/124bb08e-9ce1-410d-9fab-3b7f7a8a087c Accept: application/json {{(pid=102889) process_request /opt/stack/glance/glance/api/middleware/version_negotiation.py:44}}
Jul 10 05:30:14.661153 np0000004958 devstack@g-api.service[102889]: DEBUG glance.api.middleware.version_negotiation [None req-e8f7d42b-cd8b-4192-91d2-249d0d183dd3 tempest-TestStampPattern-1245763837 tempest-TestStampPattern-1245763837-project-member] Using url versioning {{(pid=102889) process_request /opt/stack/glance/glance/api/middleware/version_negotiation.py:57}}
Jul 10 05:30:14.661153 np0000004958 devstack@g-api.service[102889]: DEBUG glance.api.middleware.version_negotiation [None req-e8f7d42b-cd8b-4192-91d2-249d0d183dd3 tempest-TestStampPattern-1245763837 tempest-TestStampPattern-1245763837-project-member] Matched version: v2 {{(pid=102889) process_request /opt/stack/glance/glance/api/middleware/version_negotiation.py:69}}
Jul 10 05:30:14.661334 np0000004958 devstack@g-api.service[102889]: DEBUG glance.api.middleware.version_negotiation [None req-e8f7d42b-cd8b-4192-91d2-249d0d183dd3 tempest-TestStampPattern-1245763837 tempest-TestStampPattern-1245763837-project-member] new path /v2/images/124bb08e-9ce1-410d-9fab-3b7f7a8a087c {{(pid=102889) process_request /opt/stack/glance/glance/api/middleware/version_negotiation.py:70}}
Jul 10 05:30:14.679272 np0000004958 devstack@g-api.service[102889]: [pid: 102889|app: 0|req: 24/97] 127.0.0.1 () {40 vars in 834 bytes} [Fri Jul 10 05:30:14 2026] GET /v2/images/124bb08e-9ce1-410d-9fab-3b7f7a8a087c => generated 650 bytes in 19 msecs (HTTP/1.1 200) 4 headers in 157 bytes (1 switches on core 0)
Jul 10 05:30:15.417802 np0000004958 devstack@g-api.service[102890]: DEBUG swiftclient [None req-cf87e07f-a854-4d21-9dfa-0e8f38f27d79 tempest-VolumesActionsTest-1849736887 tempest-VolumesActionsTest-1849736887-project-member] REQ: curl -i https://10.4.3.21:8080/v1/AUTH_78efaf0891344dbdabb3bdc5383c55a3/glance/124bb08e-9ce1-410d-9fab-3b7f7a8a087c-00001 -X PUT -H "X-Auth-Token: gAAAAABqUINkfzjY..." {{(pid=102890) http_log /opt/stack/data/venv/lib/python3.12/site-packages/swiftclient/client.py:160}}
Jul 10 05:30:15.418215 np0000004958 devstack@g-api.service[102890]: DEBUG swiftclient [None req-cf87e07f-a854-4d21-9dfa-0e8f38f27d79 tempest-VolumesActionsTest-1849736887 tempest-VolumesActionsTest-1849736887-project-member] RESP STATUS: 201 Created {{(pid=102890) http_log /opt/stack/data/venv/lib/python3.12/site-packages/swiftclient/client.py:161}}
Jul 10 05:30:15.418215 np0000004958 devstack@g-api.service[102890]: DEBUG swiftclient [None req-cf87e07f-a854-4d21-9dfa-0e8f38f27d79 tempest-VolumesActionsTest-1849736887 tempest-VolumesActionsTest-1849736887-project-member] RESP HEADERS: {'Date': 'Fri, 10 Jul 2026 05:30:15 GMT', 'Server': 'Apache/2.4.58 (Ubuntu)', 'Content-Type': 'text/html; charset=UTF-8', 'Content-Length': '0', 'Etag': 'eda9a9889837ac4bc81d6387d92c1bec', 'Last-Modified': 'Fri, 10 Jul 2026 05:30:13 GMT', 'X-Trans-Id': 'txc7b956282a224a9bb62d7-006a508364', 'X-Openstack-Request-Id': 'txc7b956282a224a9bb62d7-006a508364', 'Connection': 'close'} {{(pid=102890) http_log /opt/stack/data/venv/lib/python3.12/site-packages/swiftclient/client.py:162}}
Jul 10 05:30:15.418365 np0000004958 devstack@g-api.service[102890]: DEBUG glance_store._drivers.swift.store [None req-cf87e07f-a854-4d21-9dfa-0e8f38f27d79 tempest-VolumesActionsTest-1849736887 tempest-VolumesActionsTest-1849736887-project-member] Wrote chunk 124bb08e-9ce1-410d-9fab-3b7f7a8a087c-00001 (1/?) of length 204800000 to Swift returning MD5 of content: eda9a9889837ac4bc81d6387d92c1bec {{(pid=102890) add /opt/stack/data/venv/lib/python3.12/site-packages/glance_store/_drivers/swift/store.py:1059}}
Jul 10 05:30:15.689770 np0000004958 devstack@g-api.service[102892]: DEBUG glance.api.middleware.version_negotiation [None req-e8f7d42b-cd8b-4192-91d2-249d0d183dd3 tempest-TestStampPattern-1245763837 tempest-TestStampPattern-1245763837-project-member] Determining version of request: GET /v2/images/124bb08e-9ce1-410d-9fab-3b7f7a8a087c Accept: application/json {{(pid=102892) process_request /opt/stack/glance/glance/api/middleware/version_negotiation.py:44}}
Jul 10 05:30:15.689770 np0000004958 devstack@g-api.service[102892]: DEBUG glance.api.middleware.version_negotiation [None req-e8f7d42b-cd8b-4192-91d2-249d0d183dd3 tempest-TestStampPattern-1245763837 tempest-TestStampPattern-1245763837-project-member] Using url versioning {{(pid=102892) process_request /opt/stack/glance/glance/api/middleware/version_negotiation.py:57}}
Jul 10 05:30:15.689770 np0000004958 devstack@g-api.service[102892]: DEBUG glance.api.middleware.version_negotiation [None req-e8f7d42b-cd8b-4192-91d2-249d0d183dd3 tempest-TestStampPattern-1245763837 tempest-TestStampPattern-1245763837-project-member] Matched version: v2 {{(pid=102892) process_request /opt/stack/glance/glance/api/middleware/version_negotiation.py:69}}
Jul 10 05:30:15.689770 np0000004958 devstack@g-api.service[102892]: DEBUG glance.api.middleware.version_negotiation [None req-e8f7d42b-cd8b-4192-91d2-249d0d183dd3 tempest-TestStampPattern-1245763837 tempest-TestStampPattern-1245763837-project-member] new path /v2/images/124bb08e-9ce1-410d-9fab-3b7f7a8a087c {{(pid=102892) process_request /opt/stack/glance/glance/api/middleware/version_negotiation.py:70}}
Jul 10 05:30:15.703715 np0000004958 devstack@g-api.service[102892]: [pid: 102892|app: 0|req: 27/98] 127.0.0.1 () {40 vars in 834 bytes} [Fri Jul 10 05:30:15 2026] GET /v2/images/124bb08e-9ce1-410d-9fab-3b7f7a8a087c => generated 650 bytes in 15 msecs (HTTP/1.1 200) 4 headers in 157 bytes (1 switches on core 0)
Jul 10 05:30:16.714842 np0000004958 devstack@g-api.service[102891]: DEBUG glance.api.middleware.version_negotiation [None req-3291dc9a-9ead-4d57-818f-e6475d267976 tempest-VolumesActionsTest-1849736887 tempest-VolumesActionsTest-1849736887-project-member] Determining version of request: GET /v2/images/124bb08e-9ce1-410d-9fab-3b7f7a8a087c Accept: application/json {{(pid=102891) process_request /opt/stack/glance/glance/api/middleware/version_negotiation.py:44}}
Jul 10 05:30:16.715278 np0000004958 devstack@g-api.service[102891]: DEBUG glance.api.middleware.version_negotiation [None req-3291dc9a-9ead-4d57-818f-e6475d267976 tempest-VolumesActionsTest-1849736887 tempest-VolumesActionsTest-1849736887-project-member] Using url versioning {{(pid=102891) process_request /opt/stack/glance/glance/api/middleware/version_negotiation.py:57}}
Jul 10 05:30:16.715278 np0000004958 devstack@g-api.service[102891]: DEBUG glance.api.middleware.version_negotiation [None req-3291dc9a-9ead-4d57-818f-e6475d267976 tempest-VolumesActionsTest-1849736887 tempest-VolumesActionsTest-1849736887-project-member] Matched version: v2 {{(pid=102891) process_request /opt/stack/glance/glance/api/middleware/version_negotiation.py:69}}
Jul 10 05:30:16.715278 np0000004958 devstack@g-api.service[102891]: DEBUG glance.api.middleware.version_negotiation [None req-3291dc9a-9ead-4d57-818f-e6475d267976 tempest-VolumesActionsTest-1849736887 tempest-VolumesActionsTest-1849736887-project-member] new path /v2/images/124bb08e-9ce1-410d-9fab-3b7f7a8a087c {{(pid=102891) process_request /opt/stack/glance/glance/api/middleware/version_negotiation.py:70}}
Jul 10 05:30:16.724928 np0000004958 devstack@g-api.service[102891]: [pid: 102891|app: 0|req: 26/99] 127.0.0.1 () {40 vars in 834 bytes} [Fri Jul 10 05:30:16 2026] GET /v2/images/124bb08e-9ce1-410d-9fab-3b7f7a8a087c => generated 650 bytes in 10 msecs (HTTP/1.1 200) 4 headers in 157 bytes (1 switches on core 0)
Jul 10 05:30:17.663155 np0000004958 devstack@g-api.service[102890]: DEBUG swiftclient [None req-cf87e07f-a854-4d21-9dfa-0e8f38f27d79 tempest-VolumesActionsTest-1849736887 tempest-VolumesActionsTest-1849736887-project-member] REQ: curl -i https://10.4.3.21:8080/v1/AUTH_78efaf0891344dbdabb3bdc5383c55a3/glance/124bb08e-9ce1-410d-9fab-3b7f7a8a087c-00002 -X PUT -H "X-Auth-Token: gAAAAABqUINkfzjY..." {{(pid=102890) http_log /opt/stack/data/venv/lib/python3.12/site-packages/swiftclient/client.py:160}}
Jul 10 05:30:17.663519 np0000004958 devstack@g-api.service[102890]: DEBUG swiftclient [None req-cf87e07f-a854-4d21-9dfa-0e8f38f27d79 tempest-VolumesActionsTest-1849736887 tempest-VolumesActionsTest-1849736887-project-member] RESP STATUS: 201 Created {{(pid=102890) http_log /opt/stack/data/venv/lib/python3.12/site-packages/swiftclient/client.py:161}}
Jul 10 05:30:17.663519 np0000004958 devstack@g-api.service[102890]: DEBUG swiftclient [None req-cf87e07f-a854-4d21-9dfa-0e8f38f27d79 tempest-VolumesActionsTest-1849736887 tempest-VolumesActionsTest-1849736887-project-member] RESP HEADERS: {'Date': 'Fri, 10 Jul 2026 05:30:17 GMT', 'Server': 'Apache/2.4.58 (Ubuntu)', 'Content-Type': 'text/html; charset=UTF-8', 'Content-Length': '0', 'Etag': 'eda9a9889837ac4bc81d6387d92c1bec', 'Last-Modified': 'Fri, 10 Jul 2026 05:30:16 GMT', 'X-Trans-Id': 'tx22d00a35243b4b8b822e4-006a508367', 'X-Openstack-Request-Id': 'tx22d00a35243b4b8b822e4-006a508367', 'Connection': 'close'} {{(pid=102890) http_log /opt/stack/data/venv/lib/python3.12/site-packages/swiftclient/client.py:162}}
Jul 10 05:30:17.663686 np0000004958 devstack@g-api.service[102890]: DEBUG glance_store._drivers.swift.store [None req-cf87e07f-a854-4d21-9dfa-0e8f38f27d79 tempest-VolumesActionsTest-1849736887 tempest-VolumesActionsTest-1849736887-project-member] Wrote chunk 124bb08e-9ce1-410d-9fab-3b7f7a8a087c-00002 (2/?) of length 204800000 to Swift returning MD5 of content: eda9a9889837ac4bc81d6387d92c1bec {{(pid=102890) add /opt/stack/data/venv/lib/python3.12/site-packages/glance_store/_drivers/swift/store.py:1059}}
Jul 10 05:30:17.735766 np0000004958 devstack@g-api.service[102889]: DEBUG glance.api.middleware.version_negotiation [None req-ffd4dc82-a70e-4bd9-b1cd-309296621c3c tempest-VolumesActionsTest-1849736887 tempest-VolumesActionsTest-1849736887-project-member] Determining version of request: GET /v2/images/124bb08e-9ce1-410d-9fab-3b7f7a8a087c Accept: application/json {{(pid=102889) process_request /opt/stack/glance/glance/api/middleware/version_negotiation.py:44}}
Jul 10 05:30:17.736137 np0000004958 devstack@g-api.service[102889]: DEBUG glance.api.middleware.version_negotiation [None req-ffd4dc82-a70e-4bd9-b1cd-309296621c3c tempest-VolumesActionsTest-1849736887 tempest-VolumesActionsTest-1849736887-project-member] Using url versioning {{(pid=102889) process_request /opt/stack/glance/glance/api/middleware/version_negotiation.py:57}}
Jul 10 05:30:17.736595 np0000004958 devstack@g-api.service[102889]: DEBUG glance.api.middleware.version_negotiation [None req-ffd4dc82-a70e-4bd9-b1cd-309296621c3c tempest-VolumesActionsTest-1849736887 tempest-VolumesActionsTest-1849736887-project-member] Matched version: v2 {{(pid=102889) process_request /opt/stack/glance/glance/api/middleware/version_negotiation.py:69}}
Jul 10 05:30:17.736595 np0000004958 devstack@g-api.service[102889]: DEBUG glance.api.middleware.version_negotiation [None req-ffd4dc82-a70e-4bd9-b1cd-309296621c3c tempest-VolumesActionsTest-1849736887 tempest-VolumesActionsTest-1849736887-project-member] new path /v2/images/124bb08e-9ce1-410d-9fab-3b7f7a8a087c {{(pid=102889) process_request /opt/stack/glance/glance/api/middleware/version_negotiation.py:70}}
Jul 10 05:30:17.761080 np0000004958 devstack@g-api.service[102889]: [pid: 102889|app: 0|req: 25/100] 127.0.0.1 () {40 vars in 834 bytes} [Fri Jul 10 05:30:17 2026] GET /v2/images/124bb08e-9ce1-410d-9fab-3b7f7a8a087c => generated 650 bytes in 21 msecs (HTTP/1.1 200) 4 headers in 157 bytes (1 switches on core 0)
Jul 10 05:30:18.768836 np0000004958 devstack@g-api.service[102892]: DEBUG glance.api.middleware.version_negotiation [None req-06e487d5-a277-41ef-b3f7-2b1ed316bcd3 tempest-VolumesActionsTest-1849736887 tempest-VolumesActionsTest-1849736887-project-member] Determining version of request: GET /v2/images/124bb08e-9ce1-410d-9fab-3b7f7a8a087c Accept: application/json {{(pid=102892) process_request /opt/stack/glance/glance/api/middleware/version_negotiation.py:44}}
Jul 10 05:30:18.769192 np0000004958 devstack@g-api.service[102892]: DEBUG glance.api.middleware.version_negotiation [None req-06e487d5-a277-41ef-b3f7-2b1ed316bcd3 tempest-VolumesActionsTest-1849736887 tempest-VolumesActionsTest-1849736887-project-member] Using url versioning {{(pid=102892) process_request /opt/stack/glance/glance/api/middleware/version_negotiation.py:57}}
Jul 10 05:30:18.769192 np0000004958 devstack@g-api.service[102892]: DEBUG glance.api.middleware.version_negotiation [None req-06e487d5-a277-41ef-b3f7-2b1ed316bcd3 tempest-VolumesActionsTest-1849736887 tempest-VolumesActionsTest-1849736887-project-member] Matched version: v2 {{(pid=102892) process_request /opt/stack/glance/glance/api/middleware/version_negotiation.py:69}}
Jul 10 05:30:18.769377 np0000004958 devstack@g-api.service[102892]: DEBUG glance.api.middleware.version_negotiation [None req-06e487d5-a277-41ef-b3f7-2b1ed316bcd3 tempest-VolumesActionsTest-1849736887 tempest-VolumesActionsTest-1849736887-project-member] new path /v2/images/124bb08e-9ce1-410d-9fab-3b7f7a8a087c {{(pid=102892) process_request /opt/stack/glance/glance/api/middleware/version_negotiation.py:70}}
Jul 10 05:30:18.781519 np0000004958 devstack@g-api.service[102892]: [pid: 102892|app: 0|req: 28/101] 127.0.0.1 () {40 vars in 834 bytes} [Fri Jul 10 05:30:18 2026] GET /v2/images/124bb08e-9ce1-410d-9fab-3b7f7a8a087c => generated 650 bytes in 13 msecs (HTTP/1.1 200) 4 headers in 157 bytes (1 switches on core 0)
Jul 10 05:30:19.793812 np0000004958 devstack@g-api.service[102891]: DEBUG glance.api.middleware.version_negotiation [None req-6bb91839-f9da-40c1-8814-121625e7c5c8 tempest-VolumesActionsTest-1849736887 tempest-VolumesActionsTest-1849736887-project-member] Determining version of request: GET /v2/images/124bb08e-9ce1-410d-9fab-3b7f7a8a087c Accept: application/json {{(pid=102891) process_request /opt/stack/glance/glance/api/middleware/version_negotiation.py:44}}
Jul 10 05:30:19.794211 np0000004958 devstack@g-api.service[102891]: DEBUG glance.api.middleware.version_negotiation [None req-6bb91839-f9da-40c1-8814-121625e7c5c8 tempest-VolumesActionsTest-1849736887 tempest-VolumesActionsTest-1849736887-project-member] Using url versioning {{(pid=102891) process_request /opt/stack/glance/glance/api/middleware/version_negotiation.py:57}}
Jul 10 05:30:19.794211 np0000004958 devstack@g-api.service[102891]: DEBUG glance.api.middleware.version_negotiation [None req-6bb91839-f9da-40c1-8814-121625e7c5c8 tempest-VolumesActionsTest-1849736887 tempest-VolumesActionsTest-1849736887-project-member] Matched version: v2 {{(pid=102891) process_request /opt/stack/glance/glance/api/middleware/version_negotiation.py:69}}
Jul 10 05:30:19.794331 np0000004958 devstack@g-api.service[102891]: DEBUG glance.api.middleware.version_negotiation [None req-6bb91839-f9da-40c1-8814-121625e7c5c8 tempest-VolumesActionsTest-1849736887 tempest-VolumesActionsTest-1849736887-project-member] new path /v2/images/124bb08e-9ce1-410d-9fab-3b7f7a8a087c {{(pid=102891) process_request /opt/stack/glance/glance/api/middleware/version_negotiation.py:70}}
Jul 10 05:30:19.806500 np0000004958 devstack@g-api.service[102891]: [pid: 102891|app: 0|req: 27/102] 127.0.0.1 () {40 vars in 834 bytes} [Fri Jul 10 05:30:19 2026] GET /v2/images/124bb08e-9ce1-410d-9fab-3b7f7a8a087c => generated 650 bytes in 13 msecs (HTTP/1.1 200) 4 headers in 157 bytes (1 switches on core 0)
Jul 10 05:30:19.949018 np0000004958 devstack@g-api.service[102890]: DEBUG swiftclient [None req-cf87e07f-a854-4d21-9dfa-0e8f38f27d79 tempest-VolumesActionsTest-1849736887 tempest-VolumesActionsTest-1849736887-project-member] REQ: curl -i https://10.4.3.21:8080/v1/AUTH_78efaf0891344dbdabb3bdc5383c55a3/glance/124bb08e-9ce1-410d-9fab-3b7f7a8a087c-00003 -X PUT -H "X-Auth-Token: gAAAAABqUINkfzjY..." {{(pid=102890) http_log /opt/stack/data/venv/lib/python3.12/site-packages/swiftclient/client.py:160}}
Jul 10 05:30:19.949253 np0000004958 devstack@g-api.service[102890]: DEBUG swiftclient [None req-cf87e07f-a854-4d21-9dfa-0e8f38f27d79 tempest-VolumesActionsTest-1849736887 tempest-VolumesActionsTest-1849736887-project-member] RESP STATUS: 201 Created {{(pid=102890) http_log /opt/stack/data/venv/lib/python3.12/site-packages/swiftclient/client.py:161}}
Jul 10 05:30:19.949283 np0000004958 devstack@g-api.service[102890]: DEBUG swiftclient [None req-cf87e07f-a854-4d21-9dfa-0e8f38f27d79 tempest-VolumesActionsTest-1849736887 tempest-VolumesActionsTest-1849736887-project-member] RESP HEADERS: {'Date': 'Fri, 10 Jul 2026 05:30:19 GMT', 'Server': 'Apache/2.4.58 (Ubuntu)', 'Content-Type': 'text/html; charset=UTF-8', 'Content-Length': '0', 'Etag': 'eda9a9889837ac4bc81d6387d92c1bec', 'Last-Modified': 'Fri, 10 Jul 2026 05:30:18 GMT', 'X-Trans-Id': 'txcb4452c6e7f74c6fb9dcf-006a508369', 'X-Openstack-Request-Id': 'txcb4452c6e7f74c6fb9dcf-006a508369', 'Connection': 'close'} {{(pid=102890) http_log /opt/stack/data/venv/lib/python3.12/site-packages/swiftclient/client.py:162}}
Jul 10 05:30:19.949457 np0000004958 devstack@g-api.service[102890]: DEBUG glance_store._drivers.swift.store [None req-cf87e07f-a854-4d21-9dfa-0e8f38f27d79 tempest-VolumesActionsTest-1849736887 tempest-VolumesActionsTest-1849736887-project-member] Wrote chunk 124bb08e-9ce1-410d-9fab-3b7f7a8a087c-00003 (3/?) of length 204800000 to Swift returning MD5 of content: eda9a9889837ac4bc81d6387d92c1bec {{(pid=102890) add /opt/stack/data/venv/lib/python3.12/site-packages/glance_store/_drivers/swift/store.py:1059}}
Jul 10 05:30:20.826685 np0000004958 devstack@g-api.service[102889]: DEBUG glance.api.middleware.version_negotiation [None req-e8014893-7a7f-41e3-b207-7568e71ddfa7 tempest-VolumesActionsTest-1849736887 tempest-VolumesActionsTest-1849736887-project-member] Determining version of request: GET /v2/images/124bb08e-9ce1-410d-9fab-3b7f7a8a087c Accept: application/json {{(pid=102889) process_request /opt/stack/glance/glance/api/middleware/version_negotiation.py:44}}
Jul 10 05:30:20.827617 np0000004958 devstack@g-api.service[102889]: DEBUG glance.api.middleware.version_negotiation [None req-e8014893-7a7f-41e3-b207-7568e71ddfa7 tempest-VolumesActionsTest-1849736887 tempest-VolumesActionsTest-1849736887-project-member] Using url versioning {{(pid=102889) process_request /opt/stack/glance/glance/api/middleware/version_negotiation.py:57}}
Jul 10 05:30:20.827617 np0000004958 devstack@g-api.service[102889]: DEBUG glance.api.middleware.version_negotiation [None req-e8014893-7a7f-41e3-b207-7568e71ddfa7 tempest-VolumesActionsTest-1849736887 tempest-VolumesActionsTest-1849736887-project-member] Matched version: v2 {{(pid=102889) process_request /opt/stack/glance/glance/api/middleware/version_negotiation.py:69}}
Jul 10 05:30:20.827617 np0000004958 devstack@g-api.service[102889]: DEBUG glance.api.middleware.version_negotiation [None req-e8014893-7a7f-41e3-b207-7568e71ddfa7 tempest-VolumesActionsTest-1849736887 tempest-VolumesActionsTest-1849736887-project-member] new path /v2/images/124bb08e-9ce1-410d-9fab-3b7f7a8a087c {{(pid=102889) process_request /opt/stack/glance/glance/api/middleware/version_negotiation.py:70}}
Jul 10 05:30:20.855917 np0000004958 devstack@g-api.service[102889]: [pid: 102889|app: 0|req: 26/103] 127.0.0.1 () {40 vars in 834 bytes} [Fri Jul 10 05:30:20 2026] GET /v2/images/124bb08e-9ce1-410d-9fab-3b7f7a8a087c => generated 650 bytes in 29 msecs (HTTP/1.1 200) 4 headers in 157 bytes (1 switches on core 0)
Jul 10 05:30:21.867975 np0000004958 devstack@g-api.service[102892]: DEBUG glance.api.middleware.version_negotiation [None req-1bb23f67-79c6-4019-ba7c-311123d0181d tempest-VolumesActionsTest-1849736887 tempest-VolumesActionsTest-1849736887-project-member] Determining version of request: GET /v2/images/124bb08e-9ce1-410d-9fab-3b7f7a8a087c Accept: application/json {{(pid=102892) process_request /opt/stack/glance/glance/api/middleware/version_negotiation.py:44}}
Jul 10 05:30:21.868851 np0000004958 devstack@g-api.service[102892]: DEBUG glance.api.middleware.version_negotiation [None req-1bb23f67-79c6-4019-ba7c-311123d0181d tempest-VolumesActionsTest-1849736887 tempest-VolumesActionsTest-1849736887-project-member] Using url versioning {{(pid=102892) process_request /opt/stack/glance/glance/api/middleware/version_negotiation.py:57}}
Jul 10 05:30:21.868851 np0000004958 devstack@g-api.service[102892]: DEBUG glance.api.middleware.version_negotiation [None req-1bb23f67-79c6-4019-ba7c-311123d0181d tempest-VolumesActionsTest-1849736887 tempest-VolumesActionsTest-1849736887-project-member] Matched version: v2 {{(pid=102892) process_request /opt/stack/glance/glance/api/middleware/version_negotiation.py:69}}
Jul 10 05:30:21.868851 np0000004958 devstack@g-api.service[102892]: DEBUG glance.api.middleware.version_negotiation [None req-1bb23f67-79c6-4019-ba7c-311123d0181d tempest-VolumesActionsTest-1849736887 tempest-VolumesActionsTest-1849736887-project-member] new path /v2/images/124bb08e-9ce1-410d-9fab-3b7f7a8a087c {{(pid=102892) process_request /opt/stack/glance/glance/api/middleware/version_negotiation.py:70}}
Jul 10 05:30:21.888639 np0000004958 devstack@g-api.service[102892]: [pid: 102892|app: 0|req: 29/104] 127.0.0.1 () {40 vars in 834 bytes} [Fri Jul 10 05:30:21 2026] GET /v2/images/124bb08e-9ce1-410d-9fab-3b7f7a8a087c => generated 650 bytes in 21 msecs (HTTP/1.1 200) 4 headers in 157 bytes (1 switches on core 0)
Jul 10 05:30:22.247675 np0000004958 devstack@g-api.service[102890]: DEBUG swiftclient [None req-cf87e07f-a854-4d21-9dfa-0e8f38f27d79 tempest-VolumesActionsTest-1849736887 tempest-VolumesActionsTest-1849736887-project-member] REQ: curl -i https://10.4.3.21:8080/v1/AUTH_78efaf0891344dbdabb3bdc5383c55a3/glance/124bb08e-9ce1-410d-9fab-3b7f7a8a087c-00004 -X PUT -H "X-Auth-Token: gAAAAABqUINkfzjY..." {{(pid=102890) http_log /opt/stack/data/venv/lib/python3.12/site-packages/swiftclient/client.py:160}}
Jul 10 05:30:22.248044 np0000004958 devstack@g-api.service[102890]: DEBUG swiftclient [None req-cf87e07f-a854-4d21-9dfa-0e8f38f27d79 tempest-VolumesActionsTest-1849736887 tempest-VolumesActionsTest-1849736887-project-member] RESP STATUS: 201 Created {{(pid=102890) http_log /opt/stack/data/venv/lib/python3.12/site-packages/swiftclient/client.py:161}}
Jul 10 05:30:22.248044 np0000004958 devstack@g-api.service[102890]: DEBUG swiftclient [None req-cf87e07f-a854-4d21-9dfa-0e8f38f27d79 tempest-VolumesActionsTest-1849736887 tempest-VolumesActionsTest-1849736887-project-member] RESP HEADERS: {'Date': 'Fri, 10 Jul 2026 05:30:22 GMT', 'Server': 'Apache/2.4.58 (Ubuntu)', 'Content-Type': 'text/html; charset=UTF-8', 'Content-Length': '0', 'Etag': 'eda9a9889837ac4bc81d6387d92c1bec', 'Last-Modified': 'Fri, 10 Jul 2026 05:30:20 GMT', 'X-Trans-Id': 'tx99ca1b376a3747e3a01e2-006a50836b', 'X-Openstack-Request-Id': 'tx99ca1b376a3747e3a01e2-006a50836b', 'Connection': 'close'} {{(pid=102890) http_log /opt/stack/data/venv/lib/python3.12/site-packages/swiftclient/client.py:162}}
