Jul 10 05:25:31.845565 np0000004958 nova-scheduler[96460]: DEBUG cotyledon.oslo_config_glue [-] zvm.reachable_timeout = 300 {{(pid=96460) log_opt_values /opt/stack/data/venv/lib/python3.12/site-packages/oslo_config/cfg.py:3253}}
Jul 10 05:25:31.845565 np0000004958 nova-scheduler[96460]: DEBUG cotyledon.oslo_config_glue [-] oslo_versionedobjects.fatal_exception_format_errors = False {{(pid=96460) log_opt_values /opt/stack/data/venv/lib/python3.12/site-packages/oslo_config/cfg.py:3253}}
Jul 10 05:25:31.845565 np0000004958 nova-scheduler[96460]: DEBUG cotyledon.oslo_config_glue [-] oslo_middleware.http_basic_auth_user_file = /etc/htpasswd {{(pid=96460) log_opt_values /opt/stack/data/venv/lib/python3.12/site-packages/oslo_config/cfg.py:3253}}
Jul 10 05:25:31.845565 np0000004958 nova-scheduler[96460]: DEBUG cotyledon.oslo_config_glue [-] oslo_messaging_metrics.metrics_buffer_size = 1000 {{(pid=96460) log_opt_values /opt/stack/data/venv/lib/python3.12/site-packages/oslo_config/cfg.py:3253}}
Jul 10 05:25:31.845565 np0000004958 nova-scheduler[96460]: DEBUG cotyledon.oslo_config_glue [-] oslo_messaging_metrics.metrics_enabled = False {{(pid=96460) log_opt_values /opt/stack/data/venv/lib/python3.12/site-packages/oslo_config/cfg.py:3253}}
Jul 10 05:25:31.845858 np0000004958 nova-scheduler[96460]: DEBUG cotyledon.oslo_config_glue [-] oslo_messaging_metrics.metrics_process_name = {{(pid=96460) log_opt_values /opt/stack/data/venv/lib/python3.12/site-packages/oslo_config/cfg.py:3253}}
Jul 10 05:25:31.845858 np0000004958 nova-scheduler[96460]: DEBUG cotyledon.oslo_config_glue [-] oslo_messaging_metrics.metrics_socket_file = /var/tmp/metrics_collector.sock {{(pid=96460) log_opt_values /opt/stack/data/venv/lib/python3.12/site-packages/oslo_config/cfg.py:3253}}
Jul 10 05:25:31.845932 np0000004958 nova-scheduler[96462]: INFO dbcounter [None req-63935dec-e074-48e9-a4ba-55390a27c69b None None] Registered counter for database nova_cell0
Jul 10 05:25:31.845975 np0000004958 nova-scheduler[96460]: DEBUG cotyledon.oslo_config_glue [-] oslo_messaging_metrics.metrics_thread_stop_timeout = 10 {{(pid=96460) log_opt_values /opt/stack/data/venv/lib/python3.12/site-packages/oslo_config/cfg.py:3253}}
Jul 10 05:25:31.845975 np0000004958 nova-scheduler[96460]: DEBUG cotyledon.oslo_config_glue [-] profiler.connection_string = messaging:// {{(pid=96460) log_opt_values /opt/stack/data/venv/lib/python3.12/site-packages/oslo_config/cfg.py:3253}}
Jul 10 05:25:31.845975 np0000004958 nova-scheduler[96460]: DEBUG cotyledon.oslo_config_glue [-] profiler.enabled = False {{(pid=96460) log_opt_values /opt/stack/data/venv/lib/python3.12/site-packages/oslo_config/cfg.py:3253}}
Jul 10 05:25:31.845975 np0000004958 nova-scheduler[96460]: DEBUG cotyledon.oslo_config_glue [-] profiler.es_doc_type = notification {{(pid=96460) log_opt_values /opt/stack/data/venv/lib/python3.12/site-packages/oslo_config/cfg.py:3253}}
Jul 10 05:25:31.845975 np0000004958 nova-scheduler[96460]: DEBUG cotyledon.oslo_config_glue [-] profiler.es_scroll_size = 10000 {{(pid=96460) log_opt_values /opt/stack/data/venv/lib/python3.12/site-packages/oslo_config/cfg.py:3253}}
Jul 10 05:25:31.845975 np0000004958 nova-scheduler[96460]: DEBUG cotyledon.oslo_config_glue [-] profiler.es_scroll_time = 2m {{(pid=96460) log_opt_values /opt/stack/data/venv/lib/python3.12/site-packages/oslo_config/cfg.py:3253}}
Jul 10 05:25:31.845975 np0000004958 nova-scheduler[96460]: DEBUG cotyledon.oslo_config_glue [-] profiler.filter_error_trace = False {{(pid=96460) log_opt_values /opt/stack/data/venv/lib/python3.12/site-packages/oslo_config/cfg.py:3253}}
Jul 10 05:25:31.845975 np0000004958 nova-scheduler[96460]: DEBUG cotyledon.oslo_config_glue [-] profiler.hmac_keys = **** {{(pid=96460) log_opt_values /opt/stack/data/venv/lib/python3.12/site-packages/oslo_config/cfg.py:3253}}
Jul 10 05:25:31.845975 np0000004958 nova-scheduler[96460]: DEBUG cotyledon.oslo_config_glue [-] profiler.sentinel_service_name = mymaster {{(pid=96460) log_opt_values /opt/stack/data/venv/lib/python3.12/site-packages/oslo_config/cfg.py:3253}}
Jul 10 05:25:31.846212 np0000004958 nova-scheduler[96460]: DEBUG cotyledon.oslo_config_glue [-] profiler.socket_timeout = 0.1 {{(pid=96460) log_opt_values /opt/stack/data/venv/lib/python3.12/site-packages/oslo_config/cfg.py:3253}}
Jul 10 05:25:31.846212 np0000004958 nova-scheduler[96460]: DEBUG cotyledon.oslo_config_glue [-] profiler.trace_requests = False {{(pid=96460) log_opt_values /opt/stack/data/venv/lib/python3.12/site-packages/oslo_config/cfg.py:3253}}
Jul 10 05:25:31.846212 np0000004958 nova-scheduler[96460]: DEBUG cotyledon.oslo_config_glue [-] profiler.trace_sqlalchemy = False {{(pid=96460) log_opt_values /opt/stack/data/venv/lib/python3.12/site-packages/oslo_config/cfg.py:3253}}
Jul 10 05:25:31.846212 np0000004958 nova-scheduler[96460]: DEBUG cotyledon.oslo_config_glue [-] profiler_jaeger.process_tags = {} {{(pid=96460) log_opt_values /opt/stack/data/venv/lib/python3.12/site-packages/oslo_config/cfg.py:3253}}
Jul 10 05:25:31.846212 np0000004958 nova-scheduler[96460]: DEBUG cotyledon.oslo_config_glue [-] profiler_jaeger.service_name_prefix = None {{(pid=96460) log_opt_values /opt/stack/data/venv/lib/python3.12/site-packages/oslo_config/cfg.py:3253}}
Jul 10 05:25:31.846212 np0000004958 nova-scheduler[96460]: DEBUG cotyledon.oslo_config_glue [-] profiler_otlp.service_name_prefix = None {{(pid=96460) log_opt_values /opt/stack/data/venv/lib/python3.12/site-packages/oslo_config/cfg.py:3253}}
Jul 10 05:25:31.846212 np0000004958 nova-scheduler[96460]: DEBUG cotyledon.oslo_config_glue [-] oslo_messaging_rabbit.amqp_auto_delete = False {{(pid=96460) log_opt_values /opt/stack/data/venv/lib/python3.12/site-packages/oslo_config/cfg.py:3253}}
Jul 10 05:25:31.846212 np0000004958 nova-scheduler[96460]: DEBUG cotyledon.oslo_config_glue [-] oslo_messaging_rabbit.amqp_durable_queues = False {{(pid=96460) log_opt_values /opt/stack/data/venv/lib/python3.12/site-packages/oslo_config/cfg.py:3253}}
Jul 10 05:25:31.846212 np0000004958 nova-scheduler[96460]: DEBUG cotyledon.oslo_config_glue [-] oslo_messaging_rabbit.conn_pool_min_size = 2 {{(pid=96460) log_opt_values /opt/stack/data/venv/lib/python3.12/site-packages/oslo_config/cfg.py:3253}}
Jul 10 05:25:31.846379 np0000004958 nova-scheduler[96460]: DEBUG cotyledon.oslo_config_glue [-] oslo_messaging_rabbit.conn_pool_ttl = 1200 {{(pid=96460) log_opt_values /opt/stack/data/venv/lib/python3.12/site-packages/oslo_config/cfg.py:3253}}
Jul 10 05:25:31.846379 np0000004958 nova-scheduler[96460]: DEBUG cotyledon.oslo_config_glue [-] oslo_messaging_rabbit.direct_mandatory_flag = True {{(pid=96460) log_opt_values /opt/stack/data/venv/lib/python3.12/site-packages/oslo_config/cfg.py:3253}}
Jul 10 05:25:31.846379 np0000004958 nova-scheduler[96460]: DEBUG cotyledon.oslo_config_glue [-] oslo_messaging_rabbit.enable_cancel_on_failover = False {{(pid=96460) log_opt_values /opt/stack/data/venv/lib/python3.12/site-packages/oslo_config/cfg.py:3253}}
Jul 10 05:25:31.846379 np0000004958 nova-scheduler[96460]: DEBUG cotyledon.oslo_config_glue [-] oslo_messaging_rabbit.heartbeat_rate = 3 {{(pid=96460) log_opt_values /opt/stack/data/venv/lib/python3.12/site-packages/oslo_config/cfg.py:3253}}
Jul 10 05:25:31.846379 np0000004958 nova-scheduler[96460]: DEBUG cotyledon.oslo_config_glue [-] oslo_messaging_rabbit.heartbeat_timeout_threshold = 60 {{(pid=96460) log_opt_values /opt/stack/data/venv/lib/python3.12/site-packages/oslo_config/cfg.py:3253}}
Jul 10 05:25:31.846379 np0000004958 nova-scheduler[96460]: DEBUG cotyledon.oslo_config_glue [-] oslo_messaging_rabbit.hostname = np0000004958 {{(pid=96460) log_opt_values /opt/stack/data/venv/lib/python3.12/site-packages/oslo_config/cfg.py:3253}}
Jul 10 05:25:31.846379 np0000004958 nova-scheduler[96460]: DEBUG cotyledon.oslo_config_glue [-] oslo_messaging_rabbit.kombu_compression = None {{(pid=96460) log_opt_values /opt/stack/data/venv/lib/python3.12/site-packages/oslo_config/cfg.py:3253}}
Jul 10 05:25:31.846379 np0000004958 nova-scheduler[96460]: DEBUG cotyledon.oslo_config_glue [-] oslo_messaging_rabbit.kombu_failover_strategy = round-robin {{(pid=96460) log_opt_values /opt/stack/data/venv/lib/python3.12/site-packages/oslo_config/cfg.py:3253}}
Jul 10 05:25:31.846379 np0000004958 nova-scheduler[96460]: DEBUG cotyledon.oslo_config_glue [-] oslo_messaging_rabbit.kombu_missing_consumer_retry_timeout = 60 {{(pid=96460) log_opt_values /opt/stack/data/venv/lib/python3.12/site-packages/oslo_config/cfg.py:3253}}
Jul 10 05:25:31.846576 np0000004958 nova-scheduler[96460]: DEBUG cotyledon.oslo_config_glue [-] oslo_messaging_rabbit.kombu_reconnect_delay = 1.0 {{(pid=96460) log_opt_values /opt/stack/data/venv/lib/python3.12/site-packages/oslo_config/cfg.py:3253}}
Jul 10 05:25:31.846576 np0000004958 nova-scheduler[96460]: DEBUG cotyledon.oslo_config_glue [-] oslo_messaging_rabbit.kombu_reconnect_splay = 0.0 {{(pid=96460) log_opt_values /opt/stack/data/venv/lib/python3.12/site-packages/oslo_config/cfg.py:3253}}
Jul 10 05:25:31.846576 np0000004958 nova-scheduler[96460]: DEBUG cotyledon.oslo_config_glue [-] oslo_messaging_rabbit.processname = nova-scheduler {{(pid=96460) log_opt_values /opt/stack/data/venv/lib/python3.12/site-packages/oslo_config/cfg.py:3253}}
Jul 10 05:25:31.846576 np0000004958 nova-scheduler[96460]: DEBUG cotyledon.oslo_config_glue [-] oslo_messaging_rabbit.rabbit_ha_queues = False {{(pid=96460) log_opt_values /opt/stack/data/venv/lib/python3.12/site-packages/oslo_config/cfg.py:3253}}
Jul 10 05:25:31.846576 np0000004958 nova-scheduler[96460]: DEBUG cotyledon.oslo_config_glue [-] oslo_messaging_rabbit.rabbit_interval_max = 30 {{(pid=96460) log_opt_values /opt/stack/data/venv/lib/python3.12/site-packages/oslo_config/cfg.py:3253}}
Jul 10 05:25:31.846576 np0000004958 nova-scheduler[96460]: DEBUG cotyledon.oslo_config_glue [-] oslo_messaging_rabbit.rabbit_login_method = AMQPLAIN {{(pid=96460) log_opt_values /opt/stack/data/venv/lib/python3.12/site-packages/oslo_config/cfg.py:3253}}
Jul 10 05:25:31.846576 np0000004958 nova-scheduler[96460]: DEBUG cotyledon.oslo_config_glue [-] oslo_messaging_rabbit.rabbit_qos_prefetch_count = 0 {{(pid=96460) log_opt_values /opt/stack/data/venv/lib/python3.12/site-packages/oslo_config/cfg.py:3253}}
Jul 10 05:25:31.846576 np0000004958 nova-scheduler[96460]: DEBUG cotyledon.oslo_config_glue [-] oslo_messaging_rabbit.rabbit_quorum_delivery_limit = 0 {{(pid=96460) log_opt_values /opt/stack/data/venv/lib/python3.12/site-packages/oslo_config/cfg.py:3253}}
Jul 10 05:25:31.846576 np0000004958 nova-scheduler[96460]: DEBUG cotyledon.oslo_config_glue [-] oslo_messaging_rabbit.rabbit_quorum_max_memory_bytes = 0 {{(pid=96460) log_opt_values /opt/stack/data/venv/lib/python3.12/site-packages/oslo_config/cfg.py:3253}}
Jul 10 05:25:31.846827 np0000004958 nova-scheduler[96460]: DEBUG cotyledon.oslo_config_glue [-] oslo_messaging_rabbit.rabbit_quorum_max_memory_length = 0 {{(pid=96460) log_opt_values /opt/stack/data/venv/lib/python3.12/site-packages/oslo_config/cfg.py:3253}}
Jul 10 05:25:31.846827 np0000004958 nova-scheduler[96460]: DEBUG cotyledon.oslo_config_glue [-] oslo_messaging_rabbit.rabbit_quorum_queue = False {{(pid=96460) log_opt_values /opt/stack/data/venv/lib/python3.12/site-packages/oslo_config/cfg.py:3253}}
Jul 10 05:25:31.846827 np0000004958 nova-scheduler[96460]: DEBUG cotyledon.oslo_config_glue [-] oslo_messaging_rabbit.rabbit_retry_backoff = 2 {{(pid=96460) log_opt_values /opt/stack/data/venv/lib/python3.12/site-packages/oslo_config/cfg.py:3253}}
Jul 10 05:25:31.846827 np0000004958 nova-scheduler[96460]: DEBUG cotyledon.oslo_config_glue [-] oslo_messaging_rabbit.rabbit_retry_interval = 1 {{(pid=96460) log_opt_values /opt/stack/data/venv/lib/python3.12/site-packages/oslo_config/cfg.py:3253}}
Jul 10 05:25:31.846827 np0000004958 nova-scheduler[96460]: DEBUG cotyledon.oslo_config_glue [-] oslo_messaging_rabbit.rabbit_stream_fanout = False {{(pid=96460) log_opt_values /opt/stack/data/venv/lib/python3.12/site-packages/oslo_config/cfg.py:3253}}
Jul 10 05:25:31.846827 np0000004958 nova-scheduler[96460]: DEBUG cotyledon.oslo_config_glue [-] oslo_messaging_rabbit.rabbit_transient_queues_ttl = 1800 {{(pid=96460) log_opt_values /opt/stack/data/venv/lib/python3.12/site-packages/oslo_config/cfg.py:3253}}
Jul 10 05:25:31.846827 np0000004958 nova-scheduler[96460]: DEBUG cotyledon.oslo_config_glue [-] oslo_messaging_rabbit.rabbit_transient_quorum_queue = False {{(pid=96460) log_opt_values /opt/stack/data/venv/lib/python3.12/site-packages/oslo_config/cfg.py:3253}}
Jul 10 05:25:31.846827 np0000004958 nova-scheduler[96460]: DEBUG cotyledon.oslo_config_glue [-] oslo_messaging_rabbit.rpc_conn_pool_size = 30 {{(pid=96460) log_opt_values /opt/stack/data/venv/lib/python3.12/site-packages/oslo_config/cfg.py:3253}}
Jul 10 05:25:31.846827 np0000004958 nova-scheduler[96460]: DEBUG cotyledon.oslo_config_glue [-] oslo_messaging_rabbit.ssl = False {{(pid=96460) log_opt_values /opt/stack/data/venv/lib/python3.12/site-packages/oslo_config/cfg.py:3253}}
Jul 10 05:25:31.847039 np0000004958 nova-scheduler[96460]: DEBUG cotyledon.oslo_config_glue [-] oslo_messaging_rabbit.ssl_ca_file = {{(pid=96460) log_opt_values /opt/stack/data/venv/lib/python3.12/site-packages/oslo_config/cfg.py:3253}}
Jul 10 05:25:31.847039 np0000004958 nova-scheduler[96460]: DEBUG cotyledon.oslo_config_glue [-] oslo_messaging_rabbit.ssl_cert_file = {{(pid=96460) log_opt_values /opt/stack/data/venv/lib/python3.12/site-packages/oslo_config/cfg.py:3253}}
Jul 10 05:25:31.847039 np0000004958 nova-scheduler[96460]: DEBUG cotyledon.oslo_config_glue [-] oslo_messaging_rabbit.ssl_enforce_fips_mode = False {{(pid=96460) log_opt_values /opt/stack/data/venv/lib/python3.12/site-packages/oslo_config/cfg.py:3253}}
Jul 10 05:25:31.847039 np0000004958 nova-scheduler[96460]: DEBUG cotyledon.oslo_config_glue [-] oslo_messaging_rabbit.ssl_enforce_hostname_verification = True {{(pid=96460) log_opt_values /opt/stack/data/venv/lib/python3.12/site-packages/oslo_config/cfg.py:3253}}
Jul 10 05:25:31.847039 np0000004958 nova-scheduler[96460]: DEBUG cotyledon.oslo_config_glue [-] oslo_messaging_rabbit.ssl_key_file = {{(pid=96460) log_opt_values /opt/stack/data/venv/lib/python3.12/site-packages/oslo_config/cfg.py:3253}}
Jul 10 05:25:31.847039 np0000004958 nova-scheduler[96460]: DEBUG cotyledon.oslo_config_glue [-] oslo_messaging_rabbit.ssl_version = {{(pid=96460) log_opt_values /opt/stack/data/venv/lib/python3.12/site-packages/oslo_config/cfg.py:3253}}
Jul 10 05:25:31.847039 np0000004958 nova-scheduler[96460]: DEBUG cotyledon.oslo_config_glue [-] oslo_messaging_rabbit.use_queue_manager = False {{(pid=96460) log_opt_values /opt/stack/data/venv/lib/python3.12/site-packages/oslo_config/cfg.py:3253}}
Jul 10 05:25:31.847039 np0000004958 nova-scheduler[96460]: DEBUG cotyledon.oslo_config_glue [-] oslo_messaging_notifications.driver = ['messagingv2'] {{(pid=96460) log_opt_values /opt/stack/data/venv/lib/python3.12/site-packages/oslo_config/cfg.py:3253}}
Jul 10 05:25:31.847039 np0000004958 nova-scheduler[96460]: DEBUG cotyledon.oslo_config_glue [-] oslo_messaging_notifications.retry = -1 {{(pid=96460) log_opt_values /opt/stack/data/venv/lib/python3.12/site-packages/oslo_config/cfg.py:3253}}
Jul 10 05:25:31.847574 np0000004958 nova-scheduler[96460]: DEBUG cotyledon.oslo_config_glue [-] oslo_messaging_notifications.topics = ['notifications'] {{(pid=96460) log_opt_values /opt/stack/data/venv/lib/python3.12/site-packages/oslo_config/cfg.py:3253}}
Jul 10 05:25:31.847574 np0000004958 nova-scheduler[96460]: DEBUG cotyledon.oslo_config_glue [-] oslo_messaging_notifications.transport_url = **** {{(pid=96460) log_opt_values /opt/stack/data/venv/lib/python3.12/site-packages/oslo_config/cfg.py:3253}}
Jul 10 05:25:31.847574 np0000004958 nova-scheduler[96460]: DEBUG cotyledon.oslo_config_glue [-] oslo_limit.auth_section = None {{(pid=96460) log_opt_values /opt/stack/data/venv/lib/python3.12/site-packages/oslo_config/cfg.py:3253}}
Jul 10 05:25:31.847574 np0000004958 nova-scheduler[96460]: DEBUG cotyledon.oslo_config_glue [-] oslo_limit.auth_type = None {{(pid=96460) log_opt_values /opt/stack/data/venv/lib/python3.12/site-packages/oslo_config/cfg.py:3253}}
Jul 10 05:25:31.847574 np0000004958 nova-scheduler[96460]: DEBUG cotyledon.oslo_config_glue [-] oslo_limit.cafile = None {{(pid=96460) log_opt_values /opt/stack/data/venv/lib/python3.12/site-packages/oslo_config/cfg.py:3253}}
Jul 10 05:25:31.847574 np0000004958 nova-scheduler[96460]: DEBUG cotyledon.oslo_config_glue [-] oslo_limit.certfile = None {{(pid=96460) log_opt_values /opt/stack/data/venv/lib/python3.12/site-packages/oslo_config/cfg.py:3253}}
Jul 10 05:25:31.847574 np0000004958 nova-scheduler[96460]: DEBUG cotyledon.oslo_config_glue [-] oslo_limit.collect_timing = False {{(pid=96460) log_opt_values /opt/stack/data/venv/lib/python3.12/site-packages/oslo_config/cfg.py:3253}}
Jul 10 05:25:31.847574 np0000004958 nova-scheduler[96460]: DEBUG cotyledon.oslo_config_glue [-] oslo_limit.connect_retries = None {{(pid=96460) log_opt_values /opt/stack/data/venv/lib/python3.12/site-packages/oslo_config/cfg.py:3253}}
Jul 10 05:25:31.847574 np0000004958 nova-scheduler[96460]: DEBUG cotyledon.oslo_config_glue [-] oslo_limit.connect_retry_delay = None {{(pid=96460) log_opt_values /opt/stack/data/venv/lib/python3.12/site-packages/oslo_config/cfg.py:3253}}
Jul 10 05:25:31.847743 np0000004958 nova-scheduler[96460]: DEBUG cotyledon.oslo_config_glue [-] oslo_limit.endpoint_id = None {{(pid=96460) log_opt_values /opt/stack/data/venv/lib/python3.12/site-packages/oslo_config/cfg.py:3253}}
Jul 10 05:25:31.847743 np0000004958 nova-scheduler[96460]: DEBUG cotyledon.oslo_config_glue [-] oslo_limit.endpoint_interface = public {{(pid=96460) log_opt_values /opt/stack/data/venv/lib/python3.12/site-packages/oslo_config/cfg.py:3253}}
Jul 10 05:25:31.847743 np0000004958 nova-scheduler[96460]: DEBUG cotyledon.oslo_config_glue [-] oslo_limit.endpoint_override = None {{(pid=96460) log_opt_values /opt/stack/data/venv/lib/python3.12/site-packages/oslo_config/cfg.py:3253}}
Jul 10 05:25:31.847743 np0000004958 nova-scheduler[96460]: DEBUG cotyledon.oslo_config_glue [-] oslo_limit.endpoint_region_name = None {{(pid=96460) log_opt_values /opt/stack/data/venv/lib/python3.12/site-packages/oslo_config/cfg.py:3253}}
Jul 10 05:25:31.847743 np0000004958 nova-scheduler[96460]: DEBUG cotyledon.oslo_config_glue [-] oslo_limit.endpoint_service_name = None {{(pid=96460) log_opt_values /opt/stack/data/venv/lib/python3.12/site-packages/oslo_config/cfg.py:3253}}
Jul 10 05:25:31.847743 np0000004958 nova-scheduler[96460]: DEBUG cotyledon.oslo_config_glue [-] oslo_limit.endpoint_service_type = None {{(pid=96460) log_opt_values /opt/stack/data/venv/lib/python3.12/site-packages/oslo_config/cfg.py:3253}}
Jul 10 05:25:31.847743 np0000004958 nova-scheduler[96460]: DEBUG cotyledon.oslo_config_glue [-] oslo_limit.insecure = False {{(pid=96460) log_opt_values /opt/stack/data/venv/lib/python3.12/site-packages/oslo_config/cfg.py:3253}}
Jul 10 05:25:31.847743 np0000004958 nova-scheduler[96460]: DEBUG cotyledon.oslo_config_glue [-] oslo_limit.keyfile = None {{(pid=96460) log_opt_values /opt/stack/data/venv/lib/python3.12/site-packages/oslo_config/cfg.py:3253}}
Jul 10 05:25:31.847743 np0000004958 nova-scheduler[96460]: DEBUG cotyledon.oslo_config_glue [-] oslo_limit.max_version = None {{(pid=96460) log_opt_values /opt/stack/data/venv/lib/python3.12/site-packages/oslo_config/cfg.py:3253}}
Jul 10 05:25:31.847947 np0000004958 nova-scheduler[96460]: DEBUG cotyledon.oslo_config_glue [-] oslo_limit.min_version = None {{(pid=96460) log_opt_values /opt/stack/data/venv/lib/python3.12/site-packages/oslo_config/cfg.py:3253}}
Jul 10 05:25:31.847947 np0000004958 nova-scheduler[96460]: DEBUG cotyledon.oslo_config_glue [-] oslo_limit.region_name = None {{(pid=96460) log_opt_values /opt/stack/data/venv/lib/python3.12/site-packages/oslo_config/cfg.py:3253}}
Jul 10 05:25:31.847947 np0000004958 nova-scheduler[96460]: DEBUG cotyledon.oslo_config_glue [-] oslo_limit.retriable_status_codes = None {{(pid=96460) log_opt_values /opt/stack/data/venv/lib/python3.12/site-packages/oslo_config/cfg.py:3253}}
Jul 10 05:25:31.847947 np0000004958 nova-scheduler[96460]: DEBUG cotyledon.oslo_config_glue [-] oslo_limit.service_name = None {{(pid=96460) log_opt_values /opt/stack/data/venv/lib/python3.12/site-packages/oslo_config/cfg.py:3253}}
Jul 10 05:25:31.847947 np0000004958 nova-scheduler[96460]: DEBUG cotyledon.oslo_config_glue [-] oslo_limit.service_type = None {{(pid=96460) log_opt_values /opt/stack/data/venv/lib/python3.12/site-packages/oslo_config/cfg.py:3253}}
Jul 10 05:25:31.847947 np0000004958 nova-scheduler[96460]: DEBUG cotyledon.oslo_config_glue [-] oslo_limit.split_loggers = False {{(pid=96460) log_opt_values /opt/stack/data/venv/lib/python3.12/site-packages/oslo_config/cfg.py:3253}}
Jul 10 05:25:31.847947 np0000004958 nova-scheduler[96460]: DEBUG cotyledon.oslo_config_glue [-] oslo_limit.status_code_retries = None {{(pid=96460) log_opt_values /opt/stack/data/venv/lib/python3.12/site-packages/oslo_config/cfg.py:3253}}
Jul 10 05:25:31.847947 np0000004958 nova-scheduler[96460]: DEBUG cotyledon.oslo_config_glue [-] oslo_limit.status_code_retry_delay = None {{(pid=96460) log_opt_values /opt/stack/data/venv/lib/python3.12/site-packages/oslo_config/cfg.py:3253}}
Jul 10 05:25:31.847947 np0000004958 nova-scheduler[96460]: DEBUG cotyledon.oslo_config_glue [-] oslo_limit.timeout = None {{(pid=96460) log_opt_values /opt/stack/data/venv/lib/python3.12/site-packages/oslo_config/cfg.py:3253}}
Jul 10 05:25:31.848138 np0000004958 nova-scheduler[96460]: DEBUG cotyledon.oslo_config_glue [-] oslo_limit.valid_interfaces = None {{(pid=96460) log_opt_values /opt/stack/data/venv/lib/python3.12/site-packages/oslo_config/cfg.py:3253}}
Jul 10 05:25:31.848138 np0000004958 nova-scheduler[96460]: DEBUG cotyledon.oslo_config_glue [-] oslo_limit.version = None {{(pid=96460) log_opt_values /opt/stack/data/venv/lib/python3.12/site-packages/oslo_config/cfg.py:3253}}
Jul 10 05:25:31.848138 np0000004958 nova-scheduler[96460]: DEBUG cotyledon.oslo_config_glue [-] oslo_reports.file_event_handler = None {{(pid=96460) log_opt_values /opt/stack/data/venv/lib/python3.12/site-packages/oslo_config/cfg.py:3253}}
Jul 10 05:25:31.848138 np0000004958 nova-scheduler[96460]: DEBUG cotyledon.oslo_config_glue [-] oslo_reports.file_event_handler_interval = 1 {{(pid=96460) log_opt_values /opt/stack/data/venv/lib/python3.12/site-packages/oslo_config/cfg.py:3253}}
Jul 10 05:25:31.848138 np0000004958 nova-scheduler[96460]: DEBUG cotyledon.oslo_config_glue [-] oslo_reports.log_dir = None {{(pid=96460) log_opt_values /opt/stack/data/venv/lib/python3.12/site-packages/oslo_config/cfg.py:3253}}
Jul 10 05:25:31.848138 np0000004958 nova-scheduler[96460]: DEBUG cotyledon.oslo_config_glue [-] ******************************************************************************** {{(pid=96460) log_opt_values /opt/stack/data/venv/lib/python3.12/site-packages/oslo_config/cfg.py:3260}}
Jul 10 05:25:31.848138 np0000004958 nova-scheduler[96460]: DEBUG cotyledon._service_worker [-] Run service ServiceWrapper(2) [96460] {{(pid=96460) wait_forever /opt/stack/data/venv/lib/python3.12/site-packages/cotyledon/_service_worker.py:218}}
Jul 10 05:25:31.848138 np0000004958 nova-scheduler[96460]: INFO nova.service [-] Starting scheduler node (version 33.1.0)
Jul 10 05:25:31.848138 np0000004958 nova-scheduler[96460]: INFO dbcounter [None req-6f9a2f59-290f-4bfb-ae5a-d208afcef243 None None] Registered counter for database nova_cell0
Jul 10 05:25:31.848312 np0000004958 nova-scheduler[96458]: DEBUG oslo_db.sqlalchemy.engines [None req-c48924ce-14bd-477d-9c18-2922c17332bf None None] MySQL server mode set to STRICT_TRANS_TABLES,STRICT_ALL_TABLES,NO_ZERO_IN_DATE,NO_ZERO_DATE,ERROR_FOR_DIVISION_BY_ZERO,TRADITIONAL,NO_ENGINE_SUBSTITUTION {{(pid=96458) _check_effective_sql_mode /opt/stack/data/venv/lib/python3.12/site-packages/oslo_db/sqlalchemy/engines.py:325}}
Jul 10 05:25:31.848343 np0000004958 nova-scheduler[96456]: DEBUG oslo_db.sqlalchemy.engines [None req-14f0b72b-c5f9-4ffb-aaf1-1e309ac48a07 None None] MySQL server mode set to STRICT_TRANS_TABLES,STRICT_ALL_TABLES,NO_ZERO_IN_DATE,NO_ZERO_DATE,ERROR_FOR_DIVISION_BY_ZERO,TRADITIONAL,NO_ENGINE_SUBSTITUTION {{(pid=96456) _check_effective_sql_mode /opt/stack/data/venv/lib/python3.12/site-packages/oslo_db/sqlalchemy/engines.py:325}}
Jul 10 05:25:31.848371 np0000004958 nova-scheduler[96458]: DEBUG dbcounter [-] [96458] Writer thread running {{(pid=96458) stat_writer /opt/stack/data/venv/lib/python3.12/site-packages/dbcounter.py:102}}
Jul 10 05:25:31.848399 np0000004958 nova-scheduler[96456]: DEBUG dbcounter [-] [96456] Writer thread running {{(pid=96456) stat_writer /opt/stack/data/venv/lib/python3.12/site-packages/dbcounter.py:102}}
Jul 10 05:25:31.848438 np0000004958 nova-scheduler[96462]: DEBUG oslo_db.sqlalchemy.engines [None req-63935dec-e074-48e9-a4ba-55390a27c69b None None] MySQL server mode set to STRICT_TRANS_TABLES,STRICT_ALL_TABLES,NO_ZERO_IN_DATE,NO_ZERO_DATE,ERROR_FOR_DIVISION_BY_ZERO,TRADITIONAL,NO_ENGINE_SUBSTITUTION {{(pid=96462) _check_effective_sql_mode /opt/stack/data/venv/lib/python3.12/site-packages/oslo_db/sqlalchemy/engines.py:325}}
Jul 10 05:25:31.848468 np0000004958 nova-scheduler[96458]: DEBUG nova.service [None req-c48924ce-14bd-477d-9c18-2922c17332bf None None] Creating RPC server for service: nova-scheduler on topic: scheduler {{(pid=96458) start /opt/stack/nova/nova/service.py:196}}
Jul 10 05:25:31.848898 np0000004958 nova-scheduler[96462]: DEBUG dbcounter [-] [96462] Writer thread running {{(pid=96462) stat_writer /opt/stack/data/venv/lib/python3.12/site-packages/dbcounter.py:102}}
Jul 10 05:25:31.851609 np0000004958 nova-scheduler[96456]: DEBUG nova.service [None req-14f0b72b-c5f9-4ffb-aaf1-1e309ac48a07 None None] Creating RPC server for service: nova-scheduler on topic: scheduler {{(pid=96456) start /opt/stack/nova/nova/service.py:196}}
Jul 10 05:25:31.852191 np0000004958 nova-scheduler[96462]: DEBUG nova.service [None req-63935dec-e074-48e9-a4ba-55390a27c69b None None] Creating RPC server for service: nova-scheduler on topic: scheduler {{(pid=96462) start /opt/stack/nova/nova/service.py:196}}
Jul 10 05:25:31.864766 np0000004958 nova-scheduler[96460]: DEBUG oslo_db.sqlalchemy.engines [None req-6f9a2f59-290f-4bfb-ae5a-d208afcef243 None None] MySQL server mode set to STRICT_TRANS_TABLES,STRICT_ALL_TABLES,NO_ZERO_IN_DATE,NO_ZERO_DATE,ERROR_FOR_DIVISION_BY_ZERO,TRADITIONAL,NO_ENGINE_SUBSTITUTION {{(pid=96460) _check_effective_sql_mode /opt/stack/data/venv/lib/python3.12/site-packages/oslo_db/sqlalchemy/engines.py:325}}
Jul 10 05:25:31.876725 np0000004958 nova-scheduler[96458]: DEBUG nova.service [None req-c48924ce-14bd-477d-9c18-2922c17332bf None None] Join ServiceGroup membership for this service scheduler {{(pid=96458) start /opt/stack/nova/nova/service.py:222}}
Jul 10 05:25:31.876919 np0000004958 nova-scheduler[96458]: DEBUG nova.servicegroup.drivers.db [None req-c48924ce-14bd-477d-9c18-2922c17332bf None None] DB_Driver: join new ServiceGroup member np0000004958 to the scheduler group, service = {{(pid=96458) join /opt/stack/nova/nova/servicegroup/drivers/db.py:44}}
Jul 10 05:25:31.876972 np0000004958 nova-scheduler[96460]: DEBUG dbcounter [-] [96460] Writer thread running {{(pid=96460) stat_writer /opt/stack/data/venv/lib/python3.12/site-packages/dbcounter.py:102}}
Jul 10 05:25:31.879162 np0000004958 nova-scheduler[96462]: DEBUG nova.service [None req-63935dec-e074-48e9-a4ba-55390a27c69b None None] Join ServiceGroup membership for this service scheduler {{(pid=96462) start /opt/stack/nova/nova/service.py:222}}
Jul 10 05:25:31.879467 np0000004958 nova-scheduler[96462]: DEBUG nova.servicegroup.drivers.db [None req-63935dec-e074-48e9-a4ba-55390a27c69b None None] DB_Driver: join new ServiceGroup member np0000004958 to the scheduler group, service = {{(pid=96462) join /opt/stack/nova/nova/servicegroup/drivers/db.py:44}}
Jul 10 05:25:31.880885 np0000004958 nova-scheduler[96460]: DEBUG nova.service [None req-6f9a2f59-290f-4bfb-ae5a-d208afcef243 None None] Creating RPC server for service: nova-scheduler on topic: scheduler {{(pid=96460) start /opt/stack/nova/nova/service.py:196}}
Jul 10 05:25:31.883383 np0000004958 nova-scheduler[96456]: DEBUG nova.service [None req-14f0b72b-c5f9-4ffb-aaf1-1e309ac48a07 None None] Join ServiceGroup membership for this service scheduler {{(pid=96456) start /opt/stack/nova/nova/service.py:222}}
Jul 10 05:25:31.883924 np0000004958 nova-scheduler[96456]: DEBUG nova.servicegroup.drivers.db [None req-14f0b72b-c5f9-4ffb-aaf1-1e309ac48a07 None None] DB_Driver: join new ServiceGroup member np0000004958 to the scheduler group, service = {{(pid=96456) join /opt/stack/nova/nova/servicegroup/drivers/db.py:44}}
Jul 10 05:25:31.902936 np0000004958 nova-scheduler[96460]: DEBUG nova.service [None req-6f9a2f59-290f-4bfb-ae5a-d208afcef243 None None] Join ServiceGroup membership for this service scheduler {{(pid=96460) start /opt/stack/nova/nova/service.py:222}}
Jul 10 05:25:31.903170 np0000004958 nova-scheduler[96460]: DEBUG nova.servicegroup.drivers.db [None req-6f9a2f59-290f-4bfb-ae5a-d208afcef243 None None] DB_Driver: join new ServiceGroup member np0000004958 to the scheduler group, service = {{(pid=96460) join /opt/stack/nova/nova/servicegroup/drivers/db.py:44}}
Jul 10 05:25:36.893361 np0000004958 nova-scheduler[96458]: DEBUG oslo.service.backend._threading.loopingcall [-] Fixed interval looping call 'nova.servicegroup.drivers.db.DbDriver._report_state' sleeping for 119.99 seconds {{(pid=96458) _run_loop /opt/stack/data/venv/lib/python3.12/site-packages/oslo_service/backend/_threading/loopingcall.py:125}}
Jul 10 05:25:36.895789 np0000004958 nova-scheduler[96462]: DEBUG oslo.service.backend._threading.loopingcall [-] Fixed interval looping call 'nova.servicegroup.drivers.db.DbDriver._report_state' sleeping for 119.99 seconds {{(pid=96462) _run_loop /opt/stack/data/venv/lib/python3.12/site-packages/oslo_service/backend/_threading/loopingcall.py:125}}
Jul 10 05:25:36.896247 np0000004958 nova-scheduler[96456]: DEBUG oslo.service.backend._threading.loopingcall [-] Fixed interval looping call 'nova.servicegroup.drivers.db.DbDriver._report_state' sleeping for 119.99 seconds {{(pid=96456) _run_loop /opt/stack/data/venv/lib/python3.12/site-packages/oslo_service/backend/_threading/loopingcall.py:125}}
Jul 10 05:25:36.916415 np0000004958 nova-scheduler[96460]: DEBUG oslo.service.backend._threading.loopingcall [-] Fixed interval looping call 'nova.servicegroup.drivers.db.DbDriver._report_state' sleeping for 119.99 seconds {{(pid=96460) _run_loop /opt/stack/data/venv/lib/python3.12/site-packages/oslo_service/backend/_threading/loopingcall.py:125}}
Jul 10 05:25:40.381155 np0000004958 nova-scheduler[95264]: DEBUG dbcounter [-] [95264] Writing DB stats nova_api:SELECT=3 {{(pid=95264) stat_writer /opt/stack/data/venv/lib/python3.12/site-packages/dbcounter.py:115}}
Jul 10 05:25:40.546511 np0000004958 nova-scheduler[95264]: DEBUG dbcounter [-] [95264] Writing DB stats nova_cell0:SELECT=1 {{(pid=95264) stat_writer /opt/stack/data/venv/lib/python3.12/site-packages/dbcounter.py:115}}
Jul 10 05:25:40.549899 np0000004958 nova-scheduler[95264]: DEBUG dbcounter [-] [95264] Writing DB stats nova_cell1:SELECT=1 {{(pid=95264) stat_writer /opt/stack/data/venv/lib/python3.12/site-packages/dbcounter.py:115}}
Jul 10 05:25:46.888420 np0000004958 nova-scheduler[96458]: DEBUG dbcounter [-] [96458] Writing DB stats nova_cell0:SELECT=4,nova_cell0:INSERT=1,nova_cell0:UPDATE=1 {{(pid=96458) stat_writer /opt/stack/data/venv/lib/python3.12/site-packages/dbcounter.py:115}}
Jul 10 05:25:46.894098 np0000004958 nova-scheduler[96462]: DEBUG dbcounter [-] [96462] Writing DB stats nova_cell0:SELECT=3,nova_cell0:UPDATE=1 {{(pid=96462) stat_writer /opt/stack/data/venv/lib/python3.12/site-packages/dbcounter.py:115}}
Jul 10 05:25:46.894874 np0000004958 nova-scheduler[96456]: DEBUG dbcounter [-] [96456] Writing DB stats nova_cell0:SELECT=5,nova_cell0:INSERT=1,nova_cell0:UPDATE=1 {{(pid=96456) stat_writer /opt/stack/data/venv/lib/python3.12/site-packages/dbcounter.py:115}}
Jul 10 05:25:46.913174 np0000004958 nova-scheduler[96460]: DEBUG dbcounter [-] [96460] Writing DB stats nova_cell0:SELECT=3 {{(pid=96460) stat_writer /opt/stack/data/venv/lib/python3.12/site-packages/dbcounter.py:115}}
Jul 10 05:25:54.886228 np0000004958 nova-scheduler[96456]: DEBUG oslo.service.backend._threading.loopingcall [None req-691c36bb-bfe8-4b4c-9e6b-98e7f8c23743 None None] Dynamic interval looping call 'nova.service.Service.periodic_tasks' sleeping for 60.00 seconds {{(pid=96456) _run_loop /opt/stack/data/venv/lib/python3.12/site-packages/oslo_service/backend/_threading/loopingcall.py:125}}
Jul 10 05:25:56.882146 np0000004958 nova-scheduler[96462]: DEBUG oslo.service.backend._threading.loopingcall [None req-44bf9649-11cf-45e9-8678-ab94c64a72ad None None] Dynamic interval looping call 'nova.service.Service.periodic_tasks' sleeping for 60.00 seconds {{(pid=96462) _run_loop /opt/stack/data/venv/lib/python3.12/site-packages/oslo_service/backend/_threading/loopingcall.py:125}}
Jul 10 05:26:20.905513 np0000004958 nova-scheduler[96460]: DEBUG oslo.service.backend._threading.loopingcall [None req-509d8458-0960-4d14-8da5-00dd41f28824 None None] Dynamic interval looping call 'nova.service.Service.periodic_tasks' sleeping for 60.00 seconds {{(pid=96460) _run_loop /opt/stack/data/venv/lib/python3.12/site-packages/oslo_service/backend/_threading/loopingcall.py:125}}
Jul 10 05:26:26.879628 np0000004958 nova-scheduler[96458]: DEBUG oslo.service.backend._threading.loopingcall [None req-0cb10f25-60bb-46ec-8f68-6f7dffec51f0 None None] Dynamic interval looping call 'nova.service.Service.periodic_tasks' sleeping for 60.00 seconds {{(pid=96458) _run_loop /opt/stack/data/venv/lib/python3.12/site-packages/oslo_service/backend/_threading/loopingcall.py:125}}
Jul 10 05:26:54.886859 np0000004958 nova-scheduler[96456]: DEBUG oslo.service.backend._threading.loopingcall [None req-691c36bb-bfe8-4b4c-9e6b-98e7f8c23743 None None] Dynamic interval looping call 'nova.service.Service.periodic_tasks' sleeping for 60.00 seconds {{(pid=96456) _run_loop /opt/stack/data/venv/lib/python3.12/site-packages/oslo_service/backend/_threading/loopingcall.py:125}}
Jul 10 05:26:56.882628 np0000004958 nova-scheduler[96462]: DEBUG oslo.service.backend._threading.loopingcall [None req-44bf9649-11cf-45e9-8678-ab94c64a72ad None None] Dynamic interval looping call 'nova.service.Service.periodic_tasks' sleeping for 60.00 seconds {{(pid=96462) _run_loop /opt/stack/data/venv/lib/python3.12/site-packages/oslo_service/backend/_threading/loopingcall.py:125}}
Jul 10 05:27:20.906131 np0000004958 nova-scheduler[96460]: DEBUG oslo.service.backend._threading.loopingcall [None req-509d8458-0960-4d14-8da5-00dd41f28824 None None] Dynamic interval looping call 'nova.service.Service.periodic_tasks' sleeping for 60.00 seconds {{(pid=96460) _run_loop /opt/stack/data/venv/lib/python3.12/site-packages/oslo_service/backend/_threading/loopingcall.py:125}}
Jul 10 05:27:26.880159 np0000004958 nova-scheduler[96458]: DEBUG oslo.service.backend._threading.loopingcall [None req-0cb10f25-60bb-46ec-8f68-6f7dffec51f0 None None] Dynamic interval looping call 'nova.service.Service.periodic_tasks' sleeping for 60.00 seconds {{(pid=96458) _run_loop /opt/stack/data/venv/lib/python3.12/site-packages/oslo_service/backend/_threading/loopingcall.py:125}}
Jul 10 05:27:36.893115 np0000004958 nova-scheduler[96458]: DEBUG oslo.service.backend._threading.loopingcall [-] Fixed interval looping call 'nova.servicegroup.drivers.db.DbDriver._report_state' sleeping for 119.99 seconds {{(pid=96458) _run_loop /opt/stack/data/venv/lib/python3.12/site-packages/oslo_service/backend/_threading/loopingcall.py:125}}
Jul 10 05:27:36.893796 np0000004958 nova-scheduler[96456]: DEBUG oslo.service.backend._threading.loopingcall [-] Fixed interval looping call 'nova.servicegroup.drivers.db.DbDriver._report_state' sleeping for 119.99 seconds {{(pid=96456) _run_loop /opt/stack/data/venv/lib/python3.12/site-packages/oslo_service/backend/_threading/loopingcall.py:125}}
Jul 10 05:27:36.894122 np0000004958 nova-scheduler[96462]: DEBUG oslo.service.backend._threading.loopingcall [-] Fixed interval looping call 'nova.servicegroup.drivers.db.DbDriver._report_state' sleeping for 119.99 seconds {{(pid=96462) _run_loop /opt/stack/data/venv/lib/python3.12/site-packages/oslo_service/backend/_threading/loopingcall.py:125}}
Jul 10 05:27:36.910528 np0000004958 nova-scheduler[96460]: DEBUG oslo.service.backend._threading.loopingcall [-] Fixed interval looping call 'nova.servicegroup.drivers.db.DbDriver._report_state' sleeping for 120.00 seconds {{(pid=96460) _run_loop /opt/stack/data/venv/lib/python3.12/site-packages/oslo_service/backend/_threading/loopingcall.py:125}}
Jul 10 05:27:46.887355 np0000004958 nova-scheduler[96458]: DEBUG dbcounter [-] [96458] Writing DB stats nova_cell0:SELECT=1,nova_cell0:UPDATE=1 {{(pid=96458) stat_writer /opt/stack/data/venv/lib/python3.12/site-packages/dbcounter.py:115}}
Jul 10 05:27:46.890136 np0000004958 nova-scheduler[96456]: DEBUG dbcounter [-] [96456] Writing DB stats nova_cell0:SELECT=1,nova_cell0:UPDATE=1 {{(pid=96456) stat_writer /opt/stack/data/venv/lib/python3.12/site-packages/dbcounter.py:115}}
Jul 10 05:27:46.890561 np0000004958 nova-scheduler[96462]: DEBUG dbcounter [-] [96462] Writing DB stats nova_cell0:SELECT=1,nova_cell0:UPDATE=1 {{(pid=96462) stat_writer /opt/stack/data/venv/lib/python3.12/site-packages/dbcounter.py:115}}
Jul 10 05:27:46.908448 np0000004958 nova-scheduler[96460]: DEBUG dbcounter [-] [96460] Writing DB stats nova_cell0:SELECT=1 {{(pid=96460) stat_writer /opt/stack/data/venv/lib/python3.12/site-packages/dbcounter.py:115}}
Jul 10 05:27:54.887472 np0000004958 nova-scheduler[96456]: DEBUG oslo.service.backend._threading.loopingcall [None req-691c36bb-bfe8-4b4c-9e6b-98e7f8c23743 None None] Dynamic interval looping call 'nova.service.Service.periodic_tasks' sleeping for 60.00 seconds {{(pid=96456) _run_loop /opt/stack/data/venv/lib/python3.12/site-packages/oslo_service/backend/_threading/loopingcall.py:125}}
Jul 10 05:27:56.883331 np0000004958 nova-scheduler[96462]: DEBUG oslo.service.backend._threading.loopingcall [None req-44bf9649-11cf-45e9-8678-ab94c64a72ad None None] Dynamic interval looping call 'nova.service.Service.periodic_tasks' sleeping for 60.00 seconds {{(pid=96462) _run_loop /opt/stack/data/venv/lib/python3.12/site-packages/oslo_service/backend/_threading/loopingcall.py:125}}
Jul 10 05:28:05.241254 np0000004958 nova-scheduler[96458]: DEBUG nova.scheduler.manager [None req-58b4aa79-bbe9-401f-a0b8-0d5972c66154 tempest-AttachVolumeNegativeTest-646267302 tempest-AttachVolumeNegativeTest-646267302-project-member] Starting to schedule for instances: ['15946766-3290-40de-998c-2c9d0aa54826'] {{(pid=96458) select_destinations /opt/stack/nova/nova/scheduler/manager.py:209}}
Jul 10 05:28:05.242462 np0000004958 nova-scheduler[96458]: DEBUG nova.scheduler.request_filter [None req-58b4aa79-bbe9-401f-a0b8-0d5972c66154 tempest-AttachVolumeNegativeTest-646267302 tempest-AttachVolumeNegativeTest-646267302-project-member] compute_status_filter request filter added forbidden trait COMPUTE_STATUS_DISABLED {{(pid=96458) compute_status_filter /opt/stack/nova/nova/scheduler/request_filter.py:253}}
Jul 10 05:28:05.242635 np0000004958 nova-scheduler[96458]: DEBUG nova.scheduler.request_filter [None req-58b4aa79-bbe9-401f-a0b8-0d5972c66154 tempest-AttachVolumeNegativeTest-646267302 tempest-AttachVolumeNegativeTest-646267302-project-member] Request filter 'compute_status_filter' took 0.0 seconds {{(pid=96458) wrapper /opt/stack/nova/nova/scheduler/request_filter.py:46}}
Jul 10 05:28:05.242845 np0000004958 nova-scheduler[96458]: DEBUG nova.scheduler.request_filter [None req-58b4aa79-bbe9-401f-a0b8-0d5972c66154 tempest-AttachVolumeNegativeTest-646267302 tempest-AttachVolumeNegativeTest-646267302-project-member] Request filter 'accelerators_filter' took 0.0 seconds {{(pid=96458) wrapper /opt/stack/nova/nova/scheduler/request_filter.py:46}}
Jul 10 05:28:05.243431 np0000004958 nova-scheduler[96458]: DEBUG nova.scheduler.request_filter [None req-58b4aa79-bbe9-401f-a0b8-0d5972c66154 tempest-AttachVolumeNegativeTest-646267302 tempest-AttachVolumeNegativeTest-646267302-project-member] Request filter 'packed_virtqueue_filter' took 0.0 seconds {{(pid=96458) wrapper /opt/stack/nova/nova/scheduler/request_filter.py:46}}
Jul 10 05:28:05.243431 np0000004958 nova-scheduler[96458]: DEBUG nova.scheduler.request_filter [None req-58b4aa79-bbe9-401f-a0b8-0d5972c66154 tempest-AttachVolumeNegativeTest-646267302 tempest-AttachVolumeNegativeTest-646267302-project-member] Request filter 'remote_managed_ports_filter' took 0.0 seconds {{(pid=96458) wrapper /opt/stack/nova/nova/scheduler/request_filter.py:46}}
Jul 10 05:28:05.243582 np0000004958 nova-scheduler[96458]: DEBUG nova.scheduler.request_filter [None req-58b4aa79-bbe9-401f-a0b8-0d5972c66154 tempest-AttachVolumeNegativeTest-646267302 tempest-AttachVolumeNegativeTest-646267302-project-member] ephemeral_encryption_filter skipped {{(pid=96458) ephemeral_encryption_filter /opt/stack/nova/nova/scheduler/request_filter.py:426}}
Jul 10 05:28:05.243757 np0000004958 nova-scheduler[96458]: DEBUG nova.scheduler.request_filter [None req-58b4aa79-bbe9-401f-a0b8-0d5972c66154 tempest-AttachVolumeNegativeTest-646267302 tempest-AttachVolumeNegativeTest-646267302-project-member] virtio_sound_filter skipped {{(pid=96458) virtio_sound_filter /opt/stack/nova/nova/scheduler/request_filter.py:460}}
Jul 10 05:28:05.243806 np0000004958 nova-scheduler[96458]: DEBUG nova.scheduler.request_filter [None req-58b4aa79-bbe9-401f-a0b8-0d5972c66154 tempest-AttachVolumeNegativeTest-646267302 tempest-AttachVolumeNegativeTest-646267302-project-member] tpm_secret_security_filter skipped {{(pid=96458) tpm_secret_security_filter /opt/stack/nova/nova/scheduler/request_filter.py:477}}
Jul 10 05:28:05.957000 np0000004958 nova-scheduler[96458]: INFO nova.utils [None req-58b4aa79-bbe9-401f-a0b8-0d5972c66154 tempest-AttachVolumeNegativeTest-646267302 tempest-AttachVolumeNegativeTest-646267302-project-member] The cell worker thread pool ForkProcess-2.cell_worker is initialized
Jul 10 05:28:05.957442 np0000004958 nova-scheduler[96458]: DEBUG oslo_concurrency.lockutils [None req-58b4aa79-bbe9-401f-a0b8-0d5972c66154 tempest-AttachVolumeNegativeTest-646267302 tempest-AttachVolumeNegativeTest-646267302-project-member] Acquiring lock "abd58adc-c6e3-4faf-8259-7bcb6743819f" by "nova.context.set_target_cell..get_or_set_cached_cell_and_set_connections" {{(pid=96458) inner /opt/stack/data/venv/lib/python3.12/site-packages/oslo_concurrency/lockutils.py:511}}
Jul 10 05:28:05.957656 np0000004958 nova-scheduler[96458]: DEBUG oslo_concurrency.lockutils [None req-58b4aa79-bbe9-401f-a0b8-0d5972c66154 tempest-AttachVolumeNegativeTest-646267302 tempest-AttachVolumeNegativeTest-646267302-project-member] Lock "abd58adc-c6e3-4faf-8259-7bcb6743819f" acquired by "nova.context.set_target_cell..get_or_set_cached_cell_and_set_connections" :: waited 0.000s {{(pid=96458) inner /opt/stack/data/venv/lib/python3.12/site-packages/oslo_concurrency/lockutils.py:524}}
Jul 10 05:28:05.959226 np0000004958 nova-scheduler[96458]: DEBUG oslo_concurrency.lockutils [None req-58b4aa79-bbe9-401f-a0b8-0d5972c66154 tempest-AttachVolumeNegativeTest-646267302 tempest-AttachVolumeNegativeTest-646267302-project-member] Lock "abd58adc-c6e3-4faf-8259-7bcb6743819f" "released" by "nova.context.set_target_cell..get_or_set_cached_cell_and_set_connections" :: held 0.001s {{(pid=96458) inner /opt/stack/data/venv/lib/python3.12/site-packages/oslo_concurrency/lockutils.py:543}}
Jul 10 05:28:05.962122 np0000004958 nova-scheduler[96458]: INFO dbcounter [None req-58b4aa79-bbe9-401f-a0b8-0d5972c66154 tempest-AttachVolumeNegativeTest-646267302 tempest-AttachVolumeNegativeTest-646267302-project-member] Registered counter for database nova_cell1
Jul 10 05:28:06.013617 np0000004958 nova-scheduler[96458]: DEBUG oslo_db.sqlalchemy.engines [None req-58b4aa79-bbe9-401f-a0b8-0d5972c66154 tempest-AttachVolumeNegativeTest-646267302 tempest-AttachVolumeNegativeTest-646267302-project-member] MySQL server mode set to STRICT_TRANS_TABLES,STRICT_ALL_TABLES,NO_ZERO_IN_DATE,NO_ZERO_DATE,ERROR_FOR_DIVISION_BY_ZERO,TRADITIONAL,NO_ENGINE_SUBSTITUTION {{(pid=96458) _check_effective_sql_mode /opt/stack/data/venv/lib/python3.12/site-packages/oslo_db/sqlalchemy/engines.py:325}}
Jul 10 05:28:06.020348 np0000004958 nova-scheduler[96458]: DEBUG dbcounter [-] [96458] Writer thread running {{(pid=96458) stat_writer /opt/stack/data/venv/lib/python3.12/site-packages/dbcounter.py:102}}
Jul 10 05:28:06.037087 np0000004958 nova-scheduler[96458]: DEBUG oslo_db.sqlalchemy.engines [None req-58b4aa79-bbe9-401f-a0b8-0d5972c66154 tempest-AttachVolumeNegativeTest-646267302 tempest-AttachVolumeNegativeTest-646267302-project-member] Parent process 95264 forked (96458) with an open database connection, which is being discarded and recreated. {{(pid=96458) checkout /opt/stack/data/venv/lib/python3.12/site-packages/oslo_db/sqlalchemy/engines.py:402}}
Jul 10 05:28:06.099873 np0000004958 nova-scheduler[96458]: DEBUG dbcounter [-] [96458] Writer thread running {{(pid=96458) stat_writer /opt/stack/data/venv/lib/python3.12/site-packages/dbcounter.py:102}}
Jul 10 05:28:06.103184 np0000004958 nova-scheduler[96458]: DEBUG oslo_concurrency.lockutils [None req-58b4aa79-bbe9-401f-a0b8-0d5972c66154 tempest-AttachVolumeNegativeTest-646267302 tempest-AttachVolumeNegativeTest-646267302-project-member] Acquiring lock "abd58adc-c6e3-4faf-8259-7bcb6743819f" by "nova.context.set_target_cell..get_or_set_cached_cell_and_set_connections" {{(pid=96458) inner /opt/stack/data/venv/lib/python3.12/site-packages/oslo_concurrency/lockutils.py:511}}
Jul 10 05:28:06.103518 np0000004958 nova-scheduler[96458]: DEBUG oslo_concurrency.lockutils [None req-58b4aa79-bbe9-401f-a0b8-0d5972c66154 tempest-AttachVolumeNegativeTest-646267302 tempest-AttachVolumeNegativeTest-646267302-project-member] Lock "abd58adc-c6e3-4faf-8259-7bcb6743819f" acquired by "nova.context.set_target_cell..get_or_set_cached_cell_and_set_connections" :: waited 0.000s {{(pid=96458) inner /opt/stack/data/venv/lib/python3.12/site-packages/oslo_concurrency/lockutils.py:524}}
Jul 10 05:28:06.104748 np0000004958 nova-scheduler[96458]: DEBUG oslo_concurrency.lockutils [None req-58b4aa79-bbe9-401f-a0b8-0d5972c66154 tempest-AttachVolumeNegativeTest-646267302 tempest-AttachVolumeNegativeTest-646267302-project-member] Lock "abd58adc-c6e3-4faf-8259-7bcb6743819f" "released" by "nova.context.set_target_cell..get_or_set_cached_cell_and_set_connections" :: held 0.000s {{(pid=96458) inner /opt/stack/data/venv/lib/python3.12/site-packages/oslo_concurrency/lockutils.py:543}}
Jul 10 05:28:06.109416 np0000004958 nova-scheduler[96458]: DEBUG oslo_concurrency.lockutils [None req-58b4aa79-bbe9-401f-a0b8-0d5972c66154 tempest-AttachVolumeNegativeTest-646267302 tempest-AttachVolumeNegativeTest-646267302-project-member] Acquiring lock "np0000004958-np0000004958" by "nova.scheduler.host_manager.HostState.update.._locked_update" {{(pid=96458) inner /opt/stack/data/venv/lib/python3.12/site-packages/oslo_concurrency/lockutils.py:511}}
Jul 10 05:28:06.109646 np0000004958 nova-scheduler[96458]: DEBUG oslo_concurrency.lockutils [None req-58b4aa79-bbe9-401f-a0b8-0d5972c66154 tempest-AttachVolumeNegativeTest-646267302 tempest-AttachVolumeNegativeTest-646267302-project-member] Lock "np0000004958-np0000004958" acquired by "nova.scheduler.host_manager.HostState.update.._locked_update" :: waited 0.000s {{(pid=96458) inner /opt/stack/data/venv/lib/python3.12/site-packages/oslo_concurrency/lockutils.py:524}}
