Jul 10 05:25:37.855078 np0000004958 nova-conductor[98879]: DEBUG cotyledon.oslo_config_glue [-] workarounds.qemu_monitor_announce_self_interval = 1 {{(pid=98879) log_opt_values /opt/stack/data/venv/lib/python3.12/site-packages/oslo_config/cfg.py:3253}}
Jul 10 05:25:37.855078 np0000004958 nova-conductor[98879]: DEBUG cotyledon.oslo_config_glue [-] workarounds.reserve_disk_resource_for_image_cache = False {{(pid=98879) log_opt_values /opt/stack/data/venv/lib/python3.12/site-packages/oslo_config/cfg.py:3253}}
Jul 10 05:25:37.855078 np0000004958 nova-conductor[98879]: DEBUG cotyledon.oslo_config_glue [-] workarounds.skip_cpu_compare_at_startup = False {{(pid=98879) log_opt_values /opt/stack/data/venv/lib/python3.12/site-packages/oslo_config/cfg.py:3253}}
Jul 10 05:25:37.855078 np0000004958 nova-conductor[98879]: DEBUG cotyledon.oslo_config_glue [-] workarounds.skip_cpu_compare_on_dest = False {{(pid=98879) log_opt_values /opt/stack/data/venv/lib/python3.12/site-packages/oslo_config/cfg.py:3253}}
Jul 10 05:25:37.855078 np0000004958 nova-conductor[98879]: DEBUG cotyledon.oslo_config_glue [-] workarounds.skip_hypervisor_version_check_on_lm = False {{(pid=98879) log_opt_values /opt/stack/data/venv/lib/python3.12/site-packages/oslo_config/cfg.py:3253}}
Jul 10 05:25:37.855078 np0000004958 nova-conductor[98879]: DEBUG cotyledon.oslo_config_glue [-] workarounds.skip_reserve_in_use_ironic_nodes = False {{(pid=98879) log_opt_values /opt/stack/data/venv/lib/python3.12/site-packages/oslo_config/cfg.py:3253}}
Jul 10 05:25:37.855078 np0000004958 nova-conductor[98879]: DEBUG cotyledon.oslo_config_glue [-] workarounds.unified_limits_count_pcpu_as_vcpu = False {{(pid=98879) log_opt_values /opt/stack/data/venv/lib/python3.12/site-packages/oslo_config/cfg.py:3253}}
Jul 10 05:25:37.855460 np0000004958 nova-conductor[98879]: DEBUG cotyledon.oslo_config_glue [-] workarounds.wait_for_vif_plugged_event_during_hard_reboot = [] {{(pid=98879) log_opt_values /opt/stack/data/venv/lib/python3.12/site-packages/oslo_config/cfg.py:3253}}
Jul 10 05:25:37.855460 np0000004958 nova-conductor[98879]: DEBUG cotyledon.oslo_config_glue [-] wsgi.api_paste_config = /etc/nova/api-paste.ini {{(pid=98879) log_opt_values /opt/stack/data/venv/lib/python3.12/site-packages/oslo_config/cfg.py:3253}}
Jul 10 05:25:37.855460 np0000004958 nova-conductor[98879]: DEBUG cotyledon.oslo_config_glue [-] wsgi.secure_proxy_ssl_header = None {{(pid=98879) log_opt_values /opt/stack/data/venv/lib/python3.12/site-packages/oslo_config/cfg.py:3253}}
Jul 10 05:25:37.855460 np0000004958 nova-conductor[98879]: DEBUG cotyledon.oslo_config_glue [-] zvm.ca_file = None {{(pid=98879) log_opt_values /opt/stack/data/venv/lib/python3.12/site-packages/oslo_config/cfg.py:3253}}
Jul 10 05:25:37.855460 np0000004958 nova-conductor[98879]: DEBUG cotyledon.oslo_config_glue [-] zvm.cloud_connector_url = None {{(pid=98879) log_opt_values /opt/stack/data/venv/lib/python3.12/site-packages/oslo_config/cfg.py:3253}}
Jul 10 05:25:37.855460 np0000004958 nova-conductor[98879]: DEBUG cotyledon.oslo_config_glue [-] zvm.image_tmp_path = /opt/stack/data/nova/images {{(pid=98879) log_opt_values /opt/stack/data/venv/lib/python3.12/site-packages/oslo_config/cfg.py:3253}}
Jul 10 05:25:37.855460 np0000004958 nova-conductor[98879]: DEBUG cotyledon.oslo_config_glue [-] zvm.reachable_timeout = 300 {{(pid=98879) log_opt_values /opt/stack/data/venv/lib/python3.12/site-packages/oslo_config/cfg.py:3253}}
Jul 10 05:25:37.855460 np0000004958 nova-conductor[98879]: DEBUG cotyledon.oslo_config_glue [-] oslo_versionedobjects.fatal_exception_format_errors = False {{(pid=98879) log_opt_values /opt/stack/data/venv/lib/python3.12/site-packages/oslo_config/cfg.py:3253}}
Jul 10 05:25:37.855460 np0000004958 nova-conductor[98879]: DEBUG cotyledon.oslo_config_glue [-] oslo_middleware.http_basic_auth_user_file = /etc/htpasswd {{(pid=98879) log_opt_values /opt/stack/data/venv/lib/python3.12/site-packages/oslo_config/cfg.py:3253}}
Jul 10 05:25:37.855810 np0000004958 nova-conductor[98879]: DEBUG cotyledon.oslo_config_glue [-] profiler.connection_string = messaging:// {{(pid=98879) log_opt_values /opt/stack/data/venv/lib/python3.12/site-packages/oslo_config/cfg.py:3253}}
Jul 10 05:25:37.855810 np0000004958 nova-conductor[98879]: DEBUG cotyledon.oslo_config_glue [-] profiler.enabled = False {{(pid=98879) log_opt_values /opt/stack/data/venv/lib/python3.12/site-packages/oslo_config/cfg.py:3253}}
Jul 10 05:25:37.855810 np0000004958 nova-conductor[98879]: DEBUG cotyledon.oslo_config_glue [-] profiler.es_doc_type = notification {{(pid=98879) log_opt_values /opt/stack/data/venv/lib/python3.12/site-packages/oslo_config/cfg.py:3253}}
Jul 10 05:25:37.855810 np0000004958 nova-conductor[98879]: DEBUG cotyledon.oslo_config_glue [-] profiler.es_scroll_size = 10000 {{(pid=98879) log_opt_values /opt/stack/data/venv/lib/python3.12/site-packages/oslo_config/cfg.py:3253}}
Jul 10 05:25:37.855810 np0000004958 nova-conductor[98879]: DEBUG cotyledon.oslo_config_glue [-] profiler.es_scroll_time = 2m {{(pid=98879) log_opt_values /opt/stack/data/venv/lib/python3.12/site-packages/oslo_config/cfg.py:3253}}
Jul 10 05:25:37.855810 np0000004958 nova-conductor[98879]: DEBUG cotyledon.oslo_config_glue [-] profiler.filter_error_trace = False {{(pid=98879) log_opt_values /opt/stack/data/venv/lib/python3.12/site-packages/oslo_config/cfg.py:3253}}
Jul 10 05:25:37.855810 np0000004958 nova-conductor[98879]: DEBUG cotyledon.oslo_config_glue [-] profiler.hmac_keys = **** {{(pid=98879) log_opt_values /opt/stack/data/venv/lib/python3.12/site-packages/oslo_config/cfg.py:3253}}
Jul 10 05:25:37.855810 np0000004958 nova-conductor[98879]: DEBUG cotyledon.oslo_config_glue [-] profiler.sentinel_service_name = mymaster {{(pid=98879) log_opt_values /opt/stack/data/venv/lib/python3.12/site-packages/oslo_config/cfg.py:3253}}
Jul 10 05:25:37.855810 np0000004958 nova-conductor[98879]: DEBUG cotyledon.oslo_config_glue [-] profiler.socket_timeout = 0.1 {{(pid=98879) log_opt_values /opt/stack/data/venv/lib/python3.12/site-packages/oslo_config/cfg.py:3253}}
Jul 10 05:25:37.856131 np0000004958 nova-conductor[98879]: DEBUG cotyledon.oslo_config_glue [-] profiler.trace_requests = False {{(pid=98879) log_opt_values /opt/stack/data/venv/lib/python3.12/site-packages/oslo_config/cfg.py:3253}}
Jul 10 05:25:37.856131 np0000004958 nova-conductor[98879]: DEBUG cotyledon.oslo_config_glue [-] profiler.trace_sqlalchemy = False {{(pid=98879) log_opt_values /opt/stack/data/venv/lib/python3.12/site-packages/oslo_config/cfg.py:3253}}
Jul 10 05:25:37.856131 np0000004958 nova-conductor[98879]: DEBUG cotyledon.oslo_config_glue [-] profiler_jaeger.process_tags = {} {{(pid=98879) log_opt_values /opt/stack/data/venv/lib/python3.12/site-packages/oslo_config/cfg.py:3253}}
Jul 10 05:25:37.856131 np0000004958 nova-conductor[98879]: DEBUG cotyledon.oslo_config_glue [-] profiler_jaeger.service_name_prefix = None {{(pid=98879) log_opt_values /opt/stack/data/venv/lib/python3.12/site-packages/oslo_config/cfg.py:3253}}
Jul 10 05:25:37.856131 np0000004958 nova-conductor[98879]: DEBUG cotyledon.oslo_config_glue [-] profiler_otlp.service_name_prefix = None {{(pid=98879) log_opt_values /opt/stack/data/venv/lib/python3.12/site-packages/oslo_config/cfg.py:3253}}
Jul 10 05:25:37.856131 np0000004958 nova-conductor[98879]: DEBUG cotyledon.oslo_config_glue [-] oslo_messaging_rabbit.amqp_auto_delete = False {{(pid=98879) log_opt_values /opt/stack/data/venv/lib/python3.12/site-packages/oslo_config/cfg.py:3253}}
Jul 10 05:25:37.856131 np0000004958 nova-conductor[98879]: DEBUG cotyledon.oslo_config_glue [-] oslo_messaging_rabbit.amqp_durable_queues = False {{(pid=98879) log_opt_values /opt/stack/data/venv/lib/python3.12/site-packages/oslo_config/cfg.py:3253}}
Jul 10 05:25:37.856131 np0000004958 nova-conductor[98879]: DEBUG cotyledon.oslo_config_glue [-] oslo_messaging_rabbit.conn_pool_min_size = 2 {{(pid=98879) log_opt_values /opt/stack/data/venv/lib/python3.12/site-packages/oslo_config/cfg.py:3253}}
Jul 10 05:25:37.856131 np0000004958 nova-conductor[98879]: DEBUG cotyledon.oslo_config_glue [-] oslo_messaging_rabbit.conn_pool_ttl = 1200 {{(pid=98879) log_opt_values /opt/stack/data/venv/lib/python3.12/site-packages/oslo_config/cfg.py:3253}}
Jul 10 05:25:37.856435 np0000004958 nova-conductor[98879]: DEBUG cotyledon.oslo_config_glue [-] oslo_messaging_rabbit.direct_mandatory_flag = True {{(pid=98879) log_opt_values /opt/stack/data/venv/lib/python3.12/site-packages/oslo_config/cfg.py:3253}}
Jul 10 05:25:37.856435 np0000004958 nova-conductor[98879]: DEBUG cotyledon.oslo_config_glue [-] oslo_messaging_rabbit.enable_cancel_on_failover = False {{(pid=98879) log_opt_values /opt/stack/data/venv/lib/python3.12/site-packages/oslo_config/cfg.py:3253}}
Jul 10 05:25:37.856435 np0000004958 nova-conductor[98879]: DEBUG cotyledon.oslo_config_glue [-] oslo_messaging_rabbit.heartbeat_rate = 3 {{(pid=98879) log_opt_values /opt/stack/data/venv/lib/python3.12/site-packages/oslo_config/cfg.py:3253}}
Jul 10 05:25:37.856435 np0000004958 nova-conductor[98879]: DEBUG cotyledon.oslo_config_glue [-] oslo_messaging_rabbit.heartbeat_timeout_threshold = 60 {{(pid=98879) log_opt_values /opt/stack/data/venv/lib/python3.12/site-packages/oslo_config/cfg.py:3253}}
Jul 10 05:25:37.856435 np0000004958 nova-conductor[98879]: DEBUG cotyledon.oslo_config_glue [-] oslo_messaging_rabbit.hostname = np0000004958 {{(pid=98879) log_opt_values /opt/stack/data/venv/lib/python3.12/site-packages/oslo_config/cfg.py:3253}}
Jul 10 05:25:37.856435 np0000004958 nova-conductor[98879]: DEBUG cotyledon.oslo_config_glue [-] oslo_messaging_rabbit.kombu_compression = None {{(pid=98879) log_opt_values /opt/stack/data/venv/lib/python3.12/site-packages/oslo_config/cfg.py:3253}}
Jul 10 05:25:37.856435 np0000004958 nova-conductor[98879]: DEBUG cotyledon.oslo_config_glue [-] oslo_messaging_rabbit.kombu_failover_strategy = round-robin {{(pid=98879) log_opt_values /opt/stack/data/venv/lib/python3.12/site-packages/oslo_config/cfg.py:3253}}
Jul 10 05:25:37.856435 np0000004958 nova-conductor[98879]: DEBUG cotyledon.oslo_config_glue [-] oslo_messaging_rabbit.kombu_missing_consumer_retry_timeout = 60 {{(pid=98879) log_opt_values /opt/stack/data/venv/lib/python3.12/site-packages/oslo_config/cfg.py:3253}}
Jul 10 05:25:37.856435 np0000004958 nova-conductor[98879]: DEBUG cotyledon.oslo_config_glue [-] oslo_messaging_rabbit.kombu_reconnect_delay = 1.0 {{(pid=98879) log_opt_values /opt/stack/data/venv/lib/python3.12/site-packages/oslo_config/cfg.py:3253}}
Jul 10 05:25:37.856736 np0000004958 nova-conductor[98879]: DEBUG cotyledon.oslo_config_glue [-] oslo_messaging_rabbit.kombu_reconnect_splay = 0.0 {{(pid=98879) log_opt_values /opt/stack/data/venv/lib/python3.12/site-packages/oslo_config/cfg.py:3253}}
Jul 10 05:25:37.856736 np0000004958 nova-conductor[98879]: DEBUG cotyledon.oslo_config_glue [-] oslo_messaging_rabbit.processname = nova-conductor {{(pid=98879) log_opt_values /opt/stack/data/venv/lib/python3.12/site-packages/oslo_config/cfg.py:3253}}
Jul 10 05:25:37.856736 np0000004958 nova-conductor[98879]: DEBUG cotyledon.oslo_config_glue [-] oslo_messaging_rabbit.rabbit_ha_queues = False {{(pid=98879) log_opt_values /opt/stack/data/venv/lib/python3.12/site-packages/oslo_config/cfg.py:3253}}
Jul 10 05:25:37.856736 np0000004958 nova-conductor[98879]: DEBUG cotyledon.oslo_config_glue [-] oslo_messaging_rabbit.rabbit_interval_max = 30 {{(pid=98879) log_opt_values /opt/stack/data/venv/lib/python3.12/site-packages/oslo_config/cfg.py:3253}}
Jul 10 05:25:37.856736 np0000004958 nova-conductor[98879]: DEBUG cotyledon.oslo_config_glue [-] oslo_messaging_rabbit.rabbit_login_method = AMQPLAIN {{(pid=98879) log_opt_values /opt/stack/data/venv/lib/python3.12/site-packages/oslo_config/cfg.py:3253}}
Jul 10 05:25:37.856736 np0000004958 nova-conductor[98879]: DEBUG cotyledon.oslo_config_glue [-] oslo_messaging_rabbit.rabbit_qos_prefetch_count = 0 {{(pid=98879) log_opt_values /opt/stack/data/venv/lib/python3.12/site-packages/oslo_config/cfg.py:3253}}
Jul 10 05:25:37.856736 np0000004958 nova-conductor[98879]: DEBUG cotyledon.oslo_config_glue [-] oslo_messaging_rabbit.rabbit_quorum_delivery_limit = 0 {{(pid=98879) log_opt_values /opt/stack/data/venv/lib/python3.12/site-packages/oslo_config/cfg.py:3253}}
Jul 10 05:25:37.856736 np0000004958 nova-conductor[98879]: DEBUG cotyledon.oslo_config_glue [-] oslo_messaging_rabbit.rabbit_quorum_max_memory_bytes = 0 {{(pid=98879) log_opt_values /opt/stack/data/venv/lib/python3.12/site-packages/oslo_config/cfg.py:3253}}
Jul 10 05:25:37.856736 np0000004958 nova-conductor[98879]: DEBUG cotyledon.oslo_config_glue [-] oslo_messaging_rabbit.rabbit_quorum_max_memory_length = 0 {{(pid=98879) log_opt_values /opt/stack/data/venv/lib/python3.12/site-packages/oslo_config/cfg.py:3253}}
Jul 10 05:25:37.857074 np0000004958 nova-conductor[98879]: DEBUG cotyledon.oslo_config_glue [-] oslo_messaging_rabbit.rabbit_quorum_queue = False {{(pid=98879) log_opt_values /opt/stack/data/venv/lib/python3.12/site-packages/oslo_config/cfg.py:3253}}
Jul 10 05:25:37.857074 np0000004958 nova-conductor[98879]: DEBUG cotyledon.oslo_config_glue [-] oslo_messaging_rabbit.rabbit_retry_backoff = 2 {{(pid=98879) log_opt_values /opt/stack/data/venv/lib/python3.12/site-packages/oslo_config/cfg.py:3253}}
Jul 10 05:25:37.857074 np0000004958 nova-conductor[98879]: DEBUG cotyledon.oslo_config_glue [-] oslo_messaging_rabbit.rabbit_retry_interval = 1 {{(pid=98879) log_opt_values /opt/stack/data/venv/lib/python3.12/site-packages/oslo_config/cfg.py:3253}}
Jul 10 05:25:37.857074 np0000004958 nova-conductor[98879]: DEBUG cotyledon.oslo_config_glue [-] oslo_messaging_rabbit.rabbit_stream_fanout = False {{(pid=98879) log_opt_values /opt/stack/data/venv/lib/python3.12/site-packages/oslo_config/cfg.py:3253}}
Jul 10 05:25:37.857074 np0000004958 nova-conductor[98879]: DEBUG cotyledon.oslo_config_glue [-] oslo_messaging_rabbit.rabbit_transient_queues_ttl = 1800 {{(pid=98879) log_opt_values /opt/stack/data/venv/lib/python3.12/site-packages/oslo_config/cfg.py:3253}}
Jul 10 05:25:37.857074 np0000004958 nova-conductor[98879]: DEBUG cotyledon.oslo_config_glue [-] oslo_messaging_rabbit.rabbit_transient_quorum_queue = False {{(pid=98879) log_opt_values /opt/stack/data/venv/lib/python3.12/site-packages/oslo_config/cfg.py:3253}}
Jul 10 05:25:37.857074 np0000004958 nova-conductor[98879]: DEBUG cotyledon.oslo_config_glue [-] oslo_messaging_rabbit.rpc_conn_pool_size = 30 {{(pid=98879) log_opt_values /opt/stack/data/venv/lib/python3.12/site-packages/oslo_config/cfg.py:3253}}
Jul 10 05:25:37.857074 np0000004958 nova-conductor[98879]: DEBUG cotyledon.oslo_config_glue [-] oslo_messaging_rabbit.ssl = False {{(pid=98879) log_opt_values /opt/stack/data/venv/lib/python3.12/site-packages/oslo_config/cfg.py:3253}}
Jul 10 05:25:37.857074 np0000004958 nova-conductor[98879]: DEBUG cotyledon.oslo_config_glue [-] oslo_messaging_rabbit.ssl_ca_file = {{(pid=98879) log_opt_values /opt/stack/data/venv/lib/python3.12/site-packages/oslo_config/cfg.py:3253}}
Jul 10 05:25:37.857371 np0000004958 nova-conductor[98879]: DEBUG cotyledon.oslo_config_glue [-] oslo_messaging_rabbit.ssl_cert_file = {{(pid=98879) log_opt_values /opt/stack/data/venv/lib/python3.12/site-packages/oslo_config/cfg.py:3253}}
Jul 10 05:25:37.857371 np0000004958 nova-conductor[98879]: DEBUG cotyledon.oslo_config_glue [-] oslo_messaging_rabbit.ssl_enforce_fips_mode = False {{(pid=98879) log_opt_values /opt/stack/data/venv/lib/python3.12/site-packages/oslo_config/cfg.py:3253}}
Jul 10 05:25:37.857371 np0000004958 nova-conductor[98879]: DEBUG cotyledon.oslo_config_glue [-] oslo_messaging_rabbit.ssl_enforce_hostname_verification = True {{(pid=98879) log_opt_values /opt/stack/data/venv/lib/python3.12/site-packages/oslo_config/cfg.py:3253}}
Jul 10 05:25:37.857371 np0000004958 nova-conductor[98879]: DEBUG cotyledon.oslo_config_glue [-] oslo_messaging_rabbit.ssl_key_file = {{(pid=98879) log_opt_values /opt/stack/data/venv/lib/python3.12/site-packages/oslo_config/cfg.py:3253}}
Jul 10 05:25:37.857371 np0000004958 nova-conductor[98879]: DEBUG cotyledon.oslo_config_glue [-] oslo_messaging_rabbit.ssl_version = {{(pid=98879) log_opt_values /opt/stack/data/venv/lib/python3.12/site-packages/oslo_config/cfg.py:3253}}
Jul 10 05:25:37.857371 np0000004958 nova-conductor[98879]: DEBUG cotyledon.oslo_config_glue [-] oslo_messaging_rabbit.use_queue_manager = False {{(pid=98879) log_opt_values /opt/stack/data/venv/lib/python3.12/site-packages/oslo_config/cfg.py:3253}}
Jul 10 05:25:37.857371 np0000004958 nova-conductor[98879]: DEBUG cotyledon.oslo_config_glue [-] oslo_messaging_notifications.driver = ['messagingv2'] {{(pid=98879) log_opt_values /opt/stack/data/venv/lib/python3.12/site-packages/oslo_config/cfg.py:3253}}
Jul 10 05:25:37.857371 np0000004958 nova-conductor[98879]: DEBUG cotyledon.oslo_config_glue [-] oslo_messaging_notifications.retry = -1 {{(pid=98879) log_opt_values /opt/stack/data/venv/lib/python3.12/site-packages/oslo_config/cfg.py:3253}}
Jul 10 05:25:37.857371 np0000004958 nova-conductor[98879]: DEBUG cotyledon.oslo_config_glue [-] oslo_messaging_notifications.topics = ['notifications'] {{(pid=98879) log_opt_values /opt/stack/data/venv/lib/python3.12/site-packages/oslo_config/cfg.py:3253}}
Jul 10 05:25:37.857665 np0000004958 nova-conductor[98879]: DEBUG cotyledon.oslo_config_glue [-] oslo_messaging_notifications.transport_url = **** {{(pid=98879) log_opt_values /opt/stack/data/venv/lib/python3.12/site-packages/oslo_config/cfg.py:3253}}
Jul 10 05:25:37.857665 np0000004958 nova-conductor[98879]: DEBUG cotyledon.oslo_config_glue [-] oslo_limit.auth_section = None {{(pid=98879) log_opt_values /opt/stack/data/venv/lib/python3.12/site-packages/oslo_config/cfg.py:3253}}
Jul 10 05:25:37.857665 np0000004958 nova-conductor[98879]: DEBUG cotyledon.oslo_config_glue [-] oslo_limit.auth_type = None {{(pid=98879) log_opt_values /opt/stack/data/venv/lib/python3.12/site-packages/oslo_config/cfg.py:3253}}
Jul 10 05:25:37.857665 np0000004958 nova-conductor[98879]: DEBUG cotyledon.oslo_config_glue [-] oslo_limit.cafile = None {{(pid=98879) log_opt_values /opt/stack/data/venv/lib/python3.12/site-packages/oslo_config/cfg.py:3253}}
Jul 10 05:25:37.857665 np0000004958 nova-conductor[98879]: DEBUG cotyledon.oslo_config_glue [-] oslo_limit.certfile = None {{(pid=98879) log_opt_values /opt/stack/data/venv/lib/python3.12/site-packages/oslo_config/cfg.py:3253}}
Jul 10 05:25:37.857665 np0000004958 nova-conductor[98879]: DEBUG cotyledon.oslo_config_glue [-] oslo_limit.collect_timing = False {{(pid=98879) log_opt_values /opt/stack/data/venv/lib/python3.12/site-packages/oslo_config/cfg.py:3253}}
Jul 10 05:25:37.857665 np0000004958 nova-conductor[98879]: DEBUG cotyledon.oslo_config_glue [-] oslo_limit.connect_retries = None {{(pid=98879) log_opt_values /opt/stack/data/venv/lib/python3.12/site-packages/oslo_config/cfg.py:3253}}
Jul 10 05:25:37.857665 np0000004958 nova-conductor[98879]: DEBUG cotyledon.oslo_config_glue [-] oslo_limit.connect_retry_delay = None {{(pid=98879) log_opt_values /opt/stack/data/venv/lib/python3.12/site-packages/oslo_config/cfg.py:3253}}
Jul 10 05:25:37.857665 np0000004958 nova-conductor[98879]: DEBUG cotyledon.oslo_config_glue [-] oslo_limit.endpoint_id = None {{(pid=98879) log_opt_values /opt/stack/data/venv/lib/python3.12/site-packages/oslo_config/cfg.py:3253}}
Jul 10 05:25:37.857918 np0000004958 nova-conductor[98879]: DEBUG cotyledon.oslo_config_glue [-] oslo_limit.endpoint_interface = public {{(pid=98879) log_opt_values /opt/stack/data/venv/lib/python3.12/site-packages/oslo_config/cfg.py:3253}}
Jul 10 05:25:37.857918 np0000004958 nova-conductor[98879]: DEBUG cotyledon.oslo_config_glue [-] oslo_limit.endpoint_override = None {{(pid=98879) log_opt_values /opt/stack/data/venv/lib/python3.12/site-packages/oslo_config/cfg.py:3253}}
Jul 10 05:25:37.857918 np0000004958 nova-conductor[98879]: DEBUG cotyledon.oslo_config_glue [-] oslo_limit.endpoint_region_name = None {{(pid=98879) log_opt_values /opt/stack/data/venv/lib/python3.12/site-packages/oslo_config/cfg.py:3253}}
Jul 10 05:25:37.857918 np0000004958 nova-conductor[98879]: DEBUG cotyledon.oslo_config_glue [-] oslo_limit.endpoint_service_name = None {{(pid=98879) log_opt_values /opt/stack/data/venv/lib/python3.12/site-packages/oslo_config/cfg.py:3253}}
Jul 10 05:25:37.857918 np0000004958 nova-conductor[98879]: DEBUG cotyledon.oslo_config_glue [-] oslo_limit.endpoint_service_type = None {{(pid=98879) log_opt_values /opt/stack/data/venv/lib/python3.12/site-packages/oslo_config/cfg.py:3253}}
Jul 10 05:25:37.857918 np0000004958 nova-conductor[98879]: DEBUG cotyledon.oslo_config_glue [-] oslo_limit.insecure = False {{(pid=98879) log_opt_values /opt/stack/data/venv/lib/python3.12/site-packages/oslo_config/cfg.py:3253}}
Jul 10 05:25:37.857918 np0000004958 nova-conductor[98879]: DEBUG cotyledon.oslo_config_glue [-] oslo_limit.keyfile = None {{(pid=98879) log_opt_values /opt/stack/data/venv/lib/python3.12/site-packages/oslo_config/cfg.py:3253}}
Jul 10 05:25:37.857918 np0000004958 nova-conductor[98879]: DEBUG cotyledon.oslo_config_glue [-] oslo_limit.max_version = None {{(pid=98879) log_opt_values /opt/stack/data/venv/lib/python3.12/site-packages/oslo_config/cfg.py:3253}}
Jul 10 05:25:37.857918 np0000004958 nova-conductor[98879]: DEBUG cotyledon.oslo_config_glue [-] oslo_limit.min_version = None {{(pid=98879) log_opt_values /opt/stack/data/venv/lib/python3.12/site-packages/oslo_config/cfg.py:3253}}
Jul 10 05:25:37.858194 np0000004958 nova-conductor[98879]: DEBUG cotyledon.oslo_config_glue [-] oslo_limit.region_name = None {{(pid=98879) log_opt_values /opt/stack/data/venv/lib/python3.12/site-packages/oslo_config/cfg.py:3253}}
Jul 10 05:25:37.858194 np0000004958 nova-conductor[98879]: DEBUG cotyledon.oslo_config_glue [-] oslo_limit.retriable_status_codes = None {{(pid=98879) log_opt_values /opt/stack/data/venv/lib/python3.12/site-packages/oslo_config/cfg.py:3253}}
Jul 10 05:25:37.858194 np0000004958 nova-conductor[98879]: DEBUG cotyledon.oslo_config_glue [-] oslo_limit.service_name = None {{(pid=98879) log_opt_values /opt/stack/data/venv/lib/python3.12/site-packages/oslo_config/cfg.py:3253}}
Jul 10 05:25:37.858194 np0000004958 nova-conductor[98879]: DEBUG cotyledon.oslo_config_glue [-] oslo_limit.service_type = None {{(pid=98879) log_opt_values /opt/stack/data/venv/lib/python3.12/site-packages/oslo_config/cfg.py:3253}}
Jul 10 05:25:37.858194 np0000004958 nova-conductor[98879]: DEBUG cotyledon.oslo_config_glue [-] oslo_limit.split_loggers = False {{(pid=98879) log_opt_values /opt/stack/data/venv/lib/python3.12/site-packages/oslo_config/cfg.py:3253}}
Jul 10 05:25:37.858194 np0000004958 nova-conductor[98879]: DEBUG cotyledon.oslo_config_glue [-] oslo_limit.status_code_retries = None {{(pid=98879) log_opt_values /opt/stack/data/venv/lib/python3.12/site-packages/oslo_config/cfg.py:3253}}
Jul 10 05:25:37.858194 np0000004958 nova-conductor[98879]: DEBUG cotyledon.oslo_config_glue [-] oslo_limit.status_code_retry_delay = None {{(pid=98879) log_opt_values /opt/stack/data/venv/lib/python3.12/site-packages/oslo_config/cfg.py:3253}}
Jul 10 05:25:37.858194 np0000004958 nova-conductor[98879]: DEBUG cotyledon.oslo_config_glue [-] oslo_limit.timeout = None {{(pid=98879) log_opt_values /opt/stack/data/venv/lib/python3.12/site-packages/oslo_config/cfg.py:3253}}
Jul 10 05:25:37.858194 np0000004958 nova-conductor[98879]: DEBUG cotyledon.oslo_config_glue [-] oslo_limit.valid_interfaces = None {{(pid=98879) log_opt_values /opt/stack/data/venv/lib/python3.12/site-packages/oslo_config/cfg.py:3253}}
Jul 10 05:25:37.858428 np0000004958 nova-conductor[98879]: DEBUG cotyledon.oslo_config_glue [-] oslo_limit.version = None {{(pid=98879) log_opt_values /opt/stack/data/venv/lib/python3.12/site-packages/oslo_config/cfg.py:3253}}
Jul 10 05:25:37.858428 np0000004958 nova-conductor[98879]: DEBUG cotyledon.oslo_config_glue [-] oslo_reports.file_event_handler = None {{(pid=98879) log_opt_values /opt/stack/data/venv/lib/python3.12/site-packages/oslo_config/cfg.py:3253}}
Jul 10 05:25:37.858428 np0000004958 nova-conductor[98879]: DEBUG cotyledon.oslo_config_glue [-] oslo_reports.file_event_handler_interval = 1 {{(pid=98879) log_opt_values /opt/stack/data/venv/lib/python3.12/site-packages/oslo_config/cfg.py:3253}}
Jul 10 05:25:37.858428 np0000004958 nova-conductor[98879]: DEBUG cotyledon.oslo_config_glue [-] oslo_reports.log_dir = None {{(pid=98879) log_opt_values /opt/stack/data/venv/lib/python3.12/site-packages/oslo_config/cfg.py:3253}}
Jul 10 05:25:37.858428 np0000004958 nova-conductor[98879]: DEBUG cotyledon.oslo_config_glue [-] ******************************************************************************** {{(pid=98879) log_opt_values /opt/stack/data/venv/lib/python3.12/site-packages/oslo_config/cfg.py:3260}}
Jul 10 05:25:37.858574 np0000004958 nova-conductor[98849]: DEBUG dbcounter [-] [98849] Writer thread running {{(pid=98849) stat_writer /opt/stack/data/venv/lib/python3.12/site-packages/dbcounter.py:102}}
Jul 10 05:25:37.858615 np0000004958 nova-conductor[98879]: DEBUG cotyledon._service_worker [-] Run service ServiceWrapper(3) [98879] {{(pid=98879) wait_forever /opt/stack/data/venv/lib/python3.12/site-packages/cotyledon/_service_worker.py:218}}
Jul 10 05:25:37.858615 np0000004958 nova-conductor[98879]: INFO nova.service [-] Starting conductor node (version 33.1.0)
Jul 10 05:25:37.858615 np0000004958 nova-conductor[98879]: INFO dbcounter [None req-29dccec2-4b66-45b2-a778-fef2b28b66de None None] Registered counter for database nova_cell0
Jul 10 05:25:37.858708 np0000004958 nova-conductor[98849]: DEBUG nova.service [None req-c6dfccce-13f2-4968-9044-3629efff412c None None] Creating RPC server for service: nova-conductor on topic: conductor {{(pid=98849) start /opt/stack/nova/nova/service.py:196}}
Jul 10 05:25:37.858743 np0000004958 nova-conductor[98873]: DEBUG oslo_db.sqlalchemy.engines [None req-e89ab4e0-9e67-47db-b8fe-61ce9438a4ae None None] MySQL server mode set to STRICT_TRANS_TABLES,STRICT_ALL_TABLES,NO_ZERO_IN_DATE,NO_ZERO_DATE,ERROR_FOR_DIVISION_BY_ZERO,TRADITIONAL,NO_ENGINE_SUBSTITUTION {{(pid=98873) _check_effective_sql_mode /opt/stack/data/venv/lib/python3.12/site-packages/oslo_db/sqlalchemy/engines.py:325}}
Jul 10 05:25:37.858780 np0000004958 nova-conductor[98860]: DEBUG oslo_db.sqlalchemy.engines [None req-c1e08f62-6391-4aae-bde5-f5ee59d6c1e8 None None] MySQL server mode set to STRICT_TRANS_TABLES,STRICT_ALL_TABLES,NO_ZERO_IN_DATE,NO_ZERO_DATE,ERROR_FOR_DIVISION_BY_ZERO,TRADITIONAL,NO_ENGINE_SUBSTITUTION {{(pid=98860) _check_effective_sql_mode /opt/stack/data/venv/lib/python3.12/site-packages/oslo_db/sqlalchemy/engines.py:325}}
Jul 10 05:25:37.858817 np0000004958 nova-conductor[98873]: DEBUG dbcounter [-] [98873] Writer thread running {{(pid=98873) stat_writer /opt/stack/data/venv/lib/python3.12/site-packages/dbcounter.py:102}}
Jul 10 05:25:37.858817 np0000004958 nova-conductor[98873]: DEBUG nova.service [None req-e89ab4e0-9e67-47db-b8fe-61ce9438a4ae None None] Creating RPC server for service: nova-conductor on topic: conductor {{(pid=98873) start /opt/stack/nova/nova/service.py:196}}
Jul 10 05:25:37.863599 np0000004958 nova-conductor[98860]: DEBUG dbcounter [-] [98860] Writer thread running {{(pid=98860) stat_writer /opt/stack/data/venv/lib/python3.12/site-packages/dbcounter.py:102}}
Jul 10 05:25:37.867019 np0000004958 nova-conductor[98860]: DEBUG nova.service [None req-c1e08f62-6391-4aae-bde5-f5ee59d6c1e8 None None] Creating RPC server for service: nova-conductor on topic: conductor {{(pid=98860) start /opt/stack/nova/nova/service.py:196}}
Jul 10 05:25:37.871469 np0000004958 nova-conductor[98849]: DEBUG nova.service [None req-c6dfccce-13f2-4968-9044-3629efff412c None None] Join ServiceGroup membership for this service conductor {{(pid=98849) start /opt/stack/nova/nova/service.py:222}}
Jul 10 05:25:37.871799 np0000004958 nova-conductor[98849]: DEBUG nova.servicegroup.drivers.db [None req-c6dfccce-13f2-4968-9044-3629efff412c None None] DB_Driver: join new ServiceGroup member np0000004958 to the conductor group, service = {{(pid=98849) join /opt/stack/nova/nova/servicegroup/drivers/db.py:44}}
Jul 10 05:25:37.881578 np0000004958 nova-conductor[98873]: DEBUG nova.service [None req-e89ab4e0-9e67-47db-b8fe-61ce9438a4ae None None] Join ServiceGroup membership for this service conductor {{(pid=98873) start /opt/stack/nova/nova/service.py:222}}
Jul 10 05:25:37.882033 np0000004958 nova-conductor[98873]: DEBUG nova.servicegroup.drivers.db [None req-e89ab4e0-9e67-47db-b8fe-61ce9438a4ae None None] DB_Driver: join new ServiceGroup member np0000004958 to the conductor group, service = {{(pid=98873) join /opt/stack/nova/nova/servicegroup/drivers/db.py:44}}
Jul 10 05:25:37.888207 np0000004958 nova-conductor[98879]: DEBUG oslo_db.sqlalchemy.engines [None req-29dccec2-4b66-45b2-a778-fef2b28b66de None None] MySQL server mode set to STRICT_TRANS_TABLES,STRICT_ALL_TABLES,NO_ZERO_IN_DATE,NO_ZERO_DATE,ERROR_FOR_DIVISION_BY_ZERO,TRADITIONAL,NO_ENGINE_SUBSTITUTION {{(pid=98879) _check_effective_sql_mode /opt/stack/data/venv/lib/python3.12/site-packages/oslo_db/sqlalchemy/engines.py:325}}
Jul 10 05:25:37.890199 np0000004958 nova-conductor[98860]: DEBUG nova.service [None req-c1e08f62-6391-4aae-bde5-f5ee59d6c1e8 None None] Join ServiceGroup membership for this service conductor {{(pid=98860) start /opt/stack/nova/nova/service.py:222}}
Jul 10 05:25:37.890585 np0000004958 nova-conductor[98860]: DEBUG nova.servicegroup.drivers.db [None req-c1e08f62-6391-4aae-bde5-f5ee59d6c1e8 None None] DB_Driver: join new ServiceGroup member np0000004958 to the conductor group, service = {{(pid=98860) join /opt/stack/nova/nova/servicegroup/drivers/db.py:44}}
Jul 10 05:25:37.899893 np0000004958 nova-conductor[98879]: DEBUG dbcounter [-] [98879] Writer thread running {{(pid=98879) stat_writer /opt/stack/data/venv/lib/python3.12/site-packages/dbcounter.py:102}}
Jul 10 05:25:37.903126 np0000004958 nova-conductor[98879]: DEBUG nova.service [None req-29dccec2-4b66-45b2-a778-fef2b28b66de None None] Creating RPC server for service: nova-conductor on topic: conductor {{(pid=98879) start /opt/stack/nova/nova/service.py:196}}
Jul 10 05:25:37.929473 np0000004958 nova-conductor[98879]: DEBUG nova.service [None req-29dccec2-4b66-45b2-a778-fef2b28b66de None None] Join ServiceGroup membership for this service conductor {{(pid=98879) start /opt/stack/nova/nova/service.py:222}}
Jul 10 05:25:37.929738 np0000004958 nova-conductor[98879]: DEBUG nova.servicegroup.drivers.db [None req-29dccec2-4b66-45b2-a778-fef2b28b66de None None] DB_Driver: join new ServiceGroup member np0000004958 to the conductor group, service = {{(pid=98879) join /opt/stack/nova/nova/servicegroup/drivers/db.py:44}}
Jul 10 05:25:42.889318 np0000004958 nova-conductor[98849]: DEBUG oslo.service.backend._threading.loopingcall [-] Fixed interval looping call 'nova.servicegroup.drivers.db.DbDriver._report_state' sleeping for 119.98 seconds {{(pid=98849) _run_loop /opt/stack/data/venv/lib/python3.12/site-packages/oslo_service/backend/_threading/loopingcall.py:125}}
Jul 10 05:25:42.894777 np0000004958 nova-conductor[98873]: DEBUG oslo.service.backend._threading.loopingcall [-] Fixed interval looping call 'nova.servicegroup.drivers.db.DbDriver._report_state' sleeping for 119.99 seconds {{(pid=98873) _run_loop /opt/stack/data/venv/lib/python3.12/site-packages/oslo_service/backend/_threading/loopingcall.py:125}}
Jul 10 05:25:42.905713 np0000004958 nova-conductor[98860]: DEBUG oslo.service.backend._threading.loopingcall [-] Fixed interval looping call 'nova.servicegroup.drivers.db.DbDriver._report_state' sleeping for 119.99 seconds {{(pid=98860) _run_loop /opt/stack/data/venv/lib/python3.12/site-packages/oslo_service/backend/_threading/loopingcall.py:125}}
Jul 10 05:25:42.946546 np0000004958 nova-conductor[98879]: DEBUG oslo.service.backend._threading.loopingcall [-] Fixed interval looping call 'nova.servicegroup.drivers.db.DbDriver._report_state' sleeping for 119.98 seconds {{(pid=98879) _run_loop /opt/stack/data/venv/lib/python3.12/site-packages/oslo_service/backend/_threading/loopingcall.py:125}}
Jul 10 05:25:43.874271 np0000004958 nova-conductor[98849]: DEBUG oslo.service.backend._threading.loopingcall [None req-adc36814-18f1-4aa0-9389-c9092c1a8985 None None] Dynamic interval looping call 'nova.service.Service.periodic_tasks' sleeping for 60.00 seconds {{(pid=98849) _run_loop /opt/stack/data/venv/lib/python3.12/site-packages/oslo_service/backend/_threading/loopingcall.py:125}}
Jul 10 05:25:46.412827 np0000004958 nova-conductor[97404]: DEBUG dbcounter [-] [97404] Writing DB stats nova_api:SELECT=1 {{(pid=97404) stat_writer /opt/stack/data/venv/lib/python3.12/site-packages/dbcounter.py:115}}
Jul 10 05:25:46.570606 np0000004958 nova-conductor[97404]: DEBUG dbcounter [-] [97404] Writing DB stats nova_cell0:SELECT=1 {{(pid=97404) stat_writer /opt/stack/data/venv/lib/python3.12/site-packages/dbcounter.py:115}}
Jul 10 05:25:46.577575 np0000004958 nova-conductor[97404]: DEBUG dbcounter [-] [97404] Writing DB stats nova_cell1:SELECT=1 {{(pid=97404) stat_writer /opt/stack/data/venv/lib/python3.12/site-packages/dbcounter.py:115}}
Jul 10 05:25:52.886084 np0000004958 nova-conductor[98849]: DEBUG dbcounter [-] [98849] Writing DB stats nova_cell0:SELECT=4,nova_cell0:INSERT=1,nova_cell0:UPDATE=1 {{(pid=98849) stat_writer /opt/stack/data/venv/lib/python3.12/site-packages/dbcounter.py:115}}
Jul 10 05:25:52.891585 np0000004958 nova-conductor[98873]: DEBUG dbcounter [-] [98873] Writing DB stats nova_cell0:SELECT=3 {{(pid=98873) stat_writer /opt/stack/data/venv/lib/python3.12/site-packages/dbcounter.py:115}}
Jul 10 05:25:52.901944 np0000004958 nova-conductor[98860]: DEBUG dbcounter [-] [98860] Writing DB stats nova_cell0:SELECT=3 {{(pid=98860) stat_writer /opt/stack/data/venv/lib/python3.12/site-packages/dbcounter.py:115}}
Jul 10 05:25:52.942294 np0000004958 nova-conductor[98879]: DEBUG dbcounter [-] [98879] Writing DB stats nova_cell0:SELECT=3 {{(pid=98879) stat_writer /opt/stack/data/venv/lib/python3.12/site-packages/dbcounter.py:115}}
Jul 10 05:25:57.893130 np0000004958 nova-conductor[98860]: DEBUG oslo.service.backend._threading.loopingcall [None req-466249c3-e4a2-4194-99da-442a4a85ccb2 None None] Dynamic interval looping call 'nova.service.Service.periodic_tasks' sleeping for 60.00 seconds {{(pid=98860) _run_loop /opt/stack/data/venv/lib/python3.12/site-packages/oslo_service/backend/_threading/loopingcall.py:125}}
Jul 10 05:26:04.931702 np0000004958 nova-conductor[98879]: DEBUG oslo.service.backend._threading.loopingcall [None req-f1774988-0435-4910-b436-1056b4e34bd8 None None] Dynamic interval looping call 'nova.service.Service.periodic_tasks' sleeping for 60.00 seconds {{(pid=98879) _run_loop /opt/stack/data/venv/lib/python3.12/site-packages/oslo_service/backend/_threading/loopingcall.py:125}}
Jul 10 05:26:21.884837 np0000004958 nova-conductor[98873]: DEBUG oslo.service.backend._threading.loopingcall [None req-391d787f-04c4-40a6-892e-993471625d8c None None] Dynamic interval looping call 'nova.service.Service.periodic_tasks' sleeping for 60.00 seconds {{(pid=98873) _run_loop /opt/stack/data/venv/lib/python3.12/site-packages/oslo_service/backend/_threading/loopingcall.py:125}}
Jul 10 05:26:43.874855 np0000004958 nova-conductor[98849]: DEBUG oslo.service.backend._threading.loopingcall [None req-adc36814-18f1-4aa0-9389-c9092c1a8985 None None] Dynamic interval looping call 'nova.service.Service.periodic_tasks' sleeping for 60.00 seconds {{(pid=98849) _run_loop /opt/stack/data/venv/lib/python3.12/site-packages/oslo_service/backend/_threading/loopingcall.py:125}}
Jul 10 05:26:57.894088 np0000004958 nova-conductor[98860]: DEBUG oslo.service.backend._threading.loopingcall [None req-466249c3-e4a2-4194-99da-442a4a85ccb2 None None] Dynamic interval looping call 'nova.service.Service.periodic_tasks' sleeping for 60.00 seconds {{(pid=98860) _run_loop /opt/stack/data/venv/lib/python3.12/site-packages/oslo_service/backend/_threading/loopingcall.py:125}}
Jul 10 05:27:04.932392 np0000004958 nova-conductor[98879]: DEBUG oslo.service.backend._threading.loopingcall [None req-f1774988-0435-4910-b436-1056b4e34bd8 None None] Dynamic interval looping call 'nova.service.Service.periodic_tasks' sleeping for 60.00 seconds {{(pid=98879) _run_loop /opt/stack/data/venv/lib/python3.12/site-packages/oslo_service/backend/_threading/loopingcall.py:125}}
Jul 10 05:27:21.885401 np0000004958 nova-conductor[98873]: DEBUG oslo.service.backend._threading.loopingcall [None req-391d787f-04c4-40a6-892e-993471625d8c None None] Dynamic interval looping call 'nova.service.Service.periodic_tasks' sleeping for 60.00 seconds {{(pid=98873) _run_loop /opt/stack/data/venv/lib/python3.12/site-packages/oslo_service/backend/_threading/loopingcall.py:125}}
Jul 10 05:27:42.878215 np0000004958 nova-conductor[98849]: DEBUG oslo.service.backend._threading.loopingcall [-] Fixed interval looping call 'nova.servicegroup.drivers.db.DbDriver._report_state' sleeping for 119.99 seconds {{(pid=98849) _run_loop /opt/stack/data/venv/lib/python3.12/site-packages/oslo_service/backend/_threading/loopingcall.py:125}}
Jul 10 05:27:42.889699 np0000004958 nova-conductor[98873]: DEBUG oslo.service.backend._threading.loopingcall [-] Fixed interval looping call 'nova.servicegroup.drivers.db.DbDriver._report_state' sleeping for 120.00 seconds {{(pid=98873) _run_loop /opt/stack/data/venv/lib/python3.12/site-packages/oslo_service/backend/_threading/loopingcall.py:125}}
Jul 10 05:27:42.900634 np0000004958 nova-conductor[98860]: DEBUG oslo.service.backend._threading.loopingcall [-] Fixed interval looping call 'nova.servicegroup.drivers.db.DbDriver._report_state' sleeping for 120.00 seconds {{(pid=98860) _run_loop /opt/stack/data/venv/lib/python3.12/site-packages/oslo_service/backend/_threading/loopingcall.py:125}}
Jul 10 05:27:42.934321 np0000004958 nova-conductor[98879]: DEBUG oslo.service.backend._threading.loopingcall [-] Fixed interval looping call 'nova.servicegroup.drivers.db.DbDriver._report_state' sleeping for 119.99 seconds {{(pid=98879) _run_loop /opt/stack/data/venv/lib/python3.12/site-packages/oslo_service/backend/_threading/loopingcall.py:125}}
Jul 10 05:27:43.875493 np0000004958 nova-conductor[98849]: DEBUG oslo.service.backend._threading.loopingcall [None req-adc36814-18f1-4aa0-9389-c9092c1a8985 None None] Dynamic interval looping call 'nova.service.Service.periodic_tasks' sleeping for 60.00 seconds {{(pid=98849) _run_loop /opt/stack/data/venv/lib/python3.12/site-packages/oslo_service/backend/_threading/loopingcall.py:125}}
Jul 10 05:27:52.873148 np0000004958 nova-conductor[98849]: DEBUG dbcounter [-] [98849] Writing DB stats nova_cell0:SELECT=1,nova_cell0:UPDATE=1 {{(pid=98849) stat_writer /opt/stack/data/venv/lib/python3.12/site-packages/dbcounter.py:115}}
Jul 10 05:27:52.887294 np0000004958 nova-conductor[98873]: DEBUG dbcounter [-] [98873] Writing DB stats nova_cell0:SELECT=1 {{(pid=98873) stat_writer /opt/stack/data/venv/lib/python3.12/site-packages/dbcounter.py:115}}
Jul 10 05:27:52.898276 np0000004958 nova-conductor[98860]: DEBUG dbcounter [-] [98860] Writing DB stats nova_cell0:SELECT=1 {{(pid=98860) stat_writer /opt/stack/data/venv/lib/python3.12/site-packages/dbcounter.py:115}}
Jul 10 05:27:52.931033 np0000004958 nova-conductor[98879]: DEBUG dbcounter [-] [98879] Writing DB stats nova_cell0:SELECT=1 {{(pid=98879) stat_writer /opt/stack/data/venv/lib/python3.12/site-packages/dbcounter.py:115}}
Jul 10 05:27:57.894343 np0000004958 nova-conductor[98860]: DEBUG oslo.service.backend._threading.loopingcall [None req-466249c3-e4a2-4194-99da-442a4a85ccb2 None None] Dynamic interval looping call 'nova.service.Service.periodic_tasks' sleeping for 60.00 seconds {{(pid=98860) _run_loop /opt/stack/data/venv/lib/python3.12/site-packages/oslo_service/backend/_threading/loopingcall.py:125}}
Jul 10 05:28:04.932850 np0000004958 nova-conductor[98879]: DEBUG oslo.service.backend._threading.loopingcall [None req-f1774988-0435-4910-b436-1056b4e34bd8 None None] Dynamic interval looping call 'nova.service.Service.periodic_tasks' sleeping for 60.00 seconds {{(pid=98879) _run_loop /opt/stack/data/venv/lib/python3.12/site-packages/oslo_service/backend/_threading/loopingcall.py:125}}
Jul 10 05:28:05.144769 np0000004958 nova-conductor[98849]: DEBUG oslo_db.sqlalchemy.engines [None req-58b4aa79-bbe9-401f-a0b8-0d5972c66154 tempest-AttachVolumeNegativeTest-646267302 tempest-AttachVolumeNegativeTest-646267302-project-member] Parent process 97404 forked (98849) with an open database connection, which is being discarded and recreated. {{(pid=98849) checkout /opt/stack/data/venv/lib/python3.12/site-packages/oslo_db/sqlalchemy/engines.py:402}}
Jul 10 05:28:05.197826 np0000004958 nova-conductor[98849]: DEBUG dbcounter [-] [98849] Writer thread running {{(pid=98849) stat_writer /opt/stack/data/venv/lib/python3.12/site-packages/dbcounter.py:102}}
Jul 10 05:28:06.737208 np0000004958 nova-conductor[98849]: DEBUG nova.conductor.manager [None req-58b4aa79-bbe9-401f-a0b8-0d5972c66154 tempest-AttachVolumeNegativeTest-646267302 tempest-AttachVolumeNegativeTest-646267302-project-member] Took 1.54 seconds to select destinations for 1 instance(s). {{(pid=98849) _schedule_instances /opt/stack/nova/nova/conductor/manager.py:968}}
Jul 10 05:28:06.781472 np0000004958 nova-conductor[98849]: DEBUG oslo_concurrency.lockutils [None req-58b4aa79-bbe9-401f-a0b8-0d5972c66154 tempest-AttachVolumeNegativeTest-646267302 tempest-AttachVolumeNegativeTest-646267302-project-member] Acquiring lock "abd58adc-c6e3-4faf-8259-7bcb6743819f" by "nova.context.set_target_cell..get_or_set_cached_cell_and_set_connections" {{(pid=98849) inner /opt/stack/data/venv/lib/python3.12/site-packages/oslo_concurrency/lockutils.py:511}}
Jul 10 05:28:06.781658 np0000004958 nova-conductor[98849]: DEBUG oslo_concurrency.lockutils [None req-58b4aa79-bbe9-401f-a0b8-0d5972c66154 tempest-AttachVolumeNegativeTest-646267302 tempest-AttachVolumeNegativeTest-646267302-project-member] Lock "abd58adc-c6e3-4faf-8259-7bcb6743819f" acquired by "nova.context.set_target_cell..get_or_set_cached_cell_and_set_connections" :: waited 0.000s {{(pid=98849) inner /opt/stack/data/venv/lib/python3.12/site-packages/oslo_concurrency/lockutils.py:524}}
Jul 10 05:28:06.783686 np0000004958 nova-conductor[98849]: DEBUG oslo_concurrency.lockutils [None req-58b4aa79-bbe9-401f-a0b8-0d5972c66154 tempest-AttachVolumeNegativeTest-646267302 tempest-AttachVolumeNegativeTest-646267302-project-member] Lock "abd58adc-c6e3-4faf-8259-7bcb6743819f" "released" by "nova.context.set_target_cell..get_or_set_cached_cell_and_set_connections" :: held 0.002s {{(pid=98849) inner /opt/stack/data/venv/lib/python3.12/site-packages/oslo_concurrency/lockutils.py:543}}
Jul 10 05:28:06.786978 np0000004958 nova-conductor[98849]: INFO dbcounter [None req-58b4aa79-bbe9-401f-a0b8-0d5972c66154 tempest-AttachVolumeNegativeTest-646267302 tempest-AttachVolumeNegativeTest-646267302-project-member] Registered counter for database nova_cell1
Jul 10 05:28:06.843654 np0000004958 nova-conductor[98849]: DEBUG oslo_db.sqlalchemy.engines [None req-58b4aa79-bbe9-401f-a0b8-0d5972c66154 tempest-AttachVolumeNegativeTest-646267302 tempest-AttachVolumeNegativeTest-646267302-project-member] MySQL server mode set to STRICT_TRANS_TABLES,STRICT_ALL_TABLES,NO_ZERO_IN_DATE,NO_ZERO_DATE,ERROR_FOR_DIVISION_BY_ZERO,TRADITIONAL,NO_ENGINE_SUBSTITUTION {{(pid=98849) _check_effective_sql_mode /opt/stack/data/venv/lib/python3.12/site-packages/oslo_db/sqlalchemy/engines.py:325}}
Jul 10 05:28:06.852979 np0000004958 nova-conductor[98849]: DEBUG dbcounter [-] [98849] Writer thread running {{(pid=98849) stat_writer /opt/stack/data/venv/lib/python3.12/site-packages/dbcounter.py:102}}
Jul 10 05:28:06.967848 np0000004958 nova-conductor[98849]: INFO nova.utils [None req-58b4aa79-bbe9-401f-a0b8-0d5972c66154 tempest-AttachVolumeNegativeTest-646267302 tempest-AttachVolumeNegativeTest-646267302-project-member] The cell worker thread pool ForkProcess-1.cell_worker is initialized
Jul 10 05:28:06.968120 np0000004958 nova-conductor[98849]: DEBUG oslo_concurrency.lockutils [None req-58b4aa79-bbe9-401f-a0b8-0d5972c66154 tempest-AttachVolumeNegativeTest-646267302 tempest-AttachVolumeNegativeTest-646267302-project-member] Acquiring lock "00000000-0000-0000-0000-000000000000" by "nova.context.set_target_cell..get_or_set_cached_cell_and_set_connections" {{(pid=98849) inner /opt/stack/data/venv/lib/python3.12/site-packages/oslo_concurrency/lockutils.py:511}}
Jul 10 05:28:06.968358 np0000004958 nova-conductor[98849]: DEBUG oslo_concurrency.lockutils [None req-58b4aa79-bbe9-401f-a0b8-0d5972c66154 tempest-AttachVolumeNegativeTest-646267302 tempest-AttachVolumeNegativeTest-646267302-project-member] Lock "00000000-0000-0000-0000-000000000000" acquired by "nova.context.set_target_cell..get_or_set_cached_cell_and_set_connections" :: waited 0.000s {{(pid=98849) inner /opt/stack/data/venv/lib/python3.12/site-packages/oslo_concurrency/lockutils.py:524}}
Jul 10 05:28:06.968700 np0000004958 nova-conductor[98849]: DEBUG oslo_concurrency.lockutils [None req-58b4aa79-bbe9-401f-a0b8-0d5972c66154 tempest-AttachVolumeNegativeTest-646267302 tempest-AttachVolumeNegativeTest-646267302-project-member] Lock "00000000-0000-0000-0000-000000000000" "released" by "nova.context.set_target_cell..get_or_set_cached_cell_and_set_connections" :: held 0.000s {{(pid=98849) inner /opt/stack/data/venv/lib/python3.12/site-packages/oslo_concurrency/lockutils.py:543}}
Jul 10 05:28:06.969619 np0000004958 nova-conductor[98849]: DEBUG oslo_concurrency.lockutils [None req-58b4aa79-bbe9-401f-a0b8-0d5972c66154 tempest-AttachVolumeNegativeTest-646267302 tempest-AttachVolumeNegativeTest-646267302-project-member] Acquiring lock "abd58adc-c6e3-4faf-8259-7bcb6743819f" by "nova.context.set_target_cell..get_or_set_cached_cell_and_set_connections" {{(pid=98849) inner /opt/stack/data/venv/lib/python3.12/site-packages/oslo_concurrency/lockutils.py:511}}
Jul 10 05:28:06.969807 np0000004958 nova-conductor[98849]: DEBUG oslo_concurrency.lockutils [None req-58b4aa79-bbe9-401f-a0b8-0d5972c66154 tempest-AttachVolumeNegativeTest-646267302 tempest-AttachVolumeNegativeTest-646267302-project-member] Lock "abd58adc-c6e3-4faf-8259-7bcb6743819f" acquired by "nova.context.set_target_cell..get_or_set_cached_cell_and_set_connections" :: waited 0.000s {{(pid=98849) inner /opt/stack/data/venv/lib/python3.12/site-packages/oslo_concurrency/lockutils.py:524}}
Jul 10 05:28:06.969807 np0000004958 nova-conductor[98849]: DEBUG oslo_concurrency.lockutils [None req-58b4aa79-bbe9-401f-a0b8-0d5972c66154 tempest-AttachVolumeNegativeTest-646267302 tempest-AttachVolumeNegativeTest-646267302-project-member] Lock "abd58adc-c6e3-4faf-8259-7bcb6743819f" "released" by "nova.context.set_target_cell..get_or_set_cached_cell_and_set_connections" :: held 0.000s {{(pid=98849) inner /opt/stack/data/venv/lib/python3.12/site-packages/oslo_concurrency/lockutils.py:543}}
Jul 10 05:28:06.971594 np0000004958 nova-conductor[98849]: INFO dbcounter [None req-58b4aa79-bbe9-401f-a0b8-0d5972c66154 tempest-AttachVolumeNegativeTest-646267302 tempest-AttachVolumeNegativeTest-646267302-project-member] Registered counter for database nova_cell0
Jul 10 05:28:07.029965 np0000004958 nova-conductor[98849]: DEBUG oslo_db.sqlalchemy.engines [None req-58b4aa79-bbe9-401f-a0b8-0d5972c66154 tempest-AttachVolumeNegativeTest-646267302 tempest-AttachVolumeNegativeTest-646267302-project-member] MySQL server mode set to STRICT_TRANS_TABLES,STRICT_ALL_TABLES,NO_ZERO_IN_DATE,NO_ZERO_DATE,ERROR_FOR_DIVISION_BY_ZERO,TRADITIONAL,NO_ENGINE_SUBSTITUTION {{(pid=98849) _check_effective_sql_mode /opt/stack/data/venv/lib/python3.12/site-packages/oslo_db/sqlalchemy/engines.py:325}}
Jul 10 05:28:07.038321 np0000004958 nova-conductor[98849]: DEBUG dbcounter [-] [98849] Writer thread running {{(pid=98849) stat_writer /opt/stack/data/venv/lib/python3.12/site-packages/dbcounter.py:102}}
Jul 10 05:28:07.054851 np0000004958 nova-conductor[98849]: DEBUG nova.quota [None req-58b4aa79-bbe9-401f-a0b8-0d5972c66154 tempest-AttachVolumeNegativeTest-646267302 tempest-AttachVolumeNegativeTest-646267302-project-member] Getting quotas for project 82d3270bf2dd4b9b8828f2c78bdd69e1. Resources: {'cores', 'instances', 'ram'} {{(pid=98849) _get_quotas /opt/stack/nova/nova/quota.py:389}}
Jul 10 05:28:07.059860 np0000004958 nova-conductor[98849]: DEBUG nova.quota [None req-58b4aa79-bbe9-401f-a0b8-0d5972c66154 tempest-AttachVolumeNegativeTest-646267302 tempest-AttachVolumeNegativeTest-646267302-project-member] Getting quotas for user d5f9adfff1c44833a99e280965b49d21 and project 82d3270bf2dd4b9b8828f2c78bdd69e1. Resources: {'cores', 'instances', 'ram'} {{(pid=98849) _get_quotas /opt/stack/nova/nova/quota.py:379}}
Jul 10 05:28:07.076924 np0000004958 nova-conductor[98849]: DEBUG nova.conductor.manager [None req-58b4aa79-bbe9-401f-a0b8-0d5972c66154 tempest-AttachVolumeNegativeTest-646267302 tempest-AttachVolumeNegativeTest-646267302-project-member] [instance: 15946766-3290-40de-998c-2c9d0aa54826] Selected host: np0000004958; Selected node: np0000004958; Alternates: [] {{(pid=98849) schedule_and_build_instances /opt/stack/nova/nova/conductor/manager.py:1784}}
Jul 10 05:28:07.079193 np0000004958 nova-conductor[98849]: DEBUG oslo_concurrency.lockutils [None req-58b4aa79-bbe9-401f-a0b8-0d5972c66154 tempest-AttachVolumeNegativeTest-646267302 tempest-AttachVolumeNegativeTest-646267302-project-member] Acquiring lock "abd58adc-c6e3-4faf-8259-7bcb6743819f" by "nova.context.set_target_cell..get_or_set_cached_cell_and_set_connections" {{(pid=98849) inner /opt/stack/data/venv/lib/python3.12/site-packages/oslo_concurrency/lockutils.py:511}}
