Aug 18 23:32:43.097065 np0000007721 nova-scheduler[96566]: DEBUG cotyledon.oslo_config_glue [-] workarounds.never_download_image_if_on_rbd = False {{(pid=96566) log_opt_values /opt/stack/data/venv/lib/python3.12/site-packages/oslo_config/cfg.py:3560}}
Aug 18 23:32:43.097065 np0000007721 nova-scheduler[96566]: DEBUG cotyledon.oslo_config_glue [-] workarounds.qemu_monitor_announce_self_count = 3 {{(pid=96566) log_opt_values /opt/stack/data/venv/lib/python3.12/site-packages/oslo_config/cfg.py:3560}}
Aug 18 23:32:43.097065 np0000007721 nova-scheduler[96566]: DEBUG cotyledon.oslo_config_glue [-] workarounds.qemu_monitor_announce_self_interval = 1 {{(pid=96566) log_opt_values /opt/stack/data/venv/lib/python3.12/site-packages/oslo_config/cfg.py:3560}}
Aug 18 23:32:43.097065 np0000007721 nova-scheduler[96566]: DEBUG cotyledon.oslo_config_glue [-] workarounds.reserve_disk_resource_for_image_cache = False {{(pid=96566) log_opt_values /opt/stack/data/venv/lib/python3.12/site-packages/oslo_config/cfg.py:3560}}
Aug 18 23:32:43.097065 np0000007721 nova-scheduler[96566]: DEBUG cotyledon.oslo_config_glue [-] workarounds.skip_cpu_compare_at_startup = False {{(pid=96566) log_opt_values /opt/stack/data/venv/lib/python3.12/site-packages/oslo_config/cfg.py:3560}}
Aug 18 23:32:43.097065 np0000007721 nova-scheduler[96566]: DEBUG cotyledon.oslo_config_glue [-] workarounds.skip_cpu_compare_on_dest = False {{(pid=96566) log_opt_values /opt/stack/data/venv/lib/python3.12/site-packages/oslo_config/cfg.py:3560}}
Aug 18 23:32:43.097065 np0000007721 nova-scheduler[96566]: DEBUG cotyledon.oslo_config_glue [-] workarounds.skip_hypervisor_version_check_on_lm = False {{(pid=96566) log_opt_values /opt/stack/data/venv/lib/python3.12/site-packages/oslo_config/cfg.py:3560}}
Aug 18 23:32:43.097065 np0000007721 nova-scheduler[96566]: DEBUG cotyledon.oslo_config_glue [-] workarounds.skip_reserve_in_use_ironic_nodes = False {{(pid=96566) log_opt_values /opt/stack/data/venv/lib/python3.12/site-packages/oslo_config/cfg.py:3560}}
Aug 18 23:32:43.097065 np0000007721 nova-scheduler[96566]: DEBUG cotyledon.oslo_config_glue [-] workarounds.unified_limits_count_pcpu_as_vcpu = False {{(pid=96566) log_opt_values /opt/stack/data/venv/lib/python3.12/site-packages/oslo_config/cfg.py:3560}}
Aug 18 23:32:43.097241 np0000007721 nova-scheduler[96566]: DEBUG cotyledon.oslo_config_glue [-] workarounds.wait_for_vif_plugged_event_during_hard_reboot = [] {{(pid=96566) log_opt_values /opt/stack/data/venv/lib/python3.12/site-packages/oslo_config/cfg.py:3560}}
Aug 18 23:32:43.097241 np0000007721 nova-scheduler[96566]: DEBUG cotyledon.oslo_config_glue [-] wsgi.api_paste_config = /etc/nova/api-paste.ini {{(pid=96566) log_opt_values /opt/stack/data/venv/lib/python3.12/site-packages/oslo_config/cfg.py:3560}}
Aug 18 23:32:43.097241 np0000007721 nova-scheduler[96566]: DEBUG cotyledon.oslo_config_glue [-] wsgi.secure_proxy_ssl_header = None {{(pid=96566) log_opt_values /opt/stack/data/venv/lib/python3.12/site-packages/oslo_config/cfg.py:3560}}
Aug 18 23:32:43.097241 np0000007721 nova-scheduler[96566]: DEBUG cotyledon.oslo_config_glue [-] zvm.ca_file = None {{(pid=96566) log_opt_values /opt/stack/data/venv/lib/python3.12/site-packages/oslo_config/cfg.py:3560}}
Aug 18 23:32:43.097241 np0000007721 nova-scheduler[96566]: DEBUG cotyledon.oslo_config_glue [-] zvm.cloud_connector_url = None {{(pid=96566) log_opt_values /opt/stack/data/venv/lib/python3.12/site-packages/oslo_config/cfg.py:3560}}
Aug 18 23:32:43.097241 np0000007721 nova-scheduler[96566]: DEBUG cotyledon.oslo_config_glue [-] zvm.image_tmp_path = /opt/stack/data/nova/images {{(pid=96566) log_opt_values /opt/stack/data/venv/lib/python3.12/site-packages/oslo_config/cfg.py:3560}}
Aug 18 23:32:43.097366 np0000007721 nova-scheduler[96564]: INFO nova.service [-] Starting scheduler node (version 33.1.0)
Aug 18 23:32:43.097395 np0000007721 nova-scheduler[96566]: DEBUG cotyledon.oslo_config_glue [-] zvm.reachable_timeout = 300 {{(pid=96566) log_opt_values /opt/stack/data/venv/lib/python3.12/site-packages/oslo_config/cfg.py:3560}}
Aug 18 23:32:43.097395 np0000007721 nova-scheduler[96566]: DEBUG cotyledon.oslo_config_glue [-] oslo_versionedobjects.fatal_exception_format_errors = False {{(pid=96566) log_opt_values /opt/stack/data/venv/lib/python3.12/site-packages/oslo_config/cfg.py:3560}}
Aug 18 23:32:43.097395 np0000007721 nova-scheduler[96566]: DEBUG cotyledon.oslo_config_glue [-] oslo_middleware.http_basic_auth_user_file = /etc/htpasswd {{(pid=96566) log_opt_values /opt/stack/data/venv/lib/python3.12/site-packages/oslo_config/cfg.py:3560}}
Aug 18 23:32:43.097395 np0000007721 nova-scheduler[96566]: DEBUG cotyledon.oslo_config_glue [-] oslo_messaging_metrics.metrics_buffer_size = 1000 {{(pid=96566) log_opt_values /opt/stack/data/venv/lib/python3.12/site-packages/oslo_config/cfg.py:3560}}
Aug 18 23:32:43.097395 np0000007721 nova-scheduler[96566]: DEBUG cotyledon.oslo_config_glue [-] oslo_messaging_metrics.metrics_enabled = False {{(pid=96566) log_opt_values /opt/stack/data/venv/lib/python3.12/site-packages/oslo_config/cfg.py:3560}}
Aug 18 23:32:43.097395 np0000007721 nova-scheduler[96566]: DEBUG cotyledon.oslo_config_glue [-] oslo_messaging_metrics.metrics_process_name = {{(pid=96566) log_opt_values /opt/stack/data/venv/lib/python3.12/site-packages/oslo_config/cfg.py:3560}}
Aug 18 23:32:43.097395 np0000007721 nova-scheduler[96566]: DEBUG cotyledon.oslo_config_glue [-] oslo_messaging_metrics.metrics_socket_file = /var/tmp/metrics_collector.sock {{(pid=96566) log_opt_values /opt/stack/data/venv/lib/python3.12/site-packages/oslo_config/cfg.py:3560}}
Aug 18 23:32:43.097395 np0000007721 nova-scheduler[96566]: DEBUG cotyledon.oslo_config_glue [-] oslo_messaging_metrics.metrics_thread_stop_timeout = 10 {{(pid=96566) log_opt_values /opt/stack/data/venv/lib/python3.12/site-packages/oslo_config/cfg.py:3560}}
Aug 18 23:32:43.097602 np0000007721 nova-scheduler[96566]: DEBUG cotyledon.oslo_config_glue [-] profiler.connection_string = messaging:// {{(pid=96566) log_opt_values /opt/stack/data/venv/lib/python3.12/site-packages/oslo_config/cfg.py:3560}}
Aug 18 23:32:43.097602 np0000007721 nova-scheduler[96566]: DEBUG cotyledon.oslo_config_glue [-] profiler.enabled = False {{(pid=96566) log_opt_values /opt/stack/data/venv/lib/python3.12/site-packages/oslo_config/cfg.py:3560}}
Aug 18 23:32:43.097602 np0000007721 nova-scheduler[96566]: DEBUG cotyledon.oslo_config_glue [-] profiler.es_doc_type = notification {{(pid=96566) log_opt_values /opt/stack/data/venv/lib/python3.12/site-packages/oslo_config/cfg.py:3560}}
Aug 18 23:32:43.097602 np0000007721 nova-scheduler[96566]: DEBUG cotyledon.oslo_config_glue [-] profiler.es_scroll_size = 10000 {{(pid=96566) log_opt_values /opt/stack/data/venv/lib/python3.12/site-packages/oslo_config/cfg.py:3560}}
Aug 18 23:32:43.097602 np0000007721 nova-scheduler[96566]: DEBUG cotyledon.oslo_config_glue [-] profiler.es_scroll_time = 2m {{(pid=96566) log_opt_values /opt/stack/data/venv/lib/python3.12/site-packages/oslo_config/cfg.py:3560}}
Aug 18 23:32:43.097602 np0000007721 nova-scheduler[96566]: DEBUG cotyledon.oslo_config_glue [-] profiler.filter_error_trace = False {{(pid=96566) log_opt_values /opt/stack/data/venv/lib/python3.12/site-packages/oslo_config/cfg.py:3560}}
Aug 18 23:32:43.097602 np0000007721 nova-scheduler[96566]: DEBUG cotyledon.oslo_config_glue [-] profiler.hmac_keys = **** {{(pid=96566) log_opt_values /opt/stack/data/venv/lib/python3.12/site-packages/oslo_config/cfg.py:3560}}
Aug 18 23:32:43.097602 np0000007721 nova-scheduler[96566]: DEBUG cotyledon.oslo_config_glue [-] profiler.sentinel_service_name = mymaster {{(pid=96566) log_opt_values /opt/stack/data/venv/lib/python3.12/site-packages/oslo_config/cfg.py:3560}}
Aug 18 23:32:43.097602 np0000007721 nova-scheduler[96566]: DEBUG cotyledon.oslo_config_glue [-] profiler.socket_timeout = 0.1 {{(pid=96566) log_opt_values /opt/stack/data/venv/lib/python3.12/site-packages/oslo_config/cfg.py:3560}}
Aug 18 23:32:43.097775 np0000007721 nova-scheduler[96566]: DEBUG cotyledon.oslo_config_glue [-] profiler.trace_requests = False {{(pid=96566) log_opt_values /opt/stack/data/venv/lib/python3.12/site-packages/oslo_config/cfg.py:3560}}
Aug 18 23:32:43.097775 np0000007721 nova-scheduler[96566]: DEBUG cotyledon.oslo_config_glue [-] profiler.trace_sqlalchemy = False {{(pid=96566) log_opt_values /opt/stack/data/venv/lib/python3.12/site-packages/oslo_config/cfg.py:3560}}
Aug 18 23:32:43.097775 np0000007721 nova-scheduler[96566]: DEBUG cotyledon.oslo_config_glue [-] profiler_jaeger.process_tags = {} {{(pid=96566) log_opt_values /opt/stack/data/venv/lib/python3.12/site-packages/oslo_config/cfg.py:3560}}
Aug 18 23:32:43.097775 np0000007721 nova-scheduler[96566]: DEBUG cotyledon.oslo_config_glue [-] profiler_jaeger.service_name_prefix = None {{(pid=96566) log_opt_values /opt/stack/data/venv/lib/python3.12/site-packages/oslo_config/cfg.py:3560}}
Aug 18 23:32:43.097775 np0000007721 nova-scheduler[96566]: DEBUG cotyledon.oslo_config_glue [-] profiler_otlp.service_name_prefix = None {{(pid=96566) log_opt_values /opt/stack/data/venv/lib/python3.12/site-packages/oslo_config/cfg.py:3560}}
Aug 18 23:32:43.097775 np0000007721 nova-scheduler[96566]: DEBUG cotyledon.oslo_config_glue [-] oslo_messaging_rabbit.amqp_auto_delete = False {{(pid=96566) log_opt_values /opt/stack/data/venv/lib/python3.12/site-packages/oslo_config/cfg.py:3560}}
Aug 18 23:32:43.097775 np0000007721 nova-scheduler[96566]: DEBUG cotyledon.oslo_config_glue [-] oslo_messaging_rabbit.amqp_durable_queues = False {{(pid=96566) log_opt_values /opt/stack/data/venv/lib/python3.12/site-packages/oslo_config/cfg.py:3560}}
Aug 18 23:32:43.097775 np0000007721 nova-scheduler[96566]: DEBUG cotyledon.oslo_config_glue [-] oslo_messaging_rabbit.conn_pool_min_size = 2 {{(pid=96566) log_opt_values /opt/stack/data/venv/lib/python3.12/site-packages/oslo_config/cfg.py:3560}}
Aug 18 23:32:43.097775 np0000007721 nova-scheduler[96566]: DEBUG cotyledon.oslo_config_glue [-] oslo_messaging_rabbit.conn_pool_ttl = 1200 {{(pid=96566) log_opt_values /opt/stack/data/venv/lib/python3.12/site-packages/oslo_config/cfg.py:3560}}
Aug 18 23:32:43.097959 np0000007721 nova-scheduler[96566]: DEBUG cotyledon.oslo_config_glue [-] oslo_messaging_rabbit.direct_mandatory_flag = True {{(pid=96566) log_opt_values /opt/stack/data/venv/lib/python3.12/site-packages/oslo_config/cfg.py:3560}}
Aug 18 23:32:43.097959 np0000007721 nova-scheduler[96566]: DEBUG cotyledon.oslo_config_glue [-] oslo_messaging_rabbit.enable_cancel_on_failover = False {{(pid=96566) log_opt_values /opt/stack/data/venv/lib/python3.12/site-packages/oslo_config/cfg.py:3560}}
Aug 18 23:32:43.097959 np0000007721 nova-scheduler[96566]: DEBUG cotyledon.oslo_config_glue [-] oslo_messaging_rabbit.heartbeat_rate = 3 {{(pid=96566) log_opt_values /opt/stack/data/venv/lib/python3.12/site-packages/oslo_config/cfg.py:3560}}
Aug 18 23:32:43.097959 np0000007721 nova-scheduler[96566]: DEBUG cotyledon.oslo_config_glue [-] oslo_messaging_rabbit.heartbeat_timeout_threshold = 60 {{(pid=96566) log_opt_values /opt/stack/data/venv/lib/python3.12/site-packages/oslo_config/cfg.py:3560}}
Aug 18 23:32:43.097959 np0000007721 nova-scheduler[96566]: DEBUG cotyledon.oslo_config_glue [-] oslo_messaging_rabbit.hostname = np0000007721 {{(pid=96566) log_opt_values /opt/stack/data/venv/lib/python3.12/site-packages/oslo_config/cfg.py:3560}}
Aug 18 23:32:43.097959 np0000007721 nova-scheduler[96566]: DEBUG cotyledon.oslo_config_glue [-] oslo_messaging_rabbit.kombu_compression = None {{(pid=96566) log_opt_values /opt/stack/data/venv/lib/python3.12/site-packages/oslo_config/cfg.py:3560}}
Aug 18 23:32:43.097959 np0000007721 nova-scheduler[96566]: DEBUG cotyledon.oslo_config_glue [-] oslo_messaging_rabbit.kombu_failover_strategy = round-robin {{(pid=96566) log_opt_values /opt/stack/data/venv/lib/python3.12/site-packages/oslo_config/cfg.py:3560}}
Aug 18 23:32:43.097959 np0000007721 nova-scheduler[96566]: DEBUG cotyledon.oslo_config_glue [-] oslo_messaging_rabbit.kombu_missing_consumer_retry_timeout = 60 {{(pid=96566) log_opt_values /opt/stack/data/venv/lib/python3.12/site-packages/oslo_config/cfg.py:3560}}
Aug 18 23:32:43.097959 np0000007721 nova-scheduler[96566]: DEBUG cotyledon.oslo_config_glue [-] oslo_messaging_rabbit.kombu_reconnect_delay = 1.0 {{(pid=96566) log_opt_values /opt/stack/data/venv/lib/python3.12/site-packages/oslo_config/cfg.py:3560}}
Aug 18 23:32:43.098156 np0000007721 nova-scheduler[96566]: DEBUG cotyledon.oslo_config_glue [-] oslo_messaging_rabbit.kombu_reconnect_splay = 0.0 {{(pid=96566) log_opt_values /opt/stack/data/venv/lib/python3.12/site-packages/oslo_config/cfg.py:3560}}
Aug 18 23:32:43.098156 np0000007721 nova-scheduler[96566]: DEBUG cotyledon.oslo_config_glue [-] oslo_messaging_rabbit.processname = nova-scheduler {{(pid=96566) log_opt_values /opt/stack/data/venv/lib/python3.12/site-packages/oslo_config/cfg.py:3560}}
Aug 18 23:32:43.098156 np0000007721 nova-scheduler[96566]: DEBUG cotyledon.oslo_config_glue [-] oslo_messaging_rabbit.rabbit_ha_queues = False {{(pid=96566) log_opt_values /opt/stack/data/venv/lib/python3.12/site-packages/oslo_config/cfg.py:3560}}
Aug 18 23:32:43.098156 np0000007721 nova-scheduler[96566]: DEBUG cotyledon.oslo_config_glue [-] oslo_messaging_rabbit.rabbit_interval_max = 30 {{(pid=96566) log_opt_values /opt/stack/data/venv/lib/python3.12/site-packages/oslo_config/cfg.py:3560}}
Aug 18 23:32:43.098156 np0000007721 nova-scheduler[96566]: DEBUG cotyledon.oslo_config_glue [-] oslo_messaging_rabbit.rabbit_login_method = AMQPLAIN {{(pid=96566) log_opt_values /opt/stack/data/venv/lib/python3.12/site-packages/oslo_config/cfg.py:3560}}
Aug 18 23:32:43.098156 np0000007721 nova-scheduler[96566]: DEBUG cotyledon.oslo_config_glue [-] oslo_messaging_rabbit.rabbit_qos_prefetch_count = 0 {{(pid=96566) log_opt_values /opt/stack/data/venv/lib/python3.12/site-packages/oslo_config/cfg.py:3560}}
Aug 18 23:32:43.098156 np0000007721 nova-scheduler[96566]: DEBUG cotyledon.oslo_config_glue [-] oslo_messaging_rabbit.rabbit_quorum_delivery_limit = 0 {{(pid=96566) log_opt_values /opt/stack/data/venv/lib/python3.12/site-packages/oslo_config/cfg.py:3560}}
Aug 18 23:32:43.098156 np0000007721 nova-scheduler[96566]: DEBUG cotyledon.oslo_config_glue [-] oslo_messaging_rabbit.rabbit_quorum_max_memory_bytes = 0 {{(pid=96566) log_opt_values /opt/stack/data/venv/lib/python3.12/site-packages/oslo_config/cfg.py:3560}}
Aug 18 23:32:43.098156 np0000007721 nova-scheduler[96566]: DEBUG cotyledon.oslo_config_glue [-] oslo_messaging_rabbit.rabbit_quorum_max_memory_length = 0 {{(pid=96566) log_opt_values /opt/stack/data/venv/lib/python3.12/site-packages/oslo_config/cfg.py:3560}}
Aug 18 23:32:43.098340 np0000007721 nova-scheduler[96566]: DEBUG cotyledon.oslo_config_glue [-] oslo_messaging_rabbit.rabbit_quorum_queue = False {{(pid=96566) log_opt_values /opt/stack/data/venv/lib/python3.12/site-packages/oslo_config/cfg.py:3560}}
Aug 18 23:32:43.098340 np0000007721 nova-scheduler[96566]: DEBUG cotyledon.oslo_config_glue [-] oslo_messaging_rabbit.rabbit_retry_backoff = 2 {{(pid=96566) log_opt_values /opt/stack/data/venv/lib/python3.12/site-packages/oslo_config/cfg.py:3560}}
Aug 18 23:32:43.098340 np0000007721 nova-scheduler[96566]: DEBUG cotyledon.oslo_config_glue [-] oslo_messaging_rabbit.rabbit_retry_interval = 1 {{(pid=96566) log_opt_values /opt/stack/data/venv/lib/python3.12/site-packages/oslo_config/cfg.py:3560}}
Aug 18 23:32:43.098340 np0000007721 nova-scheduler[96566]: DEBUG cotyledon.oslo_config_glue [-] oslo_messaging_rabbit.rabbit_stream_fanout = False {{(pid=96566) log_opt_values /opt/stack/data/venv/lib/python3.12/site-packages/oslo_config/cfg.py:3560}}
Aug 18 23:32:43.098340 np0000007721 nova-scheduler[96566]: DEBUG cotyledon.oslo_config_glue [-] oslo_messaging_rabbit.rabbit_transient_queues_ttl = 1800 {{(pid=96566) log_opt_values /opt/stack/data/venv/lib/python3.12/site-packages/oslo_config/cfg.py:3560}}
Aug 18 23:32:43.098340 np0000007721 nova-scheduler[96566]: DEBUG cotyledon.oslo_config_glue [-] oslo_messaging_rabbit.rabbit_transient_quorum_queue = False {{(pid=96566) log_opt_values /opt/stack/data/venv/lib/python3.12/site-packages/oslo_config/cfg.py:3560}}
Aug 18 23:32:43.098340 np0000007721 nova-scheduler[96566]: DEBUG cotyledon.oslo_config_glue [-] oslo_messaging_rabbit.rpc_conn_pool_size = 30 {{(pid=96566) log_opt_values /opt/stack/data/venv/lib/python3.12/site-packages/oslo_config/cfg.py:3560}}
Aug 18 23:32:43.098340 np0000007721 nova-scheduler[96566]: DEBUG cotyledon.oslo_config_glue [-] oslo_messaging_rabbit.ssl = False {{(pid=96566) log_opt_values /opt/stack/data/venv/lib/python3.12/site-packages/oslo_config/cfg.py:3560}}
Aug 18 23:32:43.098340 np0000007721 nova-scheduler[96566]: DEBUG cotyledon.oslo_config_glue [-] oslo_messaging_rabbit.ssl_ca_file = {{(pid=96566) log_opt_values /opt/stack/data/venv/lib/python3.12/site-packages/oslo_config/cfg.py:3560}}
Aug 18 23:32:43.098582 np0000007721 nova-scheduler[96566]: DEBUG cotyledon.oslo_config_glue [-] oslo_messaging_rabbit.ssl_cert_file = {{(pid=96566) log_opt_values /opt/stack/data/venv/lib/python3.12/site-packages/oslo_config/cfg.py:3560}}
Aug 18 23:32:43.098582 np0000007721 nova-scheduler[96566]: DEBUG cotyledon.oslo_config_glue [-] oslo_messaging_rabbit.ssl_enforce_fips_mode = False {{(pid=96566) log_opt_values /opt/stack/data/venv/lib/python3.12/site-packages/oslo_config/cfg.py:3560}}
Aug 18 23:32:43.098582 np0000007721 nova-scheduler[96566]: DEBUG cotyledon.oslo_config_glue [-] oslo_messaging_rabbit.ssl_enforce_hostname_verification = True {{(pid=96566) log_opt_values /opt/stack/data/venv/lib/python3.12/site-packages/oslo_config/cfg.py:3560}}
Aug 18 23:32:43.098582 np0000007721 nova-scheduler[96566]: DEBUG cotyledon.oslo_config_glue [-] oslo_messaging_rabbit.ssl_key_file = {{(pid=96566) log_opt_values /opt/stack/data/venv/lib/python3.12/site-packages/oslo_config/cfg.py:3560}}
Aug 18 23:32:43.098582 np0000007721 nova-scheduler[96566]: DEBUG cotyledon.oslo_config_glue [-] oslo_messaging_rabbit.ssl_version = {{(pid=96566) log_opt_values /opt/stack/data/venv/lib/python3.12/site-packages/oslo_config/cfg.py:3560}}
Aug 18 23:32:43.098582 np0000007721 nova-scheduler[96566]: DEBUG cotyledon.oslo_config_glue [-] oslo_messaging_rabbit.use_queue_manager = False {{(pid=96566) log_opt_values /opt/stack/data/venv/lib/python3.12/site-packages/oslo_config/cfg.py:3560}}
Aug 18 23:32:43.098582 np0000007721 nova-scheduler[96566]: DEBUG cotyledon.oslo_config_glue [-] oslo_messaging_notifications.driver = ['messagingv2'] {{(pid=96566) log_opt_values /opt/stack/data/venv/lib/python3.12/site-packages/oslo_config/cfg.py:3560}}
Aug 18 23:32:43.098582 np0000007721 nova-scheduler[96566]: DEBUG cotyledon.oslo_config_glue [-] oslo_messaging_notifications.retry = -1 {{(pid=96566) log_opt_values /opt/stack/data/venv/lib/python3.12/site-packages/oslo_config/cfg.py:3560}}
Aug 18 23:32:43.098582 np0000007721 nova-scheduler[96566]: DEBUG cotyledon.oslo_config_glue [-] oslo_messaging_notifications.topics = ['notifications'] {{(pid=96566) log_opt_values /opt/stack/data/venv/lib/python3.12/site-packages/oslo_config/cfg.py:3560}}
Aug 18 23:32:43.098768 np0000007721 nova-scheduler[96566]: DEBUG cotyledon.oslo_config_glue [-] oslo_messaging_notifications.transport_url = **** {{(pid=96566) log_opt_values /opt/stack/data/venv/lib/python3.12/site-packages/oslo_config/cfg.py:3560}}
Aug 18 23:32:43.098768 np0000007721 nova-scheduler[96566]: DEBUG cotyledon.oslo_config_glue [-] oslo_limit.auth_section = None {{(pid=96566) log_opt_values /opt/stack/data/venv/lib/python3.12/site-packages/oslo_config/cfg.py:3560}}
Aug 18 23:32:43.098768 np0000007721 nova-scheduler[96566]: DEBUG cotyledon.oslo_config_glue [-] oslo_limit.auth_type = None {{(pid=96566) log_opt_values /opt/stack/data/venv/lib/python3.12/site-packages/oslo_config/cfg.py:3560}}
Aug 18 23:32:43.098768 np0000007721 nova-scheduler[96566]: DEBUG cotyledon.oslo_config_glue [-] oslo_limit.cafile = None {{(pid=96566) log_opt_values /opt/stack/data/venv/lib/python3.12/site-packages/oslo_config/cfg.py:3560}}
Aug 18 23:32:43.098768 np0000007721 nova-scheduler[96566]: DEBUG cotyledon.oslo_config_glue [-] oslo_limit.certfile = None {{(pid=96566) log_opt_values /opt/stack/data/venv/lib/python3.12/site-packages/oslo_config/cfg.py:3560}}
Aug 18 23:32:43.098768 np0000007721 nova-scheduler[96566]: DEBUG cotyledon.oslo_config_glue [-] oslo_limit.collect_timing = False {{(pid=96566) log_opt_values /opt/stack/data/venv/lib/python3.12/site-packages/oslo_config/cfg.py:3560}}
Aug 18 23:32:43.098768 np0000007721 nova-scheduler[96566]: DEBUG cotyledon.oslo_config_glue [-] oslo_limit.connect_retries = None {{(pid=96566) log_opt_values /opt/stack/data/venv/lib/python3.12/site-packages/oslo_config/cfg.py:3560}}
Aug 18 23:32:43.098768 np0000007721 nova-scheduler[96566]: DEBUG cotyledon.oslo_config_glue [-] oslo_limit.connect_retry_delay = None {{(pid=96566) log_opt_values /opt/stack/data/venv/lib/python3.12/site-packages/oslo_config/cfg.py:3560}}
Aug 18 23:32:43.098768 np0000007721 nova-scheduler[96566]: DEBUG cotyledon.oslo_config_glue [-] oslo_limit.endpoint_id = None {{(pid=96566) log_opt_values /opt/stack/data/venv/lib/python3.12/site-packages/oslo_config/cfg.py:3560}}
Aug 18 23:32:43.098943 np0000007721 nova-scheduler[96566]: DEBUG cotyledon.oslo_config_glue [-] oslo_limit.endpoint_interface = public {{(pid=96566) log_opt_values /opt/stack/data/venv/lib/python3.12/site-packages/oslo_config/cfg.py:3560}}
Aug 18 23:32:43.098943 np0000007721 nova-scheduler[96566]: DEBUG cotyledon.oslo_config_glue [-] oslo_limit.endpoint_override = None {{(pid=96566) log_opt_values /opt/stack/data/venv/lib/python3.12/site-packages/oslo_config/cfg.py:3560}}
Aug 18 23:32:43.098943 np0000007721 nova-scheduler[96566]: DEBUG cotyledon.oslo_config_glue [-] oslo_limit.endpoint_region_name = None {{(pid=96566) log_opt_values /opt/stack/data/venv/lib/python3.12/site-packages/oslo_config/cfg.py:3560}}
Aug 18 23:32:43.098943 np0000007721 nova-scheduler[96566]: DEBUG cotyledon.oslo_config_glue [-] oslo_limit.endpoint_service_name = None {{(pid=96566) log_opt_values /opt/stack/data/venv/lib/python3.12/site-packages/oslo_config/cfg.py:3560}}
Aug 18 23:32:43.098943 np0000007721 nova-scheduler[96566]: DEBUG cotyledon.oslo_config_glue [-] oslo_limit.endpoint_service_type = None {{(pid=96566) log_opt_values /opt/stack/data/venv/lib/python3.12/site-packages/oslo_config/cfg.py:3560}}
Aug 18 23:32:43.098943 np0000007721 nova-scheduler[96566]: DEBUG cotyledon.oslo_config_glue [-] oslo_limit.insecure = False {{(pid=96566) log_opt_values /opt/stack/data/venv/lib/python3.12/site-packages/oslo_config/cfg.py:3560}}
Aug 18 23:32:43.098943 np0000007721 nova-scheduler[96566]: DEBUG cotyledon.oslo_config_glue [-] oslo_limit.keyfile = None {{(pid=96566) log_opt_values /opt/stack/data/venv/lib/python3.12/site-packages/oslo_config/cfg.py:3560}}
Aug 18 23:32:43.098943 np0000007721 nova-scheduler[96566]: DEBUG cotyledon.oslo_config_glue [-] oslo_limit.max_version = None {{(pid=96566) log_opt_values /opt/stack/data/venv/lib/python3.12/site-packages/oslo_config/cfg.py:3560}}
Aug 18 23:32:43.098943 np0000007721 nova-scheduler[96566]: DEBUG cotyledon.oslo_config_glue [-] oslo_limit.min_version = None {{(pid=96566) log_opt_values /opt/stack/data/venv/lib/python3.12/site-packages/oslo_config/cfg.py:3560}}
Aug 18 23:32:43.099107 np0000007721 nova-scheduler[96566]: DEBUG cotyledon.oslo_config_glue [-] oslo_limit.region_name = None {{(pid=96566) log_opt_values /opt/stack/data/venv/lib/python3.12/site-packages/oslo_config/cfg.py:3560}}
Aug 18 23:32:43.099107 np0000007721 nova-scheduler[96566]: DEBUG cotyledon.oslo_config_glue [-] oslo_limit.retriable_status_codes = None {{(pid=96566) log_opt_values /opt/stack/data/venv/lib/python3.12/site-packages/oslo_config/cfg.py:3560}}
Aug 18 23:32:43.099107 np0000007721 nova-scheduler[96566]: DEBUG cotyledon.oslo_config_glue [-] oslo_limit.service_name = None {{(pid=96566) log_opt_values /opt/stack/data/venv/lib/python3.12/site-packages/oslo_config/cfg.py:3560}}
Aug 18 23:32:43.099107 np0000007721 nova-scheduler[96566]: DEBUG cotyledon.oslo_config_glue [-] oslo_limit.service_type = None {{(pid=96566) log_opt_values /opt/stack/data/venv/lib/python3.12/site-packages/oslo_config/cfg.py:3560}}
Aug 18 23:32:43.099107 np0000007721 nova-scheduler[96566]: DEBUG cotyledon.oslo_config_glue [-] oslo_limit.split_loggers = False {{(pid=96566) log_opt_values /opt/stack/data/venv/lib/python3.12/site-packages/oslo_config/cfg.py:3560}}
Aug 18 23:32:43.099107 np0000007721 nova-scheduler[96566]: DEBUG cotyledon.oslo_config_glue [-] oslo_limit.status_code_retries = None {{(pid=96566) log_opt_values /opt/stack/data/venv/lib/python3.12/site-packages/oslo_config/cfg.py:3560}}
Aug 18 23:32:43.099107 np0000007721 nova-scheduler[96566]: DEBUG cotyledon.oslo_config_glue [-] oslo_limit.status_code_retry_delay = None {{(pid=96566) log_opt_values /opt/stack/data/venv/lib/python3.12/site-packages/oslo_config/cfg.py:3560}}
Aug 18 23:32:43.099107 np0000007721 nova-scheduler[96566]: DEBUG cotyledon.oslo_config_glue [-] oslo_limit.timeout = None {{(pid=96566) log_opt_values /opt/stack/data/venv/lib/python3.12/site-packages/oslo_config/cfg.py:3560}}
Aug 18 23:32:43.099107 np0000007721 nova-scheduler[96566]: DEBUG cotyledon.oslo_config_glue [-] oslo_limit.valid_interfaces = None {{(pid=96566) log_opt_values /opt/stack/data/venv/lib/python3.12/site-packages/oslo_config/cfg.py:3560}}
Aug 18 23:32:43.099278 np0000007721 nova-scheduler[96566]: DEBUG cotyledon.oslo_config_glue [-] oslo_limit.version = None {{(pid=96566) log_opt_values /opt/stack/data/venv/lib/python3.12/site-packages/oslo_config/cfg.py:3560}}
Aug 18 23:32:43.099278 np0000007721 nova-scheduler[96566]: DEBUG cotyledon.oslo_config_glue [-] oslo_reports.file_event_handler = None {{(pid=96566) log_opt_values /opt/stack/data/venv/lib/python3.12/site-packages/oslo_config/cfg.py:3560}}
Aug 18 23:32:43.099278 np0000007721 nova-scheduler[96566]: DEBUG cotyledon.oslo_config_glue [-] oslo_reports.file_event_handler_interval = 1 {{(pid=96566) log_opt_values /opt/stack/data/venv/lib/python3.12/site-packages/oslo_config/cfg.py:3560}}
Aug 18 23:32:43.099278 np0000007721 nova-scheduler[96566]: DEBUG cotyledon.oslo_config_glue [-] oslo_reports.log_dir = None {{(pid=96566) log_opt_values /opt/stack/data/venv/lib/python3.12/site-packages/oslo_config/cfg.py:3560}}
Aug 18 23:32:43.099278 np0000007721 nova-scheduler[96566]: DEBUG cotyledon.oslo_config_glue [-] ******************************************************************************** {{(pid=96566) log_opt_values /opt/stack/data/venv/lib/python3.12/site-packages/oslo_config/cfg.py:3567}}
Aug 18 23:32:43.099278 np0000007721 nova-scheduler[96566]: DEBUG cotyledon._service_worker [-] Run service ServiceWrapper(3) [96566] {{(pid=96566) wait_forever /opt/stack/data/venv/lib/python3.12/site-packages/cotyledon/_service_worker.py:218}}
Aug 18 23:32:43.099433 np0000007721 nova-scheduler[96564]: INFO dbcounter [None req-d1f46429-cdba-43cd-b4c4-b2c59bfaf69e None None] Registered counter for database nova_cell0
Aug 18 23:32:43.099468 np0000007721 nova-scheduler[96566]: INFO nova.service [-] Starting scheduler node (version 33.1.0)
Aug 18 23:32:43.099468 np0000007721 nova-scheduler[96566]: INFO dbcounter [None req-2e87a240-5b59-4d54-8193-d6ad7ba20f1c None None] Registered counter for database nova_cell0
Aug 18 23:32:43.099818 np0000007721 nova-scheduler[96545]: DEBUG oslo_db.sqlalchemy.engines [None req-e59cb7c7-810d-4fb9-a389-8bd4072e37e6 None None] MySQL server mode set to STRICT_TRANS_TABLES,STRICT_ALL_TABLES,NO_ZERO_IN_DATE,NO_ZERO_DATE,ERROR_FOR_DIVISION_BY_ZERO,TRADITIONAL,NO_ENGINE_SUBSTITUTION {{(pid=96545) _check_effective_sql_mode /opt/stack/data/venv/lib/python3.12/site-packages/oslo_db/sqlalchemy/engines.py:325}}
Aug 18 23:32:43.109840 np0000007721 nova-scheduler[96562]: DEBUG oslo_db.sqlalchemy.engines [None req-c6a7d648-bebb-4d0b-b89b-0f4312cf924c None None] MySQL server mode set to STRICT_TRANS_TABLES,STRICT_ALL_TABLES,NO_ZERO_IN_DATE,NO_ZERO_DATE,ERROR_FOR_DIVISION_BY_ZERO,TRADITIONAL,NO_ENGINE_SUBSTITUTION {{(pid=96562) _check_effective_sql_mode /opt/stack/data/venv/lib/python3.12/site-packages/oslo_db/sqlalchemy/engines.py:325}}
Aug 18 23:32:43.110301 np0000007721 nova-scheduler[96545]: DEBUG dbcounter [-] [96545] Writer thread running {{(pid=96545) stat_writer /opt/stack/data/venv/lib/python3.12/site-packages/dbcounter.py:102}}
Aug 18 23:32:43.122980 np0000007721 nova-scheduler[96562]: DEBUG dbcounter [-] [96562] Writer thread running {{(pid=96562) stat_writer /opt/stack/data/venv/lib/python3.12/site-packages/dbcounter.py:102}}
Aug 18 23:32:43.126063 np0000007721 nova-scheduler[96545]: DEBUG nova.service [None req-e59cb7c7-810d-4fb9-a389-8bd4072e37e6 None None] Creating RPC server for service: nova-scheduler on topic: scheduler {{(pid=96545) start /opt/stack/nova/nova/service.py:262}}
Aug 18 23:32:43.133055 np0000007721 nova-scheduler[96566]: DEBUG oslo_db.sqlalchemy.engines [None req-2e87a240-5b59-4d54-8193-d6ad7ba20f1c None None] MySQL server mode set to STRICT_TRANS_TABLES,STRICT_ALL_TABLES,NO_ZERO_IN_DATE,NO_ZERO_DATE,ERROR_FOR_DIVISION_BY_ZERO,TRADITIONAL,NO_ENGINE_SUBSTITUTION {{(pid=96566) _check_effective_sql_mode /opt/stack/data/venv/lib/python3.12/site-packages/oslo_db/sqlalchemy/engines.py:325}}
Aug 18 23:32:43.139223 np0000007721 nova-scheduler[96562]: DEBUG nova.service [None req-c6a7d648-bebb-4d0b-b89b-0f4312cf924c None None] Creating RPC server for service: nova-scheduler on topic: scheduler {{(pid=96562) start /opt/stack/nova/nova/service.py:262}}
Aug 18 23:32:43.144029 np0000007721 nova-scheduler[96564]: DEBUG oslo_db.sqlalchemy.engines [None req-d1f46429-cdba-43cd-b4c4-b2c59bfaf69e None None] MySQL server mode set to STRICT_TRANS_TABLES,STRICT_ALL_TABLES,NO_ZERO_IN_DATE,NO_ZERO_DATE,ERROR_FOR_DIVISION_BY_ZERO,TRADITIONAL,NO_ENGINE_SUBSTITUTION {{(pid=96564) _check_effective_sql_mode /opt/stack/data/venv/lib/python3.12/site-packages/oslo_db/sqlalchemy/engines.py:325}}
Aug 18 23:32:43.144462 np0000007721 nova-scheduler[96566]: DEBUG dbcounter [-] [96566] Writer thread running {{(pid=96566) stat_writer /opt/stack/data/venv/lib/python3.12/site-packages/dbcounter.py:102}}
Aug 18 23:32:43.148216 np0000007721 nova-scheduler[96566]: DEBUG nova.service [None req-2e87a240-5b59-4d54-8193-d6ad7ba20f1c None None] Creating RPC server for service: nova-scheduler on topic: scheduler {{(pid=96566) start /opt/stack/nova/nova/service.py:262}}
Aug 18 23:32:43.154129 np0000007721 nova-scheduler[96564]: DEBUG dbcounter [-] [96564] Writer thread running {{(pid=96564) stat_writer /opt/stack/data/venv/lib/python3.12/site-packages/dbcounter.py:102}}
Aug 18 23:32:43.157398 np0000007721 nova-scheduler[96564]: DEBUG nova.service [None req-d1f46429-cdba-43cd-b4c4-b2c59bfaf69e None None] Creating RPC server for service: nova-scheduler on topic: scheduler {{(pid=96564) start /opt/stack/nova/nova/service.py:262}}
Aug 18 23:32:43.165626 np0000007721 nova-scheduler[96562]: DEBUG nova.service [None req-c6a7d648-bebb-4d0b-b89b-0f4312cf924c None None] Join ServiceGroup membership for this service scheduler {{(pid=96562) start /opt/stack/nova/nova/service.py:288}}
Aug 18 23:32:43.165775 np0000007721 nova-scheduler[96562]: DEBUG nova.servicegroup.drivers.db [None req-c6a7d648-bebb-4d0b-b89b-0f4312cf924c None None] DB_Driver: join new ServiceGroup member np0000007721 to the scheduler group, service = {{(pid=96562) join /opt/stack/nova/nova/servicegroup/drivers/db.py:44}}
Aug 18 23:32:43.166109 np0000007721 nova-scheduler[96545]: DEBUG nova.service [None req-e59cb7c7-810d-4fb9-a389-8bd4072e37e6 None None] Join ServiceGroup membership for this service scheduler {{(pid=96545) start /opt/stack/nova/nova/service.py:288}}
Aug 18 23:32:43.166472 np0000007721 nova-scheduler[96545]: DEBUG nova.servicegroup.drivers.db [None req-e59cb7c7-810d-4fb9-a389-8bd4072e37e6 None None] DB_Driver: join new ServiceGroup member np0000007721 to the scheduler group, service = {{(pid=96545) join /opt/stack/nova/nova/servicegroup/drivers/db.py:44}}
Aug 18 23:32:43.171839 np0000007721 nova-scheduler[96566]: DEBUG nova.service [None req-2e87a240-5b59-4d54-8193-d6ad7ba20f1c None None] Join ServiceGroup membership for this service scheduler {{(pid=96566) start /opt/stack/nova/nova/service.py:288}}
Aug 18 23:32:43.172056 np0000007721 nova-scheduler[96566]: DEBUG nova.servicegroup.drivers.db [None req-2e87a240-5b59-4d54-8193-d6ad7ba20f1c None None] DB_Driver: join new ServiceGroup member np0000007721 to the scheduler group, service = {{(pid=96566) join /opt/stack/nova/nova/servicegroup/drivers/db.py:44}}
Aug 18 23:32:43.180856 np0000007721 nova-scheduler[96564]: DEBUG nova.service [None req-d1f46429-cdba-43cd-b4c4-b2c59bfaf69e None None] Join ServiceGroup membership for this service scheduler {{(pid=96564) start /opt/stack/nova/nova/service.py:288}}
Aug 18 23:32:43.181137 np0000007721 nova-scheduler[96564]: DEBUG nova.servicegroup.drivers.db [None req-d1f46429-cdba-43cd-b4c4-b2c59bfaf69e None None] DB_Driver: join new ServiceGroup member np0000007721 to the scheduler group, service = {{(pid=96564) join /opt/stack/nova/nova/servicegroup/drivers/db.py:44}}
Aug 18 23:32:48.177680 np0000007721 nova-scheduler[96562]: DEBUG oslo.service.backend._threading.loopingcall [-] Fixed interval looping call 'nova.servicegroup.drivers.db.DbDriver._report_state' sleeping for 119.99 seconds {{(pid=96562) _run_loop /opt/stack/data/venv/lib/python3.12/site-packages/oslo_service/backend/_threading/loopingcall.py:125}}
Aug 18 23:32:48.178067 np0000007721 nova-scheduler[96545]: DEBUG oslo.service.backend._threading.loopingcall [-] Fixed interval looping call 'nova.servicegroup.drivers.db.DbDriver._report_state' sleeping for 119.99 seconds {{(pid=96545) _run_loop /opt/stack/data/venv/lib/python3.12/site-packages/oslo_service/backend/_threading/loopingcall.py:125}}
Aug 18 23:32:48.184325 np0000007721 nova-scheduler[96566]: DEBUG oslo.service.backend._threading.loopingcall [-] Fixed interval looping call 'nova.servicegroup.drivers.db.DbDriver._report_state' sleeping for 119.99 seconds {{(pid=96566) _run_loop /opt/stack/data/venv/lib/python3.12/site-packages/oslo_service/backend/_threading/loopingcall.py:125}}
Aug 18 23:32:48.192941 np0000007721 nova-scheduler[96564]: DEBUG oslo.service.backend._threading.loopingcall [-] Fixed interval looping call 'nova.servicegroup.drivers.db.DbDriver._report_state' sleeping for 119.99 seconds {{(pid=96564) _run_loop /opt/stack/data/venv/lib/python3.12/site-packages/oslo_service/backend/_threading/loopingcall.py:125}}
Aug 18 23:32:51.167800 np0000007721 nova-scheduler[96562]: DEBUG oslo.service.backend._threading.loopingcall [None req-0b3ea9df-7360-4037-86f1-89cd5281e40d None None] Dynamic interval looping call 'nova.service.Service.periodic_tasks' sleeping for 60.00 seconds {{(pid=96562) _run_loop /opt/stack/data/venv/lib/python3.12/site-packages/oslo_service/backend/_threading/loopingcall.py:125}}
Aug 18 23:32:51.714679 np0000007721 nova-scheduler[95366]: DEBUG dbcounter [-] [95366] Writing DB stats nova_api:SELECT=3 {{(pid=95366) stat_writer /opt/stack/data/venv/lib/python3.12/site-packages/dbcounter.py:115}}
Aug 18 23:32:51.858764 np0000007721 nova-scheduler[95366]: DEBUG dbcounter [-] [95366] Writing DB stats nova_cell0:SELECT=1 {{(pid=95366) stat_writer /opt/stack/data/venv/lib/python3.12/site-packages/dbcounter.py:115}}
Aug 18 23:32:51.863020 np0000007721 nova-scheduler[95366]: DEBUG dbcounter [-] [95366] Writing DB stats nova_cell1:SELECT=1 {{(pid=95366) stat_writer /opt/stack/data/venv/lib/python3.12/site-packages/dbcounter.py:115}}
Aug 18 23:32:58.173367 np0000007721 nova-scheduler[96562]: DEBUG dbcounter [-] [96562] Writing DB stats nova_cell0:SELECT=4,nova_cell0:INSERT=1,nova_cell0:UPDATE=1 {{(pid=96562) stat_writer /opt/stack/data/venv/lib/python3.12/site-packages/dbcounter.py:115}}
Aug 18 23:32:58.176115 np0000007721 nova-scheduler[96545]: DEBUG dbcounter [-] [96545] Writing DB stats nova_cell0:SELECT=4,nova_cell0:INSERT=1,nova_cell0:UPDATE=1 {{(pid=96545) stat_writer /opt/stack/data/venv/lib/python3.12/site-packages/dbcounter.py:115}}
Aug 18 23:32:58.181040 np0000007721 nova-scheduler[96566]: DEBUG dbcounter [-] [96566] Writing DB stats nova_cell0:SELECT=3 {{(pid=96566) stat_writer /opt/stack/data/venv/lib/python3.12/site-packages/dbcounter.py:115}}
Aug 18 23:32:58.191749 np0000007721 nova-scheduler[96564]: DEBUG dbcounter [-] [96564] Writing DB stats nova_cell0:SELECT=3 {{(pid=96564) stat_writer /opt/stack/data/venv/lib/python3.12/site-packages/dbcounter.py:115}}
Aug 18 23:32:59.174320 np0000007721 nova-scheduler[96566]: DEBUG oslo.service.backend._threading.loopingcall [None req-543d03e4-78c5-4511-b7dc-b4e3614db774 None None] Dynamic interval looping call 'nova.service.Service.periodic_tasks' sleeping for 60.00 seconds {{(pid=96566) _run_loop /opt/stack/data/venv/lib/python3.12/site-packages/oslo_service/backend/_threading/loopingcall.py:125}}
Aug 18 23:33:12.184307 np0000007721 nova-scheduler[96564]: DEBUG oslo.service.backend._threading.loopingcall [None req-3fe3b804-88ae-4d80-866a-208e11733b21 None None] Dynamic interval looping call 'nova.service.Service.periodic_tasks' sleeping for 60.00 seconds {{(pid=96564) _run_loop /opt/stack/data/venv/lib/python3.12/site-packages/oslo_service/backend/_threading/loopingcall.py:125}}
Aug 18 23:33:26.169236 np0000007721 nova-scheduler[96545]: DEBUG oslo.service.backend._threading.loopingcall [None req-48a760a7-e1d1-41b1-8e3d-931c9bc6f9db None None] Dynamic interval looping call 'nova.service.Service.periodic_tasks' sleeping for 60.00 seconds {{(pid=96545) _run_loop /opt/stack/data/venv/lib/python3.12/site-packages/oslo_service/backend/_threading/loopingcall.py:125}}
Aug 18 23:33:51.168343 np0000007721 nova-scheduler[96562]: DEBUG oslo.service.backend._threading.loopingcall [None req-0b3ea9df-7360-4037-86f1-89cd5281e40d None None] Dynamic interval looping call 'nova.service.Service.periodic_tasks' sleeping for 60.00 seconds {{(pid=96562) _run_loop /opt/stack/data/venv/lib/python3.12/site-packages/oslo_service/backend/_threading/loopingcall.py:125}}
Aug 18 23:33:59.174793 np0000007721 nova-scheduler[96566]: DEBUG oslo.service.backend._threading.loopingcall [None req-543d03e4-78c5-4511-b7dc-b4e3614db774 None None] Dynamic interval looping call 'nova.service.Service.periodic_tasks' sleeping for 60.00 seconds {{(pid=96566) _run_loop /opt/stack/data/venv/lib/python3.12/site-packages/oslo_service/backend/_threading/loopingcall.py:125}}
Aug 18 23:34:12.184831 np0000007721 nova-scheduler[96564]: DEBUG oslo.service.backend._threading.loopingcall [None req-3fe3b804-88ae-4d80-866a-208e11733b21 None None] Dynamic interval looping call 'nova.service.Service.periodic_tasks' sleeping for 60.00 seconds {{(pid=96564) _run_loop /opt/stack/data/venv/lib/python3.12/site-packages/oslo_service/backend/_threading/loopingcall.py:125}}
Aug 18 23:34:26.169677 np0000007721 nova-scheduler[96545]: DEBUG oslo.service.backend._threading.loopingcall [None req-48a760a7-e1d1-41b1-8e3d-931c9bc6f9db None None] Dynamic interval looping call 'nova.service.Service.periodic_tasks' sleeping for 60.00 seconds {{(pid=96545) _run_loop /opt/stack/data/venv/lib/python3.12/site-packages/oslo_service/backend/_threading/loopingcall.py:125}}
Aug 18 23:34:48.175830 np0000007721 nova-scheduler[96545]: DEBUG oslo.service.backend._threading.loopingcall [-] Fixed interval looping call 'nova.servicegroup.drivers.db.DbDriver._report_state' sleeping for 119.99 seconds {{(pid=96545) _run_loop /opt/stack/data/venv/lib/python3.12/site-packages/oslo_service/backend/_threading/loopingcall.py:125}}
Aug 18 23:34:48.176227 np0000007721 nova-scheduler[96562]: DEBUG oslo.service.backend._threading.loopingcall [-] Fixed interval looping call 'nova.servicegroup.drivers.db.DbDriver._report_state' sleeping for 119.99 seconds {{(pid=96562) _run_loop /opt/stack/data/venv/lib/python3.12/site-packages/oslo_service/backend/_threading/loopingcall.py:125}}
Aug 18 23:34:48.178657 np0000007721 nova-scheduler[96566]: DEBUG oslo.service.backend._threading.loopingcall [-] Fixed interval looping call 'nova.servicegroup.drivers.db.DbDriver._report_state' sleeping for 120.00 seconds {{(pid=96566) _run_loop /opt/stack/data/venv/lib/python3.12/site-packages/oslo_service/backend/_threading/loopingcall.py:125}}
Aug 18 23:34:48.186881 np0000007721 nova-scheduler[96564]: DEBUG oslo.service.backend._threading.loopingcall [-] Fixed interval looping call 'nova.servicegroup.drivers.db.DbDriver._report_state' sleeping for 120.00 seconds {{(pid=96564) _run_loop /opt/stack/data/venv/lib/python3.12/site-packages/oslo_service/backend/_threading/loopingcall.py:125}}
Aug 18 23:34:51.168920 np0000007721 nova-scheduler[96562]: DEBUG oslo.service.backend._threading.loopingcall [None req-0b3ea9df-7360-4037-86f1-89cd5281e40d None None] Dynamic interval looping call 'nova.service.Service.periodic_tasks' sleeping for 60.00 seconds {{(pid=96562) _run_loop /opt/stack/data/venv/lib/python3.12/site-packages/oslo_service/backend/_threading/loopingcall.py:125}}
Aug 18 23:34:53.174877 np0000007721 nova-scheduler[96562]: DEBUG nova.scheduler.manager [None req-044a3c31-9f30-4fbe-b3d8-4f9802f33abf tempest-ServerBootFromVolumeStableRescueTest-1306959407 tempest-ServerBootFromVolumeStableRescueTest-1306959407-project-member] Starting to schedule for instances: ['1173961f-33ba-41ac-8674-e17d2fa10e79'] {{(pid=96562) select_destinations /opt/stack/nova/nova/scheduler/manager.py:197}}
Aug 18 23:34:53.175287 np0000007721 nova-scheduler[96562]: DEBUG nova.scheduler.request_filter [None req-044a3c31-9f30-4fbe-b3d8-4f9802f33abf tempest-ServerBootFromVolumeStableRescueTest-1306959407 tempest-ServerBootFromVolumeStableRescueTest-1306959407-project-member] compute_status_filter request filter added forbidden trait COMPUTE_STATUS_DISABLED {{(pid=96562) compute_status_filter /opt/stack/nova/nova/scheduler/request_filter.py:253}}
Aug 18 23:34:53.176165 np0000007721 nova-scheduler[96562]: DEBUG nova.scheduler.request_filter [None req-044a3c31-9f30-4fbe-b3d8-4f9802f33abf tempest-ServerBootFromVolumeStableRescueTest-1306959407 tempest-ServerBootFromVolumeStableRescueTest-1306959407-project-member] Request filter 'compute_status_filter' took 0.0 seconds {{(pid=96562) wrapper /opt/stack/nova/nova/scheduler/request_filter.py:46}}
Aug 18 23:34:53.176165 np0000007721 nova-scheduler[96562]: DEBUG nova.scheduler.request_filter [None req-044a3c31-9f30-4fbe-b3d8-4f9802f33abf tempest-ServerBootFromVolumeStableRescueTest-1306959407 tempest-ServerBootFromVolumeStableRescueTest-1306959407-project-member] Request filter 'accelerators_filter' took 0.0 seconds {{(pid=96562) wrapper /opt/stack/nova/nova/scheduler/request_filter.py:46}}
Aug 18 23:34:53.176165 np0000007721 nova-scheduler[96562]: DEBUG nova.scheduler.request_filter [None req-044a3c31-9f30-4fbe-b3d8-4f9802f33abf tempest-ServerBootFromVolumeStableRescueTest-1306959407 tempest-ServerBootFromVolumeStableRescueTest-1306959407-project-member] Request filter 'packed_virtqueue_filter' took 0.0 seconds {{(pid=96562) wrapper /opt/stack/nova/nova/scheduler/request_filter.py:46}}
Aug 18 23:34:53.176302 np0000007721 nova-scheduler[96562]: DEBUG nova.scheduler.request_filter [None req-044a3c31-9f30-4fbe-b3d8-4f9802f33abf tempest-ServerBootFromVolumeStableRescueTest-1306959407 tempest-ServerBootFromVolumeStableRescueTest-1306959407-project-member] Request filter 'remote_managed_ports_filter' took 0.0 seconds {{(pid=96562) wrapper /opt/stack/nova/nova/scheduler/request_filter.py:46}}
Aug 18 23:34:53.176352 np0000007721 nova-scheduler[96562]: DEBUG nova.scheduler.request_filter [None req-044a3c31-9f30-4fbe-b3d8-4f9802f33abf tempest-ServerBootFromVolumeStableRescueTest-1306959407 tempest-ServerBootFromVolumeStableRescueTest-1306959407-project-member] ephemeral_encryption_filter skipped {{(pid=96562) ephemeral_encryption_filter /opt/stack/nova/nova/scheduler/request_filter.py:426}}
Aug 18 23:34:53.176574 np0000007721 nova-scheduler[96562]: DEBUG nova.scheduler.request_filter [None req-044a3c31-9f30-4fbe-b3d8-4f9802f33abf tempest-ServerBootFromVolumeStableRescueTest-1306959407 tempest-ServerBootFromVolumeStableRescueTest-1306959407-project-member] virtio_sound_filter skipped {{(pid=96562) virtio_sound_filter /opt/stack/nova/nova/scheduler/request_filter.py:460}}
Aug 18 23:34:53.176734 np0000007721 nova-scheduler[96562]: DEBUG nova.scheduler.request_filter [None req-044a3c31-9f30-4fbe-b3d8-4f9802f33abf tempest-ServerBootFromVolumeStableRescueTest-1306959407 tempest-ServerBootFromVolumeStableRescueTest-1306959407-project-member] tpm_secret_security_filter skipped {{(pid=96562) tpm_secret_security_filter /opt/stack/nova/nova/scheduler/request_filter.py:477}}
Aug 18 23:34:53.709918 np0000007721 nova-scheduler[96562]: INFO nova.utils [None req-044a3c31-9f30-4fbe-b3d8-4f9802f33abf tempest-ServerBootFromVolumeStableRescueTest-1306959407 tempest-ServerBootFromVolumeStableRescueTest-1306959407-project-member] The cell worker thread pool ForkProcess-2.cell_worker is initialized
Aug 18 23:34:53.709918 np0000007721 nova-scheduler[96562]: DEBUG oslo_concurrency.lockutils [None req-044a3c31-9f30-4fbe-b3d8-4f9802f33abf tempest-ServerBootFromVolumeStableRescueTest-1306959407 tempest-ServerBootFromVolumeStableRescueTest-1306959407-project-member] Acquiring lock "c9b512ec-3daa-49c1-9beb-4d77922a9481" by "nova.context.set_target_cell..get_or_set_cached_cell_and_set_connections" {{(pid=96562) inner /opt/stack/data/venv/lib/python3.12/site-packages/oslo_concurrency/lockutils.py:512}}
Aug 18 23:34:53.709918 np0000007721 nova-scheduler[96562]: DEBUG oslo_concurrency.lockutils [None req-044a3c31-9f30-4fbe-b3d8-4f9802f33abf tempest-ServerBootFromVolumeStableRescueTest-1306959407 tempest-ServerBootFromVolumeStableRescueTest-1306959407-project-member] Lock "c9b512ec-3daa-49c1-9beb-4d77922a9481" acquired by "nova.context.set_target_cell..get_or_set_cached_cell_and_set_connections" :: waited 0.000s {{(pid=96562) inner /opt/stack/data/venv/lib/python3.12/site-packages/oslo_concurrency/lockutils.py:525}}
Aug 18 23:34:53.711854 np0000007721 nova-scheduler[96562]: DEBUG oslo_concurrency.lockutils [None req-044a3c31-9f30-4fbe-b3d8-4f9802f33abf tempest-ServerBootFromVolumeStableRescueTest-1306959407 tempest-ServerBootFromVolumeStableRescueTest-1306959407-project-member] Lock "c9b512ec-3daa-49c1-9beb-4d77922a9481" "released" by "nova.context.set_target_cell..get_or_set_cached_cell_and_set_connections" :: held 0.002s {{(pid=96562) inner /opt/stack/data/venv/lib/python3.12/site-packages/oslo_concurrency/lockutils.py:544}}
Aug 18 23:34:53.714241 np0000007721 nova-scheduler[96562]: INFO dbcounter [None req-044a3c31-9f30-4fbe-b3d8-4f9802f33abf tempest-ServerBootFromVolumeStableRescueTest-1306959407 tempest-ServerBootFromVolumeStableRescueTest-1306959407-project-member] Registered counter for database nova_cell1
Aug 18 23:34:53.767367 np0000007721 nova-scheduler[96562]: DEBUG oslo_db.sqlalchemy.engines [None req-044a3c31-9f30-4fbe-b3d8-4f9802f33abf tempest-ServerBootFromVolumeStableRescueTest-1306959407 tempest-ServerBootFromVolumeStableRescueTest-1306959407-project-member] MySQL server mode set to STRICT_TRANS_TABLES,STRICT_ALL_TABLES,NO_ZERO_IN_DATE,NO_ZERO_DATE,ERROR_FOR_DIVISION_BY_ZERO,TRADITIONAL,NO_ENGINE_SUBSTITUTION {{(pid=96562) _check_effective_sql_mode /opt/stack/data/venv/lib/python3.12/site-packages/oslo_db/sqlalchemy/engines.py:325}}
Aug 18 23:34:53.777642 np0000007721 nova-scheduler[96562]: DEBUG dbcounter [-] [96562] Writer thread running {{(pid=96562) stat_writer /opt/stack/data/venv/lib/python3.12/site-packages/dbcounter.py:102}}
Aug 18 23:34:53.791318 np0000007721 nova-scheduler[96562]: DEBUG oslo_db.sqlalchemy.engines [None req-044a3c31-9f30-4fbe-b3d8-4f9802f33abf tempest-ServerBootFromVolumeStableRescueTest-1306959407 tempest-ServerBootFromVolumeStableRescueTest-1306959407-project-member] Parent process 95366 forked (96562) with an open database connection, which is being discarded and recreated. {{(pid=96562) checkout /opt/stack/data/venv/lib/python3.12/site-packages/oslo_db/sqlalchemy/engines.py:402}}
Aug 18 23:34:53.841555 np0000007721 nova-scheduler[96562]: DEBUG dbcounter [-] [96562] Writer thread running {{(pid=96562) stat_writer /opt/stack/data/venv/lib/python3.12/site-packages/dbcounter.py:102}}
Aug 18 23:34:53.845165 np0000007721 nova-scheduler[96562]: DEBUG oslo_concurrency.lockutils [None req-044a3c31-9f30-4fbe-b3d8-4f9802f33abf tempest-ServerBootFromVolumeStableRescueTest-1306959407 tempest-ServerBootFromVolumeStableRescueTest-1306959407-project-member] Acquiring lock "c9b512ec-3daa-49c1-9beb-4d77922a9481" by "nova.context.set_target_cell..get_or_set_cached_cell_and_set_connections" {{(pid=96562) inner /opt/stack/data/venv/lib/python3.12/site-packages/oslo_concurrency/lockutils.py:512}}
Aug 18 23:34:53.846589 np0000007721 nova-scheduler[96562]: DEBUG oslo_concurrency.lockutils [None req-044a3c31-9f30-4fbe-b3d8-4f9802f33abf tempest-ServerBootFromVolumeStableRescueTest-1306959407 tempest-ServerBootFromVolumeStableRescueTest-1306959407-project-member] Lock "c9b512ec-3daa-49c1-9beb-4d77922a9481" acquired by "nova.context.set_target_cell..get_or_set_cached_cell_and_set_connections" :: waited 0.000s {{(pid=96562) inner /opt/stack/data/venv/lib/python3.12/site-packages/oslo_concurrency/lockutils.py:525}}
