Jun 09 13:41:17.399310 np0000002447 nova-scheduler[95765]: DEBUG cotyledon.oslo_config_glue [-] oslo_limit.endpoint_id = None {{(pid=95765) log_opt_values /opt/stack/data/venv/lib/python3.12/site-packages/oslo_config/cfg.py:3256}}
Jun 09 13:41:17.399310 np0000002447 nova-scheduler[95765]: DEBUG cotyledon.oslo_config_glue [-] oslo_limit.endpoint_interface = public {{(pid=95765) log_opt_values /opt/stack/data/venv/lib/python3.12/site-packages/oslo_config/cfg.py:3256}}
Jun 09 13:41:17.399310 np0000002447 nova-scheduler[95765]: DEBUG cotyledon.oslo_config_glue [-] oslo_limit.endpoint_override = None {{(pid=95765) log_opt_values /opt/stack/data/venv/lib/python3.12/site-packages/oslo_config/cfg.py:3256}}
Jun 09 13:41:17.399310 np0000002447 nova-scheduler[95765]: DEBUG cotyledon.oslo_config_glue [-] oslo_limit.endpoint_region_name = None {{(pid=95765) log_opt_values /opt/stack/data/venv/lib/python3.12/site-packages/oslo_config/cfg.py:3256}}
Jun 09 13:41:17.399310 np0000002447 nova-scheduler[95765]: DEBUG cotyledon.oslo_config_glue [-] oslo_limit.endpoint_service_name = None {{(pid=95765) log_opt_values /opt/stack/data/venv/lib/python3.12/site-packages/oslo_config/cfg.py:3256}}
Jun 09 13:41:17.399310 np0000002447 nova-scheduler[95765]: DEBUG cotyledon.oslo_config_glue [-] oslo_limit.endpoint_service_type = None {{(pid=95765) log_opt_values /opt/stack/data/venv/lib/python3.12/site-packages/oslo_config/cfg.py:3256}}
Jun 09 13:41:17.399310 np0000002447 nova-scheduler[95765]: DEBUG cotyledon.oslo_config_glue [-] oslo_limit.insecure = False {{(pid=95765) log_opt_values /opt/stack/data/venv/lib/python3.12/site-packages/oslo_config/cfg.py:3256}}
Jun 09 13:41:17.399580 np0000002447 nova-scheduler[95765]: DEBUG cotyledon.oslo_config_glue [-] oslo_limit.keyfile = None {{(pid=95765) log_opt_values /opt/stack/data/venv/lib/python3.12/site-packages/oslo_config/cfg.py:3256}}
Jun 09 13:41:17.399580 np0000002447 nova-scheduler[95765]: DEBUG cotyledon.oslo_config_glue [-] oslo_limit.max_version = None {{(pid=95765) log_opt_values /opt/stack/data/venv/lib/python3.12/site-packages/oslo_config/cfg.py:3256}}
Jun 09 13:41:17.399580 np0000002447 nova-scheduler[95765]: DEBUG cotyledon.oslo_config_glue [-] oslo_limit.min_version = None {{(pid=95765) log_opt_values /opt/stack/data/venv/lib/python3.12/site-packages/oslo_config/cfg.py:3256}}
Jun 09 13:41:17.399580 np0000002447 nova-scheduler[95765]: DEBUG cotyledon.oslo_config_glue [-] oslo_limit.region_name = None {{(pid=95765) log_opt_values /opt/stack/data/venv/lib/python3.12/site-packages/oslo_config/cfg.py:3256}}
Jun 09 13:41:17.399580 np0000002447 nova-scheduler[95765]: DEBUG cotyledon.oslo_config_glue [-] oslo_limit.retriable_status_codes = None {{(pid=95765) log_opt_values /opt/stack/data/venv/lib/python3.12/site-packages/oslo_config/cfg.py:3256}}
Jun 09 13:41:17.399580 np0000002447 nova-scheduler[95765]: DEBUG cotyledon.oslo_config_glue [-] oslo_limit.service_name = None {{(pid=95765) log_opt_values /opt/stack/data/venv/lib/python3.12/site-packages/oslo_config/cfg.py:3256}}
Jun 09 13:41:17.399580 np0000002447 nova-scheduler[95765]: DEBUG cotyledon.oslo_config_glue [-] oslo_limit.service_type = None {{(pid=95765) log_opt_values /opt/stack/data/venv/lib/python3.12/site-packages/oslo_config/cfg.py:3256}}
Jun 09 13:41:17.399580 np0000002447 nova-scheduler[95765]: DEBUG cotyledon.oslo_config_glue [-] oslo_limit.split_loggers = False {{(pid=95765) log_opt_values /opt/stack/data/venv/lib/python3.12/site-packages/oslo_config/cfg.py:3256}}
Jun 09 13:41:17.399580 np0000002447 nova-scheduler[95765]: DEBUG cotyledon.oslo_config_glue [-] oslo_limit.status_code_retries = None {{(pid=95765) log_opt_values /opt/stack/data/venv/lib/python3.12/site-packages/oslo_config/cfg.py:3256}}
Jun 09 13:41:17.399834 np0000002447 nova-scheduler[95765]: DEBUG cotyledon.oslo_config_glue [-] oslo_limit.status_code_retry_delay = None {{(pid=95765) log_opt_values /opt/stack/data/venv/lib/python3.12/site-packages/oslo_config/cfg.py:3256}}
Jun 09 13:41:17.399834 np0000002447 nova-scheduler[95765]: DEBUG cotyledon.oslo_config_glue [-] oslo_limit.timeout = None {{(pid=95765) log_opt_values /opt/stack/data/venv/lib/python3.12/site-packages/oslo_config/cfg.py:3256}}
Jun 09 13:41:17.399834 np0000002447 nova-scheduler[95765]: DEBUG cotyledon.oslo_config_glue [-] oslo_limit.valid_interfaces = None {{(pid=95765) log_opt_values /opt/stack/data/venv/lib/python3.12/site-packages/oslo_config/cfg.py:3256}}
Jun 09 13:41:17.399834 np0000002447 nova-scheduler[95765]: DEBUG cotyledon.oslo_config_glue [-] oslo_limit.version = None {{(pid=95765) log_opt_values /opt/stack/data/venv/lib/python3.12/site-packages/oslo_config/cfg.py:3256}}
Jun 09 13:41:17.399834 np0000002447 nova-scheduler[95765]: DEBUG cotyledon.oslo_config_glue [-] oslo_reports.file_event_handler = None {{(pid=95765) log_opt_values /opt/stack/data/venv/lib/python3.12/site-packages/oslo_config/cfg.py:3256}}
Jun 09 13:41:17.399834 np0000002447 nova-scheduler[95765]: DEBUG cotyledon.oslo_config_glue [-] oslo_reports.file_event_handler_interval = 1 {{(pid=95765) log_opt_values /opt/stack/data/venv/lib/python3.12/site-packages/oslo_config/cfg.py:3256}}
Jun 09 13:41:17.399834 np0000002447 nova-scheduler[95765]: DEBUG cotyledon.oslo_config_glue [-] oslo_reports.log_dir = None {{(pid=95765) log_opt_values /opt/stack/data/venv/lib/python3.12/site-packages/oslo_config/cfg.py:3256}}
Jun 09 13:41:17.399834 np0000002447 nova-scheduler[95765]: DEBUG cotyledon.oslo_config_glue [-] ******************************************************************************** {{(pid=95765) log_opt_values /opt/stack/data/venv/lib/python3.12/site-packages/oslo_config/cfg.py:3263}}
Jun 09 13:41:17.399834 np0000002447 nova-scheduler[95765]: DEBUG cotyledon._service_worker [-] Run service ServiceWrapper(2) [95765] {{(pid=95765) wait_forever /opt/stack/data/venv/lib/python3.12/site-packages/cotyledon/_service_worker.py:218}}
Jun 09 13:41:17.400108 np0000002447 nova-scheduler[95765]: INFO nova.service [-] Starting scheduler node (version 33.1.0)
Jun 09 13:41:17.400108 np0000002447 nova-scheduler[95765]: INFO dbcounter [None req-375848c8-6884-4469-be5f-4cd8d10c97f7 None None] Registered counter for database nova_cell0
Jun 09 13:41:17.400172 np0000002447 nova-scheduler[95761]: DEBUG oslo_db.sqlalchemy.engines [None req-5a4f2d38-8ced-4d7a-87c7-7a5e044a19e5 None None] MySQL server mode set to STRICT_TRANS_TABLES,STRICT_ALL_TABLES,NO_ZERO_IN_DATE,NO_ZERO_DATE,ERROR_FOR_DIVISION_BY_ZERO,TRADITIONAL,NO_ENGINE_SUBSTITUTION {{(pid=95761) _check_effective_sql_mode /opt/stack/data/venv/lib/python3.12/site-packages/oslo_db/sqlalchemy/engines.py:325}}
Jun 09 13:41:17.407237 np0000002447 nova-scheduler[95763]: DEBUG oslo_db.sqlalchemy.engines [None req-0a623409-3124-4ef0-a8fb-feb66c1ade67 None None] MySQL server mode set to STRICT_TRANS_TABLES,STRICT_ALL_TABLES,NO_ZERO_IN_DATE,NO_ZERO_DATE,ERROR_FOR_DIVISION_BY_ZERO,TRADITIONAL,NO_ENGINE_SUBSTITUTION {{(pid=95763) _check_effective_sql_mode /opt/stack/data/venv/lib/python3.12/site-packages/oslo_db/sqlalchemy/engines.py:325}}
Jun 09 13:41:17.416487 np0000002447 nova-scheduler[95761]: DEBUG dbcounter [-] [95761] Writer thread running {{(pid=95761) stat_writer /opt/stack/data/venv/lib/python3.12/site-packages/dbcounter.py:102}}
Jun 09 13:41:17.422622 np0000002447 nova-scheduler[95763]: DEBUG dbcounter [-] [95763] Writer thread running {{(pid=95763) stat_writer /opt/stack/data/venv/lib/python3.12/site-packages/dbcounter.py:102}}
Jun 09 13:41:17.431182 np0000002447 nova-scheduler[95761]: DEBUG nova.service [None req-5a4f2d38-8ced-4d7a-87c7-7a5e044a19e5 None None] Creating RPC server for service: nova-scheduler on topic: scheduler {{(pid=95761) start /opt/stack/nova/nova/service.py:195}}
Jun 09 13:41:17.444671 np0000002447 nova-scheduler[95763]: DEBUG nova.service [None req-0a623409-3124-4ef0-a8fb-feb66c1ade67 None None] Creating RPC server for service: nova-scheduler on topic: scheduler {{(pid=95763) start /opt/stack/nova/nova/service.py:195}}
Jun 09 13:41:17.450727 np0000002447 nova-scheduler[95765]: DEBUG oslo_db.sqlalchemy.engines [None req-375848c8-6884-4469-be5f-4cd8d10c97f7 None None] MySQL server mode set to STRICT_TRANS_TABLES,STRICT_ALL_TABLES,NO_ZERO_IN_DATE,NO_ZERO_DATE,ERROR_FOR_DIVISION_BY_ZERO,TRADITIONAL,NO_ENGINE_SUBSTITUTION {{(pid=95765) _check_effective_sql_mode /opt/stack/data/venv/lib/python3.12/site-packages/oslo_db/sqlalchemy/engines.py:325}}
Jun 09 13:41:17.460349 np0000002447 nova-scheduler[95761]: DEBUG nova.service [None req-5a4f2d38-8ced-4d7a-87c7-7a5e044a19e5 None None] Join ServiceGroup membership for this service scheduler {{(pid=95761) start /opt/stack/nova/nova/service.py:221}}
Jun 09 13:41:17.460609 np0000002447 nova-scheduler[95761]: DEBUG nova.servicegroup.drivers.db [None req-5a4f2d38-8ced-4d7a-87c7-7a5e044a19e5 None None] DB_Driver: join new ServiceGroup member np0000002447 to the scheduler group, service = {{(pid=95761) join /opt/stack/nova/nova/servicegroup/drivers/db.py:44}}
Jun 09 13:41:17.462711 np0000002447 nova-scheduler[95765]: DEBUG dbcounter [-] [95765] Writer thread running {{(pid=95765) stat_writer /opt/stack/data/venv/lib/python3.12/site-packages/dbcounter.py:102}}
Jun 09 13:41:17.466058 np0000002447 nova-scheduler[95765]: DEBUG nova.service [None req-375848c8-6884-4469-be5f-4cd8d10c97f7 None None] Creating RPC server for service: nova-scheduler on topic: scheduler {{(pid=95765) start /opt/stack/nova/nova/service.py:195}}
Jun 09 13:41:17.467222 np0000002447 nova-scheduler[95763]: DEBUG nova.service [None req-0a623409-3124-4ef0-a8fb-feb66c1ade67 None None] Join ServiceGroup membership for this service scheduler {{(pid=95763) start /opt/stack/nova/nova/service.py:221}}
Jun 09 13:41:17.467563 np0000002447 nova-scheduler[95763]: DEBUG nova.servicegroup.drivers.db [None req-0a623409-3124-4ef0-a8fb-feb66c1ade67 None None] DB_Driver: join new ServiceGroup member np0000002447 to the scheduler group, service = {{(pid=95763) join /opt/stack/nova/nova/servicegroup/drivers/db.py:44}}
Jun 09 13:41:17.488602 np0000002447 nova-scheduler[95765]: DEBUG nova.service [None req-375848c8-6884-4469-be5f-4cd8d10c97f7 None None] Join ServiceGroup membership for this service scheduler {{(pid=95765) start /opt/stack/nova/nova/service.py:221}}
Jun 09 13:41:17.488801 np0000002447 nova-scheduler[95765]: DEBUG nova.servicegroup.drivers.db [None req-375848c8-6884-4469-be5f-4cd8d10c97f7 None None] DB_Driver: join new ServiceGroup member np0000002447 to the scheduler group, service = {{(pid=95765) join /opt/stack/nova/nova/servicegroup/drivers/db.py:44}}
Jun 09 13:41:22.473761 np0000002447 nova-scheduler[95761]: DEBUG oslo.service.backend._threading.loopingcall [-] Fixed interval looping call 'nova.servicegroup.drivers.db.DbDriver._report_state' sleeping for 119.99 seconds {{(pid=95761) _run_loop /opt/stack/data/venv/lib/python3.12/site-packages/oslo_service/backend/_threading/loopingcall.py:125}}
Jun 09 13:41:22.476835 np0000002447 nova-scheduler[95763]: DEBUG oslo.service.backend._threading.loopingcall [-] Fixed interval looping call 'nova.servicegroup.drivers.db.DbDriver._report_state' sleeping for 119.99 seconds {{(pid=95763) _run_loop /opt/stack/data/venv/lib/python3.12/site-packages/oslo_service/backend/_threading/loopingcall.py:125}}
Jun 09 13:41:22.498655 np0000002447 nova-scheduler[95765]: DEBUG oslo.service.backend._threading.loopingcall [-] Fixed interval looping call 'nova.servicegroup.drivers.db.DbDriver._report_state' sleeping for 119.99 seconds {{(pid=95765) _run_loop /opt/stack/data/venv/lib/python3.12/site-packages/oslo_service/backend/_threading/loopingcall.py:125}}
Jun 09 13:41:25.943642 np0000002447 nova-scheduler[94517]: DEBUG dbcounter [-] [94517] Writing DB stats nova_api:SELECT=3 {{(pid=94517) stat_writer /opt/stack/data/venv/lib/python3.12/site-packages/dbcounter.py:115}}
Jun 09 13:41:26.114295 np0000002447 nova-scheduler[94517]: DEBUG dbcounter [-] [94517] Writing DB stats nova_cell1:SELECT=1 {{(pid=94517) stat_writer /opt/stack/data/venv/lib/python3.12/site-packages/dbcounter.py:115}}
Jun 09 13:41:26.120072 np0000002447 nova-scheduler[94517]: DEBUG dbcounter [-] [94517] Writing DB stats nova_cell0:SELECT=1 {{(pid=94517) stat_writer /opt/stack/data/venv/lib/python3.12/site-packages/dbcounter.py:115}}
Jun 09 13:41:28.462609 np0000002447 nova-scheduler[95761]: DEBUG oslo.service.backend._threading.loopingcall [None req-0865d0cb-58c3-4f99-b99a-ab3dcf0d8418 None None] Dynamic interval looping call 'nova.service.Service.periodic_tasks' sleeping for 60.00 seconds {{(pid=95761) _run_loop /opt/stack/data/venv/lib/python3.12/site-packages/oslo_service/backend/_threading/loopingcall.py:125}}
Jun 09 13:41:32.469534 np0000002447 nova-scheduler[95761]: DEBUG dbcounter [-] [95761] Writing DB stats nova_cell0:SELECT=4,nova_cell0:INSERT=1,nova_cell0:UPDATE=1 {{(pid=95761) stat_writer /opt/stack/data/venv/lib/python3.12/site-packages/dbcounter.py:115}}
Jun 09 13:41:32.474168 np0000002447 nova-scheduler[95763]: DEBUG dbcounter [-] [95763] Writing DB stats nova_cell0:SELECT=5,nova_cell0:INSERT=1 {{(pid=95763) stat_writer /opt/stack/data/venv/lib/python3.12/site-packages/dbcounter.py:115}}
Jun 09 13:41:32.491867 np0000002447 nova-scheduler[95765]: DEBUG oslo.service.backend._threading.loopingcall [None req-9dcc6715-1214-4f8a-adc0-15601cccc05e None None] Dynamic interval looping call 'nova.service.Service.periodic_tasks' sleeping for 60.00 seconds {{(pid=95765) _run_loop /opt/stack/data/venv/lib/python3.12/site-packages/oslo_service/backend/_threading/loopingcall.py:125}}
Jun 09 13:41:32.497936 np0000002447 nova-scheduler[95765]: DEBUG dbcounter [-] [95765] Writing DB stats nova_cell0:SELECT=3 {{(pid=95765) stat_writer /opt/stack/data/venv/lib/python3.12/site-packages/dbcounter.py:115}}
Jun 09 13:41:55.469906 np0000002447 nova-scheduler[95763]: DEBUG oslo.service.backend._threading.loopingcall [None req-5d47f549-2c19-4ef5-a0bd-82a749f8f120 None None] Dynamic interval looping call 'nova.service.Service.periodic_tasks' sleeping for 60.00 seconds {{(pid=95763) _run_loop /opt/stack/data/venv/lib/python3.12/site-packages/oslo_service/backend/_threading/loopingcall.py:125}}
Jun 09 13:42:28.463137 np0000002447 nova-scheduler[95761]: DEBUG oslo.service.backend._threading.loopingcall [None req-0865d0cb-58c3-4f99-b99a-ab3dcf0d8418 None None] Dynamic interval looping call 'nova.service.Service.periodic_tasks' sleeping for 60.00 seconds {{(pid=95761) _run_loop /opt/stack/data/venv/lib/python3.12/site-packages/oslo_service/backend/_threading/loopingcall.py:125}}
Jun 09 13:42:32.492643 np0000002447 nova-scheduler[95765]: DEBUG oslo.service.backend._threading.loopingcall [None req-9dcc6715-1214-4f8a-adc0-15601cccc05e None None] Dynamic interval looping call 'nova.service.Service.periodic_tasks' sleeping for 60.00 seconds {{(pid=95765) _run_loop /opt/stack/data/venv/lib/python3.12/site-packages/oslo_service/backend/_threading/loopingcall.py:125}}
Jun 09 13:42:55.470389 np0000002447 nova-scheduler[95763]: DEBUG oslo.service.backend._threading.loopingcall [None req-5d47f549-2c19-4ef5-a0bd-82a749f8f120 None None] Dynamic interval looping call 'nova.service.Service.periodic_tasks' sleeping for 60.00 seconds {{(pid=95763) _run_loop /opt/stack/data/venv/lib/python3.12/site-packages/oslo_service/backend/_threading/loopingcall.py:125}}
Jun 09 13:43:22.470259 np0000002447 nova-scheduler[95761]: DEBUG oslo.service.backend._threading.loopingcall [-] Fixed interval looping call 'nova.servicegroup.drivers.db.DbDriver._report_state' sleeping for 119.99 seconds {{(pid=95761) _run_loop /opt/stack/data/venv/lib/python3.12/site-packages/oslo_service/backend/_threading/loopingcall.py:125}}
Jun 09 13:43:22.472703 np0000002447 nova-scheduler[95763]: DEBUG oslo.service.backend._threading.loopingcall [-] Fixed interval looping call 'nova.servicegroup.drivers.db.DbDriver._report_state' sleeping for 119.99 seconds {{(pid=95763) _run_loop /opt/stack/data/venv/lib/python3.12/site-packages/oslo_service/backend/_threading/loopingcall.py:125}}
Jun 09 13:43:22.493744 np0000002447 nova-scheduler[95765]: DEBUG oslo.service.backend._threading.loopingcall [-] Fixed interval looping call 'nova.servicegroup.drivers.db.DbDriver._report_state' sleeping for 120.00 seconds {{(pid=95765) _run_loop /opt/stack/data/venv/lib/python3.12/site-packages/oslo_service/backend/_threading/loopingcall.py:125}}
Jun 09 13:43:28.463650 np0000002447 nova-scheduler[95761]: DEBUG oslo.service.backend._threading.loopingcall [None req-0865d0cb-58c3-4f99-b99a-ab3dcf0d8418 None None] Dynamic interval looping call 'nova.service.Service.periodic_tasks' sleeping for 60.00 seconds {{(pid=95761) _run_loop /opt/stack/data/venv/lib/python3.12/site-packages/oslo_service/backend/_threading/loopingcall.py:125}}
Jun 09 13:43:32.467424 np0000002447 nova-scheduler[95761]: DEBUG dbcounter [-] [95761] Writing DB stats nova_cell0:SELECT=1,nova_cell0:UPDATE=1 {{(pid=95761) stat_writer /opt/stack/data/venv/lib/python3.12/site-packages/dbcounter.py:115}}
Jun 09 13:43:32.471621 np0000002447 nova-scheduler[95763]: DEBUG dbcounter [-] [95763] Writing DB stats nova_cell0:SELECT=1,nova_cell0:UPDATE=1 {{(pid=95763) stat_writer /opt/stack/data/venv/lib/python3.12/site-packages/dbcounter.py:115}}
Jun 09 13:43:32.491210 np0000002447 nova-scheduler[95765]: DEBUG dbcounter [-] [95765] Writing DB stats nova_cell0:SELECT=1 {{(pid=95765) stat_writer /opt/stack/data/venv/lib/python3.12/site-packages/dbcounter.py:115}}
Jun 09 13:43:32.493129 np0000002447 nova-scheduler[95765]: DEBUG oslo.service.backend._threading.loopingcall [None req-9dcc6715-1214-4f8a-adc0-15601cccc05e None None] Dynamic interval looping call 'nova.service.Service.periodic_tasks' sleeping for 60.00 seconds {{(pid=95765) _run_loop /opt/stack/data/venv/lib/python3.12/site-packages/oslo_service/backend/_threading/loopingcall.py:125}}
Jun 09 13:43:55.471023 np0000002447 nova-scheduler[95763]: DEBUG oslo.service.backend._threading.loopingcall [None req-5d47f549-2c19-4ef5-a0bd-82a749f8f120 None None] Dynamic interval looping call 'nova.service.Service.periodic_tasks' sleeping for 60.00 seconds {{(pid=95763) _run_loop /opt/stack/data/venv/lib/python3.12/site-packages/oslo_service/backend/_threading/loopingcall.py:125}}
Jun 09 13:44:17.377712 np0000002447 nova-scheduler[95761]: DEBUG nova.scheduler.manager [None req-2adcb855-be5d-4051-b6f5-e85bba069fb9 tempest-DeleteServersTestJSON-1358412509 tempest-DeleteServersTestJSON-1358412509-project-member] Starting to schedule for instances: ['ba27bcaf-e1e7-44f4-a558-ca51dd18f5b0'] {{(pid=95761) select_destinations /opt/stack/nova/nova/scheduler/manager.py:210}}
Jun 09 13:44:17.378173 np0000002447 nova-scheduler[95761]: DEBUG nova.scheduler.request_filter [None req-2adcb855-be5d-4051-b6f5-e85bba069fb9 tempest-DeleteServersTestJSON-1358412509 tempest-DeleteServersTestJSON-1358412509-project-member] compute_status_filter request filter added forbidden trait COMPUTE_STATUS_DISABLED {{(pid=95761) compute_status_filter /opt/stack/nova/nova/scheduler/request_filter.py:253}}
Jun 09 13:44:17.378343 np0000002447 nova-scheduler[95761]: DEBUG nova.scheduler.request_filter [None req-2adcb855-be5d-4051-b6f5-e85bba069fb9 tempest-DeleteServersTestJSON-1358412509 tempest-DeleteServersTestJSON-1358412509-project-member] Request filter 'compute_status_filter' took 0.0 seconds {{(pid=95761) wrapper /opt/stack/nova/nova/scheduler/request_filter.py:46}}
Jun 09 13:44:17.378578 np0000002447 nova-scheduler[95761]: DEBUG nova.scheduler.request_filter [None req-2adcb855-be5d-4051-b6f5-e85bba069fb9 tempest-DeleteServersTestJSON-1358412509 tempest-DeleteServersTestJSON-1358412509-project-member] Request filter 'accelerators_filter' took 0.0 seconds {{(pid=95761) wrapper /opt/stack/nova/nova/scheduler/request_filter.py:46}}
Jun 09 13:44:17.378789 np0000002447 nova-scheduler[95761]: DEBUG nova.scheduler.request_filter [None req-2adcb855-be5d-4051-b6f5-e85bba069fb9 tempest-DeleteServersTestJSON-1358412509 tempest-DeleteServersTestJSON-1358412509-project-member] Request filter 'packed_virtqueue_filter' took 0.0 seconds {{(pid=95761) wrapper /opt/stack/nova/nova/scheduler/request_filter.py:46}}
Jun 09 13:44:17.379177 np0000002447 nova-scheduler[95761]: DEBUG nova.scheduler.request_filter [None req-2adcb855-be5d-4051-b6f5-e85bba069fb9 tempest-DeleteServersTestJSON-1358412509 tempest-DeleteServersTestJSON-1358412509-project-member] Request filter 'remote_managed_ports_filter' took 0.0 seconds {{(pid=95761) wrapper /opt/stack/nova/nova/scheduler/request_filter.py:46}}
Jun 09 13:44:17.379380 np0000002447 nova-scheduler[95761]: DEBUG nova.scheduler.request_filter [None req-2adcb855-be5d-4051-b6f5-e85bba069fb9 tempest-DeleteServersTestJSON-1358412509 tempest-DeleteServersTestJSON-1358412509-project-member] ephemeral_encryption_filter skipped {{(pid=95761) ephemeral_encryption_filter /opt/stack/nova/nova/scheduler/request_filter.py:426}}
Jun 09 13:44:17.379839 np0000002447 nova-scheduler[95761]: DEBUG nova.scheduler.request_filter [None req-2adcb855-be5d-4051-b6f5-e85bba069fb9 tempest-DeleteServersTestJSON-1358412509 tempest-DeleteServersTestJSON-1358412509-project-member] virtio_sound_filter skipped {{(pid=95761) virtio_sound_filter /opt/stack/nova/nova/scheduler/request_filter.py:460}}
Jun 09 13:44:17.379923 np0000002447 nova-scheduler[95761]: DEBUG nova.scheduler.request_filter [None req-2adcb855-be5d-4051-b6f5-e85bba069fb9 tempest-DeleteServersTestJSON-1358412509 tempest-DeleteServersTestJSON-1358412509-project-member] tpm_secret_security_filter skipped {{(pid=95761) tpm_secret_security_filter /opt/stack/nova/nova/scheduler/request_filter.py:477}}
Jun 09 13:44:18.002512 np0000002447 nova-scheduler[95761]: INFO nova.utils [None req-2adcb855-be5d-4051-b6f5-e85bba069fb9 tempest-DeleteServersTestJSON-1358412509 tempest-DeleteServersTestJSON-1358412509-project-member] The cell worker thread pool ForkProcess-1.cell_worker is initialized
Jun 09 13:44:18.002957 np0000002447 nova-scheduler[95761]: DEBUG oslo_concurrency.lockutils [None req-2adcb855-be5d-4051-b6f5-e85bba069fb9 tempest-DeleteServersTestJSON-1358412509 tempest-DeleteServersTestJSON-1358412509-project-member] Acquiring lock "2603d868-f69f-4317-a65b-0120e6b0931b" by "nova.context.set_target_cell..get_or_set_cached_cell_and_set_connections" {{(pid=95761) inner /opt/stack/data/venv/lib/python3.12/site-packages/oslo_concurrency/lockutils.py:511}}
Jun 09 13:44:18.003209 np0000002447 nova-scheduler[95761]: DEBUG oslo_concurrency.lockutils [None req-2adcb855-be5d-4051-b6f5-e85bba069fb9 tempest-DeleteServersTestJSON-1358412509 tempest-DeleteServersTestJSON-1358412509-project-member] Lock "2603d868-f69f-4317-a65b-0120e6b0931b" acquired by "nova.context.set_target_cell..get_or_set_cached_cell_and_set_connections" :: waited 0.000s {{(pid=95761) inner /opt/stack/data/venv/lib/python3.12/site-packages/oslo_concurrency/lockutils.py:524}}
Jun 09 13:44:18.005043 np0000002447 nova-scheduler[95761]: DEBUG oslo_concurrency.lockutils [None req-2adcb855-be5d-4051-b6f5-e85bba069fb9 tempest-DeleteServersTestJSON-1358412509 tempest-DeleteServersTestJSON-1358412509-project-member] Lock "2603d868-f69f-4317-a65b-0120e6b0931b" "released" by "nova.context.set_target_cell..get_or_set_cached_cell_and_set_connections" :: held 0.002s {{(pid=95761) inner /opt/stack/data/venv/lib/python3.12/site-packages/oslo_concurrency/lockutils.py:543}}
Jun 09 13:44:18.006972 np0000002447 nova-scheduler[95761]: INFO dbcounter [None req-2adcb855-be5d-4051-b6f5-e85bba069fb9 tempest-DeleteServersTestJSON-1358412509 tempest-DeleteServersTestJSON-1358412509-project-member] Registered counter for database nova_cell1
Jun 09 13:44:18.045851 np0000002447 nova-scheduler[95761]: DEBUG oslo_db.sqlalchemy.engines [None req-2adcb855-be5d-4051-b6f5-e85bba069fb9 tempest-DeleteServersTestJSON-1358412509 tempest-DeleteServersTestJSON-1358412509-project-member] MySQL server mode set to STRICT_TRANS_TABLES,STRICT_ALL_TABLES,NO_ZERO_IN_DATE,NO_ZERO_DATE,ERROR_FOR_DIVISION_BY_ZERO,TRADITIONAL,NO_ENGINE_SUBSTITUTION {{(pid=95761) _check_effective_sql_mode /opt/stack/data/venv/lib/python3.12/site-packages/oslo_db/sqlalchemy/engines.py:325}}
Jun 09 13:44:18.052018 np0000002447 nova-scheduler[95761]: DEBUG dbcounter [-] [95761] Writer thread running {{(pid=95761) stat_writer /opt/stack/data/venv/lib/python3.12/site-packages/dbcounter.py:102}}
Jun 09 13:44:18.063686 np0000002447 nova-scheduler[95761]: DEBUG oslo_db.sqlalchemy.engines [None req-2adcb855-be5d-4051-b6f5-e85bba069fb9 tempest-DeleteServersTestJSON-1358412509 tempest-DeleteServersTestJSON-1358412509-project-member] Parent process 94517 forked (95761) with an open database connection, which is being discarded and recreated. {{(pid=95761) checkout /opt/stack/data/venv/lib/python3.12/site-packages/oslo_db/sqlalchemy/engines.py:402}}
Jun 09 13:44:18.115881 np0000002447 nova-scheduler[95761]: DEBUG dbcounter [-] [95761] Writer thread running {{(pid=95761) stat_writer /opt/stack/data/venv/lib/python3.12/site-packages/dbcounter.py:102}}
Jun 09 13:44:18.119736 np0000002447 nova-scheduler[95761]: DEBUG oslo_concurrency.lockutils [None req-2adcb855-be5d-4051-b6f5-e85bba069fb9 tempest-DeleteServersTestJSON-1358412509 tempest-DeleteServersTestJSON-1358412509-project-member] Acquiring lock "2603d868-f69f-4317-a65b-0120e6b0931b" by "nova.context.set_target_cell..get_or_set_cached_cell_and_set_connections" {{(pid=95761) inner /opt/stack/data/venv/lib/python3.12/site-packages/oslo_concurrency/lockutils.py:511}}
Jun 09 13:44:18.120006 np0000002447 nova-scheduler[95761]: DEBUG oslo_concurrency.lockutils [None req-2adcb855-be5d-4051-b6f5-e85bba069fb9 tempest-DeleteServersTestJSON-1358412509 tempest-DeleteServersTestJSON-1358412509-project-member] Lock "2603d868-f69f-4317-a65b-0120e6b0931b" acquired by "nova.context.set_target_cell..get_or_set_cached_cell_and_set_connections" :: waited 0.000s {{(pid=95761) inner /opt/stack/data/venv/lib/python3.12/site-packages/oslo_concurrency/lockutils.py:524}}
Jun 09 13:44:18.120192 np0000002447 nova-scheduler[95761]: DEBUG oslo_concurrency.lockutils [None req-2adcb855-be5d-4051-b6f5-e85bba069fb9 tempest-DeleteServersTestJSON-1358412509 tempest-DeleteServersTestJSON-1358412509-project-member] Lock "2603d868-f69f-4317-a65b-0120e6b0931b" "released" by "nova.context.set_target_cell..get_or_set_cached_cell_and_set_connections" :: held 0.000s {{(pid=95761) inner /opt/stack/data/venv/lib/python3.12/site-packages/oslo_concurrency/lockutils.py:543}}
Jun 09 13:44:18.126366 np0000002447 nova-scheduler[95761]: DEBUG oslo_concurrency.lockutils [None req-2adcb855-be5d-4051-b6f5-e85bba069fb9 tempest-DeleteServersTestJSON-1358412509 tempest-DeleteServersTestJSON-1358412509-project-member] Acquiring lock "('np0000002447', 'np0000002447')" by "nova.scheduler.host_manager.HostState.update.._locked_update" {{(pid=95761) inner /opt/stack/data/venv/lib/python3.12/site-packages/oslo_concurrency/lockutils.py:511}}
Jun 09 13:44:18.126621 np0000002447 nova-scheduler[95761]: DEBUG oslo_concurrency.lockutils [None req-2adcb855-be5d-4051-b6f5-e85bba069fb9 tempest-DeleteServersTestJSON-1358412509 tempest-DeleteServersTestJSON-1358412509-project-member] Lock "('np0000002447', 'np0000002447')" acquired by "nova.scheduler.host_manager.HostState.update.._locked_update" :: waited 0.000s {{(pid=95761) inner /opt/stack/data/venv/lib/python3.12/site-packages/oslo_concurrency/lockutils.py:524}}
Jun 09 13:44:18.127633 np0000002447 nova-scheduler[95761]: DEBUG nova.scheduler.host_manager [None req-2adcb855-be5d-4051-b6f5-e85bba069fb9 tempest-DeleteServersTestJSON-1358412509 tempest-DeleteServersTestJSON-1358412509-project-member] Update host state from compute node: ComputeNode(cpu_allocation_ratio=4.0,cpu_info='{"arch": "x86_64", "model": "EPYC-Milan", "vendor": "AMD", "topology": {"cells": 1, "sockets": 12, "cores": 1, "threads": 1}, "maxphysaddr": {"mode": "emulate", "bits": 40}, "features": ["arch-capabilities", "fpu", "popcnt", "syscall", "mmxext", "ibrs", "avx", "ibpb", "stibp", "xgetbv1", "rdpid", "pku", "stibp-always-on", "fxsr_opt", "v-vmsave-vmload", "vmcb-clean", "sse4.2", "sse4a", "adx", "misalignsse", "tsc-deadline", "pae", "apic", "cx16", "lbrv", "xsaveopt", "nx", "lm", "avx2", "perfctr_core", "sha-ni", "xsaveerptr", "gds-no", "clflush", "bmi1", "fsgsbase", "tsc-scale", "sse", "rdtscp", "xsavec", "pse", "pause-filter", "amd-stibp", "fma", "abm", "pschange-mc-no", "svme-addr-chk", "tsc_adjust", "mca", "f16c", "cmp_legacy", "aes", "pcid", "mce", "clflushopt", "skip-l1dfl-vmentry", "pat", "mmx", "arat", "vaes", "pge", "smap", "no-nested-data-bp", "mds-no", "rdseed", "rdrand", "null-sel-clr-base", "hypervisor", "amd-psfd", "cmov", "amd-ssbd", "umip", "ssbd", "pclmuldq", "tsc", "pdpe1gb", "virt-ssbd", "sep", "osvw", "pfthreshold", "cx8", "lahf_lm", "vpclmulqdq", "vme", "ssse3", "flushbyasid", "pse36", "nrip-save", "bmi2", "msr", "npt", "mtrr", "vgif", "cr8legacy", "3dnowprefetch", "fxsr", "erms", "fsrm", "smep", "invpcid", "rdctl-no", "sse4.1", "wbnoinvd", "clzero", "xsave", "clwb", "xsaves", "de", "svm", "movbe", "spec-ctrl", "topoext", "pni", "sse2", "x2apic", "lfence-always-serializing"]}',created_at=2026-06-09T13:41:43Z,current_workload=0,deleted=False,deleted_at=None,disk_allocation_ratio=1.0,disk_available_least=74,free_disk_gb=95,free_ram_mb=23518,host='np0000002447',host_ip=10.4.3.191,hypervisor_hostname='np0000002447',hypervisor_type='QEMU',hypervisor_version=8002002,id=1,local_gb=95,local_gb_used=0,mapped=1,memory_mb=24030,memory_mb_used=512,metrics='[]',numa_topology='{"nova_object.name": "NUMATopology", "nova_object.namespace": "nova", "nova_object.version": "1.2", "nova_object.data": {"cells": [{"nova_object.name": "NUMACell", "nova_object.namespace": "nova", "nova_object.version": "1.5", "nova_object.data": {"id": 0, "cpuset": [0, 1, 2, 3, 4, 5, 6, 7, 8, 9, 10, 11], "pcpuset": [0, 1, 2, 3, 4, 5, 6, 7, 8, 9, 10, 11], "memory": 24030, "cpu_usage": 0, "memory_usage": 0, "pinned_cpus": [], "siblings": [[6], [2], [5], [11], [8], [4], [1], [7], [10], [0], [3], [9]], "mempages": [{"nova_object.name": "NUMAPagesTopology", "nova_object.namespace": "nova", "nova_object.version": "1.1", "nova_object.data": {"size_kb": 4, "total": 6151798, "used": 0, "reserved": 0}, "nova_object.changes": ["used", "reserved", "total", "size_kb"]}, {"nova_object.name": "NUMAPagesTopology", "nova_object.namespace": "nova", "nova_object.version": "1.1", "nova_object.data": {"size_kb": 2048, "total": 0, "used": 0, "reserved": 0}, "nova_object.changes": ["used", "reserved", "total", "size_kb"]}, {"nova_object.name": "NUMAPagesTopology", "nova_object.namespace": "nova", "nova_object.version": "1.1", "nova_object.data": {"size_kb": 1048576, "total": 0, "used": 0, "reserved": 0}, "nova_object.changes": ["used", "reserved", "total", "size_kb"]}], "network_metadata": {"nova_object.name": "NetworkMetadata", "nova_object.namespace": "nova", "nova_object.version": "1.0", "nova_object.data": {"physnets": [], "tunneled": false}, "nova_object.changes": ["tunneled", "physnets"]}, "socket": null}, "nova_object.changes": ["mempages", "pinned_cpus", "socket", "memory_usage", "siblings", "cpu_usage", "cpuset", "network_metadata", "id", "memory", "pcpuset"]}]}, "nova_object.changes": ["cells"]}',pci_device_pools=PciDevicePoolList,ram_allocation_ratio=1.0,running_vms=0,service_id=2,stats={failed_builds='0',uptime=' 13:43:28 up 26 min, 2 users, load average: 1.07, 1.38, 0.81
Jun 09 13:44:18.127633 np0000002447 nova-scheduler[95761]: '},supported_hv_specs=[HVSpec,HVSpec,HVSpec,HVSpec,HVSpec,HVSpec,HVSpec,HVSpec,HVSpec,HVSpec,HVSpec,HVSpec,HVSpec,HVSpec,HVSpec,HVSpec,HVSpec,HVSpec,HVSpec,HVSpec,HVSpec,HVSpec,HVSpec,HVSpec,HVSpec],updated_at=2026-06-09T13:43:31Z,uuid=e5ed88b4-3eed-4da3-baaa-8097fd246593,vcpus=12,vcpus_used=0) {{(pid=95761) _locked_update /opt/stack/nova/nova/scheduler/host_manager.py:168}}
Jun 09 13:44:18.128367 np0000002447 nova-scheduler[95761]: DEBUG nova.scheduler.host_manager [None req-2adcb855-be5d-4051-b6f5-e85bba069fb9 tempest-DeleteServersTestJSON-1358412509 tempest-DeleteServersTestJSON-1358412509-project-member] Update host state with aggregates: [] {{(pid=95761) _locked_update /opt/stack/nova/nova/scheduler/host_manager.py:171}}
Jun 09 13:44:18.128536 np0000002447 nova-scheduler[95761]: DEBUG nova.scheduler.host_manager [None req-2adcb855-be5d-4051-b6f5-e85bba069fb9 tempest-DeleteServersTestJSON-1358412509 tempest-DeleteServersTestJSON-1358412509-project-member] Update host state with service dict: {'id': 2, 'uuid': '9e660cf6-7fd8-4497-998f-af58b7e5a356', 'host': 'np0000002447', 'binary': 'nova-compute', 'topic': 'compute', 'report_count': 2, 'disabled': False, 'disabled_reason': None, 'last_seen_up': datetime.datetime(2026, 6, 9, 13, 43, 52, tzinfo=datetime.timezone.utc), 'forced_down': False, 'version': 72, 'created_at': datetime.datetime(2026, 6, 9, 13, 41, 42, tzinfo=datetime.timezone.utc), 'updated_at': datetime.datetime(2026, 6, 9, 13, 43, 52, tzinfo=datetime.timezone.utc), 'deleted_at': None, 'deleted': False} {{(pid=95761) _locked_update /opt/stack/nova/nova/scheduler/host_manager.py:174}}
Jun 09 13:44:18.128631 np0000002447 nova-scheduler[95761]: DEBUG nova.scheduler.host_manager [None req-2adcb855-be5d-4051-b6f5-e85bba069fb9 tempest-DeleteServersTestJSON-1358412509 tempest-DeleteServersTestJSON-1358412509-project-member] Update host state with instances: [] {{(pid=95761) _locked_update /opt/stack/nova/nova/scheduler/host_manager.py:177}}
Jun 09 13:44:18.128752 np0000002447 nova-scheduler[95761]: DEBUG oslo_concurrency.lockutils [None req-2adcb855-be5d-4051-b6f5-e85bba069fb9 tempest-DeleteServersTestJSON-1358412509 tempest-DeleteServersTestJSON-1358412509-project-member] Lock "('np0000002447', 'np0000002447')" "released" by "nova.scheduler.host_manager.HostState.update.._locked_update" :: held 0.002s {{(pid=95761) inner /opt/stack/data/venv/lib/python3.12/site-packages/oslo_concurrency/lockutils.py:543}}
Jun 09 13:44:18.129305 np0000002447 nova-scheduler[95761]: DEBUG nova.filters [None req-2adcb855-be5d-4051-b6f5-e85bba069fb9 tempest-DeleteServersTestJSON-1358412509 tempest-DeleteServersTestJSON-1358412509-project-member] Starting with 1 host(s) {{(pid=95761) get_filtered_objects /opt/stack/nova/nova/filters.py:70}}
Jun 09 13:44:18.129388 np0000002447 nova-scheduler[95761]: DEBUG nova.filters [None req-2adcb855-be5d-4051-b6f5-e85bba069fb9 tempest-DeleteServersTestJSON-1358412509 tempest-DeleteServersTestJSON-1358412509-project-member] Filter ComputeFilter returned 1 host(s) {{(pid=95761) get_filtered_objects /opt/stack/nova/nova/filters.py:102}}
Jun 09 13:44:18.129920 np0000002447 nova-scheduler[95761]: DEBUG nova.filters [None req-2adcb855-be5d-4051-b6f5-e85bba069fb9 tempest-DeleteServersTestJSON-1358412509 tempest-DeleteServersTestJSON-1358412509-project-member] Filter ComputeCapabilitiesFilter returned 1 host(s) {{(pid=95761) get_filtered_objects /opt/stack/nova/nova/filters.py:102}}
Jun 09 13:44:18.129920 np0000002447 nova-scheduler[95761]: DEBUG nova.filters [None req-2adcb855-be5d-4051-b6f5-e85bba069fb9 tempest-DeleteServersTestJSON-1358412509 tempest-DeleteServersTestJSON-1358412509-project-member] Filter ImagePropertiesFilter returned 1 host(s) {{(pid=95761) get_filtered_objects /opt/stack/nova/nova/filters.py:102}}
Jun 09 13:44:18.129920 np0000002447 nova-scheduler[95761]: DEBUG nova.filters [None req-2adcb855-be5d-4051-b6f5-e85bba069fb9 tempest-DeleteServersTestJSON-1358412509 tempest-DeleteServersTestJSON-1358412509-project-member] Filter ServerGroupAntiAffinityFilter returned 1 host(s) {{(pid=95761) get_filtered_objects /opt/stack/nova/nova/filters.py:102}}
Jun 09 13:44:18.130333 np0000002447 nova-scheduler[95761]: DEBUG nova.filters [None req-2adcb855-be5d-4051-b6f5-e85bba069fb9 tempest-DeleteServersTestJSON-1358412509 tempest-DeleteServersTestJSON-1358412509-project-member] Filter ServerGroupAffinityFilter returned 1 host(s) {{(pid=95761) get_filtered_objects /opt/stack/nova/nova/filters.py:102}}
Jun 09 13:44:18.130333 np0000002447 nova-scheduler[95761]: DEBUG nova.filters [None req-2adcb855-be5d-4051-b6f5-e85bba069fb9 tempest-DeleteServersTestJSON-1358412509 tempest-DeleteServersTestJSON-1358412509-project-member] Filter SameHostFilter returned 1 host(s) {{(pid=95761) get_filtered_objects /opt/stack/nova/nova/filters.py:102}}
Jun 09 13:44:18.130333 np0000002447 nova-scheduler[95761]: DEBUG nova.filters [None req-2adcb855-be5d-4051-b6f5-e85bba069fb9 tempest-DeleteServersTestJSON-1358412509 tempest-DeleteServersTestJSON-1358412509-project-member] Filter DifferentHostFilter returned 1 host(s) {{(pid=95761) get_filtered_objects /opt/stack/nova/nova/filters.py:102}}
Jun 09 13:44:18.130546 np0000002447 nova-scheduler[95761]: DEBUG nova.scheduler.manager [None req-2adcb855-be5d-4051-b6f5-e85bba069fb9 tempest-DeleteServersTestJSON-1358412509 tempest-DeleteServersTestJSON-1358412509-project-member] Filtered [(np0000002447, np0000002447) ram: 23518MB disk: 75776MB io_ops: 0 instances: 0, allocation_candidates: 1] {{(pid=95761) _get_sorted_hosts /opt/stack/nova/nova/scheduler/manager.py:743}}
Jun 09 13:44:18.130785 np0000002447 nova-scheduler[95761]: DEBUG nova.scheduler.manager [None req-2adcb855-be5d-4051-b6f5-e85bba069fb9 tempest-DeleteServersTestJSON-1358412509 tempest-DeleteServersTestJSON-1358412509-project-member] Weighed [WeighedHost [host: (np0000002447, np0000002447) ram: 23518MB disk: 75776MB io_ops: 0 instances: 0, allocation_candidates: 1, weight: 0.0]] {{(pid=95761) _get_sorted_hosts /opt/stack/nova/nova/scheduler/manager.py:765}}
Jun 09 13:44:18.130785 np0000002447 nova-scheduler[95761]: DEBUG nova.scheduler.utils [None req-2adcb855-be5d-4051-b6f5-e85bba069fb9 tempest-DeleteServersTestJSON-1358412509 tempest-DeleteServersTestJSON-1358412509-project-member] Attempting to claim resources in the placement API for instance ba27bcaf-e1e7-44f4-a558-ca51dd18f5b0 {{(pid=95761) claim_resources /opt/stack/nova/nova/scheduler/utils.py:1345}}
Jun 09 13:44:18.320954 np0000002447 nova-scheduler[95761]: DEBUG nova.scheduler.manager [None req-2adcb855-be5d-4051-b6f5-e85bba069fb9 tempest-DeleteServersTestJSON-1358412509 tempest-DeleteServersTestJSON-1358412509-project-member] [instance: ba27bcaf-e1e7-44f4-a558-ca51dd18f5b0] Selected host: (np0000002447, np0000002447) ram: 23518MB disk: 75776MB io_ops: 0 instances: 0, allocation_candidates: 1 {{(pid=95761) _consume_selected_host /opt/stack/nova/nova/scheduler/manager.py:625}}
Jun 09 13:44:18.321401 np0000002447 nova-scheduler[95761]: DEBUG oslo_concurrency.lockutils [None req-2adcb855-be5d-4051-b6f5-e85bba069fb9 tempest-DeleteServersTestJSON-1358412509 tempest-DeleteServersTestJSON-1358412509-project-member] Acquiring lock "('np0000002447', 'np0000002447')" by "nova.scheduler.host_manager.HostState.consume_from_request.._locked" {{(pid=95761) inner /opt/stack/data/venv/lib/python3.12/site-packages/oslo_concurrency/lockutils.py:511}}
Jun 09 13:44:18.321632 np0000002447 nova-scheduler[95761]: DEBUG oslo_concurrency.lockutils [None req-2adcb855-be5d-4051-b6f5-e85bba069fb9 tempest-DeleteServersTestJSON-1358412509 tempest-DeleteServersTestJSON-1358412509-project-member] Lock "('np0000002447', 'np0000002447')" acquired by "nova.scheduler.host_manager.HostState.consume_from_request.._locked" :: waited 0.000s {{(pid=95761) inner /opt/stack/data/venv/lib/python3.12/site-packages/oslo_concurrency/lockutils.py:524}}
Jun 09 13:44:18.321866 np0000002447 nova-scheduler[95761]: DEBUG oslo_concurrency.lockutils [None req-2adcb855-be5d-4051-b6f5-e85bba069fb9 tempest-DeleteServersTestJSON-1358412509 tempest-DeleteServersTestJSON-1358412509-project-member] Lock "('np0000002447', 'np0000002447')" "released" by "nova.scheduler.host_manager.HostState.consume_from_request.._locked" :: held 0.000s {{(pid=95761) inner /opt/stack/data/venv/lib/python3.12/site-packages/oslo_concurrency/lockutils.py:543}}
Jun 09 13:44:28.116372 np0000002447 nova-scheduler[95761]: DEBUG dbcounter [-] [95761] Writing DB stats nova_api:SELECT=1 {{(pid=95761) stat_writer /opt/stack/data/venv/lib/python3.12/site-packages/dbcounter.py:115}}
Jun 09 13:44:28.124383 np0000002447 nova-scheduler[95761]: DEBUG dbcounter [-] [95761] Writing DB stats nova_cell1:SELECT=3 {{(pid=95761) stat_writer /opt/stack/data/venv/lib/python3.12/site-packages/dbcounter.py:115}}
Jun 09 13:44:28.466278 np0000002447 nova-scheduler[95761]: DEBUG oslo.service.backend._threading.loopingcall [None req-0865d0cb-58c3-4f99-b99a-ab3dcf0d8418 None None] Dynamic interval looping call 'nova.service.Service.periodic_tasks' sleeping for 60.00 seconds {{(pid=95761) _run_loop /opt/stack/data/venv/lib/python3.12/site-packages/oslo_service/backend/_threading/loopingcall.py:125}}
Jun 09 13:44:30.380471 np0000002447 nova-scheduler[95763]: DEBUG nova.scheduler.manager [None req-fedbd731-8e40-4a65-a8b2-0d085a947e9d tempest-VolumesAdminNegativeTest-1503729480 tempest-VolumesAdminNegativeTest-1503729480-project-member] Starting to schedule for instances: ['57cef93c-052d-46ff-85f8-cdc28fdcaad6'] {{(pid=95763) select_destinations /opt/stack/nova/nova/scheduler/manager.py:210}}
Jun 09 13:44:30.381515 np0000002447 nova-scheduler[95763]: DEBUG nova.scheduler.request_filter [None req-fedbd731-8e40-4a65-a8b2-0d085a947e9d tempest-VolumesAdminNegativeTest-1503729480 tempest-VolumesAdminNegativeTest-1503729480-project-member] compute_status_filter request filter added forbidden trait COMPUTE_STATUS_DISABLED {{(pid=95763) compute_status_filter /opt/stack/nova/nova/scheduler/request_filter.py:253}}
Jun 09 13:44:30.381624 np0000002447 nova-scheduler[95763]: DEBUG nova.scheduler.request_filter [None req-fedbd731-8e40-4a65-a8b2-0d085a947e9d tempest-VolumesAdminNegativeTest-1503729480 tempest-VolumesAdminNegativeTest-1503729480-project-member] Request filter 'compute_status_filter' took 0.0 seconds {{(pid=95763) wrapper /opt/stack/nova/nova/scheduler/request_filter.py:46}}
Jun 09 13:44:30.381789 np0000002447 nova-scheduler[95763]: DEBUG nova.scheduler.request_filter [None req-fedbd731-8e40-4a65-a8b2-0d085a947e9d tempest-VolumesAdminNegativeTest-1503729480 tempest-VolumesAdminNegativeTest-1503729480-project-member] Request filter 'accelerators_filter' took 0.0 seconds {{(pid=95763) wrapper /opt/stack/nova/nova/scheduler/request_filter.py:46}}
Jun 09 13:44:30.381988 np0000002447 nova-scheduler[95763]: DEBUG nova.scheduler.request_filter [None req-fedbd731-8e40-4a65-a8b2-0d085a947e9d tempest-VolumesAdminNegativeTest-1503729480 tempest-VolumesAdminNegativeTest-1503729480-project-member] Request filter 'packed_virtqueue_filter' took 0.0 seconds {{(pid=95763) wrapper /opt/stack/nova/nova/scheduler/request_filter.py:46}}
Jun 09 13:44:30.382285 np0000002447 nova-scheduler[95763]: DEBUG nova.scheduler.request_filter [None req-fedbd731-8e40-4a65-a8b2-0d085a947e9d tempest-VolumesAdminNegativeTest-1503729480 tempest-VolumesAdminNegativeTest-1503729480-project-member] Request filter 'remote_managed_ports_filter' took 0.0 seconds {{(pid=95763) wrapper /opt/stack/nova/nova/scheduler/request_filter.py:46}}
Jun 09 13:44:30.382502 np0000002447 nova-scheduler[95763]: DEBUG nova.scheduler.request_filter [None req-fedbd731-8e40-4a65-a8b2-0d085a947e9d tempest-VolumesAdminNegativeTest-1503729480 tempest-VolumesAdminNegativeTest-1503729480-project-member] ephemeral_encryption_filter skipped {{(pid=95763) ephemeral_encryption_filter /opt/stack/nova/nova/scheduler/request_filter.py:426}}
Jun 09 13:44:30.382650 np0000002447 nova-scheduler[95763]: DEBUG nova.scheduler.request_filter [None req-fedbd731-8e40-4a65-a8b2-0d085a947e9d tempest-VolumesAdminNegativeTest-1503729480 tempest-VolumesAdminNegativeTest-1503729480-project-member] virtio_sound_filter skipped {{(pid=95763) virtio_sound_filter /opt/stack/nova/nova/scheduler/request_filter.py:460}}
Jun 09 13:44:30.382767 np0000002447 nova-scheduler[95763]: DEBUG nova.scheduler.request_filter [None req-fedbd731-8e40-4a65-a8b2-0d085a947e9d tempest-VolumesAdminNegativeTest-1503729480 tempest-VolumesAdminNegativeTest-1503729480-project-member] tpm_secret_security_filter skipped {{(pid=95763) tpm_secret_security_filter /opt/stack/nova/nova/scheduler/request_filter.py:477}}
Jun 09 13:44:30.473456 np0000002447 nova-scheduler[95763]: INFO nova.utils [None req-fedbd731-8e40-4a65-a8b2-0d085a947e9d tempest-VolumesAdminNegativeTest-1503729480 tempest-VolumesAdminNegativeTest-1503729480-project-member] The cell worker thread pool ForkProcess-2.cell_worker is initialized
Jun 09 13:44:30.473851 np0000002447 nova-scheduler[95763]: DEBUG oslo_concurrency.lockutils [None req-fedbd731-8e40-4a65-a8b2-0d085a947e9d tempest-VolumesAdminNegativeTest-1503729480 tempest-VolumesAdminNegativeTest-1503729480-project-member] Acquiring lock "2603d868-f69f-4317-a65b-0120e6b0931b" by "nova.context.set_target_cell..get_or_set_cached_cell_and_set_connections" {{(pid=95763) inner /opt/stack/data/venv/lib/python3.12/site-packages/oslo_concurrency/lockutils.py:511}}
Jun 09 13:44:30.474299 np0000002447 nova-scheduler[95763]: DEBUG oslo_concurrency.lockutils [None req-fedbd731-8e40-4a65-a8b2-0d085a947e9d tempest-VolumesAdminNegativeTest-1503729480 tempest-VolumesAdminNegativeTest-1503729480-project-member] Lock "2603d868-f69f-4317-a65b-0120e6b0931b" acquired by "nova.context.set_target_cell..get_or_set_cached_cell_and_set_connections" :: waited 0.000s {{(pid=95763) inner /opt/stack/data/venv/lib/python3.12/site-packages/oslo_concurrency/lockutils.py:524}}
Jun 09 13:44:30.475792 np0000002447 nova-scheduler[95763]: DEBUG oslo_concurrency.lockutils [None req-fedbd731-8e40-4a65-a8b2-0d085a947e9d tempest-VolumesAdminNegativeTest-1503729480 tempest-VolumesAdminNegativeTest-1503729480-project-member] Lock "2603d868-f69f-4317-a65b-0120e6b0931b" "released" by "nova.context.set_target_cell..get_or_set_cached_cell_and_set_connections" :: held 0.001s {{(pid=95763) inner /opt/stack/data/venv/lib/python3.12/site-packages/oslo_concurrency/lockutils.py:543}}
Jun 09 13:44:30.477889 np0000002447 nova-scheduler[95763]: INFO dbcounter [None req-fedbd731-8e40-4a65-a8b2-0d085a947e9d tempest-VolumesAdminNegativeTest-1503729480 tempest-VolumesAdminNegativeTest-1503729480-project-member] Registered counter for database nova_cell1
Jun 09 13:44:30.523615 np0000002447 nova-scheduler[95763]: DEBUG oslo_db.sqlalchemy.engines [None req-fedbd731-8e40-4a65-a8b2-0d085a947e9d tempest-VolumesAdminNegativeTest-1503729480 tempest-VolumesAdminNegativeTest-1503729480-project-member] MySQL server mode set to STRICT_TRANS_TABLES,STRICT_ALL_TABLES,NO_ZERO_IN_DATE,NO_ZERO_DATE,ERROR_FOR_DIVISION_BY_ZERO,TRADITIONAL,NO_ENGINE_SUBSTITUTION {{(pid=95763) _check_effective_sql_mode /opt/stack/data/venv/lib/python3.12/site-packages/oslo_db/sqlalchemy/engines.py:325}}
Jun 09 13:44:30.529801 np0000002447 nova-scheduler[95763]: DEBUG dbcounter [-] [95763] Writer thread running {{(pid=95763) stat_writer /opt/stack/data/venv/lib/python3.12/site-packages/dbcounter.py:102}}
Jun 09 13:44:30.587200 np0000002447 nova-scheduler[95763]: DEBUG dbcounter [-] [95763] Writer thread running {{(pid=95763) stat_writer /opt/stack/data/venv/lib/python3.12/site-packages/dbcounter.py:102}}
Jun 09 13:44:30.590459 np0000002447 nova-scheduler[95763]: DEBUG oslo_concurrency.lockutils [None req-fedbd731-8e40-4a65-a8b2-0d085a947e9d tempest-VolumesAdminNegativeTest-1503729480 tempest-VolumesAdminNegativeTest-1503729480-project-member] Acquiring lock "2603d868-f69f-4317-a65b-0120e6b0931b" by "nova.context.set_target_cell..get_or_set_cached_cell_and_set_connections" {{(pid=95763) inner /opt/stack/data/venv/lib/python3.12/site-packages/oslo_concurrency/lockutils.py:511}}
Jun 09 13:44:30.590974 np0000002447 nova-scheduler[95763]: DEBUG oslo_concurrency.lockutils [None req-fedbd731-8e40-4a65-a8b2-0d085a947e9d tempest-VolumesAdminNegativeTest-1503729480 tempest-VolumesAdminNegativeTest-1503729480-project-member] Lock "2603d868-f69f-4317-a65b-0120e6b0931b" acquired by "nova.context.set_target_cell..get_or_set_cached_cell_and_set_connections" :: waited 0.000s {{(pid=95763) inner /opt/stack/data/venv/lib/python3.12/site-packages/oslo_concurrency/lockutils.py:524}}
Jun 09 13:44:30.590974 np0000002447 nova-scheduler[95763]: DEBUG oslo_concurrency.lockutils [None req-fedbd731-8e40-4a65-a8b2-0d085a947e9d tempest-VolumesAdminNegativeTest-1503729480 tempest-VolumesAdminNegativeTest-1503729480-project-member] Lock "2603d868-f69f-4317-a65b-0120e6b0931b" "released" by "nova.context.set_target_cell..get_or_set_cached_cell_and_set_connections" :: held 0.000s {{(pid=95763) inner /opt/stack/data/venv/lib/python3.12/site-packages/oslo_concurrency/lockutils.py:543}}
Jun 09 13:44:30.595173 np0000002447 nova-scheduler[95763]: DEBUG oslo_concurrency.lockutils [None req-fedbd731-8e40-4a65-a8b2-0d085a947e9d tempest-VolumesAdminNegativeTest-1503729480 tempest-VolumesAdminNegativeTest-1503729480-project-member] Acquiring lock "('np0000002447', 'np0000002447')" by "nova.scheduler.host_manager.HostState.update.._locked_update" {{(pid=95763) inner /opt/stack/data/venv/lib/python3.12/site-packages/oslo_concurrency/lockutils.py:511}}
Jun 09 13:44:30.595350 np0000002447 nova-scheduler[95763]: DEBUG oslo_concurrency.lockutils [None req-fedbd731-8e40-4a65-a8b2-0d085a947e9d tempest-VolumesAdminNegativeTest-1503729480 tempest-VolumesAdminNegativeTest-1503729480-project-member] Lock "('np0000002447', 'np0000002447')" acquired by "nova.scheduler.host_manager.HostState.update.._locked_update" :: waited 0.000s {{(pid=95763) inner /opt/stack/data/venv/lib/python3.12/site-packages/oslo_concurrency/lockutils.py:524}}
