Jul 10 10:25:30.639350 np0000004988 systemd[1]: Starting devstack@n-api-meta.service - Devstack devstack@n-api-meta.service...
Jul 10 10:25:30.645547 np0000004988 devstack@n-api-meta.service[95856]: [uWSGI] getting INI configuration from /etc/nova/nova-metadata-uwsgi.ini
Jul 10 10:25:30.647861 np0000004988 devstack@n-api-meta.service[95856]: *** Starting uWSGI 2.0.24-debian (64bit) on [Fri Jul 10 10:25:30 2026] ***
Jul 10 10:25:30.647861 np0000004988 devstack@n-api-meta.service[95856]: compiled with version: 13.2.0 on 17 April 2024 16:23:48
Jul 10 10:25:30.647861 np0000004988 devstack@n-api-meta.service[95856]: os: Linux-6.8.0-100-generic #100-Ubuntu SMP PREEMPT_DYNAMIC Tue Jan 13 16:40:06 UTC 2026
Jul 10 10:25:30.647861 np0000004988 devstack@n-api-meta.service[95856]: nodename: np0000004988
Jul 10 10:25:30.647861 np0000004988 devstack@n-api-meta.service[95856]: machine: x86_64
Jul 10 10:25:30.647861 np0000004988 devstack@n-api-meta.service[95856]: clock source: unix
Jul 10 10:25:30.647861 np0000004988 devstack@n-api-meta.service[95856]: pcre jit disabled
Jul 10 10:25:30.647861 np0000004988 devstack@n-api-meta.service[95856]: detected number of CPU cores: 16
Jul 10 10:25:30.647861 np0000004988 devstack@n-api-meta.service[95856]: current working directory: /
Jul 10 10:25:30.647861 np0000004988 devstack@n-api-meta.service[95856]: detected binary path: /usr/bin/uwsgi-core
Jul 10 10:25:30.647861 np0000004988 devstack@n-api-meta.service[95856]: your processes number limit is 257052
Jul 10 10:25:30.647861 np0000004988 devstack@n-api-meta.service[95856]: your memory page size is 4096 bytes
Jul 10 10:25:30.647861 np0000004988 devstack@n-api-meta.service[95856]: detected max file descriptor number: 2048
Jul 10 10:25:30.647861 np0000004988 devstack@n-api-meta.service[95856]: lock engine: pthread robust mutexes
Jul 10 10:25:30.648263 np0000004988 devstack@n-api-meta.service[95856]: thunder lock: enabled
Jul 10 10:25:30.648451 np0000004988 devstack@n-api-meta.service[95856]: uWSGI http bound on 0.0.0.0:8775 fd 5
Jul 10 10:25:30.648451 np0000004988 devstack@n-api-meta.service[95856]: uwsgi socket 0 bound to TCP address 127.0.0.1:33883 (port auto-assigned) fd 4
Jul 10 10:25:30.648451 np0000004988 devstack@n-api-meta.service[95856]: Python version: 3.12.3 (main, Jun 19 2026, 12:46:00) [GCC 13.3.0]
Jul 10 10:25:30.648451 np0000004988 devstack@n-api-meta.service[95856]: PEP 405 virtualenv detected: /opt/stack/data/venv
Jul 10 10:25:30.648451 np0000004988 devstack@n-api-meta.service[95856]: Set PythonHome to /opt/stack/data/venv
Jul 10 10:25:30.688267 np0000004988 devstack@n-api-meta.service[95856]: Python main interpreter initialized at 0x77ef6f4a4668
Jul 10 10:25:30.688267 np0000004988 devstack@n-api-meta.service[95856]: python threads support enabled
Jul 10 10:25:30.688267 np0000004988 devstack@n-api-meta.service[95856]: your server socket listen backlog is limited to 100 connections
Jul 10 10:25:30.688267 np0000004988 devstack@n-api-meta.service[95856]: your mercy for graceful operations on workers is 80 seconds
Jul 10 10:25:30.688773 np0000004988 devstack@n-api-meta.service[95856]: mapped 671795 bytes (656 KB) for 4 cores
Jul 10 10:25:30.688909 np0000004988 devstack@n-api-meta.service[95856]: *** Operational MODE: preforking ***
Jul 10 10:25:30.689114 np0000004988 devstack@n-api-meta.service[95856]: *** uWSGI is running in multiple interpreter mode ***
Jul 10 10:25:30.689114 np0000004988 devstack@n-api-meta.service[95856]: spawned uWSGI master process (pid: 95856)
Jul 10 10:25:30.689264 np0000004988 systemd[1]: Started devstack@n-api-meta.service - Devstack devstack@n-api-meta.service.
Jul 10 10:25:30.689641 np0000004988 devstack@n-api-meta.service[95856]: spawned uWSGI worker 1 (pid: 95857, cores: 1)
Jul 10 10:25:30.690214 np0000004988 devstack@n-api-meta.service[95856]: spawned uWSGI worker 2 (pid: 95858, cores: 1)
Jul 10 10:25:30.690695 np0000004988 devstack@n-api-meta.service[95856]: spawned uWSGI worker 3 (pid: 95859, cores: 1)
Jul 10 10:25:30.691176 np0000004988 devstack@n-api-meta.service[95856]: spawned uWSGI worker 4 (pid: 95860, cores: 1)
Jul 10 10:25:30.691614 np0000004988 devstack@n-api-meta.service[95856]: spawned uWSGI http 1 (pid: 95861)
Jul 10 10:25:30.691614 np0000004988 devstack@n-api-meta.service[95856]: running "unix_signal:15 gracefully_kill_them_all" (master-start)...
Jul 10 10:25:32.238123 np0000004988 devstack@n-api-meta.service[95860]: INFO dbcounter [None req-94893bc1-5bea-4a71-9808-f8237d9b4e34 None None] Registered counter for database nova_api
Jul 10 10:25:32.280163 np0000004988 devstack@n-api-meta.service[95860]: DEBUG oslo_db.sqlalchemy.engines [None req-94893bc1-5bea-4a71-9808-f8237d9b4e34 None None] MySQL server mode set to STRICT_TRANS_TABLES,STRICT_ALL_TABLES,NO_ZERO_IN_DATE,NO_ZERO_DATE,ERROR_FOR_DIVISION_BY_ZERO,TRADITIONAL,NO_ENGINE_SUBSTITUTION {{(pid=95860) _check_effective_sql_mode /opt/stack/data/venv/lib/python3.12/site-packages/oslo_db/sqlalchemy/engines.py:325}}
Jul 10 10:25:32.315726 np0000004988 devstack@n-api-meta.service[95858]: INFO dbcounter [None req-48605584-5b7b-4c35-a628-308c58922832 None None] Registered counter for database nova_api
Jul 10 10:25:32.316100 np0000004988 devstack@n-api-meta.service[95860]: DEBUG dbcounter [-] [95860] Writer thread running {{(pid=95860) stat_writer /opt/stack/data/venv/lib/python3.12/site-packages/dbcounter.py:102}}
Jul 10 10:25:32.318231 np0000004988 devstack@n-api-meta.service[95860]: DEBUG nova.context [None req-94893bc1-5bea-4a71-9808-f8237d9b4e34 None None] Found 2 cells: 00000000-0000-0000-0000-000000000000(cell0),91d632d2-642d-49ca-9868-4a0e97da95a3(cell1) {{(pid=95860) load_cells /opt/stack/nova/nova/context.py:509}}
Jul 10 10:25:32.318459 np0000004988 devstack@n-api-meta.service[95860]: INFO nova.utils [None req-94893bc1-5bea-4a71-9808-f8237d9b4e34 None None] The cell worker thread pool MainProcess.cell_worker is initialized
Jul 10 10:25:32.320023 np0000004988 devstack@n-api-meta.service[95860]: DEBUG oslo_concurrency.lockutils [None req-94893bc1-5bea-4a71-9808-f8237d9b4e34 None None] Acquiring lock "00000000-0000-0000-0000-000000000000" by "nova.context.set_target_cell..get_or_set_cached_cell_and_set_connections" {{(pid=95860) inner /opt/stack/data/venv/lib/python3.12/site-packages/oslo_concurrency/lockutils.py:511}}
Jul 10 10:25:32.320185 np0000004988 devstack@n-api-meta.service[95860]: DEBUG oslo_concurrency.lockutils [None req-94893bc1-5bea-4a71-9808-f8237d9b4e34 None None] Lock "00000000-0000-0000-0000-000000000000" acquired by "nova.context.set_target_cell..get_or_set_cached_cell_and_set_connections" :: waited 0.000s {{(pid=95860) inner /opt/stack/data/venv/lib/python3.12/site-packages/oslo_concurrency/lockutils.py:524}}
Jul 10 10:25:32.320512 np0000004988 devstack@n-api-meta.service[95860]: DEBUG oslo_concurrency.lockutils [None req-94893bc1-5bea-4a71-9808-f8237d9b4e34 None None] Lock "00000000-0000-0000-0000-000000000000" "released" by "nova.context.set_target_cell..get_or_set_cached_cell_and_set_connections" :: held 0.000s {{(pid=95860) inner /opt/stack/data/venv/lib/python3.12/site-packages/oslo_concurrency/lockutils.py:543}}
Jul 10 10:25:32.321078 np0000004988 devstack@n-api-meta.service[95860]: DEBUG oslo_concurrency.lockutils [None req-94893bc1-5bea-4a71-9808-f8237d9b4e34 None None] Acquiring lock "91d632d2-642d-49ca-9868-4a0e97da95a3" by "nova.context.set_target_cell..get_or_set_cached_cell_and_set_connections" {{(pid=95860) inner /opt/stack/data/venv/lib/python3.12/site-packages/oslo_concurrency/lockutils.py:511}}
Jul 10 10:25:32.322614 np0000004988 devstack@n-api-meta.service[95860]: INFO dbcounter [None req-94893bc1-5bea-4a71-9808-f8237d9b4e34 None None] Registered counter for database nova_cell0
Jul 10 10:25:32.323664 np0000004988 devstack@n-api-meta.service[95860]: DEBUG oslo_concurrency.lockutils [None req-94893bc1-5bea-4a71-9808-f8237d9b4e34 None None] Lock "91d632d2-642d-49ca-9868-4a0e97da95a3" acquired by "nova.context.set_target_cell..get_or_set_cached_cell_and_set_connections" :: waited 0.001s {{(pid=95860) inner /opt/stack/data/venv/lib/python3.12/site-packages/oslo_concurrency/lockutils.py:524}}
Jul 10 10:25:32.324700 np0000004988 devstack@n-api-meta.service[95860]: DEBUG oslo_concurrency.lockutils [None req-94893bc1-5bea-4a71-9808-f8237d9b4e34 None None] Lock "91d632d2-642d-49ca-9868-4a0e97da95a3" "released" by "nova.context.set_target_cell..get_or_set_cached_cell_and_set_connections" :: held 0.002s {{(pid=95860) inner /opt/stack/data/venv/lib/python3.12/site-packages/oslo_concurrency/lockutils.py:543}}
Jul 10 10:25:32.327288 np0000004988 devstack@n-api-meta.service[95860]: INFO dbcounter [None req-94893bc1-5bea-4a71-9808-f8237d9b4e34 None None] Registered counter for database nova_cell1
Jul 10 10:25:32.327967 np0000004988 devstack@n-api-meta.service[95857]: INFO dbcounter [None req-bcaff936-09b5-47c2-a07f-6b1a7c3afcfc None None] Registered counter for database nova_api
Jul 10 10:25:32.363357 np0000004988 devstack@n-api-meta.service[95858]: DEBUG oslo_db.sqlalchemy.engines [None req-48605584-5b7b-4c35-a628-308c58922832 None None] MySQL server mode set to STRICT_TRANS_TABLES,STRICT_ALL_TABLES,NO_ZERO_IN_DATE,NO_ZERO_DATE,ERROR_FOR_DIVISION_BY_ZERO,TRADITIONAL,NO_ENGINE_SUBSTITUTION {{(pid=95858) _check_effective_sql_mode /opt/stack/data/venv/lib/python3.12/site-packages/oslo_db/sqlalchemy/engines.py:325}}
Jul 10 10:25:32.369147 np0000004988 devstack@n-api-meta.service[95859]: INFO dbcounter [None req-9b0191ca-bda7-47c5-bfc6-40eee92bb8dc None None] Registered counter for database nova_api
Jul 10 10:25:32.373019 np0000004988 devstack@n-api-meta.service[95860]: DEBUG oslo_db.sqlalchemy.engines [None req-94893bc1-5bea-4a71-9808-f8237d9b4e34 None None] MySQL server mode set to STRICT_TRANS_TABLES,STRICT_ALL_TABLES,NO_ZERO_IN_DATE,NO_ZERO_DATE,ERROR_FOR_DIVISION_BY_ZERO,TRADITIONAL,NO_ENGINE_SUBSTITUTION {{(pid=95860) _check_effective_sql_mode /opt/stack/data/venv/lib/python3.12/site-packages/oslo_db/sqlalchemy/engines.py:325}}
Jul 10 10:25:32.373837 np0000004988 devstack@n-api-meta.service[95857]: DEBUG oslo_db.sqlalchemy.engines [None req-bcaff936-09b5-47c2-a07f-6b1a7c3afcfc None None] MySQL server mode set to STRICT_TRANS_TABLES,STRICT_ALL_TABLES,NO_ZERO_IN_DATE,NO_ZERO_DATE,ERROR_FOR_DIVISION_BY_ZERO,TRADITIONAL,NO_ENGINE_SUBSTITUTION {{(pid=95857) _check_effective_sql_mode /opt/stack/data/venv/lib/python3.12/site-packages/oslo_db/sqlalchemy/engines.py:325}}
Jul 10 10:25:32.403674 np0000004988 devstack@n-api-meta.service[95857]: DEBUG dbcounter [-] [95857] Writer thread running {{(pid=95857) stat_writer /opt/stack/data/venv/lib/python3.12/site-packages/dbcounter.py:102}}
Jul 10 10:25:32.406057 np0000004988 devstack@n-api-meta.service[95858]: DEBUG dbcounter [-] [95858] Writer thread running {{(pid=95858) stat_writer /opt/stack/data/venv/lib/python3.12/site-packages/dbcounter.py:102}}
Jul 10 10:25:32.407285 np0000004988 devstack@n-api-meta.service[95857]: DEBUG nova.context [None req-bcaff936-09b5-47c2-a07f-6b1a7c3afcfc None None] Found 2 cells: 00000000-0000-0000-0000-000000000000(cell0),91d632d2-642d-49ca-9868-4a0e97da95a3(cell1) {{(pid=95857) load_cells /opt/stack/nova/nova/context.py:509}}
Jul 10 10:25:32.407582 np0000004988 devstack@n-api-meta.service[95857]: INFO nova.utils [None req-bcaff936-09b5-47c2-a07f-6b1a7c3afcfc None None] The cell worker thread pool MainProcess.cell_worker is initialized
Jul 10 10:25:32.409271 np0000004988 devstack@n-api-meta.service[95858]: DEBUG nova.context [None req-48605584-5b7b-4c35-a628-308c58922832 None None] Found 2 cells: 00000000-0000-0000-0000-000000000000(cell0),91d632d2-642d-49ca-9868-4a0e97da95a3(cell1) {{(pid=95858) load_cells /opt/stack/nova/nova/context.py:509}}
Jul 10 10:25:32.409603 np0000004988 devstack@n-api-meta.service[95858]: INFO nova.utils [None req-48605584-5b7b-4c35-a628-308c58922832 None None] The cell worker thread pool MainProcess.cell_worker is initialized
Jul 10 10:25:32.409848 np0000004988 devstack@n-api-meta.service[95857]: DEBUG oslo_concurrency.lockutils [None req-bcaff936-09b5-47c2-a07f-6b1a7c3afcfc None None] Acquiring lock "00000000-0000-0000-0000-000000000000" by "nova.context.set_target_cell..get_or_set_cached_cell_and_set_connections" {{(pid=95857) inner /opt/stack/data/venv/lib/python3.12/site-packages/oslo_concurrency/lockutils.py:511}}
Jul 10 10:25:32.410051 np0000004988 devstack@n-api-meta.service[95857]: DEBUG oslo_concurrency.lockutils [None req-bcaff936-09b5-47c2-a07f-6b1a7c3afcfc None None] Lock "00000000-0000-0000-0000-000000000000" acquired by "nova.context.set_target_cell..get_or_set_cached_cell_and_set_connections" :: waited 0.000s {{(pid=95857) inner /opt/stack/data/venv/lib/python3.12/site-packages/oslo_concurrency/lockutils.py:524}}
Jul 10 10:25:32.410500 np0000004988 devstack@n-api-meta.service[95857]: DEBUG oslo_concurrency.lockutils [None req-bcaff936-09b5-47c2-a07f-6b1a7c3afcfc None None] Lock "00000000-0000-0000-0000-000000000000" "released" by "nova.context.set_target_cell..get_or_set_cached_cell_and_set_connections" :: held 0.000s {{(pid=95857) inner /opt/stack/data/venv/lib/python3.12/site-packages/oslo_concurrency/lockutils.py:543}}
Jul 10 10:25:32.411274 np0000004988 devstack@n-api-meta.service[95857]: DEBUG oslo_concurrency.lockutils [None req-bcaff936-09b5-47c2-a07f-6b1a7c3afcfc None None] Acquiring lock "91d632d2-642d-49ca-9868-4a0e97da95a3" by "nova.context.set_target_cell..get_or_set_cached_cell_and_set_connections" {{(pid=95857) inner /opt/stack/data/venv/lib/python3.12/site-packages/oslo_concurrency/lockutils.py:511}}
Jul 10 10:25:32.411465 np0000004988 devstack@n-api-meta.service[95857]: DEBUG oslo_concurrency.lockutils [None req-bcaff936-09b5-47c2-a07f-6b1a7c3afcfc None None] Lock "91d632d2-642d-49ca-9868-4a0e97da95a3" acquired by "nova.context.set_target_cell..get_or_set_cached_cell_and_set_connections" :: waited 0.000s {{(pid=95857) inner /opt/stack/data/venv/lib/python3.12/site-packages/oslo_concurrency/lockutils.py:524}}
Jul 10 10:25:32.411823 np0000004988 devstack@n-api-meta.service[95858]: DEBUG oslo_concurrency.lockutils [None req-48605584-5b7b-4c35-a628-308c58922832 None None] Acquiring lock "00000000-0000-0000-0000-000000000000" by "nova.context.set_target_cell..get_or_set_cached_cell_and_set_connections" {{(pid=95858) inner /opt/stack/data/venv/lib/python3.12/site-packages/oslo_concurrency/lockutils.py:511}}
Jul 10 10:25:32.412055 np0000004988 devstack@n-api-meta.service[95858]: DEBUG oslo_concurrency.lockutils [None req-48605584-5b7b-4c35-a628-308c58922832 None None] Lock "00000000-0000-0000-0000-000000000000" acquired by "nova.context.set_target_cell..get_or_set_cached_cell_and_set_connections" :: waited 0.000s {{(pid=95858) inner /opt/stack/data/venv/lib/python3.12/site-packages/oslo_concurrency/lockutils.py:524}}
Jul 10 10:25:32.412466 np0000004988 devstack@n-api-meta.service[95857]: DEBUG oslo_concurrency.lockutils [None req-bcaff936-09b5-47c2-a07f-6b1a7c3afcfc None None] Lock "91d632d2-642d-49ca-9868-4a0e97da95a3" "released" by "nova.context.set_target_cell..get_or_set_cached_cell_and_set_connections" :: held 0.001s {{(pid=95857) inner /opt/stack/data/venv/lib/python3.12/site-packages/oslo_concurrency/lockutils.py:543}}
Jul 10 10:25:32.412523 np0000004988 devstack@n-api-meta.service[95858]: DEBUG oslo_concurrency.lockutils [None req-48605584-5b7b-4c35-a628-308c58922832 None None] Lock "00000000-0000-0000-0000-000000000000" "released" by "nova.context.set_target_cell..get_or_set_cached_cell_and_set_connections" :: held 0.000s {{(pid=95858) inner /opt/stack/data/venv/lib/python3.12/site-packages/oslo_concurrency/lockutils.py:543}}
Jul 10 10:25:32.413275 np0000004988 devstack@n-api-meta.service[95858]: DEBUG oslo_concurrency.lockutils [None req-48605584-5b7b-4c35-a628-308c58922832 None None] Acquiring lock "91d632d2-642d-49ca-9868-4a0e97da95a3" by "nova.context.set_target_cell..get_or_set_cached_cell_and_set_connections" {{(pid=95858) inner /opt/stack/data/venv/lib/python3.12/site-packages/oslo_concurrency/lockutils.py:511}}
Jul 10 10:25:32.413496 np0000004988 devstack@n-api-meta.service[95858]: DEBUG oslo_concurrency.lockutils [None req-48605584-5b7b-4c35-a628-308c58922832 None None] Lock "91d632d2-642d-49ca-9868-4a0e97da95a3" acquired by "nova.context.set_target_cell..get_or_set_cached_cell_and_set_connections" :: waited 0.000s {{(pid=95858) inner /opt/stack/data/venv/lib/python3.12/site-packages/oslo_concurrency/lockutils.py:524}}
Jul 10 10:25:32.414609 np0000004988 devstack@n-api-meta.service[95858]: DEBUG oslo_concurrency.lockutils [None req-48605584-5b7b-4c35-a628-308c58922832 None None] Lock "91d632d2-642d-49ca-9868-4a0e97da95a3" "released" by "nova.context.set_target_cell..get_or_set_cached_cell_and_set_connections" :: held 0.001s {{(pid=95858) inner /opt/stack/data/venv/lib/python3.12/site-packages/oslo_concurrency/lockutils.py:543}}
Jul 10 10:25:32.414675 np0000004988 devstack@n-api-meta.service[95857]: INFO dbcounter [None req-bcaff936-09b5-47c2-a07f-6b1a7c3afcfc None None] Registered counter for database nova_cell0
Jul 10 10:25:32.416493 np0000004988 devstack@n-api-meta.service[95858]: INFO dbcounter [None req-48605584-5b7b-4c35-a628-308c58922832 None None] Registered counter for database nova_cell0
Jul 10 10:25:32.418211 np0000004988 devstack@n-api-meta.service[95857]: INFO dbcounter [None req-bcaff936-09b5-47c2-a07f-6b1a7c3afcfc None None] Registered counter for database nova_cell1
Jul 10 10:25:32.419910 np0000004988 devstack@n-api-meta.service[95858]: INFO dbcounter [None req-48605584-5b7b-4c35-a628-308c58922832 None None] Registered counter for database nova_cell1
Jul 10 10:25:32.434227 np0000004988 devstack@n-api-meta.service[95859]: DEBUG oslo_db.sqlalchemy.engines [None req-9b0191ca-bda7-47c5-bfc6-40eee92bb8dc None None] MySQL server mode set to STRICT_TRANS_TABLES,STRICT_ALL_TABLES,NO_ZERO_IN_DATE,NO_ZERO_DATE,ERROR_FOR_DIVISION_BY_ZERO,TRADITIONAL,NO_ENGINE_SUBSTITUTION {{(pid=95859) _check_effective_sql_mode /opt/stack/data/venv/lib/python3.12/site-packages/oslo_db/sqlalchemy/engines.py:325}}
Jul 10 10:25:32.462651 np0000004988 devstack@n-api-meta.service[95859]: DEBUG dbcounter [-] [95859] Writer thread running {{(pid=95859) stat_writer /opt/stack/data/venv/lib/python3.12/site-packages/dbcounter.py:102}}
Jul 10 10:25:32.464730 np0000004988 devstack@n-api-meta.service[95859]: DEBUG nova.context [None req-9b0191ca-bda7-47c5-bfc6-40eee92bb8dc None None] Found 2 cells: 00000000-0000-0000-0000-000000000000(cell0),91d632d2-642d-49ca-9868-4a0e97da95a3(cell1) {{(pid=95859) load_cells /opt/stack/nova/nova/context.py:509}}
Jul 10 10:25:32.464933 np0000004988 devstack@n-api-meta.service[95859]: INFO nova.utils [None req-9b0191ca-bda7-47c5-bfc6-40eee92bb8dc None None] The cell worker thread pool MainProcess.cell_worker is initialized
Jul 10 10:25:32.466561 np0000004988 devstack@n-api-meta.service[95859]: DEBUG oslo_concurrency.lockutils [None req-9b0191ca-bda7-47c5-bfc6-40eee92bb8dc None None] Acquiring lock "00000000-0000-0000-0000-000000000000" by "nova.context.set_target_cell..get_or_set_cached_cell_and_set_connections" {{(pid=95859) inner /opt/stack/data/venv/lib/python3.12/site-packages/oslo_concurrency/lockutils.py:511}}
Jul 10 10:25:32.466707 np0000004988 devstack@n-api-meta.service[95859]: DEBUG oslo_concurrency.lockutils [None req-9b0191ca-bda7-47c5-bfc6-40eee92bb8dc None None] Lock "00000000-0000-0000-0000-000000000000" acquired by "nova.context.set_target_cell..get_or_set_cached_cell_and_set_connections" :: waited 0.000s {{(pid=95859) inner /opt/stack/data/venv/lib/python3.12/site-packages/oslo_concurrency/lockutils.py:524}}
Jul 10 10:25:32.467057 np0000004988 devstack@n-api-meta.service[95859]: DEBUG oslo_concurrency.lockutils [None req-9b0191ca-bda7-47c5-bfc6-40eee92bb8dc None None] Lock "00000000-0000-0000-0000-000000000000" "released" by "nova.context.set_target_cell..get_or_set_cached_cell_and_set_connections" :: held 0.000s {{(pid=95859) inner /opt/stack/data/venv/lib/python3.12/site-packages/oslo_concurrency/lockutils.py:543}}
Jul 10 10:25:32.467110 np0000004988 devstack@n-api-meta.service[95860]: DEBUG dbcounter [-] [95860] Writer thread running {{(pid=95860) stat_writer /opt/stack/data/venv/lib/python3.12/site-packages/dbcounter.py:102}}
Jul 10 10:25:32.467705 np0000004988 devstack@n-api-meta.service[95859]: DEBUG oslo_concurrency.lockutils [None req-9b0191ca-bda7-47c5-bfc6-40eee92bb8dc None None] Acquiring lock "91d632d2-642d-49ca-9868-4a0e97da95a3" by "nova.context.set_target_cell..get_or_set_cached_cell_and_set_connections" {{(pid=95859) inner /opt/stack/data/venv/lib/python3.12/site-packages/oslo_concurrency/lockutils.py:511}}
Jul 10 10:25:32.467901 np0000004988 devstack@n-api-meta.service[95859]: DEBUG oslo_concurrency.lockutils [None req-9b0191ca-bda7-47c5-bfc6-40eee92bb8dc None None] Lock "91d632d2-642d-49ca-9868-4a0e97da95a3" acquired by "nova.context.set_target_cell..get_or_set_cached_cell_and_set_connections" :: waited 0.000s {{(pid=95859) inner /opt/stack/data/venv/lib/python3.12/site-packages/oslo_concurrency/lockutils.py:524}}
Jul 10 10:25:32.469010 np0000004988 devstack@n-api-meta.service[95859]: DEBUG oslo_concurrency.lockutils [None req-9b0191ca-bda7-47c5-bfc6-40eee92bb8dc None None] Lock "91d632d2-642d-49ca-9868-4a0e97da95a3" "released" by "nova.context.set_target_cell..get_or_set_cached_cell_and_set_connections" :: held 0.001s {{(pid=95859) inner /opt/stack/data/venv/lib/python3.12/site-packages/oslo_concurrency/lockutils.py:543}}
Jul 10 10:25:32.471212 np0000004988 devstack@n-api-meta.service[95859]: INFO dbcounter [None req-9b0191ca-bda7-47c5-bfc6-40eee92bb8dc None None] Registered counter for database nova_cell0
Jul 10 10:25:32.472560 np0000004988 devstack@n-api-meta.service[95860]: DEBUG oslo_db.sqlalchemy.engines [None req-94893bc1-5bea-4a71-9808-f8237d9b4e34 None None] MySQL server mode set to STRICT_TRANS_TABLES,STRICT_ALL_TABLES,NO_ZERO_IN_DATE,NO_ZERO_DATE,ERROR_FOR_DIVISION_BY_ZERO,TRADITIONAL,NO_ENGINE_SUBSTITUTION {{(pid=95860) _check_effective_sql_mode /opt/stack/data/venv/lib/python3.12/site-packages/oslo_db/sqlalchemy/engines.py:325}}
Jul 10 10:25:32.474686 np0000004988 devstack@n-api-meta.service[95859]: INFO dbcounter [None req-9b0191ca-bda7-47c5-bfc6-40eee92bb8dc None None] Registered counter for database nova_cell1
Jul 10 10:25:32.475839 np0000004988 devstack@n-api-meta.service[95857]: DEBUG oslo_db.sqlalchemy.engines [None req-bcaff936-09b5-47c2-a07f-6b1a7c3afcfc None None] MySQL server mode set to STRICT_TRANS_TABLES,STRICT_ALL_TABLES,NO_ZERO_IN_DATE,NO_ZERO_DATE,ERROR_FOR_DIVISION_BY_ZERO,TRADITIONAL,NO_ENGINE_SUBSTITUTION {{(pid=95857) _check_effective_sql_mode /opt/stack/data/venv/lib/python3.12/site-packages/oslo_db/sqlalchemy/engines.py:325}}
Jul 10 10:25:32.481829 np0000004988 devstack@n-api-meta.service[95860]: DEBUG dbcounter [-] [95860] Writer thread running {{(pid=95860) stat_writer /opt/stack/data/venv/lib/python3.12/site-packages/dbcounter.py:102}}
Jul 10 10:25:32.481936 np0000004988 devstack@n-api-meta.service[95858]: DEBUG oslo_db.sqlalchemy.engines [None req-48605584-5b7b-4c35-a628-308c58922832 None None] MySQL server mode set to STRICT_TRANS_TABLES,STRICT_ALL_TABLES,NO_ZERO_IN_DATE,NO_ZERO_DATE,ERROR_FOR_DIVISION_BY_ZERO,TRADITIONAL,NO_ENGINE_SUBSTITUTION {{(pid=95858) _check_effective_sql_mode /opt/stack/data/venv/lib/python3.12/site-packages/oslo_db/sqlalchemy/engines.py:325}}
Jul 10 10:25:32.485712 np0000004988 devstack@n-api-meta.service[95858]: DEBUG oslo_db.sqlalchemy.engines [None req-48605584-5b7b-4c35-a628-308c58922832 None None] MySQL server mode set to STRICT_TRANS_TABLES,STRICT_ALL_TABLES,NO_ZERO_IN_DATE,NO_ZERO_DATE,ERROR_FOR_DIVISION_BY_ZERO,TRADITIONAL,NO_ENGINE_SUBSTITUTION {{(pid=95858) _check_effective_sql_mode /opt/stack/data/venv/lib/python3.12/site-packages/oslo_db/sqlalchemy/engines.py:325}}
Jul 10 10:25:32.489333 np0000004988 devstack@n-api-meta.service[95860]: INFO dbcounter [None req-94893bc1-5bea-4a71-9808-f8237d9b4e34 None None] Registered counter for database nova_cell0
Jul 10 10:25:32.521835 np0000004988 devstack@n-api-meta.service[95860]: DEBUG oslo_db.sqlalchemy.engines [None req-94893bc1-5bea-4a71-9808-f8237d9b4e34 None None] MySQL server mode set to STRICT_TRANS_TABLES,STRICT_ALL_TABLES,NO_ZERO_IN_DATE,NO_ZERO_DATE,ERROR_FOR_DIVISION_BY_ZERO,TRADITIONAL,NO_ENGINE_SUBSTITUTION {{(pid=95860) _check_effective_sql_mode /opt/stack/data/venv/lib/python3.12/site-packages/oslo_db/sqlalchemy/engines.py:325}}
Jul 10 10:25:32.529832 np0000004988 devstack@n-api-meta.service[95859]: DEBUG oslo_db.sqlalchemy.engines [None req-9b0191ca-bda7-47c5-bfc6-40eee92bb8dc None None] MySQL server mode set to STRICT_TRANS_TABLES,STRICT_ALL_TABLES,NO_ZERO_IN_DATE,NO_ZERO_DATE,ERROR_FOR_DIVISION_BY_ZERO,TRADITIONAL,NO_ENGINE_SUBSTITUTION {{(pid=95859) _check_effective_sql_mode /opt/stack/data/venv/lib/python3.12/site-packages/oslo_db/sqlalchemy/engines.py:325}}
Jul 10 10:25:32.529961 np0000004988 devstack@n-api-meta.service[95860]: DEBUG dbcounter [-] [95860] Writer thread running {{(pid=95860) stat_writer /opt/stack/data/venv/lib/python3.12/site-packages/dbcounter.py:102}}
Jul 10 10:25:32.533707 np0000004988 devstack@n-api-meta.service[95859]: DEBUG oslo_db.sqlalchemy.engines [None req-9b0191ca-bda7-47c5-bfc6-40eee92bb8dc None None] MySQL server mode set to STRICT_TRANS_TABLES,STRICT_ALL_TABLES,NO_ZERO_IN_DATE,NO_ZERO_DATE,ERROR_FOR_DIVISION_BY_ZERO,TRADITIONAL,NO_ENGINE_SUBSTITUTION {{(pid=95859) _check_effective_sql_mode /opt/stack/data/venv/lib/python3.12/site-packages/oslo_db/sqlalchemy/engines.py:325}}
Jul 10 10:25:32.548387 np0000004988 devstack@n-api-meta.service[95857]: DEBUG oslo_db.sqlalchemy.engines [None req-bcaff936-09b5-47c2-a07f-6b1a7c3afcfc None None] MySQL server mode set to STRICT_TRANS_TABLES,STRICT_ALL_TABLES,NO_ZERO_IN_DATE,NO_ZERO_DATE,ERROR_FOR_DIVISION_BY_ZERO,TRADITIONAL,NO_ENGINE_SUBSTITUTION {{(pid=95857) _check_effective_sql_mode /opt/stack/data/venv/lib/python3.12/site-packages/oslo_db/sqlalchemy/engines.py:325}}
Jul 10 10:25:32.563515 np0000004988 devstack@n-api-meta.service[95858]: DEBUG dbcounter [-] [95858] Writer thread running {{(pid=95858) stat_writer /opt/stack/data/venv/lib/python3.12/site-packages/dbcounter.py:102}}
Jul 10 10:25:32.566597 np0000004988 devstack@n-api-meta.service[95857]: DEBUG dbcounter [-] [95857] Writer thread running {{(pid=95857) stat_writer /opt/stack/data/venv/lib/python3.12/site-packages/dbcounter.py:102}}
Jul 10 10:25:32.567505 np0000004988 devstack@n-api-meta.service[95860]: WARNING nova.api.metadata.handler [None req-94893bc1-5bea-4a71-9808-f8237d9b4e34 None None] metadata_proxy_shared_secret is not configured, the metadata information returned by the proxy cannot be trusted
Jul 10 10:25:32.569355 np0000004988 devstack@n-api-meta.service[95858]: DEBUG dbcounter [-] [95858] Writer thread running {{(pid=95858) stat_writer /opt/stack/data/venv/lib/python3.12/site-packages/dbcounter.py:102}}
Jul 10 10:25:32.570196 np0000004988 devstack@n-api-meta.service[95860]: DEBUG nova.api.openstack.wsgi_app [None req-94893bc1-5bea-4a71-9808-f8237d9b4e34 None None] ******************************************************************************** {{(pid=95860) log_opt_values /opt/stack/data/venv/lib/python3.12/site-packages/oslo_config/cfg.py:3226}}
Jul 10 10:25:32.570303 np0000004988 devstack@n-api-meta.service[95860]: DEBUG nova.api.openstack.wsgi_app [None req-94893bc1-5bea-4a71-9808-f8237d9b4e34 None None] Configuration options gathered from: {{(pid=95860) log_opt_values /opt/stack/data/venv/lib/python3.12/site-packages/oslo_config/cfg.py:3227}}
Jul 10 10:25:32.570426 np0000004988 devstack@n-api-meta.service[95860]: DEBUG nova.api.openstack.wsgi_app [None req-94893bc1-5bea-4a71-9808-f8237d9b4e34 None None] command line args: [] {{(pid=95860) log_opt_values /opt/stack/data/venv/lib/python3.12/site-packages/oslo_config/cfg.py:3228}}
Jul 10 10:25:32.571212 np0000004988 devstack@n-api-meta.service[95860]: DEBUG nova.api.openstack.wsgi_app [None req-94893bc1-5bea-4a71-9808-f8237d9b4e34 None None] config files: ['/etc/nova/api-paste.ini', '/etc/nova/nova.conf'] {{(pid=95860) log_opt_values /opt/stack/data/venv/lib/python3.12/site-packages/oslo_config/cfg.py:3229}}
Jul 10 10:25:32.571212 np0000004988 devstack@n-api-meta.service[95860]: DEBUG nova.api.openstack.wsgi_app [None req-94893bc1-5bea-4a71-9808-f8237d9b4e34 None None] ================================================================================ {{(pid=95860) log_opt_values /opt/stack/data/venv/lib/python3.12/site-packages/oslo_config/cfg.py:3234}}
Jul 10 10:25:32.571212 np0000004988 devstack@n-api-meta.service[95860]: DEBUG nova.api.openstack.wsgi_app [None req-94893bc1-5bea-4a71-9808-f8237d9b4e34 None None] allow_resize_to_same_host = True {{(pid=95860) log_opt_values /opt/stack/data/venv/lib/python3.12/site-packages/oslo_config/cfg.py:3242}}
Jul 10 10:25:32.571212 np0000004988 devstack@n-api-meta.service[95860]: DEBUG nova.api.openstack.wsgi_app [None req-94893bc1-5bea-4a71-9808-f8237d9b4e34 None None] arq_binding_timeout = 300 {{(pid=95860) log_opt_values /opt/stack/data/venv/lib/python3.12/site-packages/oslo_config/cfg.py:3242}}
Jul 10 10:25:32.571212 np0000004988 devstack@n-api-meta.service[95860]: DEBUG nova.api.openstack.wsgi_app [None req-94893bc1-5bea-4a71-9808-f8237d9b4e34 None None] block_device_allocate_retries = 60 {{(pid=95860) log_opt_values /opt/stack/data/venv/lib/python3.12/site-packages/oslo_config/cfg.py:3242}}
Jul 10 10:25:32.571212 np0000004988 devstack@n-api-meta.service[95860]: DEBUG nova.api.openstack.wsgi_app [None req-94893bc1-5bea-4a71-9808-f8237d9b4e34 None None] block_device_allocate_retries_interval = 3 {{(pid=95860) log_opt_values /opt/stack/data/venv/lib/python3.12/site-packages/oslo_config/cfg.py:3242}}
Jul 10 10:25:32.571485 np0000004988 devstack@n-api-meta.service[95860]: DEBUG nova.api.openstack.wsgi_app [None req-94893bc1-5bea-4a71-9808-f8237d9b4e34 None None] cell_worker_thread_pool_size = 5 {{(pid=95860) log_opt_values /opt/stack/data/venv/lib/python3.12/site-packages/oslo_config/cfg.py:3242}}
Jul 10 10:25:32.571485 np0000004988 devstack@n-api-meta.service[95860]: DEBUG nova.api.openstack.wsgi_app [None req-94893bc1-5bea-4a71-9808-f8237d9b4e34 None None] cert = self.pem {{(pid=95860) log_opt_values /opt/stack/data/venv/lib/python3.12/site-packages/oslo_config/cfg.py:3242}}
Jul 10 10:25:32.571569 np0000004988 devstack@n-api-meta.service[95860]: DEBUG nova.api.openstack.wsgi_app [None req-94893bc1-5bea-4a71-9808-f8237d9b4e34 None None] compute_driver = libvirt.LibvirtDriver {{(pid=95860) log_opt_values /opt/stack/data/venv/lib/python3.12/site-packages/oslo_config/cfg.py:3242}}
Jul 10 10:25:32.571737 np0000004988 devstack@n-api-meta.service[95860]: DEBUG nova.api.openstack.wsgi_app [None req-94893bc1-5bea-4a71-9808-f8237d9b4e34 None None] compute_monitors = [] {{(pid=95860) log_opt_values /opt/stack/data/venv/lib/python3.12/site-packages/oslo_config/cfg.py:3242}}
Jul 10 10:25:32.571902 np0000004988 devstack@n-api-meta.service[95860]: DEBUG nova.api.openstack.wsgi_app [None req-94893bc1-5bea-4a71-9808-f8237d9b4e34 None None] concurrency_backend = auto {{(pid=95860) log_opt_values /opt/stack/data/venv/lib/python3.12/site-packages/oslo_config/cfg.py:3242}}
Jul 10 10:25:32.572093 np0000004988 devstack@n-api-meta.service[95860]: DEBUG nova.api.openstack.wsgi_app [None req-94893bc1-5bea-4a71-9808-f8237d9b4e34 None None] config_dir = [] {{(pid=95860) log_opt_values /opt/stack/data/venv/lib/python3.12/site-packages/oslo_config/cfg.py:3242}}
Jul 10 10:25:32.572269 np0000004988 devstack@n-api-meta.service[95860]: DEBUG nova.api.openstack.wsgi_app [None req-94893bc1-5bea-4a71-9808-f8237d9b4e34 None None] config_drive_format = iso9660 {{(pid=95860) log_opt_values /opt/stack/data/venv/lib/python3.12/site-packages/oslo_config/cfg.py:3242}}
Jul 10 10:25:32.572431 np0000004988 devstack@n-api-meta.service[95860]: DEBUG nova.api.openstack.wsgi_app [None req-94893bc1-5bea-4a71-9808-f8237d9b4e34 None None] config_file = ['/etc/nova/api-paste.ini', '/etc/nova/nova.conf'] {{(pid=95860) log_opt_values /opt/stack/data/venv/lib/python3.12/site-packages/oslo_config/cfg.py:3242}}
Jul 10 10:25:32.572505 np0000004988 devstack@n-api-meta.service[95857]: DEBUG dbcounter [-] [95857] Writer thread running {{(pid=95857) stat_writer /opt/stack/data/venv/lib/python3.12/site-packages/dbcounter.py:102}}
Jul 10 10:25:32.572613 np0000004988 devstack@n-api-meta.service[95860]: DEBUG nova.api.openstack.wsgi_app [None req-94893bc1-5bea-4a71-9808-f8237d9b4e34 None None] config_source = [] {{(pid=95860) log_opt_values /opt/stack/data/venv/lib/python3.12/site-packages/oslo_config/cfg.py:3242}}
Jul 10 10:25:32.572755 np0000004988 devstack@n-api-meta.service[95860]: DEBUG nova.api.openstack.wsgi_app [None req-94893bc1-5bea-4a71-9808-f8237d9b4e34 None None] console_host = np0000004988 {{(pid=95860) log_opt_values /opt/stack/data/venv/lib/python3.12/site-packages/oslo_config/cfg.py:3242}}
Jul 10 10:25:32.572875 np0000004988 devstack@n-api-meta.service[95860]: DEBUG nova.api.openstack.wsgi_app [None req-94893bc1-5bea-4a71-9808-f8237d9b4e34 None None] control_exchange = nova {{(pid=95860) log_opt_values /opt/stack/data/venv/lib/python3.12/site-packages/oslo_config/cfg.py:3242}}
Jul 10 10:25:32.573001 np0000004988 devstack@n-api-meta.service[95860]: DEBUG nova.api.openstack.wsgi_app [None req-94893bc1-5bea-4a71-9808-f8237d9b4e34 None None] cpu_allocation_ratio = None {{(pid=95860) log_opt_values /opt/stack/data/venv/lib/python3.12/site-packages/oslo_config/cfg.py:3242}}
Jul 10 10:25:32.573123 np0000004988 devstack@n-api-meta.service[95860]: DEBUG nova.api.openstack.wsgi_app [None req-94893bc1-5bea-4a71-9808-f8237d9b4e34 None None] daemon = False {{(pid=95860) log_opt_values /opt/stack/data/venv/lib/python3.12/site-packages/oslo_config/cfg.py:3242}}
Jul 10 10:25:32.573242 np0000004988 devstack@n-api-meta.service[95860]: DEBUG nova.api.openstack.wsgi_app [None req-94893bc1-5bea-4a71-9808-f8237d9b4e34 None None] debug = True {{(pid=95860) log_opt_values /opt/stack/data/venv/lib/python3.12/site-packages/oslo_config/cfg.py:3242}}
Jul 10 10:25:32.573305 np0000004988 devstack@n-api-meta.service[95858]: INFO dbcounter [None req-48605584-5b7b-4c35-a628-308c58922832 None None] Registered counter for database nova_cell0
Jul 10 10:25:32.573347 np0000004988 devstack@n-api-meta.service[95860]: DEBUG nova.api.openstack.wsgi_app [None req-94893bc1-5bea-4a71-9808-f8237d9b4e34 None None] default_access_ip_network_name = None {{(pid=95860) log_opt_values /opt/stack/data/venv/lib/python3.12/site-packages/oslo_config/cfg.py:3242}}
Jul 10 10:25:32.573471 np0000004988 devstack@n-api-meta.service[95860]: DEBUG nova.api.openstack.wsgi_app [None req-94893bc1-5bea-4a71-9808-f8237d9b4e34 None None] default_availability_zone = nova {{(pid=95860) log_opt_values /opt/stack/data/venv/lib/python3.12/site-packages/oslo_config/cfg.py:3242}}
Jul 10 10:25:32.573593 np0000004988 devstack@n-api-meta.service[95860]: DEBUG nova.api.openstack.wsgi_app [None req-94893bc1-5bea-4a71-9808-f8237d9b4e34 None None] default_ephemeral_format = ext4 {{(pid=95860) log_opt_values /opt/stack/data/venv/lib/python3.12/site-packages/oslo_config/cfg.py:3242}}
Jul 10 10:25:32.573731 np0000004988 devstack@n-api-meta.service[95860]: DEBUG nova.api.openstack.wsgi_app [None req-94893bc1-5bea-4a71-9808-f8237d9b4e34 None None] default_green_pool_size = 1000 {{(pid=95860) log_opt_values /opt/stack/data/venv/lib/python3.12/site-packages/oslo_config/cfg.py:3242}}
Jul 10 10:25:32.573910 np0000004988 devstack@n-api-meta.service[95860]: DEBUG nova.api.openstack.wsgi_app [None req-94893bc1-5bea-4a71-9808-f8237d9b4e34 None None] default_log_levels = ['amqp=WARN', 'boto=WARN', 'sqlalchemy=WARN', 'suds=INFO', 'oslo.messaging=INFO', 'oslo_messaging=INFO', 'iso8601=WARN', 'requests.packages.urllib3.connectionpool=WARN', 'urllib3.connectionpool=WARN', 'websocket=WARN', 'requests.packages.urllib3.util.retry=WARN', 'urllib3.util.retry=WARN', 'keystonemiddleware=WARN', 'routes.middleware=WARN', 'stevedore=WARN', 'taskflow=WARN', 'keystoneauth=WARN', 'oslo.cache=INFO', 'oslo_policy=INFO', 'dogpile.core.dogpile=INFO', 'glanceclient=WARN', 'oslo.privsep.daemon=INFO'] {{(pid=95860) log_opt_values /opt/stack/data/venv/lib/python3.12/site-packages/oslo_config/cfg.py:3242}}
Jul 10 10:25:32.574062 np0000004988 devstack@n-api-meta.service[95860]: DEBUG nova.api.openstack.wsgi_app [None req-94893bc1-5bea-4a71-9808-f8237d9b4e34 None None] default_schedule_zone = None {{(pid=95860) log_opt_values /opt/stack/data/venv/lib/python3.12/site-packages/oslo_config/cfg.py:3242}}
Jul 10 10:25:32.574223 np0000004988 devstack@n-api-meta.service[95860]: DEBUG nova.api.openstack.wsgi_app [None req-94893bc1-5bea-4a71-9808-f8237d9b4e34 None None] default_thread_pool_size = 10 {{(pid=95860) log_opt_values /opt/stack/data/venv/lib/python3.12/site-packages/oslo_config/cfg.py:3242}}
Jul 10 10:25:32.574470 np0000004988 devstack@n-api-meta.service[95860]: DEBUG nova.api.openstack.wsgi_app [None req-94893bc1-5bea-4a71-9808-f8237d9b4e34 None None] disk_allocation_ratio = None {{(pid=95860) log_opt_values /opt/stack/data/venv/lib/python3.12/site-packages/oslo_config/cfg.py:3242}}
Jul 10 10:25:32.574642 np0000004988 devstack@n-api-meta.service[95860]: DEBUG nova.api.openstack.wsgi_app [None req-94893bc1-5bea-4a71-9808-f8237d9b4e34 None None] enable_new_services = True {{(pid=95860) log_opt_values /opt/stack/data/venv/lib/python3.12/site-packages/oslo_config/cfg.py:3242}}
Jul 10 10:25:32.574816 np0000004988 devstack@n-api-meta.service[95860]: DEBUG nova.api.openstack.wsgi_app [None req-94893bc1-5bea-4a71-9808-f8237d9b4e34 None None] flat_injected = False {{(pid=95860) log_opt_values /opt/stack/data/venv/lib/python3.12/site-packages/oslo_config/cfg.py:3242}}
Jul 10 10:25:32.575009 np0000004988 devstack@n-api-meta.service[95860]: DEBUG nova.api.openstack.wsgi_app [None req-94893bc1-5bea-4a71-9808-f8237d9b4e34 None None] force_config_drive = True {{(pid=95860) log_opt_values /opt/stack/data/venv/lib/python3.12/site-packages/oslo_config/cfg.py:3242}}
Jul 10 10:25:32.575173 np0000004988 devstack@n-api-meta.service[95860]: DEBUG nova.api.openstack.wsgi_app [None req-94893bc1-5bea-4a71-9808-f8237d9b4e34 None None] force_raw_images = True {{(pid=95860) log_opt_values /opt/stack/data/venv/lib/python3.12/site-packages/oslo_config/cfg.py:3242}}
Jul 10 10:25:32.575349 np0000004988 devstack@n-api-meta.service[95860]: DEBUG nova.api.openstack.wsgi_app [None req-94893bc1-5bea-4a71-9808-f8237d9b4e34 None None] graceful_shutdown_timeout = 5 {{(pid=95860) log_opt_values /opt/stack/data/venv/lib/python3.12/site-packages/oslo_config/cfg.py:3242}}
Jul 10 10:25:32.575524 np0000004988 devstack@n-api-meta.service[95860]: DEBUG nova.api.openstack.wsgi_app [None req-94893bc1-5bea-4a71-9808-f8237d9b4e34 None None] heal_instance_info_cache_interval = -1 {{(pid=95860) log_opt_values /opt/stack/data/venv/lib/python3.12/site-packages/oslo_config/cfg.py:3242}}
Jul 10 10:25:32.575757 np0000004988 devstack@n-api-meta.service[95860]: DEBUG nova.api.openstack.wsgi_app [None req-94893bc1-5bea-4a71-9808-f8237d9b4e34 None None] host = np0000004988 {{(pid=95860) log_opt_values /opt/stack/data/venv/lib/python3.12/site-packages/oslo_config/cfg.py:3242}}
Jul 10 10:25:32.575938 np0000004988 devstack@n-api-meta.service[95860]: DEBUG nova.api.openstack.wsgi_app [None req-94893bc1-5bea-4a71-9808-f8237d9b4e34 None None] initial_cpu_allocation_ratio = 4.0 {{(pid=95860) log_opt_values /opt/stack/data/venv/lib/python3.12/site-packages/oslo_config/cfg.py:3242}}
Jul 10 10:25:32.576104 np0000004988 devstack@n-api-meta.service[95860]: DEBUG nova.api.openstack.wsgi_app [None req-94893bc1-5bea-4a71-9808-f8237d9b4e34 None None] initial_disk_allocation_ratio = 1.0 {{(pid=95860) log_opt_values /opt/stack/data/venv/lib/python3.12/site-packages/oslo_config/cfg.py:3242}}
Jul 10 10:25:32.576220 np0000004988 devstack@n-api-meta.service[95860]: DEBUG nova.api.openstack.wsgi_app [None req-94893bc1-5bea-4a71-9808-f8237d9b4e34 None None] initial_ram_allocation_ratio = 1.0 {{(pid=95860) log_opt_values /opt/stack/data/venv/lib/python3.12/site-packages/oslo_config/cfg.py:3242}}
Jul 10 10:25:32.576324 np0000004988 devstack@n-api-meta.service[95857]: INFO dbcounter [None req-bcaff936-09b5-47c2-a07f-6b1a7c3afcfc None None] Registered counter for database nova_cell0
Jul 10 10:25:32.576387 np0000004988 devstack@n-api-meta.service[95860]: DEBUG nova.api.openstack.wsgi_app [None req-94893bc1-5bea-4a71-9808-f8237d9b4e34 None None] injected_network_template = /opt/stack/nova/nova/virt/interfaces.template {{(pid=95860) log_opt_values /opt/stack/data/venv/lib/python3.12/site-packages/oslo_config/cfg.py:3242}}
Jul 10 10:25:32.576503 np0000004988 devstack@n-api-meta.service[95860]: DEBUG nova.api.openstack.wsgi_app [None req-94893bc1-5bea-4a71-9808-f8237d9b4e34 None None] instance_build_timeout = 0 {{(pid=95860) log_opt_values /opt/stack/data/venv/lib/python3.12/site-packages/oslo_config/cfg.py:3242}}
Jul 10 10:25:32.576617 np0000004988 devstack@n-api-meta.service[95860]: DEBUG nova.api.openstack.wsgi_app [None req-94893bc1-5bea-4a71-9808-f8237d9b4e34 None None] instance_delete_interval = 300 {{(pid=95860) log_opt_values /opt/stack/data/venv/lib/python3.12/site-packages/oslo_config/cfg.py:3242}}
Jul 10 10:25:32.576733 np0000004988 devstack@n-api-meta.service[95860]: DEBUG nova.api.openstack.wsgi_app [None req-94893bc1-5bea-4a71-9808-f8237d9b4e34 None None] instance_format = [instance: %(uuid)s] {{(pid=95860) log_opt_values /opt/stack/data/venv/lib/python3.12/site-packages/oslo_config/cfg.py:3242}}
Jul 10 10:25:32.576846 np0000004988 devstack@n-api-meta.service[95860]: DEBUG nova.api.openstack.wsgi_app [None req-94893bc1-5bea-4a71-9808-f8237d9b4e34 None None] instance_name_template = instance-%08x {{(pid=95860) log_opt_values /opt/stack/data/venv/lib/python3.12/site-packages/oslo_config/cfg.py:3242}}
Jul 10 10:25:32.576957 np0000004988 devstack@n-api-meta.service[95860]: DEBUG nova.api.openstack.wsgi_app [None req-94893bc1-5bea-4a71-9808-f8237d9b4e34 None None] instance_usage_audit = False {{(pid=95860) log_opt_values /opt/stack/data/venv/lib/python3.12/site-packages/oslo_config/cfg.py:3242}}
Jul 10 10:25:32.577095 np0000004988 devstack@n-api-meta.service[95860]: DEBUG nova.api.openstack.wsgi_app [None req-94893bc1-5bea-4a71-9808-f8237d9b4e34 None None] instance_usage_audit_period = month {{(pid=95860) log_opt_values /opt/stack/data/venv/lib/python3.12/site-packages/oslo_config/cfg.py:3242}}
Jul 10 10:25:32.577210 np0000004988 devstack@n-api-meta.service[95860]: DEBUG nova.api.openstack.wsgi_app [None req-94893bc1-5bea-4a71-9808-f8237d9b4e34 None None] instance_uuid_format = [instance: %(uuid)s] {{(pid=95860) log_opt_values /opt/stack/data/venv/lib/python3.12/site-packages/oslo_config/cfg.py:3242}}
Jul 10 10:25:32.577366 np0000004988 devstack@n-api-meta.service[95860]: DEBUG nova.api.openstack.wsgi_app [None req-94893bc1-5bea-4a71-9808-f8237d9b4e34 None None] instances_path = /opt/stack/data/nova/instances {{(pid=95860) log_opt_values /opt/stack/data/venv/lib/python3.12/site-packages/oslo_config/cfg.py:3242}}
Jul 10 10:25:32.577490 np0000004988 devstack@n-api-meta.service[95860]: DEBUG nova.api.openstack.wsgi_app [None req-94893bc1-5bea-4a71-9808-f8237d9b4e34 None None] internal_service_availability_zone = internal {{(pid=95860) log_opt_values /opt/stack/data/venv/lib/python3.12/site-packages/oslo_config/cfg.py:3242}}
Jul 10 10:25:32.577596 np0000004988 devstack@n-api-meta.service[95860]: DEBUG nova.api.openstack.wsgi_app [None req-94893bc1-5bea-4a71-9808-f8237d9b4e34 None None] key = None {{(pid=95860) log_opt_values /opt/stack/data/venv/lib/python3.12/site-packages/oslo_config/cfg.py:3242}}
Jul 10 10:25:32.577706 np0000004988 devstack@n-api-meta.service[95860]: DEBUG nova.api.openstack.wsgi_app [None req-94893bc1-5bea-4a71-9808-f8237d9b4e34 None None] live_migration_retry_count = 30 {{(pid=95860) log_opt_values /opt/stack/data/venv/lib/python3.12/site-packages/oslo_config/cfg.py:3242}}
Jul 10 10:25:32.577821 np0000004988 devstack@n-api-meta.service[95860]: DEBUG nova.api.openstack.wsgi_app [None req-94893bc1-5bea-4a71-9808-f8237d9b4e34 None None] log_color = False {{(pid=95860) log_opt_values /opt/stack/data/venv/lib/python3.12/site-packages/oslo_config/cfg.py:3242}}
Jul 10 10:25:32.577934 np0000004988 devstack@n-api-meta.service[95860]: DEBUG nova.api.openstack.wsgi_app [None req-94893bc1-5bea-4a71-9808-f8237d9b4e34 None None] log_config_append = None {{(pid=95860) log_opt_values /opt/stack/data/venv/lib/python3.12/site-packages/oslo_config/cfg.py:3242}}
Jul 10 10:25:32.578071 np0000004988 devstack@n-api-meta.service[95860]: DEBUG nova.api.openstack.wsgi_app [None req-94893bc1-5bea-4a71-9808-f8237d9b4e34 None None] log_date_format = %Y-%m-%d %H:%M:%S {{(pid=95860) log_opt_values /opt/stack/data/venv/lib/python3.12/site-packages/oslo_config/cfg.py:3242}}
Jul 10 10:25:32.578207 np0000004988 devstack@n-api-meta.service[95860]: DEBUG nova.api.openstack.wsgi_app [None req-94893bc1-5bea-4a71-9808-f8237d9b4e34 None None] log_dir = None {{(pid=95860) log_opt_values /opt/stack/data/venv/lib/python3.12/site-packages/oslo_config/cfg.py:3242}}
Jul 10 10:25:32.578320 np0000004988 devstack@n-api-meta.service[95860]: DEBUG nova.api.openstack.wsgi_app [None req-94893bc1-5bea-4a71-9808-f8237d9b4e34 None None] log_file = None {{(pid=95860) log_opt_values /opt/stack/data/venv/lib/python3.12/site-packages/oslo_config/cfg.py:3242}}
Jul 10 10:25:32.578421 np0000004988 devstack@n-api-meta.service[95860]: DEBUG nova.api.openstack.wsgi_app [None req-94893bc1-5bea-4a71-9808-f8237d9b4e34 None None] log_options = True {{(pid=95860) log_opt_values /opt/stack/data/venv/lib/python3.12/site-packages/oslo_config/cfg.py:3242}}
Jul 10 10:25:32.578577 np0000004988 devstack@n-api-meta.service[95860]: DEBUG nova.api.openstack.wsgi_app [None req-94893bc1-5bea-4a71-9808-f8237d9b4e34 None None] log_rotate_interval = 1 {{(pid=95860) log_opt_values /opt/stack/data/venv/lib/python3.12/site-packages/oslo_config/cfg.py:3242}}
Jul 10 10:25:32.578649 np0000004988 devstack@n-api-meta.service[95860]: DEBUG nova.api.openstack.wsgi_app [None req-94893bc1-5bea-4a71-9808-f8237d9b4e34 None None] log_rotate_interval_type = days {{(pid=95860) log_opt_values /opt/stack/data/venv/lib/python3.12/site-packages/oslo_config/cfg.py:3242}}
Jul 10 10:25:32.578763 np0000004988 devstack@n-api-meta.service[95860]: DEBUG nova.api.openstack.wsgi_app [None req-94893bc1-5bea-4a71-9808-f8237d9b4e34 None None] log_rotation_type = none {{(pid=95860) log_opt_values /opt/stack/data/venv/lib/python3.12/site-packages/oslo_config/cfg.py:3242}}
Jul 10 10:25:32.578860 np0000004988 devstack@n-api-meta.service[95860]: DEBUG nova.api.openstack.wsgi_app [None req-94893bc1-5bea-4a71-9808-f8237d9b4e34 None None] logging_context_format_string = %(color)s%(levelname)s %(name)s [%(global_request_id)s %(request_id)s %(project_name)s %(user_name)s%(color)s] %(instance)s%(color)s%(message)s {{(pid=95860) log_opt_values /opt/stack/data/venv/lib/python3.12/site-packages/oslo_config/cfg.py:3242}}
Jul 10 10:25:32.578947 np0000004988 devstack@n-api-meta.service[95860]: DEBUG nova.api.openstack.wsgi_app [None req-94893bc1-5bea-4a71-9808-f8237d9b4e34 None None] logging_debug_format_suffix = {{(pid=%(process)d) %(funcName)s %(pathname)s:%(lineno)d}} {{(pid=95860) log_opt_values /opt/stack/data/venv/lib/python3.12/site-packages/oslo_config/cfg.py:3242}}
Jul 10 10:25:32.579083 np0000004988 devstack@n-api-meta.service[95860]: DEBUG nova.api.openstack.wsgi_app [None req-94893bc1-5bea-4a71-9808-f8237d9b4e34 None None] logging_default_format_string = %(color)s%(levelname)s %(name)s [-%(color)s] %(instance)s%(color)s%(message)s {{(pid=95860) log_opt_values /opt/stack/data/venv/lib/python3.12/site-packages/oslo_config/cfg.py:3242}}
Jul 10 10:25:32.579197 np0000004988 devstack@n-api-meta.service[95860]: DEBUG nova.api.openstack.wsgi_app [None req-94893bc1-5bea-4a71-9808-f8237d9b4e34 None None] logging_exception_prefix = ERROR %(name)s %(instance)s {{(pid=95860) log_opt_values /opt/stack/data/venv/lib/python3.12/site-packages/oslo_config/cfg.py:3242}}
Jul 10 10:25:32.579282 np0000004988 devstack@n-api-meta.service[95860]: DEBUG nova.api.openstack.wsgi_app [None req-94893bc1-5bea-4a71-9808-f8237d9b4e34 None None] logging_user_identity_format = %(user)s %(project)s %(domain)s %(system_scope)s %(user_domain)s %(project_domain)s {{(pid=95860) log_opt_values /opt/stack/data/venv/lib/python3.12/site-packages/oslo_config/cfg.py:3242}}
Jul 10 10:25:32.579412 np0000004988 devstack@n-api-meta.service[95860]: DEBUG nova.api.openstack.wsgi_app [None req-94893bc1-5bea-4a71-9808-f8237d9b4e34 None None] long_rpc_timeout = 1800 {{(pid=95860) log_opt_values /opt/stack/data/venv/lib/python3.12/site-packages/oslo_config/cfg.py:3242}}
Jul 10 10:25:32.579523 np0000004988 devstack@n-api-meta.service[95860]: DEBUG nova.api.openstack.wsgi_app [None req-94893bc1-5bea-4a71-9808-f8237d9b4e34 None None] manager_shutdown_timeout = 160 {{(pid=95860) log_opt_values /opt/stack/data/venv/lib/python3.12/site-packages/oslo_config/cfg.py:3242}}
Jul 10 10:25:32.579633 np0000004988 devstack@n-api-meta.service[95860]: DEBUG nova.api.openstack.wsgi_app [None req-94893bc1-5bea-4a71-9808-f8237d9b4e34 None None] max_concurrent_builds = 10 {{(pid=95860) log_opt_values /opt/stack/data/venv/lib/python3.12/site-packages/oslo_config/cfg.py:3242}}
Jul 10 10:25:32.579740 np0000004988 devstack@n-api-meta.service[95860]: DEBUG nova.api.openstack.wsgi_app [None req-94893bc1-5bea-4a71-9808-f8237d9b4e34 None None] max_concurrent_live_migrations = 1 {{(pid=95860) log_opt_values /opt/stack/data/venv/lib/python3.12/site-packages/oslo_config/cfg.py:3242}}
