Jul 10 10:25:32.124608 np0000004988 nova-scheduler[96441]: DEBUG cotyledon.oslo_config_glue [-] wsgi.api_paste_config = /etc/nova/api-paste.ini {{(pid=96441) log_opt_values /opt/stack/data/venv/lib/python3.12/site-packages/oslo_config/cfg.py:3253}}
Jul 10 10:25:32.124608 np0000004988 nova-scheduler[96441]: DEBUG cotyledon.oslo_config_glue [-] wsgi.secure_proxy_ssl_header = None {{(pid=96441) log_opt_values /opt/stack/data/venv/lib/python3.12/site-packages/oslo_config/cfg.py:3253}}
Jul 10 10:25:32.124608 np0000004988 nova-scheduler[96441]: DEBUG cotyledon.oslo_config_glue [-] zvm.ca_file = None {{(pid=96441) log_opt_values /opt/stack/data/venv/lib/python3.12/site-packages/oslo_config/cfg.py:3253}}
Jul 10 10:25:32.124608 np0000004988 nova-scheduler[96441]: DEBUG cotyledon.oslo_config_glue [-] zvm.cloud_connector_url = None {{(pid=96441) log_opt_values /opt/stack/data/venv/lib/python3.12/site-packages/oslo_config/cfg.py:3253}}
Jul 10 10:25:32.124774 np0000004988 nova-scheduler[96441]: DEBUG cotyledon.oslo_config_glue [-] zvm.image_tmp_path = /opt/stack/data/nova/images {{(pid=96441) log_opt_values /opt/stack/data/venv/lib/python3.12/site-packages/oslo_config/cfg.py:3253}}
Jul 10 10:25:32.124774 np0000004988 nova-scheduler[96441]: DEBUG cotyledon.oslo_config_glue [-] zvm.reachable_timeout = 300 {{(pid=96441) log_opt_values /opt/stack/data/venv/lib/python3.12/site-packages/oslo_config/cfg.py:3253}}
Jul 10 10:25:32.124774 np0000004988 nova-scheduler[96441]: DEBUG cotyledon.oslo_config_glue [-] oslo_versionedobjects.fatal_exception_format_errors = False {{(pid=96441) log_opt_values /opt/stack/data/venv/lib/python3.12/site-packages/oslo_config/cfg.py:3253}}
Jul 10 10:25:32.124774 np0000004988 nova-scheduler[96441]: DEBUG cotyledon.oslo_config_glue [-] oslo_middleware.http_basic_auth_user_file = /etc/htpasswd {{(pid=96441) log_opt_values /opt/stack/data/venv/lib/python3.12/site-packages/oslo_config/cfg.py:3253}}
Jul 10 10:25:32.124774 np0000004988 nova-scheduler[96441]: DEBUG cotyledon.oslo_config_glue [-] oslo_messaging_metrics.metrics_buffer_size = 1000 {{(pid=96441) log_opt_values /opt/stack/data/venv/lib/python3.12/site-packages/oslo_config/cfg.py:3253}}
Jul 10 10:25:32.124774 np0000004988 nova-scheduler[96441]: DEBUG cotyledon.oslo_config_glue [-] oslo_messaging_metrics.metrics_enabled = False {{(pid=96441) log_opt_values /opt/stack/data/venv/lib/python3.12/site-packages/oslo_config/cfg.py:3253}}
Jul 10 10:25:32.124774 np0000004988 nova-scheduler[96441]: DEBUG cotyledon.oslo_config_glue [-] oslo_messaging_metrics.metrics_process_name = {{(pid=96441) log_opt_values /opt/stack/data/venv/lib/python3.12/site-packages/oslo_config/cfg.py:3253}}
Jul 10 10:25:32.124774 np0000004988 nova-scheduler[96441]: DEBUG cotyledon.oslo_config_glue [-] oslo_messaging_metrics.metrics_socket_file = /var/tmp/metrics_collector.sock {{(pid=96441) log_opt_values /opt/stack/data/venv/lib/python3.12/site-packages/oslo_config/cfg.py:3253}}
Jul 10 10:25:32.124943 np0000004988 nova-scheduler[96441]: DEBUG cotyledon.oslo_config_glue [-] oslo_messaging_metrics.metrics_thread_stop_timeout = 10 {{(pid=96441) log_opt_values /opt/stack/data/venv/lib/python3.12/site-packages/oslo_config/cfg.py:3253}}
Jul 10 10:25:32.124943 np0000004988 nova-scheduler[96441]: DEBUG cotyledon.oslo_config_glue [-] profiler.connection_string = messaging:// {{(pid=96441) log_opt_values /opt/stack/data/venv/lib/python3.12/site-packages/oslo_config/cfg.py:3253}}
Jul 10 10:25:32.124943 np0000004988 nova-scheduler[96441]: DEBUG cotyledon.oslo_config_glue [-] profiler.enabled = False {{(pid=96441) log_opt_values /opt/stack/data/venv/lib/python3.12/site-packages/oslo_config/cfg.py:3253}}
Jul 10 10:25:32.124943 np0000004988 nova-scheduler[96441]: DEBUG cotyledon.oslo_config_glue [-] profiler.es_doc_type = notification {{(pid=96441) log_opt_values /opt/stack/data/venv/lib/python3.12/site-packages/oslo_config/cfg.py:3253}}
Jul 10 10:25:32.124943 np0000004988 nova-scheduler[96441]: DEBUG cotyledon.oslo_config_glue [-] profiler.es_scroll_size = 10000 {{(pid=96441) log_opt_values /opt/stack/data/venv/lib/python3.12/site-packages/oslo_config/cfg.py:3253}}
Jul 10 10:25:32.124943 np0000004988 nova-scheduler[96441]: DEBUG cotyledon.oslo_config_glue [-] profiler.es_scroll_time = 2m {{(pid=96441) log_opt_values /opt/stack/data/venv/lib/python3.12/site-packages/oslo_config/cfg.py:3253}}
Jul 10 10:25:32.124943 np0000004988 nova-scheduler[96441]: DEBUG cotyledon.oslo_config_glue [-] profiler.filter_error_trace = False {{(pid=96441) log_opt_values /opt/stack/data/venv/lib/python3.12/site-packages/oslo_config/cfg.py:3253}}
Jul 10 10:25:32.124943 np0000004988 nova-scheduler[96441]: DEBUG cotyledon.oslo_config_glue [-] profiler.hmac_keys = **** {{(pid=96441) log_opt_values /opt/stack/data/venv/lib/python3.12/site-packages/oslo_config/cfg.py:3253}}
Jul 10 10:25:32.124943 np0000004988 nova-scheduler[96441]: DEBUG cotyledon.oslo_config_glue [-] profiler.sentinel_service_name = mymaster {{(pid=96441) log_opt_values /opt/stack/data/venv/lib/python3.12/site-packages/oslo_config/cfg.py:3253}}
Jul 10 10:25:32.125132 np0000004988 nova-scheduler[96441]: DEBUG cotyledon.oslo_config_glue [-] profiler.socket_timeout = 0.1 {{(pid=96441) log_opt_values /opt/stack/data/venv/lib/python3.12/site-packages/oslo_config/cfg.py:3253}}
Jul 10 10:25:32.125132 np0000004988 nova-scheduler[96441]: DEBUG cotyledon.oslo_config_glue [-] profiler.trace_requests = False {{(pid=96441) log_opt_values /opt/stack/data/venv/lib/python3.12/site-packages/oslo_config/cfg.py:3253}}
Jul 10 10:25:32.125132 np0000004988 nova-scheduler[96441]: DEBUG cotyledon.oslo_config_glue [-] profiler.trace_sqlalchemy = False {{(pid=96441) log_opt_values /opt/stack/data/venv/lib/python3.12/site-packages/oslo_config/cfg.py:3253}}
Jul 10 10:25:32.125132 np0000004988 nova-scheduler[96441]: DEBUG cotyledon.oslo_config_glue [-] profiler_jaeger.process_tags = {} {{(pid=96441) log_opt_values /opt/stack/data/venv/lib/python3.12/site-packages/oslo_config/cfg.py:3253}}
Jul 10 10:25:32.125132 np0000004988 nova-scheduler[96441]: DEBUG cotyledon.oslo_config_glue [-] profiler_jaeger.service_name_prefix = None {{(pid=96441) log_opt_values /opt/stack/data/venv/lib/python3.12/site-packages/oslo_config/cfg.py:3253}}
Jul 10 10:25:32.125132 np0000004988 nova-scheduler[96441]: DEBUG cotyledon.oslo_config_glue [-] profiler_otlp.service_name_prefix = None {{(pid=96441) log_opt_values /opt/stack/data/venv/lib/python3.12/site-packages/oslo_config/cfg.py:3253}}
Jul 10 10:25:32.125132 np0000004988 nova-scheduler[96441]: DEBUG cotyledon.oslo_config_glue [-] oslo_messaging_rabbit.amqp_auto_delete = False {{(pid=96441) log_opt_values /opt/stack/data/venv/lib/python3.12/site-packages/oslo_config/cfg.py:3253}}
Jul 10 10:25:32.125132 np0000004988 nova-scheduler[96441]: DEBUG cotyledon.oslo_config_glue [-] oslo_messaging_rabbit.amqp_durable_queues = False {{(pid=96441) log_opt_values /opt/stack/data/venv/lib/python3.12/site-packages/oslo_config/cfg.py:3253}}
Jul 10 10:25:32.125132 np0000004988 nova-scheduler[96441]: DEBUG cotyledon.oslo_config_glue [-] oslo_messaging_rabbit.conn_pool_min_size = 2 {{(pid=96441) log_opt_values /opt/stack/data/venv/lib/python3.12/site-packages/oslo_config/cfg.py:3253}}
Jul 10 10:25:32.125292 np0000004988 nova-scheduler[96441]: DEBUG cotyledon.oslo_config_glue [-] oslo_messaging_rabbit.conn_pool_ttl = 1200 {{(pid=96441) log_opt_values /opt/stack/data/venv/lib/python3.12/site-packages/oslo_config/cfg.py:3253}}
Jul 10 10:25:32.125292 np0000004988 nova-scheduler[96441]: DEBUG cotyledon.oslo_config_glue [-] oslo_messaging_rabbit.direct_mandatory_flag = True {{(pid=96441) log_opt_values /opt/stack/data/venv/lib/python3.12/site-packages/oslo_config/cfg.py:3253}}
Jul 10 10:25:32.125292 np0000004988 nova-scheduler[96441]: DEBUG cotyledon.oslo_config_glue [-] oslo_messaging_rabbit.enable_cancel_on_failover = False {{(pid=96441) log_opt_values /opt/stack/data/venv/lib/python3.12/site-packages/oslo_config/cfg.py:3253}}
Jul 10 10:25:32.125292 np0000004988 nova-scheduler[96441]: DEBUG cotyledon.oslo_config_glue [-] oslo_messaging_rabbit.heartbeat_rate = 3 {{(pid=96441) log_opt_values /opt/stack/data/venv/lib/python3.12/site-packages/oslo_config/cfg.py:3253}}
Jul 10 10:25:32.125292 np0000004988 nova-scheduler[96441]: DEBUG cotyledon.oslo_config_glue [-] oslo_messaging_rabbit.heartbeat_timeout_threshold = 60 {{(pid=96441) log_opt_values /opt/stack/data/venv/lib/python3.12/site-packages/oslo_config/cfg.py:3253}}
Jul 10 10:25:32.125292 np0000004988 nova-scheduler[96441]: DEBUG cotyledon.oslo_config_glue [-] oslo_messaging_rabbit.hostname = np0000004988 {{(pid=96441) log_opt_values /opt/stack/data/venv/lib/python3.12/site-packages/oslo_config/cfg.py:3253}}
Jul 10 10:25:32.125292 np0000004988 nova-scheduler[96441]: DEBUG cotyledon.oslo_config_glue [-] oslo_messaging_rabbit.kombu_compression = None {{(pid=96441) log_opt_values /opt/stack/data/venv/lib/python3.12/site-packages/oslo_config/cfg.py:3253}}
Jul 10 10:25:32.125292 np0000004988 nova-scheduler[96441]: DEBUG cotyledon.oslo_config_glue [-] oslo_messaging_rabbit.kombu_failover_strategy = round-robin {{(pid=96441) log_opt_values /opt/stack/data/venv/lib/python3.12/site-packages/oslo_config/cfg.py:3253}}
Jul 10 10:25:32.125292 np0000004988 nova-scheduler[96441]: DEBUG cotyledon.oslo_config_glue [-] oslo_messaging_rabbit.kombu_missing_consumer_retry_timeout = 60 {{(pid=96441) log_opt_values /opt/stack/data/venv/lib/python3.12/site-packages/oslo_config/cfg.py:3253}}
Jul 10 10:25:32.125464 np0000004988 nova-scheduler[96441]: DEBUG cotyledon.oslo_config_glue [-] oslo_messaging_rabbit.kombu_reconnect_delay = 1.0 {{(pid=96441) log_opt_values /opt/stack/data/venv/lib/python3.12/site-packages/oslo_config/cfg.py:3253}}
Jul 10 10:25:32.125464 np0000004988 nova-scheduler[96441]: DEBUG cotyledon.oslo_config_glue [-] oslo_messaging_rabbit.kombu_reconnect_splay = 0.0 {{(pid=96441) log_opt_values /opt/stack/data/venv/lib/python3.12/site-packages/oslo_config/cfg.py:3253}}
Jul 10 10:25:32.125464 np0000004988 nova-scheduler[96441]: DEBUG cotyledon.oslo_config_glue [-] oslo_messaging_rabbit.processname = nova-scheduler {{(pid=96441) log_opt_values /opt/stack/data/venv/lib/python3.12/site-packages/oslo_config/cfg.py:3253}}
Jul 10 10:25:32.125464 np0000004988 nova-scheduler[96441]: DEBUG cotyledon.oslo_config_glue [-] oslo_messaging_rabbit.rabbit_ha_queues = False {{(pid=96441) log_opt_values /opt/stack/data/venv/lib/python3.12/site-packages/oslo_config/cfg.py:3253}}
Jul 10 10:25:32.125464 np0000004988 nova-scheduler[96441]: DEBUG cotyledon.oslo_config_glue [-] oslo_messaging_rabbit.rabbit_interval_max = 30 {{(pid=96441) log_opt_values /opt/stack/data/venv/lib/python3.12/site-packages/oslo_config/cfg.py:3253}}
Jul 10 10:25:32.125464 np0000004988 nova-scheduler[96441]: DEBUG cotyledon.oslo_config_glue [-] oslo_messaging_rabbit.rabbit_login_method = AMQPLAIN {{(pid=96441) log_opt_values /opt/stack/data/venv/lib/python3.12/site-packages/oslo_config/cfg.py:3253}}
Jul 10 10:25:32.125464 np0000004988 nova-scheduler[96441]: DEBUG cotyledon.oslo_config_glue [-] oslo_messaging_rabbit.rabbit_qos_prefetch_count = 0 {{(pid=96441) log_opt_values /opt/stack/data/venv/lib/python3.12/site-packages/oslo_config/cfg.py:3253}}
Jul 10 10:25:32.125464 np0000004988 nova-scheduler[96441]: DEBUG cotyledon.oslo_config_glue [-] oslo_messaging_rabbit.rabbit_quorum_delivery_limit = 0 {{(pid=96441) log_opt_values /opt/stack/data/venv/lib/python3.12/site-packages/oslo_config/cfg.py:3253}}
Jul 10 10:25:32.125464 np0000004988 nova-scheduler[96441]: DEBUG cotyledon.oslo_config_glue [-] oslo_messaging_rabbit.rabbit_quorum_max_memory_bytes = 0 {{(pid=96441) log_opt_values /opt/stack/data/venv/lib/python3.12/site-packages/oslo_config/cfg.py:3253}}
Jul 10 10:25:32.125619 np0000004988 nova-scheduler[96441]: DEBUG cotyledon.oslo_config_glue [-] oslo_messaging_rabbit.rabbit_quorum_max_memory_length = 0 {{(pid=96441) log_opt_values /opt/stack/data/venv/lib/python3.12/site-packages/oslo_config/cfg.py:3253}}
Jul 10 10:25:32.125619 np0000004988 nova-scheduler[96441]: DEBUG cotyledon.oslo_config_glue [-] oslo_messaging_rabbit.rabbit_quorum_queue = False {{(pid=96441) log_opt_values /opt/stack/data/venv/lib/python3.12/site-packages/oslo_config/cfg.py:3253}}
Jul 10 10:25:32.125619 np0000004988 nova-scheduler[96441]: DEBUG cotyledon.oslo_config_glue [-] oslo_messaging_rabbit.rabbit_retry_backoff = 2 {{(pid=96441) log_opt_values /opt/stack/data/venv/lib/python3.12/site-packages/oslo_config/cfg.py:3253}}
Jul 10 10:25:32.125619 np0000004988 nova-scheduler[96441]: DEBUG cotyledon.oslo_config_glue [-] oslo_messaging_rabbit.rabbit_retry_interval = 1 {{(pid=96441) log_opt_values /opt/stack/data/venv/lib/python3.12/site-packages/oslo_config/cfg.py:3253}}
Jul 10 10:25:32.125619 np0000004988 nova-scheduler[96441]: DEBUG cotyledon.oslo_config_glue [-] oslo_messaging_rabbit.rabbit_stream_fanout = False {{(pid=96441) log_opt_values /opt/stack/data/venv/lib/python3.12/site-packages/oslo_config/cfg.py:3253}}
Jul 10 10:25:32.125619 np0000004988 nova-scheduler[96441]: DEBUG cotyledon.oslo_config_glue [-] oslo_messaging_rabbit.rabbit_transient_queues_ttl = 1800 {{(pid=96441) log_opt_values /opt/stack/data/venv/lib/python3.12/site-packages/oslo_config/cfg.py:3253}}
Jul 10 10:25:32.125619 np0000004988 nova-scheduler[96441]: DEBUG cotyledon.oslo_config_glue [-] oslo_messaging_rabbit.rabbit_transient_quorum_queue = False {{(pid=96441) log_opt_values /opt/stack/data/venv/lib/python3.12/site-packages/oslo_config/cfg.py:3253}}
Jul 10 10:25:32.125619 np0000004988 nova-scheduler[96441]: DEBUG cotyledon.oslo_config_glue [-] oslo_messaging_rabbit.rpc_conn_pool_size = 30 {{(pid=96441) log_opt_values /opt/stack/data/venv/lib/python3.12/site-packages/oslo_config/cfg.py:3253}}
Jul 10 10:25:32.125619 np0000004988 nova-scheduler[96441]: DEBUG cotyledon.oslo_config_glue [-] oslo_messaging_rabbit.ssl = False {{(pid=96441) log_opt_values /opt/stack/data/venv/lib/python3.12/site-packages/oslo_config/cfg.py:3253}}
Jul 10 10:25:32.125785 np0000004988 nova-scheduler[96441]: DEBUG cotyledon.oslo_config_glue [-] oslo_messaging_rabbit.ssl_ca_file = {{(pid=96441) log_opt_values /opt/stack/data/venv/lib/python3.12/site-packages/oslo_config/cfg.py:3253}}
Jul 10 10:25:32.125785 np0000004988 nova-scheduler[96441]: DEBUG cotyledon.oslo_config_glue [-] oslo_messaging_rabbit.ssl_cert_file = {{(pid=96441) log_opt_values /opt/stack/data/venv/lib/python3.12/site-packages/oslo_config/cfg.py:3253}}
Jul 10 10:25:32.125785 np0000004988 nova-scheduler[96441]: DEBUG cotyledon.oslo_config_glue [-] oslo_messaging_rabbit.ssl_enforce_fips_mode = False {{(pid=96441) log_opt_values /opt/stack/data/venv/lib/python3.12/site-packages/oslo_config/cfg.py:3253}}
Jul 10 10:25:32.125785 np0000004988 nova-scheduler[96441]: DEBUG cotyledon.oslo_config_glue [-] oslo_messaging_rabbit.ssl_enforce_hostname_verification = True {{(pid=96441) log_opt_values /opt/stack/data/venv/lib/python3.12/site-packages/oslo_config/cfg.py:3253}}
Jul 10 10:25:32.125785 np0000004988 nova-scheduler[96441]: DEBUG cotyledon.oslo_config_glue [-] oslo_messaging_rabbit.ssl_key_file = {{(pid=96441) log_opt_values /opt/stack/data/venv/lib/python3.12/site-packages/oslo_config/cfg.py:3253}}
Jul 10 10:25:32.125785 np0000004988 nova-scheduler[96441]: DEBUG cotyledon.oslo_config_glue [-] oslo_messaging_rabbit.ssl_version = {{(pid=96441) log_opt_values /opt/stack/data/venv/lib/python3.12/site-packages/oslo_config/cfg.py:3253}}
Jul 10 10:25:32.125785 np0000004988 nova-scheduler[96441]: DEBUG cotyledon.oslo_config_glue [-] oslo_messaging_rabbit.use_queue_manager = False {{(pid=96441) log_opt_values /opt/stack/data/venv/lib/python3.12/site-packages/oslo_config/cfg.py:3253}}
Jul 10 10:25:32.125785 np0000004988 nova-scheduler[96441]: DEBUG cotyledon.oslo_config_glue [-] oslo_messaging_notifications.driver = ['messagingv2'] {{(pid=96441) log_opt_values /opt/stack/data/venv/lib/python3.12/site-packages/oslo_config/cfg.py:3253}}
Jul 10 10:25:32.125785 np0000004988 nova-scheduler[96441]: DEBUG cotyledon.oslo_config_glue [-] oslo_messaging_notifications.retry = -1 {{(pid=96441) log_opt_values /opt/stack/data/venv/lib/python3.12/site-packages/oslo_config/cfg.py:3253}}
Jul 10 10:25:32.126052 np0000004988 nova-scheduler[96441]: DEBUG cotyledon.oslo_config_glue [-] oslo_messaging_notifications.topics = ['notifications'] {{(pid=96441) log_opt_values /opt/stack/data/venv/lib/python3.12/site-packages/oslo_config/cfg.py:3253}}
Jul 10 10:25:32.126052 np0000004988 nova-scheduler[96441]: DEBUG cotyledon.oslo_config_glue [-] oslo_messaging_notifications.transport_url = **** {{(pid=96441) log_opt_values /opt/stack/data/venv/lib/python3.12/site-packages/oslo_config/cfg.py:3253}}
Jul 10 10:25:32.126052 np0000004988 nova-scheduler[96441]: DEBUG cotyledon.oslo_config_glue [-] oslo_limit.auth_section = None {{(pid=96441) log_opt_values /opt/stack/data/venv/lib/python3.12/site-packages/oslo_config/cfg.py:3253}}
Jul 10 10:25:32.126052 np0000004988 nova-scheduler[96441]: DEBUG cotyledon.oslo_config_glue [-] oslo_limit.auth_type = None {{(pid=96441) log_opt_values /opt/stack/data/venv/lib/python3.12/site-packages/oslo_config/cfg.py:3253}}
Jul 10 10:25:32.126052 np0000004988 nova-scheduler[96441]: DEBUG cotyledon.oslo_config_glue [-] oslo_limit.cafile = None {{(pid=96441) log_opt_values /opt/stack/data/venv/lib/python3.12/site-packages/oslo_config/cfg.py:3253}}
Jul 10 10:25:32.126052 np0000004988 nova-scheduler[96441]: DEBUG cotyledon.oslo_config_glue [-] oslo_limit.certfile = None {{(pid=96441) log_opt_values /opt/stack/data/venv/lib/python3.12/site-packages/oslo_config/cfg.py:3253}}
Jul 10 10:25:32.126052 np0000004988 nova-scheduler[96441]: DEBUG cotyledon.oslo_config_glue [-] oslo_limit.collect_timing = False {{(pid=96441) log_opt_values /opt/stack/data/venv/lib/python3.12/site-packages/oslo_config/cfg.py:3253}}
Jul 10 10:25:32.126052 np0000004988 nova-scheduler[96441]: DEBUG cotyledon.oslo_config_glue [-] oslo_limit.connect_retries = None {{(pid=96441) log_opt_values /opt/stack/data/venv/lib/python3.12/site-packages/oslo_config/cfg.py:3253}}
Jul 10 10:25:32.126052 np0000004988 nova-scheduler[96441]: DEBUG cotyledon.oslo_config_glue [-] oslo_limit.connect_retry_delay = None {{(pid=96441) log_opt_values /opt/stack/data/venv/lib/python3.12/site-packages/oslo_config/cfg.py:3253}}
Jul 10 10:25:32.126262 np0000004988 nova-scheduler[96441]: DEBUG cotyledon.oslo_config_glue [-] oslo_limit.endpoint_id = None {{(pid=96441) log_opt_values /opt/stack/data/venv/lib/python3.12/site-packages/oslo_config/cfg.py:3253}}
Jul 10 10:25:32.126262 np0000004988 nova-scheduler[96441]: DEBUG cotyledon.oslo_config_glue [-] oslo_limit.endpoint_interface = public {{(pid=96441) log_opt_values /opt/stack/data/venv/lib/python3.12/site-packages/oslo_config/cfg.py:3253}}
Jul 10 10:25:32.126262 np0000004988 nova-scheduler[96441]: DEBUG cotyledon.oslo_config_glue [-] oslo_limit.endpoint_override = None {{(pid=96441) log_opt_values /opt/stack/data/venv/lib/python3.12/site-packages/oslo_config/cfg.py:3253}}
Jul 10 10:25:32.126262 np0000004988 nova-scheduler[96441]: DEBUG cotyledon.oslo_config_glue [-] oslo_limit.endpoint_region_name = None {{(pid=96441) log_opt_values /opt/stack/data/venv/lib/python3.12/site-packages/oslo_config/cfg.py:3253}}
Jul 10 10:25:32.126262 np0000004988 nova-scheduler[96441]: DEBUG cotyledon.oslo_config_glue [-] oslo_limit.endpoint_service_name = None {{(pid=96441) log_opt_values /opt/stack/data/venv/lib/python3.12/site-packages/oslo_config/cfg.py:3253}}
Jul 10 10:25:32.126262 np0000004988 nova-scheduler[96441]: DEBUG cotyledon.oslo_config_glue [-] oslo_limit.endpoint_service_type = None {{(pid=96441) log_opt_values /opt/stack/data/venv/lib/python3.12/site-packages/oslo_config/cfg.py:3253}}
Jul 10 10:25:32.126262 np0000004988 nova-scheduler[96441]: DEBUG cotyledon.oslo_config_glue [-] oslo_limit.insecure = False {{(pid=96441) log_opt_values /opt/stack/data/venv/lib/python3.12/site-packages/oslo_config/cfg.py:3253}}
Jul 10 10:25:32.126262 np0000004988 nova-scheduler[96441]: DEBUG cotyledon.oslo_config_glue [-] oslo_limit.keyfile = None {{(pid=96441) log_opt_values /opt/stack/data/venv/lib/python3.12/site-packages/oslo_config/cfg.py:3253}}
Jul 10 10:25:32.126262 np0000004988 nova-scheduler[96441]: DEBUG cotyledon.oslo_config_glue [-] oslo_limit.max_version = None {{(pid=96441) log_opt_values /opt/stack/data/venv/lib/python3.12/site-packages/oslo_config/cfg.py:3253}}
Jul 10 10:25:32.126428 np0000004988 nova-scheduler[96441]: DEBUG cotyledon.oslo_config_glue [-] oslo_limit.min_version = None {{(pid=96441) log_opt_values /opt/stack/data/venv/lib/python3.12/site-packages/oslo_config/cfg.py:3253}}
Jul 10 10:25:32.126428 np0000004988 nova-scheduler[96441]: DEBUG cotyledon.oslo_config_glue [-] oslo_limit.region_name = None {{(pid=96441) log_opt_values /opt/stack/data/venv/lib/python3.12/site-packages/oslo_config/cfg.py:3253}}
Jul 10 10:25:32.126428 np0000004988 nova-scheduler[96441]: DEBUG cotyledon.oslo_config_glue [-] oslo_limit.retriable_status_codes = None {{(pid=96441) log_opt_values /opt/stack/data/venv/lib/python3.12/site-packages/oslo_config/cfg.py:3253}}
Jul 10 10:25:32.126428 np0000004988 nova-scheduler[96441]: DEBUG cotyledon.oslo_config_glue [-] oslo_limit.service_name = None {{(pid=96441) log_opt_values /opt/stack/data/venv/lib/python3.12/site-packages/oslo_config/cfg.py:3253}}
Jul 10 10:25:32.126428 np0000004988 nova-scheduler[96441]: DEBUG cotyledon.oslo_config_glue [-] oslo_limit.service_type = None {{(pid=96441) log_opt_values /opt/stack/data/venv/lib/python3.12/site-packages/oslo_config/cfg.py:3253}}
Jul 10 10:25:32.126428 np0000004988 nova-scheduler[96441]: DEBUG cotyledon.oslo_config_glue [-] oslo_limit.split_loggers = False {{(pid=96441) log_opt_values /opt/stack/data/venv/lib/python3.12/site-packages/oslo_config/cfg.py:3253}}
Jul 10 10:25:32.126428 np0000004988 nova-scheduler[96441]: DEBUG cotyledon.oslo_config_glue [-] oslo_limit.status_code_retries = None {{(pid=96441) log_opt_values /opt/stack/data/venv/lib/python3.12/site-packages/oslo_config/cfg.py:3253}}
Jul 10 10:25:32.126428 np0000004988 nova-scheduler[96441]: DEBUG cotyledon.oslo_config_glue [-] oslo_limit.status_code_retry_delay = None {{(pid=96441) log_opt_values /opt/stack/data/venv/lib/python3.12/site-packages/oslo_config/cfg.py:3253}}
Jul 10 10:25:32.126428 np0000004988 nova-scheduler[96441]: DEBUG cotyledon.oslo_config_glue [-] oslo_limit.timeout = None {{(pid=96441) log_opt_values /opt/stack/data/venv/lib/python3.12/site-packages/oslo_config/cfg.py:3253}}
Jul 10 10:25:32.126623 np0000004988 nova-scheduler[96441]: DEBUG cotyledon.oslo_config_glue [-] oslo_limit.valid_interfaces = None {{(pid=96441) log_opt_values /opt/stack/data/venv/lib/python3.12/site-packages/oslo_config/cfg.py:3253}}
Jul 10 10:25:32.126623 np0000004988 nova-scheduler[96441]: DEBUG cotyledon.oslo_config_glue [-] oslo_limit.version = None {{(pid=96441) log_opt_values /opt/stack/data/venv/lib/python3.12/site-packages/oslo_config/cfg.py:3253}}
Jul 10 10:25:32.126623 np0000004988 nova-scheduler[96441]: DEBUG cotyledon.oslo_config_glue [-] oslo_reports.file_event_handler = None {{(pid=96441) log_opt_values /opt/stack/data/venv/lib/python3.12/site-packages/oslo_config/cfg.py:3253}}
Jul 10 10:25:32.126623 np0000004988 nova-scheduler[96441]: DEBUG cotyledon.oslo_config_glue [-] oslo_reports.file_event_handler_interval = 1 {{(pid=96441) log_opt_values /opt/stack/data/venv/lib/python3.12/site-packages/oslo_config/cfg.py:3253}}
Jul 10 10:25:32.126623 np0000004988 nova-scheduler[96441]: DEBUG cotyledon.oslo_config_glue [-] oslo_reports.log_dir = None {{(pid=96441) log_opt_values /opt/stack/data/venv/lib/python3.12/site-packages/oslo_config/cfg.py:3253}}
Jul 10 10:25:32.126623 np0000004988 nova-scheduler[96441]: DEBUG cotyledon.oslo_config_glue [-] ******************************************************************************** {{(pid=96441) log_opt_values /opt/stack/data/venv/lib/python3.12/site-packages/oslo_config/cfg.py:3260}}
Jul 10 10:25:32.126623 np0000004988 nova-scheduler[96441]: DEBUG cotyledon._service_worker [-] Run service ServiceWrapper(3) [96441] {{(pid=96441) wait_forever /opt/stack/data/venv/lib/python3.12/site-packages/cotyledon/_service_worker.py:218}}
Jul 10 10:25:32.126623 np0000004988 nova-scheduler[96441]: INFO nova.service [-] Starting scheduler node (version 33.1.0)
Jul 10 10:25:32.126623 np0000004988 nova-scheduler[96441]: INFO dbcounter [None req-456ca3aa-83a4-43e9-b814-37957f2bf348 None None] Registered counter for database nova_cell0
Jul 10 10:25:32.126790 np0000004988 nova-scheduler[96439]: DEBUG oslo_db.sqlalchemy.engines [None req-53b8cfb7-2a3d-48b0-b2e0-b3b8171bb263 None None] MySQL server mode set to STRICT_TRANS_TABLES,STRICT_ALL_TABLES,NO_ZERO_IN_DATE,NO_ZERO_DATE,ERROR_FOR_DIVISION_BY_ZERO,TRADITIONAL,NO_ENGINE_SUBSTITUTION {{(pid=96439) _check_effective_sql_mode /opt/stack/data/venv/lib/python3.12/site-packages/oslo_db/sqlalchemy/engines.py:325}}
Jul 10 10:25:32.126815 np0000004988 nova-scheduler[96430]: DEBUG oslo_db.sqlalchemy.engines [None req-d348a1ff-3da7-456d-9028-6db063d6de16 None None] MySQL server mode set to STRICT_TRANS_TABLES,STRICT_ALL_TABLES,NO_ZERO_IN_DATE,NO_ZERO_DATE,ERROR_FOR_DIVISION_BY_ZERO,TRADITIONAL,NO_ENGINE_SUBSTITUTION {{(pid=96430) _check_effective_sql_mode /opt/stack/data/venv/lib/python3.12/site-packages/oslo_db/sqlalchemy/engines.py:325}}
Jul 10 10:25:32.126838 np0000004988 nova-scheduler[96432]: DEBUG oslo_db.sqlalchemy.engines [None req-bbe9e1c4-c32c-4427-9207-02f4cfca842b None None] MySQL server mode set to STRICT_TRANS_TABLES,STRICT_ALL_TABLES,NO_ZERO_IN_DATE,NO_ZERO_DATE,ERROR_FOR_DIVISION_BY_ZERO,TRADITIONAL,NO_ENGINE_SUBSTITUTION {{(pid=96432) _check_effective_sql_mode /opt/stack/data/venv/lib/python3.12/site-packages/oslo_db/sqlalchemy/engines.py:325}}
Jul 10 10:25:32.126862 np0000004988 nova-scheduler[96439]: DEBUG dbcounter [-] [96439] Writer thread running {{(pid=96439) stat_writer /opt/stack/data/venv/lib/python3.12/site-packages/dbcounter.py:102}}
Jul 10 10:25:32.126883 np0000004988 nova-scheduler[96430]: DEBUG dbcounter [-] [96430] Writer thread running {{(pid=96430) stat_writer /opt/stack/data/venv/lib/python3.12/site-packages/dbcounter.py:102}}
Jul 10 10:25:32.131473 np0000004988 nova-scheduler[96432]: DEBUG dbcounter [-] [96432] Writer thread running {{(pid=96432) stat_writer /opt/stack/data/venv/lib/python3.12/site-packages/dbcounter.py:102}}
Jul 10 10:25:32.138955 np0000004988 nova-scheduler[96439]: DEBUG nova.service [None req-53b8cfb7-2a3d-48b0-b2e0-b3b8171bb263 None None] Creating RPC server for service: nova-scheduler on topic: scheduler {{(pid=96439) start /opt/stack/nova/nova/service.py:196}}
Jul 10 10:25:32.139701 np0000004988 nova-scheduler[96441]: DEBUG oslo_db.sqlalchemy.engines [None req-456ca3aa-83a4-43e9-b814-37957f2bf348 None None] MySQL server mode set to STRICT_TRANS_TABLES,STRICT_ALL_TABLES,NO_ZERO_IN_DATE,NO_ZERO_DATE,ERROR_FOR_DIVISION_BY_ZERO,TRADITIONAL,NO_ENGINE_SUBSTITUTION {{(pid=96441) _check_effective_sql_mode /opt/stack/data/venv/lib/python3.12/site-packages/oslo_db/sqlalchemy/engines.py:325}}
Jul 10 10:25:32.143695 np0000004988 nova-scheduler[96430]: DEBUG nova.service [None req-d348a1ff-3da7-456d-9028-6db063d6de16 None None] Creating RPC server for service: nova-scheduler on topic: scheduler {{(pid=96430) start /opt/stack/nova/nova/service.py:196}}
Jul 10 10:25:32.149193 np0000004988 nova-scheduler[96432]: DEBUG nova.service [None req-bbe9e1c4-c32c-4427-9207-02f4cfca842b None None] Creating RPC server for service: nova-scheduler on topic: scheduler {{(pid=96432) start /opt/stack/nova/nova/service.py:196}}
Jul 10 10:25:32.150188 np0000004988 nova-scheduler[96441]: DEBUG dbcounter [-] [96441] Writer thread running {{(pid=96441) stat_writer /opt/stack/data/venv/lib/python3.12/site-packages/dbcounter.py:102}}
Jul 10 10:25:32.153209 np0000004988 nova-scheduler[96441]: DEBUG nova.service [None req-456ca3aa-83a4-43e9-b814-37957f2bf348 None None] Creating RPC server for service: nova-scheduler on topic: scheduler {{(pid=96441) start /opt/stack/nova/nova/service.py:196}}
Jul 10 10:25:32.164298 np0000004988 nova-scheduler[96430]: DEBUG nova.service [None req-d348a1ff-3da7-456d-9028-6db063d6de16 None None] Join ServiceGroup membership for this service scheduler {{(pid=96430) start /opt/stack/nova/nova/service.py:222}}
Jul 10 10:25:32.164529 np0000004988 nova-scheduler[96430]: DEBUG nova.servicegroup.drivers.db [None req-d348a1ff-3da7-456d-9028-6db063d6de16 None None] DB_Driver: join new ServiceGroup member np0000004988 to the scheduler group, service = {{(pid=96430) join /opt/stack/nova/nova/servicegroup/drivers/db.py:44}}
Jul 10 10:25:32.164680 np0000004988 nova-scheduler[96439]: DEBUG nova.service [None req-53b8cfb7-2a3d-48b0-b2e0-b3b8171bb263 None None] Join ServiceGroup membership for this service scheduler {{(pid=96439) start /opt/stack/nova/nova/service.py:222}}
Jul 10 10:25:32.164866 np0000004988 nova-scheduler[96439]: DEBUG nova.servicegroup.drivers.db [None req-53b8cfb7-2a3d-48b0-b2e0-b3b8171bb263 None None] DB_Driver: join new ServiceGroup member np0000004988 to the scheduler group, service = {{(pid=96439) join /opt/stack/nova/nova/servicegroup/drivers/db.py:44}}
Jul 10 10:25:32.171076 np0000004988 nova-scheduler[96432]: DEBUG nova.service [None req-bbe9e1c4-c32c-4427-9207-02f4cfca842b None None] Join ServiceGroup membership for this service scheduler {{(pid=96432) start /opt/stack/nova/nova/service.py:222}}
Jul 10 10:25:32.171264 np0000004988 nova-scheduler[96432]: DEBUG nova.servicegroup.drivers.db [None req-bbe9e1c4-c32c-4427-9207-02f4cfca842b None None] DB_Driver: join new ServiceGroup member np0000004988 to the scheduler group, service = {{(pid=96432) join /opt/stack/nova/nova/servicegroup/drivers/db.py:44}}
Jul 10 10:25:32.171319 np0000004988 nova-scheduler[96441]: DEBUG nova.service [None req-456ca3aa-83a4-43e9-b814-37957f2bf348 None None] Join ServiceGroup membership for this service scheduler {{(pid=96441) start /opt/stack/nova/nova/service.py:222}}
Jul 10 10:25:32.171527 np0000004988 nova-scheduler[96441]: DEBUG nova.servicegroup.drivers.db [None req-456ca3aa-83a4-43e9-b814-37957f2bf348 None None] DB_Driver: join new ServiceGroup member np0000004988 to the scheduler group, service = {{(pid=96441) join /opt/stack/nova/nova/servicegroup/drivers/db.py:44}}
Jul 10 10:25:37.183684 np0000004988 nova-scheduler[96439]: DEBUG oslo.service.backend._threading.loopingcall [-] Fixed interval looping call 'nova.servicegroup.drivers.db.DbDriver._report_state' sleeping for 119.98 seconds {{(pid=96439) _run_loop /opt/stack/data/venv/lib/python3.12/site-packages/oslo_service/backend/_threading/loopingcall.py:125}}
Jul 10 10:25:37.185017 np0000004988 nova-scheduler[96430]: DEBUG oslo.service.backend._threading.loopingcall [-] Fixed interval looping call 'nova.servicegroup.drivers.db.DbDriver._report_state' sleeping for 119.98 seconds {{(pid=96430) _run_loop /opt/stack/data/venv/lib/python3.12/site-packages/oslo_service/backend/_threading/loopingcall.py:125}}
Jul 10 10:25:37.186890 np0000004988 nova-scheduler[96432]: DEBUG oslo.service.backend._threading.loopingcall [-] Fixed interval looping call 'nova.servicegroup.drivers.db.DbDriver._report_state' sleeping for 119.99 seconds {{(pid=96432) _run_loop /opt/stack/data/venv/lib/python3.12/site-packages/oslo_service/backend/_threading/loopingcall.py:125}}
Jul 10 10:25:37.188228 np0000004988 nova-scheduler[96441]: DEBUG oslo.service.backend._threading.loopingcall [-] Fixed interval looping call 'nova.servicegroup.drivers.db.DbDriver._report_state' sleeping for 119.99 seconds {{(pid=96441) _run_loop /opt/stack/data/venv/lib/python3.12/site-packages/oslo_service/backend/_threading/loopingcall.py:125}}
Jul 10 10:25:40.719668 np0000004988 nova-scheduler[95228]: DEBUG dbcounter [-] [95228] Writing DB stats nova_api:SELECT=3 {{(pid=95228) stat_writer /opt/stack/data/venv/lib/python3.12/site-packages/dbcounter.py:115}}
Jul 10 10:25:40.835245 np0000004988 nova-scheduler[95228]: DEBUG dbcounter [-] [95228] Writing DB stats nova_cell0:SELECT=1 {{(pid=95228) stat_writer /opt/stack/data/venv/lib/python3.12/site-packages/dbcounter.py:115}}
Jul 10 10:25:40.845763 np0000004988 nova-scheduler[95228]: DEBUG dbcounter [-] [95228] Writing DB stats nova_cell1:SELECT=1 {{(pid=95228) stat_writer /opt/stack/data/venv/lib/python3.12/site-packages/dbcounter.py:115}}
Jul 10 10:25:47.173542 np0000004988 nova-scheduler[96441]: DEBUG oslo.service.backend._threading.loopingcall [None req-f6630c5d-862c-4bed-bef4-74bad6e5ec3a None None] Dynamic interval looping call 'nova.service.Service.periodic_tasks' sleeping for 60.00 seconds {{(pid=96441) _run_loop /opt/stack/data/venv/lib/python3.12/site-packages/oslo_service/backend/_threading/loopingcall.py:125}}
Jul 10 10:25:47.174283 np0000004988 nova-scheduler[96439]: DEBUG dbcounter [-] [96439] Writing DB stats nova_cell0:SELECT=4,nova_cell0:INSERT=1,nova_cell0:UPDATE=1 {{(pid=96439) stat_writer /opt/stack/data/venv/lib/python3.12/site-packages/dbcounter.py:115}}
Jul 10 10:25:47.175825 np0000004988 nova-scheduler[96430]: DEBUG dbcounter [-] [96430] Writing DB stats nova_cell0:SELECT=5,nova_cell0:INSERT=1,nova_cell0:UPDATE=1 {{(pid=96430) stat_writer /opt/stack/data/venv/lib/python3.12/site-packages/dbcounter.py:115}}
Jul 10 10:25:47.182263 np0000004988 nova-scheduler[96432]: DEBUG dbcounter [-] [96432] Writing DB stats nova_cell0:SELECT=4,nova_cell0:INSERT=1,nova_cell0:UPDATE=1 {{(pid=96432) stat_writer /opt/stack/data/venv/lib/python3.12/site-packages/dbcounter.py:115}}
Jul 10 10:25:47.187226 np0000004988 nova-scheduler[96441]: DEBUG dbcounter [-] [96441] Writing DB stats nova_cell0:SELECT=3,nova_cell0:UPDATE=1 {{(pid=96441) stat_writer /opt/stack/data/venv/lib/python3.12/site-packages/dbcounter.py:115}}
Jul 10 10:26:18.167487 np0000004988 nova-scheduler[96439]: DEBUG oslo.service.backend._threading.loopingcall [None req-e1cbf1ff-8bdc-423b-a6b7-09e195354a74 None None] Dynamic interval looping call 'nova.service.Service.periodic_tasks' sleeping for 60.00 seconds {{(pid=96439) _run_loop /opt/stack/data/venv/lib/python3.12/site-packages/oslo_service/backend/_threading/loopingcall.py:125}}
Jul 10 10:26:30.166558 np0000004988 nova-scheduler[96430]: DEBUG oslo.service.backend._threading.loopingcall [None req-58267961-1156-4fbe-9367-9aa3af681c71 None None] Dynamic interval looping call 'nova.service.Service.periodic_tasks' sleeping for 60.00 seconds {{(pid=96430) _run_loop /opt/stack/data/venv/lib/python3.12/site-packages/oslo_service/backend/_threading/loopingcall.py:125}}
Jul 10 10:26:30.173674 np0000004988 nova-scheduler[96432]: DEBUG oslo.service.backend._threading.loopingcall [None req-cd60c5cd-e6e4-4aca-b6e0-f211faad3cb3 None None] Dynamic interval looping call 'nova.service.Service.periodic_tasks' sleeping for 60.00 seconds {{(pid=96432) _run_loop /opt/stack/data/venv/lib/python3.12/site-packages/oslo_service/backend/_threading/loopingcall.py:125}}
Jul 10 10:26:47.174040 np0000004988 nova-scheduler[96441]: DEBUG oslo.service.backend._threading.loopingcall [None req-f6630c5d-862c-4bed-bef4-74bad6e5ec3a None None] Dynamic interval looping call 'nova.service.Service.periodic_tasks' sleeping for 60.00 seconds {{(pid=96441) _run_loop /opt/stack/data/venv/lib/python3.12/site-packages/oslo_service/backend/_threading/loopingcall.py:125}}
Jul 10 10:27:18.168086 np0000004988 nova-scheduler[96439]: DEBUG oslo.service.backend._threading.loopingcall [None req-e1cbf1ff-8bdc-423b-a6b7-09e195354a74 None None] Dynamic interval looping call 'nova.service.Service.periodic_tasks' sleeping for 60.00 seconds {{(pid=96439) _run_loop /opt/stack/data/venv/lib/python3.12/site-packages/oslo_service/backend/_threading/loopingcall.py:125}}
Jul 10 10:27:30.167156 np0000004988 nova-scheduler[96430]: DEBUG oslo.service.backend._threading.loopingcall [None req-58267961-1156-4fbe-9367-9aa3af681c71 None None] Dynamic interval looping call 'nova.service.Service.periodic_tasks' sleeping for 60.00 seconds {{(pid=96430) _run_loop /opt/stack/data/venv/lib/python3.12/site-packages/oslo_service/backend/_threading/loopingcall.py:125}}
Jul 10 10:27:30.174253 np0000004988 nova-scheduler[96432]: DEBUG oslo.service.backend._threading.loopingcall [None req-cd60c5cd-e6e4-4aca-b6e0-f211faad3cb3 None None] Dynamic interval looping call 'nova.service.Service.periodic_tasks' sleeping for 60.00 seconds {{(pid=96432) _run_loop /opt/stack/data/venv/lib/python3.12/site-packages/oslo_service/backend/_threading/loopingcall.py:125}}
Jul 10 10:27:37.173439 np0000004988 nova-scheduler[96430]: DEBUG oslo.service.backend._threading.loopingcall [-] Fixed interval looping call 'nova.servicegroup.drivers.db.DbDriver._report_state' sleeping for 119.99 seconds {{(pid=96430) _run_loop /opt/stack/data/venv/lib/python3.12/site-packages/oslo_service/backend/_threading/loopingcall.py:125}}
Jul 10 10:27:37.174035 np0000004988 nova-scheduler[96439]: DEBUG oslo.service.backend._threading.loopingcall [-] Fixed interval looping call 'nova.servicegroup.drivers.db.DbDriver._report_state' sleeping for 119.99 seconds {{(pid=96439) _run_loop /opt/stack/data/venv/lib/python3.12/site-packages/oslo_service/backend/_threading/loopingcall.py:125}}
Jul 10 10:27:37.181752 np0000004988 nova-scheduler[96432]: DEBUG oslo.service.backend._threading.loopingcall [-] Fixed interval looping call 'nova.servicegroup.drivers.db.DbDriver._report_state' sleeping for 120.00 seconds {{(pid=96432) _run_loop /opt/stack/data/venv/lib/python3.12/site-packages/oslo_service/backend/_threading/loopingcall.py:125}}
Jul 10 10:27:37.182711 np0000004988 nova-scheduler[96441]: DEBUG oslo.service.backend._threading.loopingcall [-] Fixed interval looping call 'nova.servicegroup.drivers.db.DbDriver._report_state' sleeping for 120.00 seconds {{(pid=96441) _run_loop /opt/stack/data/venv/lib/python3.12/site-packages/oslo_service/backend/_threading/loopingcall.py:125}}
Jul 10 10:27:47.171243 np0000004988 nova-scheduler[96430]: DEBUG dbcounter [-] [96430] Writing DB stats nova_cell0:SELECT=1,nova_cell0:UPDATE=1 {{(pid=96430) stat_writer /opt/stack/data/venv/lib/python3.12/site-packages/dbcounter.py:115}}
Jul 10 10:27:47.171950 np0000004988 nova-scheduler[96439]: DEBUG dbcounter [-] [96439] Writing DB stats nova_cell0:SELECT=1,nova_cell0:UPDATE=1 {{(pid=96439) stat_writer /opt/stack/data/venv/lib/python3.12/site-packages/dbcounter.py:115}}
Jul 10 10:27:47.174537 np0000004988 nova-scheduler[96441]: DEBUG oslo.service.backend._threading.loopingcall [None req-f6630c5d-862c-4bed-bef4-74bad6e5ec3a None None] Dynamic interval looping call 'nova.service.Service.periodic_tasks' sleeping for 60.00 seconds {{(pid=96441) _run_loop /opt/stack/data/venv/lib/python3.12/site-packages/oslo_service/backend/_threading/loopingcall.py:125}}
Jul 10 10:27:47.179565 np0000004988 nova-scheduler[96432]: DEBUG dbcounter [-] [96432] Writing DB stats nova_cell0:SELECT=1 {{(pid=96432) stat_writer /opt/stack/data/venv/lib/python3.12/site-packages/dbcounter.py:115}}
Jul 10 10:27:47.179938 np0000004988 nova-scheduler[96441]: DEBUG dbcounter [-] [96441] Writing DB stats nova_cell0:SELECT=1 {{(pid=96441) stat_writer /opt/stack/data/venv/lib/python3.12/site-packages/dbcounter.py:115}}
Jul 10 10:28:07.337328 np0000004988 nova-scheduler[96430]: DEBUG nova.scheduler.manager [None req-b283ecb3-13a9-475c-888c-4c5e2b259c74 tempest-TaggedAttachmentsTest-1848214240 tempest-TaggedAttachmentsTest-1848214240-project-member] Starting to schedule for instances: ['a9b12604-c773-4c01-91c3-78ccfe993af7'] {{(pid=96430) select_destinations /opt/stack/nova/nova/scheduler/manager.py:209}}
Jul 10 10:28:07.338129 np0000004988 nova-scheduler[96430]: DEBUG nova.scheduler.request_filter [None req-b283ecb3-13a9-475c-888c-4c5e2b259c74 tempest-TaggedAttachmentsTest-1848214240 tempest-TaggedAttachmentsTest-1848214240-project-member] compute_status_filter request filter added forbidden trait COMPUTE_STATUS_DISABLED {{(pid=96430) compute_status_filter /opt/stack/nova/nova/scheduler/request_filter.py:253}}
Jul 10 10:28:07.338307 np0000004988 nova-scheduler[96430]: DEBUG nova.scheduler.request_filter [None req-b283ecb3-13a9-475c-888c-4c5e2b259c74 tempest-TaggedAttachmentsTest-1848214240 tempest-TaggedAttachmentsTest-1848214240-project-member] Request filter 'compute_status_filter' took 0.0 seconds {{(pid=96430) wrapper /opt/stack/nova/nova/scheduler/request_filter.py:46}}
Jul 10 10:28:07.338603 np0000004988 nova-scheduler[96430]: DEBUG nova.scheduler.request_filter [None req-b283ecb3-13a9-475c-888c-4c5e2b259c74 tempest-TaggedAttachmentsTest-1848214240 tempest-TaggedAttachmentsTest-1848214240-project-member] Request filter 'accelerators_filter' took 0.0 seconds {{(pid=96430) wrapper /opt/stack/nova/nova/scheduler/request_filter.py:46}}
Jul 10 10:28:07.338851 np0000004988 nova-scheduler[96430]: DEBUG nova.scheduler.request_filter [None req-b283ecb3-13a9-475c-888c-4c5e2b259c74 tempest-TaggedAttachmentsTest-1848214240 tempest-TaggedAttachmentsTest-1848214240-project-member] Request filter 'packed_virtqueue_filter' took 0.0 seconds {{(pid=96430) wrapper /opt/stack/nova/nova/scheduler/request_filter.py:46}}
Jul 10 10:28:07.339193 np0000004988 nova-scheduler[96430]: DEBUG nova.scheduler.request_filter [None req-b283ecb3-13a9-475c-888c-4c5e2b259c74 tempest-TaggedAttachmentsTest-1848214240 tempest-TaggedAttachmentsTest-1848214240-project-member] Request filter 'remote_managed_ports_filter' took 0.0 seconds {{(pid=96430) wrapper /opt/stack/nova/nova/scheduler/request_filter.py:46}}
Jul 10 10:28:07.339424 np0000004988 nova-scheduler[96430]: DEBUG nova.scheduler.request_filter [None req-b283ecb3-13a9-475c-888c-4c5e2b259c74 tempest-TaggedAttachmentsTest-1848214240 tempest-TaggedAttachmentsTest-1848214240-project-member] ephemeral_encryption_filter skipped {{(pid=96430) ephemeral_encryption_filter /opt/stack/nova/nova/scheduler/request_filter.py:426}}
Jul 10 10:28:07.339659 np0000004988 nova-scheduler[96430]: DEBUG nova.scheduler.request_filter [None req-b283ecb3-13a9-475c-888c-4c5e2b259c74 tempest-TaggedAttachmentsTest-1848214240 tempest-TaggedAttachmentsTest-1848214240-project-member] virtio_sound_filter skipped {{(pid=96430) virtio_sound_filter /opt/stack/nova/nova/scheduler/request_filter.py:460}}
Jul 10 10:28:07.339877 np0000004988 nova-scheduler[96430]: DEBUG nova.scheduler.request_filter [None req-b283ecb3-13a9-475c-888c-4c5e2b259c74 tempest-TaggedAttachmentsTest-1848214240 tempest-TaggedAttachmentsTest-1848214240-project-member] tpm_secret_security_filter skipped {{(pid=96430) tpm_secret_security_filter /opt/stack/nova/nova/scheduler/request_filter.py:477}}
Jul 10 10:28:08.008495 np0000004988 nova-scheduler[96430]: INFO nova.utils [None req-b283ecb3-13a9-475c-888c-4c5e2b259c74 tempest-TaggedAttachmentsTest-1848214240 tempest-TaggedAttachmentsTest-1848214240-project-member] The cell worker thread pool ForkProcess-1.cell_worker is initialized
Jul 10 10:28:08.008872 np0000004988 nova-scheduler[96430]: DEBUG oslo_concurrency.lockutils [None req-b283ecb3-13a9-475c-888c-4c5e2b259c74 tempest-TaggedAttachmentsTest-1848214240 tempest-TaggedAttachmentsTest-1848214240-project-member] Acquiring lock "91d632d2-642d-49ca-9868-4a0e97da95a3" by "nova.context.set_target_cell..get_or_set_cached_cell_and_set_connections" {{(pid=96430) inner /opt/stack/data/venv/lib/python3.12/site-packages/oslo_concurrency/lockutils.py:511}}
Jul 10 10:28:08.009109 np0000004988 nova-scheduler[96430]: DEBUG oslo_concurrency.lockutils [None req-b283ecb3-13a9-475c-888c-4c5e2b259c74 tempest-TaggedAttachmentsTest-1848214240 tempest-TaggedAttachmentsTest-1848214240-project-member] Lock "91d632d2-642d-49ca-9868-4a0e97da95a3" acquired by "nova.context.set_target_cell..get_or_set_cached_cell_and_set_connections" :: waited 0.000s {{(pid=96430) inner /opt/stack/data/venv/lib/python3.12/site-packages/oslo_concurrency/lockutils.py:524}}
Jul 10 10:28:08.010617 np0000004988 nova-scheduler[96430]: DEBUG oslo_concurrency.lockutils [None req-b283ecb3-13a9-475c-888c-4c5e2b259c74 tempest-TaggedAttachmentsTest-1848214240 tempest-TaggedAttachmentsTest-1848214240-project-member] Lock "91d632d2-642d-49ca-9868-4a0e97da95a3" "released" by "nova.context.set_target_cell..get_or_set_cached_cell_and_set_connections" :: held 0.001s {{(pid=96430) inner /opt/stack/data/venv/lib/python3.12/site-packages/oslo_concurrency/lockutils.py:543}}
Jul 10 10:28:08.012702 np0000004988 nova-scheduler[96430]: INFO dbcounter [None req-b283ecb3-13a9-475c-888c-4c5e2b259c74 tempest-TaggedAttachmentsTest-1848214240 tempest-TaggedAttachmentsTest-1848214240-project-member] Registered counter for database nova_cell1
Jul 10 10:28:08.069749 np0000004988 nova-scheduler[96430]: DEBUG oslo_db.sqlalchemy.engines [None req-b283ecb3-13a9-475c-888c-4c5e2b259c74 tempest-TaggedAttachmentsTest-1848214240 tempest-TaggedAttachmentsTest-1848214240-project-member] MySQL server mode set to STRICT_TRANS_TABLES,STRICT_ALL_TABLES,NO_ZERO_IN_DATE,NO_ZERO_DATE,ERROR_FOR_DIVISION_BY_ZERO,TRADITIONAL,NO_ENGINE_SUBSTITUTION {{(pid=96430) _check_effective_sql_mode /opt/stack/data/venv/lib/python3.12/site-packages/oslo_db/sqlalchemy/engines.py:325}}
Jul 10 10:28:08.074542 np0000004988 nova-scheduler[96430]: DEBUG dbcounter [-] [96430] Writer thread running {{(pid=96430) stat_writer /opt/stack/data/venv/lib/python3.12/site-packages/dbcounter.py:102}}
Jul 10 10:28:08.092765 np0000004988 nova-scheduler[96430]: DEBUG oslo_db.sqlalchemy.engines [None req-b283ecb3-13a9-475c-888c-4c5e2b259c74 tempest-TaggedAttachmentsTest-1848214240 tempest-TaggedAttachmentsTest-1848214240-project-member] Parent process 95228 forked (96430) with an open database connection, which is being discarded and recreated. {{(pid=96430) checkout /opt/stack/data/venv/lib/python3.12/site-packages/oslo_db/sqlalchemy/engines.py:402}}
Jul 10 10:28:08.128392 np0000004988 nova-scheduler[96430]: DEBUG dbcounter [-] [96430] Writer thread running {{(pid=96430) stat_writer /opt/stack/data/venv/lib/python3.12/site-packages/dbcounter.py:102}}
Jul 10 10:28:08.132804 np0000004988 nova-scheduler[96430]: DEBUG oslo_concurrency.lockutils [None req-b283ecb3-13a9-475c-888c-4c5e2b259c74 tempest-TaggedAttachmentsTest-1848214240 tempest-TaggedAttachmentsTest-1848214240-project-member] Acquiring lock "91d632d2-642d-49ca-9868-4a0e97da95a3" by "nova.context.set_target_cell..get_or_set_cached_cell_and_set_connections" {{(pid=96430) inner /opt/stack/data/venv/lib/python3.12/site-packages/oslo_concurrency/lockutils.py:511}}
Jul 10 10:28:08.132964 np0000004988 nova-scheduler[96430]: DEBUG oslo_concurrency.lockutils [None req-b283ecb3-13a9-475c-888c-4c5e2b259c74 tempest-TaggedAttachmentsTest-1848214240 tempest-TaggedAttachmentsTest-1848214240-project-member] Lock "91d632d2-642d-49ca-9868-4a0e97da95a3" acquired by "nova.context.set_target_cell..get_or_set_cached_cell_and_set_connections" :: waited 0.000s {{(pid=96430) inner /opt/stack/data/venv/lib/python3.12/site-packages/oslo_concurrency/lockutils.py:524}}
Jul 10 10:28:08.133189 np0000004988 nova-scheduler[96430]: DEBUG oslo_concurrency.lockutils [None req-b283ecb3-13a9-475c-888c-4c5e2b259c74 tempest-TaggedAttachmentsTest-1848214240 tempest-TaggedAttachmentsTest-1848214240-project-member] Lock "91d632d2-642d-49ca-9868-4a0e97da95a3" "released" by "nova.context.set_target_cell..get_or_set_cached_cell_and_set_connections" :: held 0.000s {{(pid=96430) inner /opt/stack/data/venv/lib/python3.12/site-packages/oslo_concurrency/lockutils.py:543}}
Jul 10 10:28:08.138227 np0000004988 nova-scheduler[96430]: DEBUG oslo_concurrency.lockutils [None req-b283ecb3-13a9-475c-888c-4c5e2b259c74 tempest-TaggedAttachmentsTest-1848214240 tempest-TaggedAttachmentsTest-1848214240-project-member] Acquiring lock "np0000004988-np0000004988" by "nova.scheduler.host_manager.HostState.update.._locked_update" {{(pid=96430) inner /opt/stack/data/venv/lib/python3.12/site-packages/oslo_concurrency/lockutils.py:511}}
Jul 10 10:28:08.138458 np0000004988 nova-scheduler[96430]: DEBUG oslo_concurrency.lockutils [None req-b283ecb3-13a9-475c-888c-4c5e2b259c74 tempest-TaggedAttachmentsTest-1848214240 tempest-TaggedAttachmentsTest-1848214240-project-member] Lock "np0000004988-np0000004988" acquired by "nova.scheduler.host_manager.HostState.update.._locked_update" :: waited 0.000s {{(pid=96430) inner /opt/stack/data/venv/lib/python3.12/site-packages/oslo_concurrency/lockutils.py:524}}
