Jul 21 12:31:47.414976 np0000005552 systemd[1]: Starting devstack@n-api-meta.service - Devstack devstack@n-api-meta.service...
Jul 21 12:31:47.420126 np0000005552 devstack@n-api-meta.service[95935]: [uWSGI] getting INI configuration from /etc/nova/nova-metadata-uwsgi.ini
Jul 21 12:31:47.422364 np0000005552 devstack@n-api-meta.service[95935]: *** Starting uWSGI 2.0.24-debian (64bit) on [Tue Jul 21 12:31:47 2026] ***
Jul 21 12:31:47.422364 np0000005552 devstack@n-api-meta.service[95935]: compiled with version: 13.2.0 on 17 April 2024 16:23:48
Jul 21 12:31:47.422364 np0000005552 devstack@n-api-meta.service[95935]: os: Linux-6.8.0-100-generic #100-Ubuntu SMP PREEMPT_DYNAMIC Tue Jan 13 16:40:06 UTC 2026
Jul 21 12:31:47.422364 np0000005552 devstack@n-api-meta.service[95935]: nodename: np0000005552
Jul 21 12:31:47.422364 np0000005552 devstack@n-api-meta.service[95935]: machine: x86_64
Jul 21 12:31:47.422364 np0000005552 devstack@n-api-meta.service[95935]: clock source: unix
Jul 21 12:31:47.422364 np0000005552 devstack@n-api-meta.service[95935]: pcre jit disabled
Jul 21 12:31:47.422364 np0000005552 devstack@n-api-meta.service[95935]: detected number of CPU cores: 16
Jul 21 12:31:47.422364 np0000005552 devstack@n-api-meta.service[95935]: current working directory: /
Jul 21 12:31:47.422364 np0000005552 devstack@n-api-meta.service[95935]: detected binary path: /usr/bin/uwsgi-core
Jul 21 12:31:47.422364 np0000005552 devstack@n-api-meta.service[95935]: your processes number limit is 257052
Jul 21 12:31:47.422364 np0000005552 devstack@n-api-meta.service[95935]: your memory page size is 4096 bytes
Jul 21 12:31:47.422364 np0000005552 devstack@n-api-meta.service[95935]: detected max file descriptor number: 2048
Jul 21 12:31:47.422364 np0000005552 devstack@n-api-meta.service[95935]: lock engine: pthread robust mutexes
Jul 21 12:31:47.422724 np0000005552 devstack@n-api-meta.service[95935]: thunder lock: enabled
Jul 21 12:31:47.422889 np0000005552 devstack@n-api-meta.service[95935]: uWSGI http bound on 0.0.0.0:8775 fd 5
Jul 21 12:31:47.422923 np0000005552 devstack@n-api-meta.service[95935]: uwsgi socket 0 bound to TCP address 127.0.0.1:34963 (port auto-assigned) fd 4
Jul 21 12:31:47.422950 np0000005552 devstack@n-api-meta.service[95935]: Python version: 3.12.3 (main, Jun 19 2026, 12:46:00) [GCC 13.3.0]
Jul 21 12:31:47.422950 np0000005552 devstack@n-api-meta.service[95935]: PEP 405 virtualenv detected: /opt/stack/data/venv
Jul 21 12:31:47.422950 np0000005552 devstack@n-api-meta.service[95935]: Set PythonHome to /opt/stack/data/venv
Jul 21 12:31:47.454785 np0000005552 devstack@n-api-meta.service[95935]: Python main interpreter initialized at 0x749565ea4668
Jul 21 12:31:47.454785 np0000005552 devstack@n-api-meta.service[95935]: python threads support enabled
Jul 21 12:31:47.454785 np0000005552 devstack@n-api-meta.service[95935]: your server socket listen backlog is limited to 100 connections
Jul 21 12:31:47.454785 np0000005552 devstack@n-api-meta.service[95935]: your mercy for graceful operations on workers is 80 seconds
Jul 21 12:31:47.455306 np0000005552 devstack@n-api-meta.service[95935]: mapped 671795 bytes (656 KB) for 4 cores
Jul 21 12:31:47.455440 np0000005552 devstack@n-api-meta.service[95935]: *** Operational MODE: preforking ***
Jul 21 12:31:47.455628 np0000005552 devstack@n-api-meta.service[95935]: *** uWSGI is running in multiple interpreter mode ***
Jul 21 12:31:47.455628 np0000005552 devstack@n-api-meta.service[95935]: spawned uWSGI master process (pid: 95935)
Jul 21 12:31:47.455796 np0000005552 systemd[1]: Started devstack@n-api-meta.service - Devstack devstack@n-api-meta.service.
Jul 21 12:31:47.456201 np0000005552 devstack@n-api-meta.service[95935]: spawned uWSGI worker 1 (pid: 95939, cores: 1)
Jul 21 12:31:47.456627 np0000005552 devstack@n-api-meta.service[95935]: spawned uWSGI worker 2 (pid: 95940, cores: 1)
Jul 21 12:31:47.457134 np0000005552 devstack@n-api-meta.service[95935]: spawned uWSGI worker 3 (pid: 95941, cores: 1)
Jul 21 12:31:47.457826 np0000005552 devstack@n-api-meta.service[95935]: spawned uWSGI worker 4 (pid: 95942, cores: 1)
Jul 21 12:31:47.458364 np0000005552 devstack@n-api-meta.service[95935]: spawned uWSGI http 1 (pid: 95943)
Jul 21 12:31:47.458364 np0000005552 devstack@n-api-meta.service[95935]: running "unix_signal:15 gracefully_kill_them_all" (master-start)...
Jul 21 12:31:49.143762 np0000005552 devstack@n-api-meta.service[95940]: INFO dbcounter [None req-25f0c0a9-d800-41f3-a9be-138d6232f8a6 None None] Registered counter for database nova_api
Jul 21 12:31:49.171655 np0000005552 devstack@n-api-meta.service[95939]: INFO dbcounter [None req-b1d6bd8a-c842-4a00-8ecb-2275757d10cf None None] Registered counter for database nova_api
Jul 21 12:31:49.185102 np0000005552 devstack@n-api-meta.service[95940]: DEBUG oslo_db.sqlalchemy.engines [None req-25f0c0a9-d800-41f3-a9be-138d6232f8a6 None None] MySQL server mode set to STRICT_TRANS_TABLES,STRICT_ALL_TABLES,NO_ZERO_IN_DATE,NO_ZERO_DATE,ERROR_FOR_DIVISION_BY_ZERO,TRADITIONAL,NO_ENGINE_SUBSTITUTION {{(pid=95940) _check_effective_sql_mode /opt/stack/data/venv/lib/python3.12/site-packages/oslo_db/sqlalchemy/engines.py:325}}
Jul 21 12:31:49.190507 np0000005552 devstack@n-api-meta.service[95942]: INFO dbcounter [None req-d1219a6a-59a6-49ba-8c9d-c3c058f8f67c None None] Registered counter for database nova_api
Jul 21 12:31:49.218306 np0000005552 devstack@n-api-meta.service[95940]: DEBUG dbcounter [-] [95940] Writer thread running {{(pid=95940) stat_writer /opt/stack/data/venv/lib/python3.12/site-packages/dbcounter.py:102}}
Jul 21 12:31:49.220568 np0000005552 devstack@n-api-meta.service[95940]: DEBUG nova.context [None req-25f0c0a9-d800-41f3-a9be-138d6232f8a6 None None] Found 2 cells: 00000000-0000-0000-0000-000000000000(cell0),d69fe9df-f3d3-4d10-9796-f43c711778f6(cell1) {{(pid=95940) load_cells /opt/stack/nova/nova/context.py:509}}
Jul 21 12:31:49.220796 np0000005552 devstack@n-api-meta.service[95940]: INFO nova.utils [None req-25f0c0a9-d800-41f3-a9be-138d6232f8a6 None None] The cell worker thread pool MainProcess.cell_worker is initialized
Jul 21 12:31:49.222392 np0000005552 devstack@n-api-meta.service[95940]: DEBUG oslo_concurrency.lockutils [None req-25f0c0a9-d800-41f3-a9be-138d6232f8a6 None None] Acquiring lock "00000000-0000-0000-0000-000000000000" by "nova.context.set_target_cell..get_or_set_cached_cell_and_set_connections" {{(pid=95940) inner /opt/stack/data/venv/lib/python3.12/site-packages/oslo_concurrency/lockutils.py:512}}
Jul 21 12:31:49.222541 np0000005552 devstack@n-api-meta.service[95940]: DEBUG oslo_concurrency.lockutils [None req-25f0c0a9-d800-41f3-a9be-138d6232f8a6 None None] Lock "00000000-0000-0000-0000-000000000000" acquired by "nova.context.set_target_cell..get_or_set_cached_cell_and_set_connections" :: waited 0.000s {{(pid=95940) inner /opt/stack/data/venv/lib/python3.12/site-packages/oslo_concurrency/lockutils.py:525}}
Jul 21 12:31:49.222891 np0000005552 devstack@n-api-meta.service[95940]: DEBUG oslo_concurrency.lockutils [None req-25f0c0a9-d800-41f3-a9be-138d6232f8a6 None None] Lock "00000000-0000-0000-0000-000000000000" "released" by "nova.context.set_target_cell..get_or_set_cached_cell_and_set_connections" :: held 0.000s {{(pid=95940) inner /opt/stack/data/venv/lib/python3.12/site-packages/oslo_concurrency/lockutils.py:544}}
Jul 21 12:31:49.223260 np0000005552 devstack@n-api-meta.service[95939]: DEBUG oslo_db.sqlalchemy.engines [None req-b1d6bd8a-c842-4a00-8ecb-2275757d10cf None None] MySQL server mode set to STRICT_TRANS_TABLES,STRICT_ALL_TABLES,NO_ZERO_IN_DATE,NO_ZERO_DATE,ERROR_FOR_DIVISION_BY_ZERO,TRADITIONAL,NO_ENGINE_SUBSTITUTION {{(pid=95939) _check_effective_sql_mode /opt/stack/data/venv/lib/python3.12/site-packages/oslo_db/sqlalchemy/engines.py:325}}
Jul 21 12:31:49.223500 np0000005552 devstack@n-api-meta.service[95940]: DEBUG oslo_concurrency.lockutils [None req-25f0c0a9-d800-41f3-a9be-138d6232f8a6 None None] Acquiring lock "d69fe9df-f3d3-4d10-9796-f43c711778f6" by "nova.context.set_target_cell..get_or_set_cached_cell_and_set_connections" {{(pid=95940) inner /opt/stack/data/venv/lib/python3.12/site-packages/oslo_concurrency/lockutils.py:512}}
Jul 21 12:31:49.224841 np0000005552 devstack@n-api-meta.service[95940]: INFO dbcounter [None req-25f0c0a9-d800-41f3-a9be-138d6232f8a6 None None] Registered counter for database nova_cell0
Jul 21 12:31:49.225735 np0000005552 devstack@n-api-meta.service[95940]: DEBUG oslo_concurrency.lockutils [None req-25f0c0a9-d800-41f3-a9be-138d6232f8a6 None None] Lock "d69fe9df-f3d3-4d10-9796-f43c711778f6" acquired by "nova.context.set_target_cell..get_or_set_cached_cell_and_set_connections" :: waited 0.001s {{(pid=95940) inner /opt/stack/data/venv/lib/python3.12/site-packages/oslo_concurrency/lockutils.py:525}}
Jul 21 12:31:49.226780 np0000005552 devstack@n-api-meta.service[95940]: DEBUG oslo_concurrency.lockutils [None req-25f0c0a9-d800-41f3-a9be-138d6232f8a6 None None] Lock "d69fe9df-f3d3-4d10-9796-f43c711778f6" "released" by "nova.context.set_target_cell..get_or_set_cached_cell_and_set_connections" :: held 0.002s {{(pid=95940) inner /opt/stack/data/venv/lib/python3.12/site-packages/oslo_concurrency/lockutils.py:544}}
Jul 21 12:31:49.228655 np0000005552 devstack@n-api-meta.service[95940]: INFO dbcounter [None req-25f0c0a9-d800-41f3-a9be-138d6232f8a6 None None] Registered counter for database nova_cell1
Jul 21 12:31:49.241729 np0000005552 devstack@n-api-meta.service[95942]: DEBUG oslo_db.sqlalchemy.engines [None req-d1219a6a-59a6-49ba-8c9d-c3c058f8f67c None None] MySQL server mode set to STRICT_TRANS_TABLES,STRICT_ALL_TABLES,NO_ZERO_IN_DATE,NO_ZERO_DATE,ERROR_FOR_DIVISION_BY_ZERO,TRADITIONAL,NO_ENGINE_SUBSTITUTION {{(pid=95942) _check_effective_sql_mode /opt/stack/data/venv/lib/python3.12/site-packages/oslo_db/sqlalchemy/engines.py:325}}
Jul 21 12:31:49.251918 np0000005552 devstack@n-api-meta.service[95939]: DEBUG dbcounter [-] [95939] Writer thread running {{(pid=95939) stat_writer /opt/stack/data/venv/lib/python3.12/site-packages/dbcounter.py:102}}
Jul 21 12:31:49.254185 np0000005552 devstack@n-api-meta.service[95939]: DEBUG nova.context [None req-b1d6bd8a-c842-4a00-8ecb-2275757d10cf None None] Found 2 cells: 00000000-0000-0000-0000-000000000000(cell0),d69fe9df-f3d3-4d10-9796-f43c711778f6(cell1) {{(pid=95939) load_cells /opt/stack/nova/nova/context.py:509}}
Jul 21 12:31:49.254412 np0000005552 devstack@n-api-meta.service[95939]: INFO nova.utils [None req-b1d6bd8a-c842-4a00-8ecb-2275757d10cf None None] The cell worker thread pool MainProcess.cell_worker is initialized
Jul 21 12:31:49.255495 np0000005552 devstack@n-api-meta.service[95941]: INFO dbcounter [None req-38f3b8fa-3e24-4c3e-b331-1f4087f6c77e None None] Registered counter for database nova_api
Jul 21 12:31:49.256003 np0000005552 devstack@n-api-meta.service[95939]: DEBUG oslo_concurrency.lockutils [None req-b1d6bd8a-c842-4a00-8ecb-2275757d10cf None None] Acquiring lock "00000000-0000-0000-0000-000000000000" by "nova.context.set_target_cell..get_or_set_cached_cell_and_set_connections" {{(pid=95939) inner /opt/stack/data/venv/lib/python3.12/site-packages/oslo_concurrency/lockutils.py:512}}
Jul 21 12:31:49.256149 np0000005552 devstack@n-api-meta.service[95939]: DEBUG oslo_concurrency.lockutils [None req-b1d6bd8a-c842-4a00-8ecb-2275757d10cf None None] Lock "00000000-0000-0000-0000-000000000000" acquired by "nova.context.set_target_cell..get_or_set_cached_cell_and_set_connections" :: waited 0.000s {{(pid=95939) inner /opt/stack/data/venv/lib/python3.12/site-packages/oslo_concurrency/lockutils.py:525}}
Jul 21 12:31:49.256483 np0000005552 devstack@n-api-meta.service[95939]: DEBUG oslo_concurrency.lockutils [None req-b1d6bd8a-c842-4a00-8ecb-2275757d10cf None None] Lock "00000000-0000-0000-0000-000000000000" "released" by "nova.context.set_target_cell..get_or_set_cached_cell_and_set_connections" :: held 0.000s {{(pid=95939) inner /opt/stack/data/venv/lib/python3.12/site-packages/oslo_concurrency/lockutils.py:544}}
Jul 21 12:31:49.257139 np0000005552 devstack@n-api-meta.service[95939]: DEBUG oslo_concurrency.lockutils [None req-b1d6bd8a-c842-4a00-8ecb-2275757d10cf None None] Acquiring lock "d69fe9df-f3d3-4d10-9796-f43c711778f6" by "nova.context.set_target_cell..get_or_set_cached_cell_and_set_connections" {{(pid=95939) inner /opt/stack/data/venv/lib/python3.12/site-packages/oslo_concurrency/lockutils.py:512}}
Jul 21 12:31:49.257287 np0000005552 devstack@n-api-meta.service[95939]: DEBUG oslo_concurrency.lockutils [None req-b1d6bd8a-c842-4a00-8ecb-2275757d10cf None None] Lock "d69fe9df-f3d3-4d10-9796-f43c711778f6" acquired by "nova.context.set_target_cell..get_or_set_cached_cell_and_set_connections" :: waited 0.000s {{(pid=95939) inner /opt/stack/data/venv/lib/python3.12/site-packages/oslo_concurrency/lockutils.py:525}}
Jul 21 12:31:49.258041 np0000005552 devstack@n-api-meta.service[95939]: DEBUG oslo_concurrency.lockutils [None req-b1d6bd8a-c842-4a00-8ecb-2275757d10cf None None] Lock "d69fe9df-f3d3-4d10-9796-f43c711778f6" "released" by "nova.context.set_target_cell..get_or_set_cached_cell_and_set_connections" :: held 0.001s {{(pid=95939) inner /opt/stack/data/venv/lib/python3.12/site-packages/oslo_concurrency/lockutils.py:544}}
Jul 21 12:31:49.260261 np0000005552 devstack@n-api-meta.service[95939]: INFO dbcounter [None req-b1d6bd8a-c842-4a00-8ecb-2275757d10cf None None] Registered counter for database nova_cell0
Jul 21 12:31:49.263372 np0000005552 devstack@n-api-meta.service[95939]: INFO dbcounter [None req-b1d6bd8a-c842-4a00-8ecb-2275757d10cf None None] Registered counter for database nova_cell1
Jul 21 12:31:49.268321 np0000005552 devstack@n-api-meta.service[95942]: DEBUG dbcounter [-] [95942] Writer thread running {{(pid=95942) stat_writer /opt/stack/data/venv/lib/python3.12/site-packages/dbcounter.py:102}}
Jul 21 12:31:49.271474 np0000005552 devstack@n-api-meta.service[95942]: DEBUG nova.context [None req-d1219a6a-59a6-49ba-8c9d-c3c058f8f67c None None] Found 2 cells: 00000000-0000-0000-0000-000000000000(cell0),d69fe9df-f3d3-4d10-9796-f43c711778f6(cell1) {{(pid=95942) load_cells /opt/stack/nova/nova/context.py:509}}
Jul 21 12:31:49.271474 np0000005552 devstack@n-api-meta.service[95942]: INFO nova.utils [None req-d1219a6a-59a6-49ba-8c9d-c3c058f8f67c None None] The cell worker thread pool MainProcess.cell_worker is initialized
Jul 21 12:31:49.272817 np0000005552 devstack@n-api-meta.service[95942]: DEBUG oslo_concurrency.lockutils [None req-d1219a6a-59a6-49ba-8c9d-c3c058f8f67c None None] Acquiring lock "00000000-0000-0000-0000-000000000000" by "nova.context.set_target_cell..get_or_set_cached_cell_and_set_connections" {{(pid=95942) inner /opt/stack/data/venv/lib/python3.12/site-packages/oslo_concurrency/lockutils.py:512}}
Jul 21 12:31:49.272817 np0000005552 devstack@n-api-meta.service[95942]: DEBUG oslo_concurrency.lockutils [None req-d1219a6a-59a6-49ba-8c9d-c3c058f8f67c None None] Lock "00000000-0000-0000-0000-000000000000" acquired by "nova.context.set_target_cell..get_or_set_cached_cell_and_set_connections" :: waited 0.000s {{(pid=95942) inner /opt/stack/data/venv/lib/python3.12/site-packages/oslo_concurrency/lockutils.py:525}}
Jul 21 12:31:49.273257 np0000005552 devstack@n-api-meta.service[95942]: DEBUG oslo_concurrency.lockutils [None req-d1219a6a-59a6-49ba-8c9d-c3c058f8f67c None None] Lock "00000000-0000-0000-0000-000000000000" "released" by "nova.context.set_target_cell..get_or_set_cached_cell_and_set_connections" :: held 0.000s {{(pid=95942) inner /opt/stack/data/venv/lib/python3.12/site-packages/oslo_concurrency/lockutils.py:544}}
Jul 21 12:31:49.273999 np0000005552 devstack@n-api-meta.service[95942]: DEBUG oslo_concurrency.lockutils [None req-d1219a6a-59a6-49ba-8c9d-c3c058f8f67c None None] Acquiring lock "d69fe9df-f3d3-4d10-9796-f43c711778f6" by "nova.context.set_target_cell..get_or_set_cached_cell_and_set_connections" {{(pid=95942) inner /opt/stack/data/venv/lib/python3.12/site-packages/oslo_concurrency/lockutils.py:512}}
Jul 21 12:31:49.274074 np0000005552 devstack@n-api-meta.service[95940]: DEBUG oslo_db.sqlalchemy.engines [None req-25f0c0a9-d800-41f3-a9be-138d6232f8a6 None None] MySQL server mode set to STRICT_TRANS_TABLES,STRICT_ALL_TABLES,NO_ZERO_IN_DATE,NO_ZERO_DATE,ERROR_FOR_DIVISION_BY_ZERO,TRADITIONAL,NO_ENGINE_SUBSTITUTION {{(pid=95940) _check_effective_sql_mode /opt/stack/data/venv/lib/python3.12/site-packages/oslo_db/sqlalchemy/engines.py:325}}
Jul 21 12:31:49.274128 np0000005552 devstack@n-api-meta.service[95942]: DEBUG oslo_concurrency.lockutils [None req-d1219a6a-59a6-49ba-8c9d-c3c058f8f67c None None] Lock "d69fe9df-f3d3-4d10-9796-f43c711778f6" acquired by "nova.context.set_target_cell..get_or_set_cached_cell_and_set_connections" :: waited 0.000s {{(pid=95942) inner /opt/stack/data/venv/lib/python3.12/site-packages/oslo_concurrency/lockutils.py:525}}
Jul 21 12:31:49.275159 np0000005552 devstack@n-api-meta.service[95942]: DEBUG oslo_concurrency.lockutils [None req-d1219a6a-59a6-49ba-8c9d-c3c058f8f67c None None] Lock "d69fe9df-f3d3-4d10-9796-f43c711778f6" "released" by "nova.context.set_target_cell..get_or_set_cached_cell_and_set_connections" :: held 0.001s {{(pid=95942) inner /opt/stack/data/venv/lib/python3.12/site-packages/oslo_concurrency/lockutils.py:544}}
Jul 21 12:31:49.278728 np0000005552 devstack@n-api-meta.service[95942]: INFO dbcounter [None req-d1219a6a-59a6-49ba-8c9d-c3c058f8f67c None None] Registered counter for database nova_cell0
Jul 21 12:31:49.280899 np0000005552 devstack@n-api-meta.service[95942]: INFO dbcounter [None req-d1219a6a-59a6-49ba-8c9d-c3c058f8f67c None None] Registered counter for database nova_cell1
Jul 21 12:31:49.313582 np0000005552 devstack@n-api-meta.service[95941]: DEBUG oslo_db.sqlalchemy.engines [None req-38f3b8fa-3e24-4c3e-b331-1f4087f6c77e None None] MySQL server mode set to STRICT_TRANS_TABLES,STRICT_ALL_TABLES,NO_ZERO_IN_DATE,NO_ZERO_DATE,ERROR_FOR_DIVISION_BY_ZERO,TRADITIONAL,NO_ENGINE_SUBSTITUTION {{(pid=95941) _check_effective_sql_mode /opt/stack/data/venv/lib/python3.12/site-packages/oslo_db/sqlalchemy/engines.py:325}}
Jul 21 12:31:49.320111 np0000005552 devstack@n-api-meta.service[95939]: DEBUG oslo_db.sqlalchemy.engines [None req-b1d6bd8a-c842-4a00-8ecb-2275757d10cf None None] MySQL server mode set to STRICT_TRANS_TABLES,STRICT_ALL_TABLES,NO_ZERO_IN_DATE,NO_ZERO_DATE,ERROR_FOR_DIVISION_BY_ZERO,TRADITIONAL,NO_ENGINE_SUBSTITUTION {{(pid=95939) _check_effective_sql_mode /opt/stack/data/venv/lib/python3.12/site-packages/oslo_db/sqlalchemy/engines.py:325}}
Jul 21 12:31:49.333300 np0000005552 devstack@n-api-meta.service[95942]: DEBUG oslo_db.sqlalchemy.engines [None req-d1219a6a-59a6-49ba-8c9d-c3c058f8f67c None None] MySQL server mode set to STRICT_TRANS_TABLES,STRICT_ALL_TABLES,NO_ZERO_IN_DATE,NO_ZERO_DATE,ERROR_FOR_DIVISION_BY_ZERO,TRADITIONAL,NO_ENGINE_SUBSTITUTION {{(pid=95942) _check_effective_sql_mode /opt/stack/data/venv/lib/python3.12/site-packages/oslo_db/sqlalchemy/engines.py:325}}
Jul 21 12:31:49.339772 np0000005552 devstack@n-api-meta.service[95939]: DEBUG oslo_db.sqlalchemy.engines [None req-b1d6bd8a-c842-4a00-8ecb-2275757d10cf None None] MySQL server mode set to STRICT_TRANS_TABLES,STRICT_ALL_TABLES,NO_ZERO_IN_DATE,NO_ZERO_DATE,ERROR_FOR_DIVISION_BY_ZERO,TRADITIONAL,NO_ENGINE_SUBSTITUTION {{(pid=95939) _check_effective_sql_mode /opt/stack/data/venv/lib/python3.12/site-packages/oslo_db/sqlalchemy/engines.py:325}}
Jul 21 12:31:49.343152 np0000005552 devstack@n-api-meta.service[95942]: DEBUG oslo_db.sqlalchemy.engines [None req-d1219a6a-59a6-49ba-8c9d-c3c058f8f67c None None] MySQL server mode set to STRICT_TRANS_TABLES,STRICT_ALL_TABLES,NO_ZERO_IN_DATE,NO_ZERO_DATE,ERROR_FOR_DIVISION_BY_ZERO,TRADITIONAL,NO_ENGINE_SUBSTITUTION {{(pid=95942) _check_effective_sql_mode /opt/stack/data/venv/lib/python3.12/site-packages/oslo_db/sqlalchemy/engines.py:325}}
Jul 21 12:31:49.348810 np0000005552 devstack@n-api-meta.service[95941]: DEBUG dbcounter [-] [95941] Writer thread running {{(pid=95941) stat_writer /opt/stack/data/venv/lib/python3.12/site-packages/dbcounter.py:102}}
Jul 21 12:31:49.351842 np0000005552 devstack@n-api-meta.service[95941]: DEBUG nova.context [None req-38f3b8fa-3e24-4c3e-b331-1f4087f6c77e None None] Found 2 cells: 00000000-0000-0000-0000-000000000000(cell0),d69fe9df-f3d3-4d10-9796-f43c711778f6(cell1) {{(pid=95941) load_cells /opt/stack/nova/nova/context.py:509}}
Jul 21 12:31:49.352106 np0000005552 devstack@n-api-meta.service[95941]: INFO nova.utils [None req-38f3b8fa-3e24-4c3e-b331-1f4087f6c77e None None] The cell worker thread pool MainProcess.cell_worker is initialized
Jul 21 12:31:49.353875 np0000005552 devstack@n-api-meta.service[95941]: DEBUG oslo_concurrency.lockutils [None req-38f3b8fa-3e24-4c3e-b331-1f4087f6c77e None None] Acquiring lock "00000000-0000-0000-0000-000000000000" by "nova.context.set_target_cell..get_or_set_cached_cell_and_set_connections" {{(pid=95941) inner /opt/stack/data/venv/lib/python3.12/site-packages/oslo_concurrency/lockutils.py:512}}
Jul 21 12:31:49.354042 np0000005552 devstack@n-api-meta.service[95941]: DEBUG oslo_concurrency.lockutils [None req-38f3b8fa-3e24-4c3e-b331-1f4087f6c77e None None] Lock "00000000-0000-0000-0000-000000000000" acquired by "nova.context.set_target_cell..get_or_set_cached_cell_and_set_connections" :: waited 0.000s {{(pid=95941) inner /opt/stack/data/venv/lib/python3.12/site-packages/oslo_concurrency/lockutils.py:525}}
Jul 21 12:31:49.354427 np0000005552 devstack@n-api-meta.service[95941]: DEBUG oslo_concurrency.lockutils [None req-38f3b8fa-3e24-4c3e-b331-1f4087f6c77e None None] Lock "00000000-0000-0000-0000-000000000000" "released" by "nova.context.set_target_cell..get_or_set_cached_cell_and_set_connections" :: held 0.000s {{(pid=95941) inner /opt/stack/data/venv/lib/python3.12/site-packages/oslo_concurrency/lockutils.py:544}}
Jul 21 12:31:49.355113 np0000005552 devstack@n-api-meta.service[95941]: DEBUG oslo_concurrency.lockutils [None req-38f3b8fa-3e24-4c3e-b331-1f4087f6c77e None None] Acquiring lock "d69fe9df-f3d3-4d10-9796-f43c711778f6" by "nova.context.set_target_cell..get_or_set_cached_cell_and_set_connections" {{(pid=95941) inner /opt/stack/data/venv/lib/python3.12/site-packages/oslo_concurrency/lockutils.py:512}}
Jul 21 12:31:49.357719 np0000005552 devstack@n-api-meta.service[95941]: INFO dbcounter [None req-38f3b8fa-3e24-4c3e-b331-1f4087f6c77e None None] Registered counter for database nova_cell0
Jul 21 12:31:49.357719 np0000005552 devstack@n-api-meta.service[95941]: DEBUG oslo_concurrency.lockutils [None req-38f3b8fa-3e24-4c3e-b331-1f4087f6c77e None None] Lock "d69fe9df-f3d3-4d10-9796-f43c711778f6" acquired by "nova.context.set_target_cell..get_or_set_cached_cell_and_set_connections" :: waited 0.001s {{(pid=95941) inner /opt/stack/data/venv/lib/python3.12/site-packages/oslo_concurrency/lockutils.py:525}}
Jul 21 12:31:49.358796 np0000005552 devstack@n-api-meta.service[95941]: DEBUG oslo_concurrency.lockutils [None req-38f3b8fa-3e24-4c3e-b331-1f4087f6c77e None None] Lock "d69fe9df-f3d3-4d10-9796-f43c711778f6" "released" by "nova.context.set_target_cell..get_or_set_cached_cell_and_set_connections" :: held 0.002s {{(pid=95941) inner /opt/stack/data/venv/lib/python3.12/site-packages/oslo_concurrency/lockutils.py:544}}
Jul 21 12:31:49.360685 np0000005552 devstack@n-api-meta.service[95941]: INFO dbcounter [None req-38f3b8fa-3e24-4c3e-b331-1f4087f6c77e None None] Registered counter for database nova_cell1
Jul 21 12:31:49.369384 np0000005552 devstack@n-api-meta.service[95940]: DEBUG dbcounter [-] [95940] Writer thread running {{(pid=95940) stat_writer /opt/stack/data/venv/lib/python3.12/site-packages/dbcounter.py:102}}
Jul 21 12:31:49.374554 np0000005552 devstack@n-api-meta.service[95940]: DEBUG oslo_db.sqlalchemy.engines [None req-25f0c0a9-d800-41f3-a9be-138d6232f8a6 None None] MySQL server mode set to STRICT_TRANS_TABLES,STRICT_ALL_TABLES,NO_ZERO_IN_DATE,NO_ZERO_DATE,ERROR_FOR_DIVISION_BY_ZERO,TRADITIONAL,NO_ENGINE_SUBSTITUTION {{(pid=95940) _check_effective_sql_mode /opt/stack/data/venv/lib/python3.12/site-packages/oslo_db/sqlalchemy/engines.py:325}}
Jul 21 12:31:49.382576 np0000005552 devstack@n-api-meta.service[95940]: DEBUG dbcounter [-] [95940] Writer thread running {{(pid=95940) stat_writer /opt/stack/data/venv/lib/python3.12/site-packages/dbcounter.py:102}}
Jul 21 12:31:49.386522 np0000005552 devstack@n-api-meta.service[95940]: INFO dbcounter [None req-25f0c0a9-d800-41f3-a9be-138d6232f8a6 None None] Registered counter for database nova_cell0
Jul 21 12:31:49.410812 np0000005552 devstack@n-api-meta.service[95941]: DEBUG oslo_db.sqlalchemy.engines [None req-38f3b8fa-3e24-4c3e-b331-1f4087f6c77e None None] MySQL server mode set to STRICT_TRANS_TABLES,STRICT_ALL_TABLES,NO_ZERO_IN_DATE,NO_ZERO_DATE,ERROR_FOR_DIVISION_BY_ZERO,TRADITIONAL,NO_ENGINE_SUBSTITUTION {{(pid=95941) _check_effective_sql_mode /opt/stack/data/venv/lib/python3.12/site-packages/oslo_db/sqlalchemy/engines.py:325}}
Jul 21 12:31:49.413081 np0000005552 devstack@n-api-meta.service[95939]: DEBUG dbcounter [-] [95939] Writer thread running {{(pid=95939) stat_writer /opt/stack/data/venv/lib/python3.12/site-packages/dbcounter.py:102}}
Jul 21 12:31:49.417926 np0000005552 devstack@n-api-meta.service[95942]: DEBUG dbcounter [-] [95942] Writer thread running {{(pid=95942) stat_writer /opt/stack/data/venv/lib/python3.12/site-packages/dbcounter.py:102}}
Jul 21 12:31:49.418376 np0000005552 devstack@n-api-meta.service[95939]: DEBUG dbcounter [-] [95939] Writer thread running {{(pid=95939) stat_writer /opt/stack/data/venv/lib/python3.12/site-packages/dbcounter.py:102}}
Jul 21 12:31:49.421342 np0000005552 devstack@n-api-meta.service[95939]: INFO dbcounter [None req-b1d6bd8a-c842-4a00-8ecb-2275757d10cf None None] Registered counter for database nova_cell0
Jul 21 12:31:49.424557 np0000005552 devstack@n-api-meta.service[95942]: DEBUG dbcounter [-] [95942] Writer thread running {{(pid=95942) stat_writer /opt/stack/data/venv/lib/python3.12/site-packages/dbcounter.py:102}}
Jul 21 12:31:49.427944 np0000005552 devstack@n-api-meta.service[95942]: INFO dbcounter [None req-d1219a6a-59a6-49ba-8c9d-c3c058f8f67c None None] Registered counter for database nova_cell0
Jul 21 12:31:49.432566 np0000005552 devstack@n-api-meta.service[95940]: DEBUG oslo_db.sqlalchemy.engines [None req-25f0c0a9-d800-41f3-a9be-138d6232f8a6 None None] MySQL server mode set to STRICT_TRANS_TABLES,STRICT_ALL_TABLES,NO_ZERO_IN_DATE,NO_ZERO_DATE,ERROR_FOR_DIVISION_BY_ZERO,TRADITIONAL,NO_ENGINE_SUBSTITUTION {{(pid=95940) _check_effective_sql_mode /opt/stack/data/venv/lib/python3.12/site-packages/oslo_db/sqlalchemy/engines.py:325}}
Jul 21 12:31:49.438553 np0000005552 devstack@n-api-meta.service[95940]: DEBUG dbcounter [-] [95940] Writer thread running {{(pid=95940) stat_writer /opt/stack/data/venv/lib/python3.12/site-packages/dbcounter.py:102}}
Jul 21 12:31:49.459195 np0000005552 devstack@n-api-meta.service[95939]: DEBUG oslo_db.sqlalchemy.engines [None req-b1d6bd8a-c842-4a00-8ecb-2275757d10cf None None] MySQL server mode set to STRICT_TRANS_TABLES,STRICT_ALL_TABLES,NO_ZERO_IN_DATE,NO_ZERO_DATE,ERROR_FOR_DIVISION_BY_ZERO,TRADITIONAL,NO_ENGINE_SUBSTITUTION {{(pid=95939) _check_effective_sql_mode /opt/stack/data/venv/lib/python3.12/site-packages/oslo_db/sqlalchemy/engines.py:325}}
Jul 21 12:31:49.467072 np0000005552 devstack@n-api-meta.service[95939]: DEBUG dbcounter [-] [95939] Writer thread running {{(pid=95939) stat_writer /opt/stack/data/venv/lib/python3.12/site-packages/dbcounter.py:102}}
Jul 21 12:31:49.470460 np0000005552 devstack@n-api-meta.service[95942]: DEBUG oslo_db.sqlalchemy.engines [None req-d1219a6a-59a6-49ba-8c9d-c3c058f8f67c None None] MySQL server mode set to STRICT_TRANS_TABLES,STRICT_ALL_TABLES,NO_ZERO_IN_DATE,NO_ZERO_DATE,ERROR_FOR_DIVISION_BY_ZERO,TRADITIONAL,NO_ENGINE_SUBSTITUTION {{(pid=95942) _check_effective_sql_mode /opt/stack/data/venv/lib/python3.12/site-packages/oslo_db/sqlalchemy/engines.py:325}}
Jul 21 12:31:49.473652 np0000005552 devstack@n-api-meta.service[95941]: DEBUG oslo_db.sqlalchemy.engines [None req-38f3b8fa-3e24-4c3e-b331-1f4087f6c77e None None] MySQL server mode set to STRICT_TRANS_TABLES,STRICT_ALL_TABLES,NO_ZERO_IN_DATE,NO_ZERO_DATE,ERROR_FOR_DIVISION_BY_ZERO,TRADITIONAL,NO_ENGINE_SUBSTITUTION {{(pid=95941) _check_effective_sql_mode /opt/stack/data/venv/lib/python3.12/site-packages/oslo_db/sqlalchemy/engines.py:325}}
Jul 21 12:31:49.479594 np0000005552 devstack@n-api-meta.service[95942]: DEBUG dbcounter [-] [95942] Writer thread running {{(pid=95942) stat_writer /opt/stack/data/venv/lib/python3.12/site-packages/dbcounter.py:102}}
Jul 21 12:31:49.481760 np0000005552 devstack@n-api-meta.service[95940]: WARNING nova.api.metadata.handler [None req-25f0c0a9-d800-41f3-a9be-138d6232f8a6 None None] metadata_proxy_shared_secret is not configured, the metadata information returned by the proxy cannot be trusted
Jul 21 12:31:49.485072 np0000005552 devstack@n-api-meta.service[95940]: DEBUG nova.api.openstack.wsgi_app [None req-25f0c0a9-d800-41f3-a9be-138d6232f8a6 None None] ******************************************************************************** {{(pid=95940) log_opt_values /opt/stack/data/venv/lib/python3.12/site-packages/oslo_config/cfg.py:3226}}
Jul 21 12:31:49.485256 np0000005552 devstack@n-api-meta.service[95940]: DEBUG nova.api.openstack.wsgi_app [None req-25f0c0a9-d800-41f3-a9be-138d6232f8a6 None None] Configuration options gathered from: {{(pid=95940) log_opt_values /opt/stack/data/venv/lib/python3.12/site-packages/oslo_config/cfg.py:3227}}
Jul 21 12:31:49.485421 np0000005552 devstack@n-api-meta.service[95940]: DEBUG nova.api.openstack.wsgi_app [None req-25f0c0a9-d800-41f3-a9be-138d6232f8a6 None None] command line args: [] {{(pid=95940) log_opt_values /opt/stack/data/venv/lib/python3.12/site-packages/oslo_config/cfg.py:3228}}
Jul 21 12:31:49.485641 np0000005552 devstack@n-api-meta.service[95940]: DEBUG nova.api.openstack.wsgi_app [None req-25f0c0a9-d800-41f3-a9be-138d6232f8a6 None None] config files: ['/etc/nova/api-paste.ini', '/etc/nova/nova.conf'] {{(pid=95940) log_opt_values /opt/stack/data/venv/lib/python3.12/site-packages/oslo_config/cfg.py:3229}}
Jul 21 12:31:49.485816 np0000005552 devstack@n-api-meta.service[95940]: DEBUG nova.api.openstack.wsgi_app [None req-25f0c0a9-d800-41f3-a9be-138d6232f8a6 None None] ================================================================================ {{(pid=95940) log_opt_values /opt/stack/data/venv/lib/python3.12/site-packages/oslo_config/cfg.py:3234}}
Jul 21 12:31:49.486079 np0000005552 devstack@n-api-meta.service[95940]: DEBUG nova.api.openstack.wsgi_app [None req-25f0c0a9-d800-41f3-a9be-138d6232f8a6 None None] allow_resize_to_same_host = True {{(pid=95940) log_opt_values /opt/stack/data/venv/lib/python3.12/site-packages/oslo_config/cfg.py:3242}}
Jul 21 12:31:49.486259 np0000005552 devstack@n-api-meta.service[95940]: DEBUG nova.api.openstack.wsgi_app [None req-25f0c0a9-d800-41f3-a9be-138d6232f8a6 None None] arq_binding_timeout = 300 {{(pid=95940) log_opt_values /opt/stack/data/venv/lib/python3.12/site-packages/oslo_config/cfg.py:3242}}
Jul 21 12:31:49.486434 np0000005552 devstack@n-api-meta.service[95940]: DEBUG nova.api.openstack.wsgi_app [None req-25f0c0a9-d800-41f3-a9be-138d6232f8a6 None None] block_device_allocate_retries = 60 {{(pid=95940) log_opt_values /opt/stack/data/venv/lib/python3.12/site-packages/oslo_config/cfg.py:3242}}
Jul 21 12:31:49.486613 np0000005552 devstack@n-api-meta.service[95940]: DEBUG nova.api.openstack.wsgi_app [None req-25f0c0a9-d800-41f3-a9be-138d6232f8a6 None None] block_device_allocate_retries_interval = 3 {{(pid=95940) log_opt_values /opt/stack/data/venv/lib/python3.12/site-packages/oslo_config/cfg.py:3242}}
Jul 21 12:31:49.486816 np0000005552 devstack@n-api-meta.service[95940]: DEBUG nova.api.openstack.wsgi_app [None req-25f0c0a9-d800-41f3-a9be-138d6232f8a6 None None] cell_worker_thread_pool_size = 5 {{(pid=95940) log_opt_values /opt/stack/data/venv/lib/python3.12/site-packages/oslo_config/cfg.py:3242}}
Jul 21 12:31:49.487004 np0000005552 devstack@n-api-meta.service[95940]: DEBUG nova.api.openstack.wsgi_app [None req-25f0c0a9-d800-41f3-a9be-138d6232f8a6 None None] cert = self.pem {{(pid=95940) log_opt_values /opt/stack/data/venv/lib/python3.12/site-packages/oslo_config/cfg.py:3242}}
Jul 21 12:31:49.487185 np0000005552 devstack@n-api-meta.service[95940]: DEBUG nova.api.openstack.wsgi_app [None req-25f0c0a9-d800-41f3-a9be-138d6232f8a6 None None] compute_driver = libvirt.LibvirtDriver {{(pid=95940) log_opt_values /opt/stack/data/venv/lib/python3.12/site-packages/oslo_config/cfg.py:3242}}
Jul 21 12:31:49.487378 np0000005552 devstack@n-api-meta.service[95940]: DEBUG nova.api.openstack.wsgi_app [None req-25f0c0a9-d800-41f3-a9be-138d6232f8a6 None None] compute_monitors = [] {{(pid=95940) log_opt_values /opt/stack/data/venv/lib/python3.12/site-packages/oslo_config/cfg.py:3242}}
Jul 21 12:31:49.487558 np0000005552 devstack@n-api-meta.service[95940]: DEBUG nova.api.openstack.wsgi_app [None req-25f0c0a9-d800-41f3-a9be-138d6232f8a6 None None] concurrency_backend = auto {{(pid=95940) log_opt_values /opt/stack/data/venv/lib/python3.12/site-packages/oslo_config/cfg.py:3242}}
Jul 21 12:31:49.487750 np0000005552 devstack@n-api-meta.service[95940]: DEBUG nova.api.openstack.wsgi_app [None req-25f0c0a9-d800-41f3-a9be-138d6232f8a6 None None] config_dir = [] {{(pid=95940) log_opt_values /opt/stack/data/venv/lib/python3.12/site-packages/oslo_config/cfg.py:3242}}
Jul 21 12:31:49.487933 np0000005552 devstack@n-api-meta.service[95940]: DEBUG nova.api.openstack.wsgi_app [None req-25f0c0a9-d800-41f3-a9be-138d6232f8a6 None None] config_drive_format = iso9660 {{(pid=95940) log_opt_values /opt/stack/data/venv/lib/python3.12/site-packages/oslo_config/cfg.py:3242}}
Jul 21 12:31:49.488112 np0000005552 devstack@n-api-meta.service[95940]: DEBUG nova.api.openstack.wsgi_app [None req-25f0c0a9-d800-41f3-a9be-138d6232f8a6 None None] config_file = ['/etc/nova/api-paste.ini', '/etc/nova/nova.conf'] {{(pid=95940) log_opt_values /opt/stack/data/venv/lib/python3.12/site-packages/oslo_config/cfg.py:3242}}
Jul 21 12:31:49.488306 np0000005552 devstack@n-api-meta.service[95940]: DEBUG nova.api.openstack.wsgi_app [None req-25f0c0a9-d800-41f3-a9be-138d6232f8a6 None None] config_source = [] {{(pid=95940) log_opt_values /opt/stack/data/venv/lib/python3.12/site-packages/oslo_config/cfg.py:3242}}
Jul 21 12:31:49.488490 np0000005552 devstack@n-api-meta.service[95940]: DEBUG nova.api.openstack.wsgi_app [None req-25f0c0a9-d800-41f3-a9be-138d6232f8a6 None None] console_host = np0000005552 {{(pid=95940) log_opt_values /opt/stack/data/venv/lib/python3.12/site-packages/oslo_config/cfg.py:3242}}
Jul 21 12:31:49.488674 np0000005552 devstack@n-api-meta.service[95940]: DEBUG nova.api.openstack.wsgi_app [None req-25f0c0a9-d800-41f3-a9be-138d6232f8a6 None None] control_exchange = nova {{(pid=95940) log_opt_values /opt/stack/data/venv/lib/python3.12/site-packages/oslo_config/cfg.py:3242}}
Jul 21 12:31:49.488874 np0000005552 devstack@n-api-meta.service[95940]: DEBUG nova.api.openstack.wsgi_app [None req-25f0c0a9-d800-41f3-a9be-138d6232f8a6 None None] cpu_allocation_ratio = None {{(pid=95940) log_opt_values /opt/stack/data/venv/lib/python3.12/site-packages/oslo_config/cfg.py:3242}}
Jul 21 12:31:49.489065 np0000005552 devstack@n-api-meta.service[95940]: DEBUG nova.api.openstack.wsgi_app [None req-25f0c0a9-d800-41f3-a9be-138d6232f8a6 None None] daemon = False {{(pid=95940) log_opt_values /opt/stack/data/venv/lib/python3.12/site-packages/oslo_config/cfg.py:3242}}
Jul 21 12:31:49.489273 np0000005552 devstack@n-api-meta.service[95940]: DEBUG nova.api.openstack.wsgi_app [None req-25f0c0a9-d800-41f3-a9be-138d6232f8a6 None None] debug = True {{(pid=95940) log_opt_values /opt/stack/data/venv/lib/python3.12/site-packages/oslo_config/cfg.py:3242}}
Jul 21 12:31:49.489453 np0000005552 devstack@n-api-meta.service[95940]: DEBUG nova.api.openstack.wsgi_app [None req-25f0c0a9-d800-41f3-a9be-138d6232f8a6 None None] default_access_ip_network_name = None {{(pid=95940) log_opt_values /opt/stack/data/venv/lib/python3.12/site-packages/oslo_config/cfg.py:3242}}
Jul 21 12:31:49.489645 np0000005552 devstack@n-api-meta.service[95940]: DEBUG nova.api.openstack.wsgi_app [None req-25f0c0a9-d800-41f3-a9be-138d6232f8a6 None None] default_availability_zone = nova {{(pid=95940) log_opt_values /opt/stack/data/venv/lib/python3.12/site-packages/oslo_config/cfg.py:3242}}
Jul 21 12:31:49.489859 np0000005552 devstack@n-api-meta.service[95940]: DEBUG nova.api.openstack.wsgi_app [None req-25f0c0a9-d800-41f3-a9be-138d6232f8a6 None None] default_ephemeral_format = ext4 {{(pid=95940) log_opt_values /opt/stack/data/venv/lib/python3.12/site-packages/oslo_config/cfg.py:3242}}
Jul 21 12:31:49.490056 np0000005552 devstack@n-api-meta.service[95940]: DEBUG nova.api.openstack.wsgi_app [None req-25f0c0a9-d800-41f3-a9be-138d6232f8a6 None None] default_green_pool_size = 1000 {{(pid=95940) log_opt_values /opt/stack/data/venv/lib/python3.12/site-packages/oslo_config/cfg.py:3242}}
Jul 21 12:31:49.490371 np0000005552 devstack@n-api-meta.service[95940]: DEBUG nova.api.openstack.wsgi_app [None req-25f0c0a9-d800-41f3-a9be-138d6232f8a6 None None] default_log_levels = ['amqp=WARN', 'boto=WARN', 'sqlalchemy=WARN', 'suds=INFO', 'oslo.messaging=INFO', 'oslo_messaging=INFO', 'iso8601=WARN', 'requests.packages.urllib3.connectionpool=WARN', 'urllib3.connectionpool=WARN', 'websocket=WARN', 'requests.packages.urllib3.util.retry=WARN', 'urllib3.util.retry=WARN', 'keystonemiddleware=WARN', 'routes.middleware=WARN', 'stevedore=WARN', 'taskflow=WARN', 'keystoneauth=WARN', 'oslo.cache=INFO', 'oslo_policy=INFO', 'dogpile.core.dogpile=INFO', 'glanceclient=WARN', 'oslo.privsep.daemon=INFO'] {{(pid=95940) log_opt_values /opt/stack/data/venv/lib/python3.12/site-packages/oslo_config/cfg.py:3242}}
Jul 21 12:31:49.490553 np0000005552 devstack@n-api-meta.service[95940]: DEBUG nova.api.openstack.wsgi_app [None req-25f0c0a9-d800-41f3-a9be-138d6232f8a6 None None] default_schedule_zone = None {{(pid=95940) log_opt_values /opt/stack/data/venv/lib/python3.12/site-packages/oslo_config/cfg.py:3242}}
Jul 21 12:31:49.490869 np0000005552 devstack@n-api-meta.service[95940]: DEBUG nova.api.openstack.wsgi_app [None req-25f0c0a9-d800-41f3-a9be-138d6232f8a6 None None] default_thread_pool_size = 10 {{(pid=95940) log_opt_values /opt/stack/data/venv/lib/python3.12/site-packages/oslo_config/cfg.py:3242}}
Jul 21 12:31:49.490947 np0000005552 devstack@n-api-meta.service[95940]: DEBUG nova.api.openstack.wsgi_app [None req-25f0c0a9-d800-41f3-a9be-138d6232f8a6 None None] disk_allocation_ratio = None {{(pid=95940) log_opt_values /opt/stack/data/venv/lib/python3.12/site-packages/oslo_config/cfg.py:3242}}
Jul 21 12:31:49.492001 np0000005552 devstack@n-api-meta.service[95940]: DEBUG nova.api.openstack.wsgi_app [None req-25f0c0a9-d800-41f3-a9be-138d6232f8a6 None None] enable_new_services = True {{(pid=95940) log_opt_values /opt/stack/data/venv/lib/python3.12/site-packages/oslo_config/cfg.py:3242}}
Jul 21 12:31:49.492001 np0000005552 devstack@n-api-meta.service[95940]: DEBUG nova.api.openstack.wsgi_app [None req-25f0c0a9-d800-41f3-a9be-138d6232f8a6 None None] flat_injected = False {{(pid=95940) log_opt_values /opt/stack/data/venv/lib/python3.12/site-packages/oslo_config/cfg.py:3242}}
Jul 21 12:31:49.492001 np0000005552 devstack@n-api-meta.service[95940]: DEBUG nova.api.openstack.wsgi_app [None req-25f0c0a9-d800-41f3-a9be-138d6232f8a6 None None] force_config_drive = True {{(pid=95940) log_opt_values /opt/stack/data/venv/lib/python3.12/site-packages/oslo_config/cfg.py:3242}}
Jul 21 12:31:49.492001 np0000005552 devstack@n-api-meta.service[95940]: DEBUG nova.api.openstack.wsgi_app [None req-25f0c0a9-d800-41f3-a9be-138d6232f8a6 None None] force_raw_images = True {{(pid=95940) log_opt_values /opt/stack/data/venv/lib/python3.12/site-packages/oslo_config/cfg.py:3242}}
Jul 21 12:31:49.492001 np0000005552 devstack@n-api-meta.service[95940]: DEBUG nova.api.openstack.wsgi_app [None req-25f0c0a9-d800-41f3-a9be-138d6232f8a6 None None] graceful_shutdown_timeout = 5 {{(pid=95940) log_opt_values /opt/stack/data/venv/lib/python3.12/site-packages/oslo_config/cfg.py:3242}}
Jul 21 12:31:49.492139 np0000005552 devstack@n-api-meta.service[95940]: DEBUG nova.api.openstack.wsgi_app [None req-25f0c0a9-d800-41f3-a9be-138d6232f8a6 None None] heal_instance_info_cache_interval = -1 {{(pid=95940) log_opt_values /opt/stack/data/venv/lib/python3.12/site-packages/oslo_config/cfg.py:3242}}
Jul 21 12:31:49.492308 np0000005552 devstack@n-api-meta.service[95940]: DEBUG nova.api.openstack.wsgi_app [None req-25f0c0a9-d800-41f3-a9be-138d6232f8a6 None None] host = np0000005552 {{(pid=95940) log_opt_values /opt/stack/data/venv/lib/python3.12/site-packages/oslo_config/cfg.py:3242}}
Jul 21 12:31:49.492476 np0000005552 devstack@n-api-meta.service[95940]: DEBUG nova.api.openstack.wsgi_app [None req-25f0c0a9-d800-41f3-a9be-138d6232f8a6 None None] initial_cpu_allocation_ratio = 4.0 {{(pid=95940) log_opt_values /opt/stack/data/venv/lib/python3.12/site-packages/oslo_config/cfg.py:3242}}
Jul 21 12:31:49.492622 np0000005552 devstack@n-api-meta.service[95940]: DEBUG nova.api.openstack.wsgi_app [None req-25f0c0a9-d800-41f3-a9be-138d6232f8a6 None None] initial_disk_allocation_ratio = 1.0 {{(pid=95940) log_opt_values /opt/stack/data/venv/lib/python3.12/site-packages/oslo_config/cfg.py:3242}}
Jul 21 12:31:49.492795 np0000005552 devstack@n-api-meta.service[95940]: DEBUG nova.api.openstack.wsgi_app [None req-25f0c0a9-d800-41f3-a9be-138d6232f8a6 None None] initial_ram_allocation_ratio = 1.0 {{(pid=95940) log_opt_values /opt/stack/data/venv/lib/python3.12/site-packages/oslo_config/cfg.py:3242}}
Jul 21 12:31:49.493008 np0000005552 devstack@n-api-meta.service[95940]: DEBUG nova.api.openstack.wsgi_app [None req-25f0c0a9-d800-41f3-a9be-138d6232f8a6 None None] injected_network_template = /opt/stack/nova/nova/virt/interfaces.template {{(pid=95940) log_opt_values /opt/stack/data/venv/lib/python3.12/site-packages/oslo_config/cfg.py:3242}}
Jul 21 12:31:49.493165 np0000005552 devstack@n-api-meta.service[95940]: DEBUG nova.api.openstack.wsgi_app [None req-25f0c0a9-d800-41f3-a9be-138d6232f8a6 None None] instance_build_timeout = 0 {{(pid=95940) log_opt_values /opt/stack/data/venv/lib/python3.12/site-packages/oslo_config/cfg.py:3242}}
Jul 21 12:31:49.493326 np0000005552 devstack@n-api-meta.service[95940]: DEBUG nova.api.openstack.wsgi_app [None req-25f0c0a9-d800-41f3-a9be-138d6232f8a6 None None] instance_delete_interval = 300 {{(pid=95940) log_opt_values /opt/stack/data/venv/lib/python3.12/site-packages/oslo_config/cfg.py:3242}}
Jul 21 12:31:49.493483 np0000005552 devstack@n-api-meta.service[95940]: DEBUG nova.api.openstack.wsgi_app [None req-25f0c0a9-d800-41f3-a9be-138d6232f8a6 None None] instance_format = [instance: %(uuid)s] {{(pid=95940) log_opt_values /opt/stack/data/venv/lib/python3.12/site-packages/oslo_config/cfg.py:3242}}
Jul 21 12:31:49.493647 np0000005552 devstack@n-api-meta.service[95940]: DEBUG nova.api.openstack.wsgi_app [None req-25f0c0a9-d800-41f3-a9be-138d6232f8a6 None None] instance_name_template = instance-%08x {{(pid=95940) log_opt_values /opt/stack/data/venv/lib/python3.12/site-packages/oslo_config/cfg.py:3242}}
Jul 21 12:31:49.493830 np0000005552 devstack@n-api-meta.service[95940]: DEBUG nova.api.openstack.wsgi_app [None req-25f0c0a9-d800-41f3-a9be-138d6232f8a6 None None] instance_usage_audit = False {{(pid=95940) log_opt_values /opt/stack/data/venv/lib/python3.12/site-packages/oslo_config/cfg.py:3242}}
Jul 21 12:31:49.494004 np0000005552 devstack@n-api-meta.service[95940]: DEBUG nova.api.openstack.wsgi_app [None req-25f0c0a9-d800-41f3-a9be-138d6232f8a6 None None] instance_usage_audit_period = month {{(pid=95940) log_opt_values /opt/stack/data/venv/lib/python3.12/site-packages/oslo_config/cfg.py:3242}}
Jul 21 12:31:49.494166 np0000005552 devstack@n-api-meta.service[95940]: DEBUG nova.api.openstack.wsgi_app [None req-25f0c0a9-d800-41f3-a9be-138d6232f8a6 None None] instance_uuid_format = [instance: %(uuid)s] {{(pid=95940) log_opt_values /opt/stack/data/venv/lib/python3.12/site-packages/oslo_config/cfg.py:3242}}
Jul 21 12:31:49.494352 np0000005552 devstack@n-api-meta.service[95940]: DEBUG nova.api.openstack.wsgi_app [None req-25f0c0a9-d800-41f3-a9be-138d6232f8a6 None None] instances_path = /opt/stack/data/nova/instances {{(pid=95940) log_opt_values /opt/stack/data/venv/lib/python3.12/site-packages/oslo_config/cfg.py:3242}}
Jul 21 12:31:49.494532 np0000005552 devstack@n-api-meta.service[95940]: DEBUG nova.api.openstack.wsgi_app [None req-25f0c0a9-d800-41f3-a9be-138d6232f8a6 None None] internal_service_availability_zone = internal {{(pid=95940) log_opt_values /opt/stack/data/venv/lib/python3.12/site-packages/oslo_config/cfg.py:3242}}
Jul 21 12:31:49.494693 np0000005552 devstack@n-api-meta.service[95940]: DEBUG nova.api.openstack.wsgi_app [None req-25f0c0a9-d800-41f3-a9be-138d6232f8a6 None None] key = None {{(pid=95940) log_opt_values /opt/stack/data/venv/lib/python3.12/site-packages/oslo_config/cfg.py:3242}}
Jul 21 12:31:49.494883 np0000005552 devstack@n-api-meta.service[95940]: DEBUG nova.api.openstack.wsgi_app [None req-25f0c0a9-d800-41f3-a9be-138d6232f8a6 None None] live_migration_retry_count = 30 {{(pid=95940) log_opt_values /opt/stack/data/venv/lib/python3.12/site-packages/oslo_config/cfg.py:3242}}
Jul 21 12:31:49.495076 np0000005552 devstack@n-api-meta.service[95940]: DEBUG nova.api.openstack.wsgi_app [None req-25f0c0a9-d800-41f3-a9be-138d6232f8a6 None None] log_color = False {{(pid=95940) log_opt_values /opt/stack/data/venv/lib/python3.12/site-packages/oslo_config/cfg.py:3242}}
Jul 21 12:31:49.495266 np0000005552 devstack@n-api-meta.service[95940]: DEBUG nova.api.openstack.wsgi_app [None req-25f0c0a9-d800-41f3-a9be-138d6232f8a6 None None] log_config_append = None {{(pid=95940) log_opt_values /opt/stack/data/venv/lib/python3.12/site-packages/oslo_config/cfg.py:3242}}
Jul 21 12:31:49.495441 np0000005552 devstack@n-api-meta.service[95940]: DEBUG nova.api.openstack.wsgi_app [None req-25f0c0a9-d800-41f3-a9be-138d6232f8a6 None None] log_date_format = %Y-%m-%d %H:%M:%S {{(pid=95940) log_opt_values /opt/stack/data/venv/lib/python3.12/site-packages/oslo_config/cfg.py:3242}}
Jul 21 12:31:49.495613 np0000005552 devstack@n-api-meta.service[95940]: DEBUG nova.api.openstack.wsgi_app [None req-25f0c0a9-d800-41f3-a9be-138d6232f8a6 None None] log_dir = None {{(pid=95940) log_opt_values /opt/stack/data/venv/lib/python3.12/site-packages/oslo_config/cfg.py:3242}}
Jul 21 12:31:49.495802 np0000005552 devstack@n-api-meta.service[95940]: DEBUG nova.api.openstack.wsgi_app [None req-25f0c0a9-d800-41f3-a9be-138d6232f8a6 None None] log_file = None {{(pid=95940) log_opt_values /opt/stack/data/venv/lib/python3.12/site-packages/oslo_config/cfg.py:3242}}
Jul 21 12:31:49.495943 np0000005552 devstack@n-api-meta.service[95940]: DEBUG nova.api.openstack.wsgi_app [None req-25f0c0a9-d800-41f3-a9be-138d6232f8a6 None None] log_options = True {{(pid=95940) log_opt_values /opt/stack/data/venv/lib/python3.12/site-packages/oslo_config/cfg.py:3242}}
Jul 21 12:31:49.496115 np0000005552 devstack@n-api-meta.service[95940]: DEBUG nova.api.openstack.wsgi_app [None req-25f0c0a9-d800-41f3-a9be-138d6232f8a6 None None] log_rotate_interval = 1 {{(pid=95940) log_opt_values /opt/stack/data/venv/lib/python3.12/site-packages/oslo_config/cfg.py:3242}}
Jul 21 12:31:49.496322 np0000005552 devstack@n-api-meta.service[95940]: DEBUG nova.api.openstack.wsgi_app [None req-25f0c0a9-d800-41f3-a9be-138d6232f8a6 None None] log_rotate_interval_type = days {{(pid=95940) log_opt_values /opt/stack/data/venv/lib/python3.12/site-packages/oslo_config/cfg.py:3242}}
Jul 21 12:31:49.496503 np0000005552 devstack@n-api-meta.service[95940]: DEBUG nova.api.openstack.wsgi_app [None req-25f0c0a9-d800-41f3-a9be-138d6232f8a6 None None] log_rotation_type = none {{(pid=95940) log_opt_values /opt/stack/data/venv/lib/python3.12/site-packages/oslo_config/cfg.py:3242}}
Jul 21 12:31:49.496643 np0000005552 devstack@n-api-meta.service[95940]: DEBUG nova.api.openstack.wsgi_app [None req-25f0c0a9-d800-41f3-a9be-138d6232f8a6 None None] logging_context_format_string = %(color)s%(levelname)s %(name)s [%(global_request_id)s %(request_id)s %(project_name)s %(user_name)s%(color)s] %(instance)s%(color)s%(message)s {{(pid=95940) log_opt_values /opt/stack/data/venv/lib/python3.12/site-packages/oslo_config/cfg.py:3242}}
Jul 21 12:31:49.496816 np0000005552 devstack@n-api-meta.service[95940]: DEBUG nova.api.openstack.wsgi_app [None req-25f0c0a9-d800-41f3-a9be-138d6232f8a6 None None] logging_debug_format_suffix = {{(pid=%(process)d) %(funcName)s %(pathname)s:%(lineno)d}} {{(pid=95940) log_opt_values /opt/stack/data/venv/lib/python3.12/site-packages/oslo_config/cfg.py:3242}}
Jul 21 12:31:49.497001 np0000005552 devstack@n-api-meta.service[95940]: DEBUG nova.api.openstack.wsgi_app [None req-25f0c0a9-d800-41f3-a9be-138d6232f8a6 None None] logging_default_format_string = %(color)s%(levelname)s %(name)s [-%(color)s] %(instance)s%(color)s%(message)s {{(pid=95940) log_opt_values /opt/stack/data/venv/lib/python3.12/site-packages/oslo_config/cfg.py:3242}}
Jul 21 12:31:49.497739 np0000005552 devstack@n-api-meta.service[95940]: DEBUG nova.api.openstack.wsgi_app [None req-25f0c0a9-d800-41f3-a9be-138d6232f8a6 None None] logging_exception_prefix = ERROR %(name)s %(instance)s {{(pid=95940) log_opt_values /opt/stack/data/venv/lib/python3.12/site-packages/oslo_config/cfg.py:3242}}
Jul 21 12:31:49.497739 np0000005552 devstack@n-api-meta.service[95940]: DEBUG nova.api.openstack.wsgi_app [None req-25f0c0a9-d800-41f3-a9be-138d6232f8a6 None None] logging_user_identity_format = %(user)s %(project)s %(domain)s %(system_scope)s %(user_domain)s %(project_domain)s {{(pid=95940) log_opt_values /opt/stack/data/venv/lib/python3.12/site-packages/oslo_config/cfg.py:3242}}
