Jul 21 12:31:54.402642 np0000005552 nova-conductor[98930]: DEBUG cotyledon.oslo_config_glue [-] workarounds.disable_fallback_pcpu_query = False {{(pid=98930) log_opt_values /opt/stack/data/venv/lib/python3.12/site-packages/oslo_config/cfg.py:3253}}
Jul 21 12:31:54.402642 np0000005552 nova-conductor[98930]: DEBUG cotyledon.oslo_config_glue [-] workarounds.disable_group_policy_check_upcall = False {{(pid=98930) log_opt_values /opt/stack/data/venv/lib/python3.12/site-packages/oslo_config/cfg.py:3253}}
Jul 21 12:31:54.402642 np0000005552 nova-conductor[98930]: DEBUG cotyledon.oslo_config_glue [-] workarounds.disable_libvirt_livesnapshot = False {{(pid=98930) log_opt_values /opt/stack/data/venv/lib/python3.12/site-packages/oslo_config/cfg.py:3253}}
Jul 21 12:31:54.402642 np0000005552 nova-conductor[98930]: DEBUG cotyledon.oslo_config_glue [-] workarounds.disable_rootwrap = False {{(pid=98930) log_opt_values /opt/stack/data/venv/lib/python3.12/site-packages/oslo_config/cfg.py:3253}}
Jul 21 12:31:54.402642 np0000005552 nova-conductor[98930]: DEBUG cotyledon.oslo_config_glue [-] workarounds.enable_numa_live_migration = False {{(pid=98930) log_opt_values /opt/stack/data/venv/lib/python3.12/site-packages/oslo_config/cfg.py:3253}}
Jul 21 12:31:54.402642 np0000005552 nova-conductor[98930]: DEBUG cotyledon.oslo_config_glue [-] workarounds.enable_qemu_monitor_announce_self = False {{(pid=98930) log_opt_values /opt/stack/data/venv/lib/python3.12/site-packages/oslo_config/cfg.py:3253}}
Jul 21 12:31:54.402642 np0000005552 nova-conductor[98930]: DEBUG cotyledon.oslo_config_glue [-] workarounds.ensure_libvirt_rbd_instance_dir_cleanup = False {{(pid=98930) log_opt_values /opt/stack/data/venv/lib/python3.12/site-packages/oslo_config/cfg.py:3253}}
Jul 21 12:31:54.402883 np0000005552 nova-conductor[98930]: DEBUG cotyledon.oslo_config_glue [-] workarounds.handle_virt_lifecycle_events = True {{(pid=98930) log_opt_values /opt/stack/data/venv/lib/python3.12/site-packages/oslo_config/cfg.py:3253}}
Jul 21 12:31:54.402883 np0000005552 nova-conductor[98930]: DEBUG cotyledon.oslo_config_glue [-] workarounds.libvirt_disable_apic = False {{(pid=98930) log_opt_values /opt/stack/data/venv/lib/python3.12/site-packages/oslo_config/cfg.py:3253}}
Jul 21 12:31:54.402883 np0000005552 nova-conductor[98930]: DEBUG cotyledon.oslo_config_glue [-] workarounds.never_download_image_if_on_rbd = False {{(pid=98930) log_opt_values /opt/stack/data/venv/lib/python3.12/site-packages/oslo_config/cfg.py:3253}}
Jul 21 12:31:54.402883 np0000005552 nova-conductor[98930]: DEBUG cotyledon.oslo_config_glue [-] workarounds.qemu_monitor_announce_self_count = 3 {{(pid=98930) log_opt_values /opt/stack/data/venv/lib/python3.12/site-packages/oslo_config/cfg.py:3253}}
Jul 21 12:31:54.402883 np0000005552 nova-conductor[98930]: DEBUG cotyledon.oslo_config_glue [-] workarounds.qemu_monitor_announce_self_interval = 1 {{(pid=98930) log_opt_values /opt/stack/data/venv/lib/python3.12/site-packages/oslo_config/cfg.py:3253}}
Jul 21 12:31:54.402883 np0000005552 nova-conductor[98930]: DEBUG cotyledon.oslo_config_glue [-] workarounds.reserve_disk_resource_for_image_cache = False {{(pid=98930) log_opt_values /opt/stack/data/venv/lib/python3.12/site-packages/oslo_config/cfg.py:3253}}
Jul 21 12:31:54.402883 np0000005552 nova-conductor[98930]: DEBUG cotyledon.oslo_config_glue [-] workarounds.skip_cpu_compare_at_startup = False {{(pid=98930) log_opt_values /opt/stack/data/venv/lib/python3.12/site-packages/oslo_config/cfg.py:3253}}
Jul 21 12:31:54.402883 np0000005552 nova-conductor[98930]: DEBUG cotyledon.oslo_config_glue [-] workarounds.skip_cpu_compare_on_dest = False {{(pid=98930) log_opt_values /opt/stack/data/venv/lib/python3.12/site-packages/oslo_config/cfg.py:3253}}
Jul 21 12:31:54.402883 np0000005552 nova-conductor[98930]: DEBUG cotyledon.oslo_config_glue [-] workarounds.skip_hypervisor_version_check_on_lm = False {{(pid=98930) log_opt_values /opt/stack/data/venv/lib/python3.12/site-packages/oslo_config/cfg.py:3253}}
Jul 21 12:31:54.403123 np0000005552 nova-conductor[98930]: DEBUG cotyledon.oslo_config_glue [-] workarounds.skip_reserve_in_use_ironic_nodes = False {{(pid=98930) log_opt_values /opt/stack/data/venv/lib/python3.12/site-packages/oslo_config/cfg.py:3253}}
Jul 21 12:31:54.403123 np0000005552 nova-conductor[98930]: DEBUG cotyledon.oslo_config_glue [-] workarounds.unified_limits_count_pcpu_as_vcpu = False {{(pid=98930) log_opt_values /opt/stack/data/venv/lib/python3.12/site-packages/oslo_config/cfg.py:3253}}
Jul 21 12:31:54.403123 np0000005552 nova-conductor[98930]: DEBUG cotyledon.oslo_config_glue [-] workarounds.wait_for_vif_plugged_event_during_hard_reboot = [] {{(pid=98930) log_opt_values /opt/stack/data/venv/lib/python3.12/site-packages/oslo_config/cfg.py:3253}}
Jul 21 12:31:54.403123 np0000005552 nova-conductor[98930]: DEBUG cotyledon.oslo_config_glue [-] wsgi.api_paste_config = /etc/nova/api-paste.ini {{(pid=98930) log_opt_values /opt/stack/data/venv/lib/python3.12/site-packages/oslo_config/cfg.py:3253}}
Jul 21 12:31:54.403123 np0000005552 nova-conductor[98930]: DEBUG cotyledon.oslo_config_glue [-] wsgi.secure_proxy_ssl_header = None {{(pid=98930) log_opt_values /opt/stack/data/venv/lib/python3.12/site-packages/oslo_config/cfg.py:3253}}
Jul 21 12:31:54.403123 np0000005552 nova-conductor[98930]: DEBUG cotyledon.oslo_config_glue [-] zvm.ca_file = None {{(pid=98930) log_opt_values /opt/stack/data/venv/lib/python3.12/site-packages/oslo_config/cfg.py:3253}}
Jul 21 12:31:54.403123 np0000005552 nova-conductor[98930]: DEBUG cotyledon.oslo_config_glue [-] zvm.cloud_connector_url = None {{(pid=98930) log_opt_values /opt/stack/data/venv/lib/python3.12/site-packages/oslo_config/cfg.py:3253}}
Jul 21 12:31:54.403123 np0000005552 nova-conductor[98930]: DEBUG cotyledon.oslo_config_glue [-] zvm.image_tmp_path = /opt/stack/data/nova/images {{(pid=98930) log_opt_values /opt/stack/data/venv/lib/python3.12/site-packages/oslo_config/cfg.py:3253}}
Jul 21 12:31:54.403123 np0000005552 nova-conductor[98930]: DEBUG cotyledon.oslo_config_glue [-] zvm.reachable_timeout = 300 {{(pid=98930) log_opt_values /opt/stack/data/venv/lib/python3.12/site-packages/oslo_config/cfg.py:3253}}
Jul 21 12:31:54.403307 np0000005552 nova-conductor[98930]: DEBUG cotyledon.oslo_config_glue [-] oslo_versionedobjects.fatal_exception_format_errors = False {{(pid=98930) log_opt_values /opt/stack/data/venv/lib/python3.12/site-packages/oslo_config/cfg.py:3253}}
Jul 21 12:31:54.403307 np0000005552 nova-conductor[98930]: DEBUG cotyledon.oslo_config_glue [-] oslo_middleware.http_basic_auth_user_file = /etc/htpasswd {{(pid=98930) log_opt_values /opt/stack/data/venv/lib/python3.12/site-packages/oslo_config/cfg.py:3253}}
Jul 21 12:31:54.403307 np0000005552 nova-conductor[98930]: DEBUG cotyledon.oslo_config_glue [-] profiler.connection_string = messaging:// {{(pid=98930) log_opt_values /opt/stack/data/venv/lib/python3.12/site-packages/oslo_config/cfg.py:3253}}
Jul 21 12:31:54.403307 np0000005552 nova-conductor[98930]: DEBUG cotyledon.oslo_config_glue [-] profiler.enabled = False {{(pid=98930) log_opt_values /opt/stack/data/venv/lib/python3.12/site-packages/oslo_config/cfg.py:3253}}
Jul 21 12:31:54.403307 np0000005552 nova-conductor[98930]: DEBUG cotyledon.oslo_config_glue [-] profiler.es_doc_type = notification {{(pid=98930) log_opt_values /opt/stack/data/venv/lib/python3.12/site-packages/oslo_config/cfg.py:3253}}
Jul 21 12:31:54.403307 np0000005552 nova-conductor[98930]: DEBUG cotyledon.oslo_config_glue [-] profiler.es_scroll_size = 10000 {{(pid=98930) log_opt_values /opt/stack/data/venv/lib/python3.12/site-packages/oslo_config/cfg.py:3253}}
Jul 21 12:31:54.403307 np0000005552 nova-conductor[98930]: DEBUG cotyledon.oslo_config_glue [-] profiler.es_scroll_time = 2m {{(pid=98930) log_opt_values /opt/stack/data/venv/lib/python3.12/site-packages/oslo_config/cfg.py:3253}}
Jul 21 12:31:54.403307 np0000005552 nova-conductor[98930]: DEBUG cotyledon.oslo_config_glue [-] profiler.filter_error_trace = False {{(pid=98930) log_opt_values /opt/stack/data/venv/lib/python3.12/site-packages/oslo_config/cfg.py:3253}}
Jul 21 12:31:54.403307 np0000005552 nova-conductor[98930]: DEBUG cotyledon.oslo_config_glue [-] profiler.hmac_keys = **** {{(pid=98930) log_opt_values /opt/stack/data/venv/lib/python3.12/site-packages/oslo_config/cfg.py:3253}}
Jul 21 12:31:54.403476 np0000005552 nova-conductor[98930]: DEBUG cotyledon.oslo_config_glue [-] profiler.sentinel_service_name = mymaster {{(pid=98930) log_opt_values /opt/stack/data/venv/lib/python3.12/site-packages/oslo_config/cfg.py:3253}}
Jul 21 12:31:54.403476 np0000005552 nova-conductor[98930]: DEBUG cotyledon.oslo_config_glue [-] profiler.socket_timeout = 0.1 {{(pid=98930) log_opt_values /opt/stack/data/venv/lib/python3.12/site-packages/oslo_config/cfg.py:3253}}
Jul 21 12:31:54.403476 np0000005552 nova-conductor[98930]: DEBUG cotyledon.oslo_config_glue [-] profiler.trace_requests = False {{(pid=98930) log_opt_values /opt/stack/data/venv/lib/python3.12/site-packages/oslo_config/cfg.py:3253}}
Jul 21 12:31:54.403476 np0000005552 nova-conductor[98930]: DEBUG cotyledon.oslo_config_glue [-] profiler.trace_sqlalchemy = False {{(pid=98930) log_opt_values /opt/stack/data/venv/lib/python3.12/site-packages/oslo_config/cfg.py:3253}}
Jul 21 12:31:54.403476 np0000005552 nova-conductor[98930]: DEBUG cotyledon.oslo_config_glue [-] profiler_jaeger.process_tags = {} {{(pid=98930) log_opt_values /opt/stack/data/venv/lib/python3.12/site-packages/oslo_config/cfg.py:3253}}
Jul 21 12:31:54.403476 np0000005552 nova-conductor[98930]: DEBUG cotyledon.oslo_config_glue [-] profiler_jaeger.service_name_prefix = None {{(pid=98930) log_opt_values /opt/stack/data/venv/lib/python3.12/site-packages/oslo_config/cfg.py:3253}}
Jul 21 12:31:54.403476 np0000005552 nova-conductor[98930]: DEBUG cotyledon.oslo_config_glue [-] profiler_otlp.service_name_prefix = None {{(pid=98930) log_opt_values /opt/stack/data/venv/lib/python3.12/site-packages/oslo_config/cfg.py:3253}}
Jul 21 12:31:54.403476 np0000005552 nova-conductor[98930]: DEBUG cotyledon.oslo_config_glue [-] oslo_messaging_rabbit.amqp_auto_delete = False {{(pid=98930) log_opt_values /opt/stack/data/venv/lib/python3.12/site-packages/oslo_config/cfg.py:3253}}
Jul 21 12:31:54.403476 np0000005552 nova-conductor[98930]: DEBUG cotyledon.oslo_config_glue [-] oslo_messaging_rabbit.amqp_durable_queues = False {{(pid=98930) log_opt_values /opt/stack/data/venv/lib/python3.12/site-packages/oslo_config/cfg.py:3253}}
Jul 21 12:31:54.403679 np0000005552 nova-conductor[98930]: DEBUG cotyledon.oslo_config_glue [-] oslo_messaging_rabbit.conn_pool_min_size = 2 {{(pid=98930) log_opt_values /opt/stack/data/venv/lib/python3.12/site-packages/oslo_config/cfg.py:3253}}
Jul 21 12:31:54.403679 np0000005552 nova-conductor[98930]: DEBUG cotyledon.oslo_config_glue [-] oslo_messaging_rabbit.conn_pool_ttl = 1200 {{(pid=98930) log_opt_values /opt/stack/data/venv/lib/python3.12/site-packages/oslo_config/cfg.py:3253}}
Jul 21 12:31:54.403679 np0000005552 nova-conductor[98930]: DEBUG cotyledon.oslo_config_glue [-] oslo_messaging_rabbit.direct_mandatory_flag = True {{(pid=98930) log_opt_values /opt/stack/data/venv/lib/python3.12/site-packages/oslo_config/cfg.py:3253}}
Jul 21 12:31:54.403679 np0000005552 nova-conductor[98930]: DEBUG cotyledon.oslo_config_glue [-] oslo_messaging_rabbit.enable_cancel_on_failover = False {{(pid=98930) log_opt_values /opt/stack/data/venv/lib/python3.12/site-packages/oslo_config/cfg.py:3253}}
Jul 21 12:31:54.403679 np0000005552 nova-conductor[98930]: DEBUG cotyledon.oslo_config_glue [-] oslo_messaging_rabbit.heartbeat_rate = 3 {{(pid=98930) log_opt_values /opt/stack/data/venv/lib/python3.12/site-packages/oslo_config/cfg.py:3253}}
Jul 21 12:31:54.403679 np0000005552 nova-conductor[98930]: DEBUG cotyledon.oslo_config_glue [-] oslo_messaging_rabbit.heartbeat_timeout_threshold = 60 {{(pid=98930) log_opt_values /opt/stack/data/venv/lib/python3.12/site-packages/oslo_config/cfg.py:3253}}
Jul 21 12:31:54.403679 np0000005552 nova-conductor[98930]: DEBUG cotyledon.oslo_config_glue [-] oslo_messaging_rabbit.hostname = np0000005552 {{(pid=98930) log_opt_values /opt/stack/data/venv/lib/python3.12/site-packages/oslo_config/cfg.py:3253}}
Jul 21 12:31:54.403679 np0000005552 nova-conductor[98930]: DEBUG cotyledon.oslo_config_glue [-] oslo_messaging_rabbit.kombu_compression = None {{(pid=98930) log_opt_values /opt/stack/data/venv/lib/python3.12/site-packages/oslo_config/cfg.py:3253}}
Jul 21 12:31:54.403679 np0000005552 nova-conductor[98930]: DEBUG cotyledon.oslo_config_glue [-] oslo_messaging_rabbit.kombu_failover_strategy = round-robin {{(pid=98930) log_opt_values /opt/stack/data/venv/lib/python3.12/site-packages/oslo_config/cfg.py:3253}}
Jul 21 12:31:54.403869 np0000005552 nova-conductor[98930]: DEBUG cotyledon.oslo_config_glue [-] oslo_messaging_rabbit.kombu_missing_consumer_retry_timeout = 60 {{(pid=98930) log_opt_values /opt/stack/data/venv/lib/python3.12/site-packages/oslo_config/cfg.py:3253}}
Jul 21 12:31:54.403869 np0000005552 nova-conductor[98930]: DEBUG cotyledon.oslo_config_glue [-] oslo_messaging_rabbit.kombu_reconnect_delay = 1.0 {{(pid=98930) log_opt_values /opt/stack/data/venv/lib/python3.12/site-packages/oslo_config/cfg.py:3253}}
Jul 21 12:31:54.403869 np0000005552 nova-conductor[98930]: DEBUG cotyledon.oslo_config_glue [-] oslo_messaging_rabbit.kombu_reconnect_splay = 0.0 {{(pid=98930) log_opt_values /opt/stack/data/venv/lib/python3.12/site-packages/oslo_config/cfg.py:3253}}
Jul 21 12:31:54.403869 np0000005552 nova-conductor[98930]: DEBUG cotyledon.oslo_config_glue [-] oslo_messaging_rabbit.processname = nova-conductor {{(pid=98930) log_opt_values /opt/stack/data/venv/lib/python3.12/site-packages/oslo_config/cfg.py:3253}}
Jul 21 12:31:54.403869 np0000005552 nova-conductor[98930]: DEBUG cotyledon.oslo_config_glue [-] oslo_messaging_rabbit.rabbit_ha_queues = False {{(pid=98930) log_opt_values /opt/stack/data/venv/lib/python3.12/site-packages/oslo_config/cfg.py:3253}}
Jul 21 12:31:54.403869 np0000005552 nova-conductor[98930]: DEBUG cotyledon.oslo_config_glue [-] oslo_messaging_rabbit.rabbit_interval_max = 30 {{(pid=98930) log_opt_values /opt/stack/data/venv/lib/python3.12/site-packages/oslo_config/cfg.py:3253}}
Jul 21 12:31:54.403869 np0000005552 nova-conductor[98930]: DEBUG cotyledon.oslo_config_glue [-] oslo_messaging_rabbit.rabbit_login_method = AMQPLAIN {{(pid=98930) log_opt_values /opt/stack/data/venv/lib/python3.12/site-packages/oslo_config/cfg.py:3253}}
Jul 21 12:31:54.403869 np0000005552 nova-conductor[98930]: DEBUG cotyledon.oslo_config_glue [-] oslo_messaging_rabbit.rabbit_qos_prefetch_count = 0 {{(pid=98930) log_opt_values /opt/stack/data/venv/lib/python3.12/site-packages/oslo_config/cfg.py:3253}}
Jul 21 12:31:54.403869 np0000005552 nova-conductor[98930]: DEBUG cotyledon.oslo_config_glue [-] oslo_messaging_rabbit.rabbit_quorum_delivery_limit = 0 {{(pid=98930) log_opt_values /opt/stack/data/venv/lib/python3.12/site-packages/oslo_config/cfg.py:3253}}
Jul 21 12:31:54.404066 np0000005552 nova-conductor[98930]: DEBUG cotyledon.oslo_config_glue [-] oslo_messaging_rabbit.rabbit_quorum_max_memory_bytes = 0 {{(pid=98930) log_opt_values /opt/stack/data/venv/lib/python3.12/site-packages/oslo_config/cfg.py:3253}}
Jul 21 12:31:54.404066 np0000005552 nova-conductor[98930]: DEBUG cotyledon.oslo_config_glue [-] oslo_messaging_rabbit.rabbit_quorum_max_memory_length = 0 {{(pid=98930) log_opt_values /opt/stack/data/venv/lib/python3.12/site-packages/oslo_config/cfg.py:3253}}
Jul 21 12:31:54.404066 np0000005552 nova-conductor[98930]: DEBUG cotyledon.oslo_config_glue [-] oslo_messaging_rabbit.rabbit_quorum_queue = False {{(pid=98930) log_opt_values /opt/stack/data/venv/lib/python3.12/site-packages/oslo_config/cfg.py:3253}}
Jul 21 12:31:54.404066 np0000005552 nova-conductor[98930]: DEBUG cotyledon.oslo_config_glue [-] oslo_messaging_rabbit.rabbit_retry_backoff = 2 {{(pid=98930) log_opt_values /opt/stack/data/venv/lib/python3.12/site-packages/oslo_config/cfg.py:3253}}
Jul 21 12:31:54.404066 np0000005552 nova-conductor[98930]: DEBUG cotyledon.oslo_config_glue [-] oslo_messaging_rabbit.rabbit_retry_interval = 1 {{(pid=98930) log_opt_values /opt/stack/data/venv/lib/python3.12/site-packages/oslo_config/cfg.py:3253}}
Jul 21 12:31:54.404066 np0000005552 nova-conductor[98930]: DEBUG cotyledon.oslo_config_glue [-] oslo_messaging_rabbit.rabbit_stream_fanout = False {{(pid=98930) log_opt_values /opt/stack/data/venv/lib/python3.12/site-packages/oslo_config/cfg.py:3253}}
Jul 21 12:31:54.404066 np0000005552 nova-conductor[98930]: DEBUG cotyledon.oslo_config_glue [-] oslo_messaging_rabbit.rabbit_transient_queues_ttl = 1800 {{(pid=98930) log_opt_values /opt/stack/data/venv/lib/python3.12/site-packages/oslo_config/cfg.py:3253}}
Jul 21 12:31:54.404066 np0000005552 nova-conductor[98930]: DEBUG cotyledon.oslo_config_glue [-] oslo_messaging_rabbit.rabbit_transient_quorum_queue = False {{(pid=98930) log_opt_values /opt/stack/data/venv/lib/python3.12/site-packages/oslo_config/cfg.py:3253}}
Jul 21 12:31:54.404226 np0000005552 nova-conductor[98930]: DEBUG cotyledon.oslo_config_glue [-] oslo_messaging_rabbit.rpc_conn_pool_size = 30 {{(pid=98930) log_opt_values /opt/stack/data/venv/lib/python3.12/site-packages/oslo_config/cfg.py:3253}}
Jul 21 12:31:54.404226 np0000005552 nova-conductor[98930]: DEBUG cotyledon.oslo_config_glue [-] oslo_messaging_rabbit.ssl = False {{(pid=98930) log_opt_values /opt/stack/data/venv/lib/python3.12/site-packages/oslo_config/cfg.py:3253}}
Jul 21 12:31:54.404226 np0000005552 nova-conductor[98930]: DEBUG cotyledon.oslo_config_glue [-] oslo_messaging_rabbit.ssl_ca_file = {{(pid=98930) log_opt_values /opt/stack/data/venv/lib/python3.12/site-packages/oslo_config/cfg.py:3253}}
Jul 21 12:31:54.404226 np0000005552 nova-conductor[98930]: DEBUG cotyledon.oslo_config_glue [-] oslo_messaging_rabbit.ssl_cert_file = {{(pid=98930) log_opt_values /opt/stack/data/venv/lib/python3.12/site-packages/oslo_config/cfg.py:3253}}
Jul 21 12:31:54.404226 np0000005552 nova-conductor[98930]: DEBUG cotyledon.oslo_config_glue [-] oslo_messaging_rabbit.ssl_enforce_fips_mode = False {{(pid=98930) log_opt_values /opt/stack/data/venv/lib/python3.12/site-packages/oslo_config/cfg.py:3253}}
Jul 21 12:31:54.404226 np0000005552 nova-conductor[98930]: DEBUG cotyledon.oslo_config_glue [-] oslo_messaging_rabbit.ssl_enforce_hostname_verification = True {{(pid=98930) log_opt_values /opt/stack/data/venv/lib/python3.12/site-packages/oslo_config/cfg.py:3253}}
Jul 21 12:31:54.404226 np0000005552 nova-conductor[98930]: DEBUG cotyledon.oslo_config_glue [-] oslo_messaging_rabbit.ssl_key_file = {{(pid=98930) log_opt_values /opt/stack/data/venv/lib/python3.12/site-packages/oslo_config/cfg.py:3253}}
Jul 21 12:31:54.404226 np0000005552 nova-conductor[98930]: DEBUG cotyledon.oslo_config_glue [-] oslo_messaging_rabbit.ssl_version = {{(pid=98930) log_opt_values /opt/stack/data/venv/lib/python3.12/site-packages/oslo_config/cfg.py:3253}}
Jul 21 12:31:54.404226 np0000005552 nova-conductor[98930]: DEBUG cotyledon.oslo_config_glue [-] oslo_messaging_rabbit.use_queue_manager = False {{(pid=98930) log_opt_values /opt/stack/data/venv/lib/python3.12/site-packages/oslo_config/cfg.py:3253}}
Jul 21 12:31:54.404390 np0000005552 nova-conductor[98930]: DEBUG cotyledon.oslo_config_glue [-] oslo_messaging_notifications.driver = ['messagingv2'] {{(pid=98930) log_opt_values /opt/stack/data/venv/lib/python3.12/site-packages/oslo_config/cfg.py:3253}}
Jul 21 12:31:54.404390 np0000005552 nova-conductor[98930]: DEBUG cotyledon.oslo_config_glue [-] oslo_messaging_notifications.retry = -1 {{(pid=98930) log_opt_values /opt/stack/data/venv/lib/python3.12/site-packages/oslo_config/cfg.py:3253}}
Jul 21 12:31:54.404390 np0000005552 nova-conductor[98930]: DEBUG cotyledon.oslo_config_glue [-] oslo_messaging_notifications.topics = ['notifications'] {{(pid=98930) log_opt_values /opt/stack/data/venv/lib/python3.12/site-packages/oslo_config/cfg.py:3253}}
Jul 21 12:31:54.404390 np0000005552 nova-conductor[98930]: DEBUG cotyledon.oslo_config_glue [-] oslo_messaging_notifications.transport_url = **** {{(pid=98930) log_opt_values /opt/stack/data/venv/lib/python3.12/site-packages/oslo_config/cfg.py:3253}}
Jul 21 12:31:54.404390 np0000005552 nova-conductor[98930]: DEBUG cotyledon.oslo_config_glue [-] oslo_limit.auth_section = None {{(pid=98930) log_opt_values /opt/stack/data/venv/lib/python3.12/site-packages/oslo_config/cfg.py:3253}}
Jul 21 12:31:54.404390 np0000005552 nova-conductor[98930]: DEBUG cotyledon.oslo_config_glue [-] oslo_limit.auth_type = None {{(pid=98930) log_opt_values /opt/stack/data/venv/lib/python3.12/site-packages/oslo_config/cfg.py:3253}}
Jul 21 12:31:54.404390 np0000005552 nova-conductor[98930]: DEBUG cotyledon.oslo_config_glue [-] oslo_limit.cafile = None {{(pid=98930) log_opt_values /opt/stack/data/venv/lib/python3.12/site-packages/oslo_config/cfg.py:3253}}
Jul 21 12:31:54.404390 np0000005552 nova-conductor[98930]: DEBUG cotyledon.oslo_config_glue [-] oslo_limit.certfile = None {{(pid=98930) log_opt_values /opt/stack/data/venv/lib/python3.12/site-packages/oslo_config/cfg.py:3253}}
Jul 21 12:31:54.404390 np0000005552 nova-conductor[98930]: DEBUG cotyledon.oslo_config_glue [-] oslo_limit.collect_timing = False {{(pid=98930) log_opt_values /opt/stack/data/venv/lib/python3.12/site-packages/oslo_config/cfg.py:3253}}
Jul 21 12:31:54.404566 np0000005552 nova-conductor[98930]: DEBUG cotyledon.oslo_config_glue [-] oslo_limit.connect_retries = None {{(pid=98930) log_opt_values /opt/stack/data/venv/lib/python3.12/site-packages/oslo_config/cfg.py:3253}}
Jul 21 12:31:54.404566 np0000005552 nova-conductor[98930]: DEBUG cotyledon.oslo_config_glue [-] oslo_limit.connect_retry_delay = None {{(pid=98930) log_opt_values /opt/stack/data/venv/lib/python3.12/site-packages/oslo_config/cfg.py:3253}}
Jul 21 12:31:54.404566 np0000005552 nova-conductor[98930]: DEBUG cotyledon.oslo_config_glue [-] oslo_limit.endpoint_id = None {{(pid=98930) log_opt_values /opt/stack/data/venv/lib/python3.12/site-packages/oslo_config/cfg.py:3253}}
Jul 21 12:31:54.404566 np0000005552 nova-conductor[98930]: DEBUG cotyledon.oslo_config_glue [-] oslo_limit.endpoint_interface = public {{(pid=98930) log_opt_values /opt/stack/data/venv/lib/python3.12/site-packages/oslo_config/cfg.py:3253}}
Jul 21 12:31:54.404566 np0000005552 nova-conductor[98930]: DEBUG cotyledon.oslo_config_glue [-] oslo_limit.endpoint_override = None {{(pid=98930) log_opt_values /opt/stack/data/venv/lib/python3.12/site-packages/oslo_config/cfg.py:3253}}
Jul 21 12:31:54.404566 np0000005552 nova-conductor[98930]: DEBUG cotyledon.oslo_config_glue [-] oslo_limit.endpoint_region_name = None {{(pid=98930) log_opt_values /opt/stack/data/venv/lib/python3.12/site-packages/oslo_config/cfg.py:3253}}
Jul 21 12:31:54.404566 np0000005552 nova-conductor[98930]: DEBUG cotyledon.oslo_config_glue [-] oslo_limit.endpoint_service_name = None {{(pid=98930) log_opt_values /opt/stack/data/venv/lib/python3.12/site-packages/oslo_config/cfg.py:3253}}
Jul 21 12:31:54.404566 np0000005552 nova-conductor[98930]: DEBUG cotyledon.oslo_config_glue [-] oslo_limit.endpoint_service_type = None {{(pid=98930) log_opt_values /opt/stack/data/venv/lib/python3.12/site-packages/oslo_config/cfg.py:3253}}
Jul 21 12:31:54.404566 np0000005552 nova-conductor[98930]: DEBUG cotyledon.oslo_config_glue [-] oslo_limit.insecure = False {{(pid=98930) log_opt_values /opt/stack/data/venv/lib/python3.12/site-packages/oslo_config/cfg.py:3253}}
Jul 21 12:31:54.404785 np0000005552 nova-conductor[98930]: DEBUG cotyledon.oslo_config_glue [-] oslo_limit.keyfile = None {{(pid=98930) log_opt_values /opt/stack/data/venv/lib/python3.12/site-packages/oslo_config/cfg.py:3253}}
Jul 21 12:31:54.404785 np0000005552 nova-conductor[98930]: DEBUG cotyledon.oslo_config_glue [-] oslo_limit.max_version = None {{(pid=98930) log_opt_values /opt/stack/data/venv/lib/python3.12/site-packages/oslo_config/cfg.py:3253}}
Jul 21 12:31:54.404785 np0000005552 nova-conductor[98930]: DEBUG cotyledon.oslo_config_glue [-] oslo_limit.min_version = None {{(pid=98930) log_opt_values /opt/stack/data/venv/lib/python3.12/site-packages/oslo_config/cfg.py:3253}}
Jul 21 12:31:54.404785 np0000005552 nova-conductor[98930]: DEBUG cotyledon.oslo_config_glue [-] oslo_limit.region_name = None {{(pid=98930) log_opt_values /opt/stack/data/venv/lib/python3.12/site-packages/oslo_config/cfg.py:3253}}
Jul 21 12:31:54.404785 np0000005552 nova-conductor[98930]: DEBUG cotyledon.oslo_config_glue [-] oslo_limit.retriable_status_codes = None {{(pid=98930) log_opt_values /opt/stack/data/venv/lib/python3.12/site-packages/oslo_config/cfg.py:3253}}
Jul 21 12:31:54.404785 np0000005552 nova-conductor[98930]: DEBUG cotyledon.oslo_config_glue [-] oslo_limit.service_name = None {{(pid=98930) log_opt_values /opt/stack/data/venv/lib/python3.12/site-packages/oslo_config/cfg.py:3253}}
Jul 21 12:31:54.404785 np0000005552 nova-conductor[98930]: DEBUG cotyledon.oslo_config_glue [-] oslo_limit.service_type = None {{(pid=98930) log_opt_values /opt/stack/data/venv/lib/python3.12/site-packages/oslo_config/cfg.py:3253}}
Jul 21 12:31:54.404785 np0000005552 nova-conductor[98930]: DEBUG cotyledon.oslo_config_glue [-] oslo_limit.split_loggers = False {{(pid=98930) log_opt_values /opt/stack/data/venv/lib/python3.12/site-packages/oslo_config/cfg.py:3253}}
Jul 21 12:31:54.404785 np0000005552 nova-conductor[98930]: DEBUG cotyledon.oslo_config_glue [-] oslo_limit.status_code_retries = None {{(pid=98930) log_opt_values /opt/stack/data/venv/lib/python3.12/site-packages/oslo_config/cfg.py:3253}}
Jul 21 12:31:54.404965 np0000005552 nova-conductor[98930]: DEBUG cotyledon.oslo_config_glue [-] oslo_limit.status_code_retry_delay = None {{(pid=98930) log_opt_values /opt/stack/data/venv/lib/python3.12/site-packages/oslo_config/cfg.py:3253}}
Jul 21 12:31:54.404965 np0000005552 nova-conductor[98930]: DEBUG cotyledon.oslo_config_glue [-] oslo_limit.timeout = None {{(pid=98930) log_opt_values /opt/stack/data/venv/lib/python3.12/site-packages/oslo_config/cfg.py:3253}}
Jul 21 12:31:54.404965 np0000005552 nova-conductor[98930]: DEBUG cotyledon.oslo_config_glue [-] oslo_limit.valid_interfaces = None {{(pid=98930) log_opt_values /opt/stack/data/venv/lib/python3.12/site-packages/oslo_config/cfg.py:3253}}
Jul 21 12:31:54.404965 np0000005552 nova-conductor[98930]: DEBUG cotyledon.oslo_config_glue [-] oslo_limit.version = None {{(pid=98930) log_opt_values /opt/stack/data/venv/lib/python3.12/site-packages/oslo_config/cfg.py:3253}}
Jul 21 12:31:54.404965 np0000005552 nova-conductor[98930]: DEBUG cotyledon.oslo_config_glue [-] oslo_reports.file_event_handler = None {{(pid=98930) log_opt_values /opt/stack/data/venv/lib/python3.12/site-packages/oslo_config/cfg.py:3253}}
Jul 21 12:31:54.404965 np0000005552 nova-conductor[98930]: DEBUG cotyledon.oslo_config_glue [-] oslo_reports.file_event_handler_interval = 1 {{(pid=98930) log_opt_values /opt/stack/data/venv/lib/python3.12/site-packages/oslo_config/cfg.py:3253}}
Jul 21 12:31:54.404965 np0000005552 nova-conductor[98930]: DEBUG cotyledon.oslo_config_glue [-] oslo_reports.log_dir = None {{(pid=98930) log_opt_values /opt/stack/data/venv/lib/python3.12/site-packages/oslo_config/cfg.py:3253}}
Jul 21 12:31:54.404965 np0000005552 nova-conductor[98930]: DEBUG cotyledon.oslo_config_glue [-] ******************************************************************************** {{(pid=98930) log_opt_values /opt/stack/data/venv/lib/python3.12/site-packages/oslo_config/cfg.py:3260}}
Jul 21 12:31:54.404965 np0000005552 nova-conductor[98930]: DEBUG cotyledon._service_worker [-] Run service ServiceWrapper(3) [98930] {{(pid=98930) wait_forever /opt/stack/data/venv/lib/python3.12/site-packages/cotyledon/_service_worker.py:218}}
Jul 21 12:31:54.405150 np0000005552 nova-conductor[98930]: INFO nova.service [-] Starting conductor node (version 33.1.0)
Jul 21 12:31:54.405175 np0000005552 nova-conductor[98905]: DEBUG dbcounter [-] [98905] Writer thread running {{(pid=98905) stat_writer /opt/stack/data/venv/lib/python3.12/site-packages/dbcounter.py:102}}
Jul 21 12:31:54.405220 np0000005552 nova-conductor[98930]: INFO dbcounter [None req-2716953a-8208-4064-a2d0-b3240f428514 None None] Registered counter for database nova_cell0
Jul 21 12:31:54.409055 np0000005552 nova-conductor[98909]: DEBUG oslo_db.sqlalchemy.engines [None req-43e6d01c-7beb-49bd-9483-f1488bf8415b None None] MySQL server mode set to STRICT_TRANS_TABLES,STRICT_ALL_TABLES,NO_ZERO_IN_DATE,NO_ZERO_DATE,ERROR_FOR_DIVISION_BY_ZERO,TRADITIONAL,NO_ENGINE_SUBSTITUTION {{(pid=98909) _check_effective_sql_mode /opt/stack/data/venv/lib/python3.12/site-packages/oslo_db/sqlalchemy/engines.py:325}}
Jul 21 12:31:54.416676 np0000005552 nova-conductor[98905]: DEBUG nova.service [None req-7ab1fb67-a73c-4ac2-98c6-e886babc1092 None None] Creating RPC server for service: nova-conductor on topic: conductor {{(pid=98905) start /opt/stack/nova/nova/service.py:196}}
Jul 21 12:31:54.420042 np0000005552 nova-conductor[98909]: DEBUG dbcounter [-] [98909] Writer thread running {{(pid=98909) stat_writer /opt/stack/data/venv/lib/python3.12/site-packages/dbcounter.py:102}}
Jul 21 12:31:54.421173 np0000005552 nova-conductor[98916]: DEBUG oslo_db.sqlalchemy.engines [None req-b5a93b74-67d6-4561-bfda-8a1bf3e76b1b None None] MySQL server mode set to STRICT_TRANS_TABLES,STRICT_ALL_TABLES,NO_ZERO_IN_DATE,NO_ZERO_DATE,ERROR_FOR_DIVISION_BY_ZERO,TRADITIONAL,NO_ENGINE_SUBSTITUTION {{(pid=98916) _check_effective_sql_mode /opt/stack/data/venv/lib/python3.12/site-packages/oslo_db/sqlalchemy/engines.py:325}}
Jul 21 12:31:54.423689 np0000005552 nova-conductor[98909]: DEBUG nova.service [None req-43e6d01c-7beb-49bd-9483-f1488bf8415b None None] Creating RPC server for service: nova-conductor on topic: conductor {{(pid=98909) start /opt/stack/nova/nova/service.py:196}}
Jul 21 12:31:54.431620 np0000005552 nova-conductor[98916]: DEBUG dbcounter [-] [98916] Writer thread running {{(pid=98916) stat_writer /opt/stack/data/venv/lib/python3.12/site-packages/dbcounter.py:102}}
Jul 21 12:31:54.435235 np0000005552 nova-conductor[98916]: DEBUG nova.service [None req-b5a93b74-67d6-4561-bfda-8a1bf3e76b1b None None] Creating RPC server for service: nova-conductor on topic: conductor {{(pid=98916) start /opt/stack/nova/nova/service.py:196}}
Jul 21 12:31:54.444140 np0000005552 nova-conductor[98930]: DEBUG oslo_db.sqlalchemy.engines [None req-2716953a-8208-4064-a2d0-b3240f428514 None None] MySQL server mode set to STRICT_TRANS_TABLES,STRICT_ALL_TABLES,NO_ZERO_IN_DATE,NO_ZERO_DATE,ERROR_FOR_DIVISION_BY_ZERO,TRADITIONAL,NO_ENGINE_SUBSTITUTION {{(pid=98930) _check_effective_sql_mode /opt/stack/data/venv/lib/python3.12/site-packages/oslo_db/sqlalchemy/engines.py:325}}
Jul 21 12:31:54.446948 np0000005552 nova-conductor[98905]: DEBUG nova.service [None req-7ab1fb67-a73c-4ac2-98c6-e886babc1092 None None] Join ServiceGroup membership for this service conductor {{(pid=98905) start /opt/stack/nova/nova/service.py:222}}
Jul 21 12:31:54.447188 np0000005552 nova-conductor[98905]: DEBUG nova.servicegroup.drivers.db [None req-7ab1fb67-a73c-4ac2-98c6-e886babc1092 None None] DB_Driver: join new ServiceGroup member np0000005552 to the conductor group, service = {{(pid=98905) join /opt/stack/nova/nova/servicegroup/drivers/db.py:44}}
Jul 21 12:31:54.454132 np0000005552 nova-conductor[98930]: DEBUG dbcounter [-] [98930] Writer thread running {{(pid=98930) stat_writer /opt/stack/data/venv/lib/python3.12/site-packages/dbcounter.py:102}}
Jul 21 12:31:54.455431 np0000005552 nova-conductor[98909]: DEBUG nova.service [None req-43e6d01c-7beb-49bd-9483-f1488bf8415b None None] Join ServiceGroup membership for this service conductor {{(pid=98909) start /opt/stack/nova/nova/service.py:222}}
Jul 21 12:31:54.455431 np0000005552 nova-conductor[98909]: DEBUG nova.servicegroup.drivers.db [None req-43e6d01c-7beb-49bd-9483-f1488bf8415b None None] DB_Driver: join new ServiceGroup member np0000005552 to the conductor group, service = {{(pid=98909) join /opt/stack/nova/nova/servicegroup/drivers/db.py:44}}
Jul 21 12:31:54.456652 np0000005552 nova-conductor[98930]: DEBUG nova.service [None req-2716953a-8208-4064-a2d0-b3240f428514 None None] Creating RPC server for service: nova-conductor on topic: conductor {{(pid=98930) start /opt/stack/nova/nova/service.py:196}}
Jul 21 12:31:54.458878 np0000005552 nova-conductor[98916]: DEBUG nova.service [None req-b5a93b74-67d6-4561-bfda-8a1bf3e76b1b None None] Join ServiceGroup membership for this service conductor {{(pid=98916) start /opt/stack/nova/nova/service.py:222}}
Jul 21 12:31:54.459135 np0000005552 nova-conductor[98916]: DEBUG nova.servicegroup.drivers.db [None req-b5a93b74-67d6-4561-bfda-8a1bf3e76b1b None None] DB_Driver: join new ServiceGroup member np0000005552 to the conductor group, service = {{(pid=98916) join /opt/stack/nova/nova/servicegroup/drivers/db.py:44}}
Jul 21 12:31:54.472862 np0000005552 nova-conductor[98930]: DEBUG nova.service [None req-2716953a-8208-4064-a2d0-b3240f428514 None None] Join ServiceGroup membership for this service conductor {{(pid=98930) start /opt/stack/nova/nova/service.py:222}}
Jul 21 12:31:54.473111 np0000005552 nova-conductor[98930]: DEBUG nova.servicegroup.drivers.db [None req-2716953a-8208-4064-a2d0-b3240f428514 None None] DB_Driver: join new ServiceGroup member np0000005552 to the conductor group, service = {{(pid=98930) join /opt/stack/nova/nova/servicegroup/drivers/db.py:44}}
Jul 21 12:31:59.473128 np0000005552 nova-conductor[98905]: DEBUG oslo.service.backend._threading.loopingcall [-] Fixed interval looping call 'nova.servicegroup.drivers.db.DbDriver._report_state' sleeping for 119.98 seconds {{(pid=98905) _run_loop /opt/stack/data/venv/lib/python3.12/site-packages/oslo_service/backend/_threading/loopingcall.py:125}}
Jul 21 12:31:59.476282 np0000005552 nova-conductor[98916]: DEBUG oslo.service.backend._threading.loopingcall [-] Fixed interval looping call 'nova.servicegroup.drivers.db.DbDriver._report_state' sleeping for 119.98 seconds {{(pid=98916) _run_loop /opt/stack/data/venv/lib/python3.12/site-packages/oslo_service/backend/_threading/loopingcall.py:125}}
Jul 21 12:31:59.479811 np0000005552 nova-conductor[98909]: DEBUG oslo.service.backend._threading.loopingcall [-] Fixed interval looping call 'nova.servicegroup.drivers.db.DbDriver._report_state' sleeping for 119.98 seconds {{(pid=98909) _run_loop /opt/stack/data/venv/lib/python3.12/site-packages/oslo_service/backend/_threading/loopingcall.py:125}}
Jul 21 12:31:59.488530 np0000005552 nova-conductor[98930]: DEBUG oslo.service.backend._threading.loopingcall [-] Fixed interval looping call 'nova.servicegroup.drivers.db.DbDriver._report_state' sleeping for 119.99 seconds {{(pid=98930) _run_loop /opt/stack/data/venv/lib/python3.12/site-packages/oslo_service/backend/_threading/loopingcall.py:125}}
Jul 21 12:32:03.029086 np0000005552 nova-conductor[97465]: DEBUG dbcounter [-] [97465] Writing DB stats nova_api:SELECT=1 {{(pid=97465) stat_writer /opt/stack/data/venv/lib/python3.12/site-packages/dbcounter.py:115}}
Jul 21 12:32:03.163630 np0000005552 nova-conductor[97465]: DEBUG dbcounter [-] [97465] Writing DB stats nova_cell0:SELECT=1 {{(pid=97465) stat_writer /opt/stack/data/venv/lib/python3.12/site-packages/dbcounter.py:115}}
Jul 21 12:32:03.167125 np0000005552 nova-conductor[97465]: DEBUG dbcounter [-] [97465] Writing DB stats nova_cell1:SELECT=1 {{(pid=97465) stat_writer /opt/stack/data/venv/lib/python3.12/site-packages/dbcounter.py:115}}
Jul 21 12:32:09.467550 np0000005552 nova-conductor[98905]: DEBUG dbcounter [-] [98905] Writing DB stats nova_cell0:SELECT=4,nova_cell0:INSERT=1,nova_cell0:UPDATE=1 {{(pid=98905) stat_writer /opt/stack/data/venv/lib/python3.12/site-packages/dbcounter.py:115}}
Jul 21 12:32:09.475733 np0000005552 nova-conductor[98909]: DEBUG dbcounter [-] [98909] Writing DB stats nova_cell0:SELECT=3 {{(pid=98909) stat_writer /opt/stack/data/venv/lib/python3.12/site-packages/dbcounter.py:115}}
Jul 21 12:32:09.476056 np0000005552 nova-conductor[98916]: DEBUG dbcounter [-] [98916] Writing DB stats nova_cell0:SELECT=3,nova_cell0:UPDATE=1 {{(pid=98916) stat_writer /opt/stack/data/venv/lib/python3.12/site-packages/dbcounter.py:115}}
Jul 21 12:32:09.482810 np0000005552 nova-conductor[98930]: DEBUG dbcounter [-] [98930] Writing DB stats nova_cell0:SELECT=3 {{(pid=98930) stat_writer /opt/stack/data/venv/lib/python3.12/site-packages/dbcounter.py:115}}
Jul 21 12:32:11.475483 np0000005552 nova-conductor[98930]: DEBUG oslo.service.backend._threading.loopingcall [None req-1d5ef0ed-e8cd-4fac-a505-9fb3c439ee00 None None] Dynamic interval looping call 'nova.service.Service.periodic_tasks' sleeping for 60.00 seconds {{(pid=98930) _run_loop /opt/stack/data/venv/lib/python3.12/site-packages/oslo_service/backend/_threading/loopingcall.py:125}}
Jul 21 12:32:35.461346 np0000005552 nova-conductor[98916]: DEBUG oslo.service.backend._threading.loopingcall [None req-a1a4d0be-5b65-4ede-9439-4fe689465307 None None] Dynamic interval looping call 'nova.service.Service.periodic_tasks' sleeping for 60.00 seconds {{(pid=98916) _run_loop /opt/stack/data/venv/lib/python3.12/site-packages/oslo_service/backend/_threading/loopingcall.py:125}}
Jul 21 12:32:44.458533 np0000005552 nova-conductor[98909]: DEBUG oslo.service.backend._threading.loopingcall [None req-f4d27030-4447-4c08-9195-ca01a43be4cc None None] Dynamic interval looping call 'nova.service.Service.periodic_tasks' sleeping for 60.00 seconds {{(pid=98909) _run_loop /opt/stack/data/venv/lib/python3.12/site-packages/oslo_service/backend/_threading/loopingcall.py:125}}
Jul 21 12:32:47.449105 np0000005552 nova-conductor[98905]: DEBUG oslo.service.backend._threading.loopingcall [None req-ada65b93-f3e9-4bca-983a-5aac76bde6be None None] Dynamic interval looping call 'nova.service.Service.periodic_tasks' sleeping for 60.00 seconds {{(pid=98905) _run_loop /opt/stack/data/venv/lib/python3.12/site-packages/oslo_service/backend/_threading/loopingcall.py:125}}
Jul 21 12:33:11.476189 np0000005552 nova-conductor[98930]: DEBUG oslo.service.backend._threading.loopingcall [None req-1d5ef0ed-e8cd-4fac-a505-9fb3c439ee00 None None] Dynamic interval looping call 'nova.service.Service.periodic_tasks' sleeping for 60.00 seconds {{(pid=98930) _run_loop /opt/stack/data/venv/lib/python3.12/site-packages/oslo_service/backend/_threading/loopingcall.py:125}}
Jul 21 12:33:35.461976 np0000005552 nova-conductor[98916]: DEBUG oslo.service.backend._threading.loopingcall [None req-a1a4d0be-5b65-4ede-9439-4fe689465307 None None] Dynamic interval looping call 'nova.service.Service.periodic_tasks' sleeping for 60.00 seconds {{(pid=98916) _run_loop /opt/stack/data/venv/lib/python3.12/site-packages/oslo_service/backend/_threading/loopingcall.py:125}}
Jul 21 12:33:44.459114 np0000005552 nova-conductor[98909]: DEBUG oslo.service.backend._threading.loopingcall [None req-f4d27030-4447-4c08-9195-ca01a43be4cc None None] Dynamic interval looping call 'nova.service.Service.periodic_tasks' sleeping for 60.00 seconds {{(pid=98909) _run_loop /opt/stack/data/venv/lib/python3.12/site-packages/oslo_service/backend/_threading/loopingcall.py:125}}
Jul 21 12:33:47.449730 np0000005552 nova-conductor[98905]: DEBUG oslo.service.backend._threading.loopingcall [None req-ada65b93-f3e9-4bca-983a-5aac76bde6be None None] Dynamic interval looping call 'nova.service.Service.periodic_tasks' sleeping for 60.00 seconds {{(pid=98905) _run_loop /opt/stack/data/venv/lib/python3.12/site-packages/oslo_service/backend/_threading/loopingcall.py:125}}
Jul 21 12:33:59.461912 np0000005552 nova-conductor[98905]: DEBUG oslo.service.backend._threading.loopingcall [-] Fixed interval looping call 'nova.servicegroup.drivers.db.DbDriver._report_state' sleeping for 119.99 seconds {{(pid=98905) _run_loop /opt/stack/data/venv/lib/python3.12/site-packages/oslo_service/backend/_threading/loopingcall.py:125}}
Jul 21 12:33:59.462571 np0000005552 nova-conductor[98916]: DEBUG oslo.service.backend._threading.loopingcall [-] Fixed interval looping call 'nova.servicegroup.drivers.db.DbDriver._report_state' sleeping for 119.99 seconds {{(pid=98916) _run_loop /opt/stack/data/venv/lib/python3.12/site-packages/oslo_service/backend/_threading/loopingcall.py:125}}
Jul 21 12:33:59.463491 np0000005552 nova-conductor[98909]: DEBUG oslo.service.backend._threading.loopingcall [-] Fixed interval looping call 'nova.servicegroup.drivers.db.DbDriver._report_state' sleeping for 120.00 seconds {{(pid=98909) _run_loop /opt/stack/data/venv/lib/python3.12/site-packages/oslo_service/backend/_threading/loopingcall.py:125}}
Jul 21 12:33:59.483178 np0000005552 nova-conductor[98930]: DEBUG oslo.service.backend._threading.loopingcall [-] Fixed interval looping call 'nova.servicegroup.drivers.db.DbDriver._report_state' sleeping for 120.00 seconds {{(pid=98930) _run_loop /opt/stack/data/venv/lib/python3.12/site-packages/oslo_service/backend/_threading/loopingcall.py:125}}
Jul 21 12:34:09.457043 np0000005552 nova-conductor[98905]: DEBUG dbcounter [-] [98905] Writing DB stats nova_cell0:SELECT=1,nova_cell0:UPDATE=1 {{(pid=98905) stat_writer /opt/stack/data/venv/lib/python3.12/site-packages/dbcounter.py:115}}
Jul 21 12:34:09.459629 np0000005552 nova-conductor[98916]: DEBUG dbcounter [-] [98916] Writing DB stats nova_cell0:SELECT=1,nova_cell0:UPDATE=1 {{(pid=98916) stat_writer /opt/stack/data/venv/lib/python3.12/site-packages/dbcounter.py:115}}
Jul 21 12:34:09.461328 np0000005552 nova-conductor[98909]: DEBUG dbcounter [-] [98909] Writing DB stats nova_cell0:SELECT=1 {{(pid=98909) stat_writer /opt/stack/data/venv/lib/python3.12/site-packages/dbcounter.py:115}}
Jul 21 12:34:09.481375 np0000005552 nova-conductor[98930]: DEBUG dbcounter [-] [98930] Writing DB stats nova_cell0:SELECT=1 {{(pid=98930) stat_writer /opt/stack/data/venv/lib/python3.12/site-packages/dbcounter.py:115}}
Jul 21 12:34:11.476742 np0000005552 nova-conductor[98930]: DEBUG oslo.service.backend._threading.loopingcall [None req-1d5ef0ed-e8cd-4fac-a505-9fb3c439ee00 None None] Dynamic interval looping call 'nova.service.Service.periodic_tasks' sleeping for 60.00 seconds {{(pid=98930) _run_loop /opt/stack/data/venv/lib/python3.12/site-packages/oslo_service/backend/_threading/loopingcall.py:125}}
Jul 21 12:34:18.849925 np0000005552 nova-conductor[98905]: DEBUG oslo_db.sqlalchemy.engines [None req-b1b16c25-d9ab-4c8d-aa01-56fd324ba626 tempest-DeleteServersTestJSON-1357618448 tempest-DeleteServersTestJSON-1357618448-project-member] Parent process 97465 forked (98905) with an open database connection, which is being discarded and recreated. {{(pid=98905) checkout /opt/stack/data/venv/lib/python3.12/site-packages/oslo_db/sqlalchemy/engines.py:402}}
Jul 21 12:34:18.898659 np0000005552 nova-conductor[98905]: DEBUG dbcounter [-] [98905] Writer thread running {{(pid=98905) stat_writer /opt/stack/data/venv/lib/python3.12/site-packages/dbcounter.py:102}}
Jul 21 12:34:20.011151 np0000005552 nova-conductor[98905]: DEBUG nova.conductor.manager [None req-b1b16c25-d9ab-4c8d-aa01-56fd324ba626 tempest-DeleteServersTestJSON-1357618448 tempest-DeleteServersTestJSON-1357618448-project-member] Took 1.11 seconds to select destinations for 1 instance(s). {{(pid=98905) _schedule_instances /opt/stack/nova/nova/conductor/manager.py:968}}
Jul 21 12:34:20.041267 np0000005552 nova-conductor[98905]: DEBUG oslo_concurrency.lockutils [None req-b1b16c25-d9ab-4c8d-aa01-56fd324ba626 tempest-DeleteServersTestJSON-1357618448 tempest-DeleteServersTestJSON-1357618448-project-member] Acquiring lock "d69fe9df-f3d3-4d10-9796-f43c711778f6" by "nova.context.set_target_cell..get_or_set_cached_cell_and_set_connections" {{(pid=98905) inner /opt/stack/data/venv/lib/python3.12/site-packages/oslo_concurrency/lockutils.py:512}}
Jul 21 12:34:20.041639 np0000005552 nova-conductor[98905]: DEBUG oslo_concurrency.lockutils [None req-b1b16c25-d9ab-4c8d-aa01-56fd324ba626 tempest-DeleteServersTestJSON-1357618448 tempest-DeleteServersTestJSON-1357618448-project-member] Lock "d69fe9df-f3d3-4d10-9796-f43c711778f6" acquired by "nova.context.set_target_cell..get_or_set_cached_cell_and_set_connections" :: waited 0.000s {{(pid=98905) inner /opt/stack/data/venv/lib/python3.12/site-packages/oslo_concurrency/lockutils.py:525}}
Jul 21 12:34:20.042885 np0000005552 nova-conductor[98905]: DEBUG oslo_concurrency.lockutils [None req-b1b16c25-d9ab-4c8d-aa01-56fd324ba626 tempest-DeleteServersTestJSON-1357618448 tempest-DeleteServersTestJSON-1357618448-project-member] Lock "d69fe9df-f3d3-4d10-9796-f43c711778f6" "released" by "nova.context.set_target_cell..get_or_set_cached_cell_and_set_connections" :: held 0.001s {{(pid=98905) inner /opt/stack/data/venv/lib/python3.12/site-packages/oslo_concurrency/lockutils.py:544}}
Jul 21 12:34:20.044565 np0000005552 nova-conductor[98905]: INFO dbcounter [None req-b1b16c25-d9ab-4c8d-aa01-56fd324ba626 tempest-DeleteServersTestJSON-1357618448 tempest-DeleteServersTestJSON-1357618448-project-member] Registered counter for database nova_cell1
Jul 21 12:34:20.082731 np0000005552 nova-conductor[98905]: DEBUG oslo_db.sqlalchemy.engines [None req-b1b16c25-d9ab-4c8d-aa01-56fd324ba626 tempest-DeleteServersTestJSON-1357618448 tempest-DeleteServersTestJSON-1357618448-project-member] MySQL server mode set to STRICT_TRANS_TABLES,STRICT_ALL_TABLES,NO_ZERO_IN_DATE,NO_ZERO_DATE,ERROR_FOR_DIVISION_BY_ZERO,TRADITIONAL,NO_ENGINE_SUBSTITUTION {{(pid=98905) _check_effective_sql_mode /opt/stack/data/venv/lib/python3.12/site-packages/oslo_db/sqlalchemy/engines.py:325}}
Jul 21 12:34:20.090096 np0000005552 nova-conductor[98905]: DEBUG dbcounter [-] [98905] Writer thread running {{(pid=98905) stat_writer /opt/stack/data/venv/lib/python3.12/site-packages/dbcounter.py:102}}
Jul 21 12:34:20.153036 np0000005552 nova-conductor[98905]: INFO nova.utils [None req-b1b16c25-d9ab-4c8d-aa01-56fd324ba626 tempest-DeleteServersTestJSON-1357618448 tempest-DeleteServersTestJSON-1357618448-project-member] The cell worker thread pool ForkProcess-1.cell_worker is initialized
Jul 21 12:34:20.153308 np0000005552 nova-conductor[98905]: DEBUG oslo_concurrency.lockutils [None req-b1b16c25-d9ab-4c8d-aa01-56fd324ba626 tempest-DeleteServersTestJSON-1357618448 tempest-DeleteServersTestJSON-1357618448-project-member] Acquiring lock "00000000-0000-0000-0000-000000000000" by "nova.context.set_target_cell..get_or_set_cached_cell_and_set_connections" {{(pid=98905) inner /opt/stack/data/venv/lib/python3.12/site-packages/oslo_concurrency/lockutils.py:512}}
Jul 21 12:34:20.153468 np0000005552 nova-conductor[98905]: DEBUG oslo_concurrency.lockutils [None req-b1b16c25-d9ab-4c8d-aa01-56fd324ba626 tempest-DeleteServersTestJSON-1357618448 tempest-DeleteServersTestJSON-1357618448-project-member] Lock "00000000-0000-0000-0000-000000000000" acquired by "nova.context.set_target_cell..get_or_set_cached_cell_and_set_connections" :: waited 0.000s {{(pid=98905) inner /opt/stack/data/venv/lib/python3.12/site-packages/oslo_concurrency/lockutils.py:525}}
Jul 21 12:34:20.153891 np0000005552 nova-conductor[98905]: DEBUG oslo_concurrency.lockutils [None req-b1b16c25-d9ab-4c8d-aa01-56fd324ba626 tempest-DeleteServersTestJSON-1357618448 tempest-DeleteServersTestJSON-1357618448-project-member] Lock "00000000-0000-0000-0000-000000000000" "released" by "nova.context.set_target_cell..get_or_set_cached_cell_and_set_connections" :: held 0.000s {{(pid=98905) inner /opt/stack/data/venv/lib/python3.12/site-packages/oslo_concurrency/lockutils.py:544}}
Jul 21 12:34:20.154635 np0000005552 nova-conductor[98905]: DEBUG oslo_concurrency.lockutils [None req-b1b16c25-d9ab-4c8d-aa01-56fd324ba626 tempest-DeleteServersTestJSON-1357618448 tempest-DeleteServersTestJSON-1357618448-project-member] Acquiring lock "d69fe9df-f3d3-4d10-9796-f43c711778f6" by "nova.context.set_target_cell..get_or_set_cached_cell_and_set_connections" {{(pid=98905) inner /opt/stack/data/venv/lib/python3.12/site-packages/oslo_concurrency/lockutils.py:512}}
Jul 21 12:34:20.154783 np0000005552 nova-conductor[98905]: DEBUG oslo_concurrency.lockutils [None req-b1b16c25-d9ab-4c8d-aa01-56fd324ba626 tempest-DeleteServersTestJSON-1357618448 tempest-DeleteServersTestJSON-1357618448-project-member] Lock "d69fe9df-f3d3-4d10-9796-f43c711778f6" acquired by "nova.context.set_target_cell..get_or_set_cached_cell_and_set_connections" :: waited 0.000s {{(pid=98905) inner /opt/stack/data/venv/lib/python3.12/site-packages/oslo_concurrency/lockutils.py:525}}
Jul 21 12:34:20.154906 np0000005552 nova-conductor[98905]: DEBUG oslo_concurrency.lockutils [None req-b1b16c25-d9ab-4c8d-aa01-56fd324ba626 tempest-DeleteServersTestJSON-1357618448 tempest-DeleteServersTestJSON-1357618448-project-member] Lock "d69fe9df-f3d3-4d10-9796-f43c711778f6" "released" by "nova.context.set_target_cell..get_or_set_cached_cell_and_set_connections" :: held 0.000s {{(pid=98905) inner /opt/stack/data/venv/lib/python3.12/site-packages/oslo_concurrency/lockutils.py:544}}
Jul 21 12:34:20.157047 np0000005552 nova-conductor[98905]: INFO dbcounter [None req-b1b16c25-d9ab-4c8d-aa01-56fd324ba626 tempest-DeleteServersTestJSON-1357618448 tempest-DeleteServersTestJSON-1357618448-project-member] Registered counter for database nova_cell0
Jul 21 12:34:20.200964 np0000005552 nova-conductor[98905]: DEBUG oslo_db.sqlalchemy.engines [None req-b1b16c25-d9ab-4c8d-aa01-56fd324ba626 tempest-DeleteServersTestJSON-1357618448 tempest-DeleteServersTestJSON-1357618448-project-member] MySQL server mode set to STRICT_TRANS_TABLES,STRICT_ALL_TABLES,NO_ZERO_IN_DATE,NO_ZERO_DATE,ERROR_FOR_DIVISION_BY_ZERO,TRADITIONAL,NO_ENGINE_SUBSTITUTION {{(pid=98905) _check_effective_sql_mode /opt/stack/data/venv/lib/python3.12/site-packages/oslo_db/sqlalchemy/engines.py:325}}
