Jun 13 01:08:44.631954 np0000002768 devstack@neutron-api.service[87155]: DEBUG ovsdbapp.backend.ovs_idl.transaction [-] Running txn n=1 command(idx=0): DbRemoveCommand(_result=None, table=Logical_Switch_Port, record=3eabb8d4-1e47-4974-a978-9290c9c98493, column=external_ids, values=('neutron:host_id',), keyvalues={}, if_exists=True) {{(pid=87155) do_commit /opt/stack/data/venv/lib/python3.12/site-packages/ovsdbapp/backend/ovs_idl/transaction.py:89}}
Jun 13 01:08:44.656311 np0000002768 devstack@neutron-api.service[87155]: DEBUG neutron_lib.callbacks.manager [None req-416e6803-b041-47c1-be3e-2b76f96a5da8 admin admin] Publish callbacks [] for router_gateway (8d72e745-e6c1-47a8-9f94-b6cf4264601a), after_create {{(pid=87155) _notify_loop /opt/stack/data/venv/lib/python3.12/site-packages/neutron_lib/callbacks/manager.py:184}}
Jun 13 01:08:44.832129 np0000002768 devstack@neutron-api.service[87155]: DEBUG neutron_lib.callbacks.manager [None req-416e6803-b041-47c1-be3e-2b76f96a5da8 admin admin] Publish callbacks ['neutron.services.ovn_l3.plugin.ExtraGatewaysDbOnlyMixin._process_bfd_ecmp_update-3335817', 'neutron.services.ovn_l3.service_providers.driver_controller.DriverController._update_router_provider-4095386'] for router (8d72e745-e6c1-47a8-9f94-b6cf4264601a), precommit_update {{(pid=87155) _notify_loop /opt/stack/data/venv/lib/python3.12/site-packages/neutron_lib/callbacks/manager.py:184}}
Jun 13 01:08:44.834672 np0000002768 devstack@neutron-api.service[87155]: DEBUG neutron_lib.callbacks.manager [None req-416e6803-b041-47c1-be3e-2b76f96a5da8 admin admin] Publish callbacks ['neutron.services.ovn_l3.service_providers.ovn.OvnDriver._process_router_update-787246'] for router (8d72e745-e6c1-47a8-9f94-b6cf4264601a), after_update {{(pid=87155) _notify_loop /opt/stack/data/venv/lib/python3.12/site-packages/neutron_lib/callbacks/manager.py:184}}
Jun 13 01:08:44.882932 np0000002768 devstack@neutron-api.service[87156]: DEBUG futurist.periodics [-] Submitting periodic callback 'neutron.plugins.ml2.drivers.ovn.mech_driver.ovsdb.maintenance.HashRingHealthCheckPeriodics.touch_hash_ring_node' {{(pid=87156) _process_scheduled /opt/stack/data/venv/lib/python3.12/site-packages/futurist/periodics.py:784}}
Jun 13 01:08:44.883641 np0000002768 devstack@neutron-api.service[87156]: DEBUG neutron.plugins.ml2.drivers.ovn.mech_driver.ovsdb.maintenance [-] Touching Hash Ring node "7f24d5249c0a50659e191f5285cba41b" from periodic health check thread {{(pid=87156) touch_hash_ring_node /opt/stack/neutron/neutron/plugins/ml2/drivers/ovn/mech_driver/ovsdb/maintenance.py:1418}}
Jun 13 01:08:45.210720 np0000002768 devstack@neutron-api.service[87155]: DEBUG ovsdbapp.backend.ovs_idl.transaction [-] Running txn n=1 command(idx=0): CheckRevisionNumberCommand(_result=None, name=neutron-8d72e745-e6c1-47a8-9f94-b6cf4264601a, resource={'id': '8d72e745-e6c1-47a8-9f94-b6cf4264601a', 'name': 'router1', 'project_id': '73ac2bc4454646ebba700a042f0e5efb', 'admin_state_up': True, 'status': 'ACTIVE', 'enable_snat': True, 'external_gateway_info': {'network_id': '070ef46a-acf8-4274-8f6b-c2270373cbbf', 'external_fixed_ips': [{'subnet_id': '3d8413a4-7bd1-437d-b440-e3ff1f4637f4', 'ip_address': '172.24.5.147'}], 'enable_snat': True}, 'gw_port_id': '3eabb8d4-1e47-4974-a978-9290c9c98493', 'description': '', 'availability_zones': [], 'distributed': False, 'ha': True, 'ha_vr_id': 0, 'availability_zone_hints': [], 'enable_default_route_ecmp': False, 'enable_default_route_bfd': False, 'external_gateways': [{'network_id': '070ef46a-acf8-4274-8f6b-c2270373cbbf', 'external_fixed_ips': [{'ip_address': '172.24.5.147', 'subnet_id': '3d8413a4-7bd1-437d-b440-e3ff1f4637f4'}]}], 'routes': [], 'flavor_id': None, 'tags': [], 'created_at': '2026-06-13T01:08:40Z', 'updated_at': '2026-06-13T01:08:44Z', 'revision_number': 3, 'tenant_id': '73ac2bc4454646ebba700a042f0e5efb'}, resource_type=routers, if_exists=True) {{(pid=87155) do_commit /opt/stack/data/venv/lib/python3.12/site-packages/ovsdbapp/backend/ovs_idl/transaction.py:89}}
Jun 13 01:08:45.210901 np0000002768 devstack@neutron-api.service[87155]: DEBUG ovsdbapp.backend.ovs_idl.transaction [-] Running txn n=1 command(idx=1): DeleteLRouterExtGwCommand(_result=None, lrouter=neutron-8d72e745-e6c1-47a8-9f94-b6cf4264601a, if_exists=True, maintain_bfd=True) {{(pid=87155) do_commit /opt/stack/data/venv/lib/python3.12/site-packages/ovsdbapp/backend/ovs_idl/transaction.py:89}}
Jun 13 01:08:45.211180 np0000002768 devstack@neutron-api.service[87155]: DEBUG ovsdbapp.backend.ovs_idl.transaction [-] Running txn n=1 command(idx=2): DeleteNATRuleInLRouterCommand(_result=None, lrouter=neutron-8d72e745-e6c1-47a8-9f94-b6cf4264601a, type=snat, logical_ip=10.1.0.0/26, external_ip=172.24.5.147, if_exists=True) {{(pid=87155) do_commit /opt/stack/data/venv/lib/python3.12/site-packages/ovsdbapp/backend/ovs_idl/transaction.py:89}}
Jun 13 01:08:45.211284 np0000002768 devstack@neutron-api.service[87155]: DEBUG ovsdbapp.backend.ovs_idl.transaction [-] Running txn n=1 command(idx=3): DelStaticRoutesCommand(_result=None, lrouter=neutron-8d72e745-e6c1-47a8-9f94-b6cf4264601a, routes=[('0.0.0.0/0', '172.24.5.1')], if_exists=True) {{(pid=87155) do_commit /opt/stack/data/venv/lib/python3.12/site-packages/ovsdbapp/backend/ovs_idl/transaction.py:89}}
Jun 13 01:08:45.211379 np0000002768 devstack@neutron-api.service[87155]: DEBUG ovsdbapp.backend.ovs_idl.transaction [-] Running txn n=1 command(idx=4): DelLRouterPortCommand(_result=None, name=lrp-3eabb8d4-1e47-4974-a978-9290c9c98493, lrouter=neutron-8d72e745-e6c1-47a8-9f94-b6cf4264601a, if_exists=True) {{(pid=87155) do_commit /opt/stack/data/venv/lib/python3.12/site-packages/ovsdbapp/backend/ovs_idl/transaction.py:89}}
Jun 13 01:08:45.211485 np0000002768 devstack@neutron-api.service[87155]: DEBUG ovsdbapp.backend.ovs_idl.transaction [-] Running txn n=1 command(idx=5): AddLRouterPortCommand(_result=None, name=lrp-3eabb8d4-1e47-4974-a978-9290c9c98493, lrouter=neutron-8d72e745-e6c1-47a8-9f94-b6cf4264601a, may_exist=True, columns={'mac': 'fa:16:3e:69:c2:bb', 'networks': ['172.24.5.147/24'], 'external_ids': {'neutron:revision_number': '1', 'neutron:subnet_ids': '3d8413a4-7bd1-437d-b440-e3ff1f4637f4', 'neutron:network_name': 'neutron-070ef46a-acf8-4274-8f6b-c2270373cbbf', 'neutron:is_ext_gw': 'True', 'neutron:router_name': 'neutron-8d72e745-e6c1-47a8-9f94-b6cf4264601a'}, 'options': {'reside-on-redirect-chassis': 'true', 'gateway_mtu': '1372'}}) {{(pid=87155) do_commit /opt/stack/data/venv/lib/python3.12/site-packages/ovsdbapp/backend/ovs_idl/transaction.py:89}}
Jun 13 01:08:45.211801 np0000002768 devstack@neutron-api.service[87155]: DEBUG ovsdbapp.backend.ovs_idl.transaction [-] Running txn n=1 command(idx=6): ScheduleNewGatewayCommand(_result=None, g_name=lrp-3eabb8d4-1e47-4974-a978-9290c9c98493, sb_api=, lrouter_name=neutron-8d72e745-e6c1-47a8-9f94-b6cf4264601a, ovn_client=, scheduler=, physnet=public, az_hints=[]) {{(pid=87155) do_commit /opt/stack/data/venv/lib/python3.12/site-packages/ovsdbapp/backend/ovs_idl/transaction.py:89}}
Jun 13 01:08:45.212198 np0000002768 devstack@neutron-api.service[87155]: DEBUG neutron.plugins.ml2.drivers.ovn.mech_driver.ovsdb.ovn_client [-] Chassis candidates for scheduling gateway router ports for "public" physical network: ['f377a83f-57d1-4157-8f15-6d9af11ebe4e'] {{(pid=87155) get_candidates_for_scheduling /opt/stack/neutron/neutron/plugins/ml2/drivers/ovn/mech_driver/ovsdb/ovn_client.py:1750}}
Jun 13 01:08:45.212486 np0000002768 devstack@neutron-api.service[87155]: DEBUG neutron.scheduler.l3_ovn_scheduler [-] Gateway lrp-3eabb8d4-1e47-4974-a978-9290c9c98493 scheduled on chassis ['f377a83f-57d1-4157-8f15-6d9af11ebe4e'] {{(pid=87155) _schedule_gateway /opt/stack/neutron/neutron/scheduler/l3_ovn_scheduler.py:88}}
Jun 13 01:08:45.212770 np0000002768 devstack@neutron-api.service[87155]: DEBUG ovsdbapp.backend.ovs_idl.transaction [-] Running txn n=1 command(idx=7): SetLRouterPortInLSwitchPortCommand(_result=None, lswitch_port=3eabb8d4-1e47-4974-a978-9290c9c98493, lrouter_port=lrp-3eabb8d4-1e47-4974-a978-9290c9c98493, is_gw_port=True, if_exists=True, lsp_address=router) {{(pid=87155) do_commit /opt/stack/data/venv/lib/python3.12/site-packages/ovsdbapp/backend/ovs_idl/transaction.py:89}}
Jun 13 01:08:45.212940 np0000002768 devstack@neutron-api.service[87155]: DEBUG ovsdbapp.backend.ovs_idl.transaction [-] Running txn n=1 command(idx=8): AddStaticRouteCommand(_result=None, lrouter=neutron-8d72e745-e6c1-47a8-9f94-b6cf4264601a, maintain_bfd=False, columns={'ip_prefix': '0.0.0.0/0', 'nexthop': '172.24.5.1', 'external_ids': {'neutron:is_ext_gw': 'true', 'neutron:subnet_id': '3d8413a4-7bd1-437d-b440-e3ff1f4637f4', 'neutron:is_static_route': 'true'}}) {{(pid=87155) do_commit /opt/stack/data/venv/lib/python3.12/site-packages/ovsdbapp/backend/ovs_idl/transaction.py:89}}
Jun 13 01:08:45.213121 np0000002768 devstack@neutron-api.service[87155]: DEBUG ovsdbapp.backend.ovs_idl.transaction [-] Running txn n=1 command(idx=9): AddNATRuleInLRouterCommand(_result=None, lrouter=neutron-8d72e745-e6c1-47a8-9f94-b6cf4264601a, nat_uuid=None, columns={'type': 'snat', 'logical_ip': '10.1.0.0/26', 'external_ip': '172.24.5.147'}) {{(pid=87155) do_commit /opt/stack/data/venv/lib/python3.12/site-packages/ovsdbapp/backend/ovs_idl/transaction.py:89}}
Jun 13 01:08:45.213272 np0000002768 devstack@neutron-api.service[87155]: DEBUG ovsdbapp.backend.ovs_idl.transaction [-] Running txn n=1 command(idx=10): UpdateLRouterCommand(_result=None, name=neutron-8d72e745-e6c1-47a8-9f94-b6cf4264601a, columns={'external_ids': {'neutron:router_name': 'router1', 'neutron:revision_number': '3', 'neutron:availability_zone_hints': ''}, 'enabled': True}, if_exists=True) {{(pid=87155) do_commit /opt/stack/data/venv/lib/python3.12/site-packages/ovsdbapp/backend/ovs_idl/transaction.py:89}}
Jun 13 01:08:45.213422 np0000002768 devstack@neutron-api.service[87155]: DEBUG ovsdbapp.backend.ovs_idl.transaction [-] Running txn n=1 command(idx=11): QoSDelCommand(_result=None, switch=neutron-070ef46a-acf8-4274-8f6b-c2270373cbbf, conditions=[('direction', '=', 'from-lport'), ('priority', '=', 2002), ('match', '=', 'inport == "3eabb8d4-1e47-4974-a978-9290c9c98493"')], if_exists=True) {{(pid=87155) do_commit /opt/stack/data/venv/lib/python3.12/site-packages/ovsdbapp/backend/ovs_idl/transaction.py:89}}
Jun 13 01:08:45.213543 np0000002768 devstack@neutron-api.service[87155]: DEBUG ovsdbapp.backend.ovs_idl.transaction [-] Running txn n=1 command(idx=12): QoSDelCommand(_result=None, switch=neutron-070ef46a-acf8-4274-8f6b-c2270373cbbf, conditions=[('direction', '=', 'to-lport'), ('priority', '=', 2002), ('match', '=', 'outport == "3eabb8d4-1e47-4974-a978-9290c9c98493"')], if_exists=True) {{(pid=87155) do_commit /opt/stack/data/venv/lib/python3.12/site-packages/ovsdbapp/backend/ovs_idl/transaction.py:89}}
Jun 13 01:08:45.218147 np0000002768 devstack@neutron-api.service[87155]: DEBUG neutron.plugins.ml2.drivers.ovn.mech_driver.ovsdb.ovsdb_monitor [-] Hash Ring: Node 10bb24193e1551fea2ea11d1f784dc72 (host: np0000002768) handling event "create" for row b7706eb6-6ca6-4d6e-928a-7eb5d62a39d2 (table: HA_Chassis) {{(pid=87155) notify /opt/stack/neutron/neutron/plugins/ml2/drivers/ovn/mech_driver/ovsdb/ovsdb_monitor.py:1015}}
Jun 13 01:08:45.218542 np0000002768 devstack@neutron-api.service[87155]: DEBUG neutron.plugins.ml2.drivers.ovn.mech_driver.ovsdb.ovsdb_monitor [-] Hash Ring: Node 10bb24193e1551fea2ea11d1f784dc72 (host: np0000002768) handling event "create" for row 63803dfd-0973-4c91-abe9-adfeb7657089 (table: HA_Chassis_Group) {{(pid=87155) notify /opt/stack/neutron/neutron/plugins/ml2/drivers/ovn/mech_driver/ovsdb/ovsdb_monitor.py:1015}}
Jun 13 01:08:45.218542 np0000002768 devstack@neutron-api.service[87155]: DEBUG neutron.plugins.ml2.drivers.ovn.mech_driver.ovsdb.ovsdb_monitor [-] Hash Ring: Node 10bb24193e1551fea2ea11d1f784dc72 (host: np0000002768) handling event "update" for row c927f214-9a0c-4001-9967-63ec4250b41d (table: Logical_Router) {{(pid=87155) notify /opt/stack/neutron/neutron/plugins/ml2/drivers/ovn/mech_driver/ovsdb/ovsdb_monitor.py:1015}}
Jun 13 01:08:45.218542 np0000002768 devstack@neutron-api.service[87155]: DEBUG neutron.plugins.ml2.drivers.ovn.mech_driver.ovsdb.ovsdb_monitor [-] Hash Ring: Node 10bb24193e1551fea2ea11d1f784dc72 (host: np0000002768) handling event "create" for row 3b37af06-b044-48e8-9a14-83f394f84f45 (table: Logical_Router_Port) {{(pid=87155) notify /opt/stack/neutron/neutron/plugins/ml2/drivers/ovn/mech_driver/ovsdb/ovsdb_monitor.py:1015}}
Jun 13 01:08:45.219241 np0000002768 devstack@neutron-api.service[87155]: DEBUG ovsdbapp.backend.ovs_idl.event [-] Matched CREATE: LogicalRouterPortEvent(events=('create', 'delete'), table='Logical_Router_Port', conditions=None, old_conditions=None), priority=20 to row=Logical_Router_Port(uuid=3b37af06-b044-48e8-9a14-83f394f84f45, enabled=[], external_ids={'neutron:is_ext_gw': 'True', 'neutron:network_name': 'neutron-070ef46a-acf8-4274-8f6b-c2270373cbbf', 'neutron:revision_number': '1', 'neutron:router_name': 'neutron-8d72e745-e6c1-47a8-9f94-b6cf4264601a', 'neutron:subnet_ids': '3d8413a4-7bd1-437d-b440-e3ff1f4637f4'}, gateway_chassis=[], ha_chassis_group=63803dfd-0973-4c91-abe9-adfeb7657089, ipv6_prefix=[], ipv6_ra_configs={}, mac='fa:16:3e:69:c2:bb', name='lrp-3eabb8d4-1e47-4974-a978-9290c9c98493', networks=['172.24.5.147/24'], options={'gateway_mtu': '1372', 'reside-on-redirect-chassis': 'true'}, peer=[], status={}) old= {{(pid=87155) matches /opt/stack/data/venv/lib/python3.12/site-packages/ovsdbapp/backend/ovs_idl/event.py:55}}
Jun 13 01:08:45.219574 np0000002768 devstack@neutron-api.service[87155]: DEBUG neutron.plugins.ml2.drivers.ovn.mech_driver.ovsdb.ovsdb_monitor [-] Hash Ring: Node 10bb24193e1551fea2ea11d1f784dc72 (host: np0000002768) handling event "create" for row 1cf8e038-948f-499c-afc0-0f9956594b3e (table: Logical_Router_Static_Route) {{(pid=87155) notify /opt/stack/neutron/neutron/plugins/ml2/drivers/ovn/mech_driver/ovsdb/ovsdb_monitor.py:1015}}
Jun 13 01:08:45.220044 np0000002768 devstack@neutron-api.service[87156]: DEBUG neutron.plugins.ml2.drivers.ovn.mech_driver.ovsdb.ovsdb_monitor [None req-a2f18cd7-710b-4ee6-be04-ba6c828d240b None None] Touching Hash Ring node "7f24d5249c0a50659e191f5285cba41b" from IDL notify handler {{(pid=87156) notify /opt/stack/neutron/neutron/plugins/ml2/drivers/ovn/mech_driver/ovsdb/ovsdb_monitor.py:1007}}
Jun 13 01:08:45.220082 np0000002768 devstack@neutron-api.service[87155]: DEBUG neutron.plugins.ml2.drivers.ovn.mech_driver.ovsdb.ovsdb_monitor [-] Hash Ring: Node 10bb24193e1551fea2ea11d1f784dc72 (host: np0000002768) handling event "update" for row bcb1325f-f1af-4969-bb53-024c68f4212a (table: Logical_Switch_Port) {{(pid=87155) notify /opt/stack/neutron/neutron/plugins/ml2/drivers/ovn/mech_driver/ovsdb/ovsdb_monitor.py:1015}}
Jun 13 01:08:45.222754 np0000002768 devstack@neutron-api.service[87155]: DEBUG neutron.plugins.ml2.drivers.ovn.mech_driver.ovsdb.ovsdb_monitor [-] Hash Ring: Node 10bb24193e1551fea2ea11d1f784dc72 (host: np0000002768) handling event "create" for row 5c77adef-6f33-45c1-b2b3-1366137445db (table: NAT) {{(pid=87155) notify /opt/stack/neutron/neutron/plugins/ml2/drivers/ovn/mech_driver/ovsdb/ovsdb_monitor.py:1015}}
Jun 13 01:08:45.223866 np0000002768 devstack@neutron-api.service[87155]: DEBUG neutron.plugins.ml2.drivers.ovn.mech_driver.ovsdb.ovsdb_monitor [-] Hash Ring: Node 10bb24193e1551fea2ea11d1f784dc72 (host: np0000002768) handling event "update" for row bcb1325f-f1af-4969-bb53-024c68f4212a (table: Logical_Switch_Port) {{(pid=87155) notify /opt/stack/neutron/neutron/plugins/ml2/drivers/ovn/mech_driver/ovsdb/ovsdb_monitor.py:1015}}
Jun 13 01:08:45.224980 np0000002768 devstack@neutron-api.service[87155]: DEBUG ovsdbapp.backend.ovs_idl.event [-] Matched UPDATE: LogicalSwitchPortUpdateUpEvent(events=('update',), table='Logical_Switch_Port', conditions=None, old_conditions=None), priority=20 to row=Logical_Switch_Port(uuid=bcb1325f-f1af-4969-bb53-024c68f4212a, addresses=['router'], dhcpv4_options=[], dhcpv6_options=[], dynamic_addresses=[], enabled=True, external_ids={'neutron:cidrs': '172.24.5.147/24', 'neutron:device_id': '8d72e745-e6c1-47a8-9f94-b6cf4264601a', 'neutron:device_owner': 'network:router_gateway', 'neutron:mtu': '', 'neutron:network_name': 'neutron-070ef46a-acf8-4274-8f6b-c2270373cbbf', 'neutron:port_capabilities': '', 'neutron:port_name': '', 'neutron:project_id': '', 'neutron:revision_number': '1', 'neutron:security_group_ids': '', 'neutron:subnet_pool_addr_scope4': '', 'neutron:subnet_pool_addr_scope6': '', 'neutron:vnic_type': 'normal'}, ha_chassis_group=[], mirror_rules=[], name='3eabb8d4-1e47-4974-a978-9290c9c98493', options={'exclude-lb-vips-from-garp': 'true', 'nat-addresses': 'router', 'router-port': 'lrp-3eabb8d4-1e47-4974-a978-9290c9c98493'}, parent_name=[], port_security=[], tag=[], tag_request=[], type='router', up=True) old=Logical_Switch_Port(uuid=bcb1325f-f1af-4969-bb53-024c68f4212a, up=False) {{(pid=87155) matches /opt/stack/data/venv/lib/python3.12/site-packages/ovsdbapp/backend/ovs_idl/event.py:55}}
Jun 13 01:08:45.227129 np0000002768 devstack@neutron-api.service[87156]: DEBUG neutron.plugins.ml2.drivers.ovn.mech_driver.ovsdb.ovsdb_monitor [None req-a2f18cd7-710b-4ee6-be04-ba6c828d240b None None] Hash Ring: Node 7f24d5249c0a50659e191f5285cba41b (host: np0000002768) handling event "create" for row b7706eb6-6ca6-4d6e-928a-7eb5d62a39d2 (table: HA_Chassis) {{(pid=87156) notify /opt/stack/neutron/neutron/plugins/ml2/drivers/ovn/mech_driver/ovsdb/ovsdb_monitor.py:1015}}
Jun 13 01:08:45.227735 np0000002768 devstack@neutron-api.service[87156]: DEBUG neutron.plugins.ml2.drivers.ovn.mech_driver.ovsdb.ovsdb_monitor [None req-a2f18cd7-710b-4ee6-be04-ba6c828d240b None None] Touching Hash Ring node "7f24d5249c0a50659e191f5285cba41b" from IDL notify handler {{(pid=87156) notify /opt/stack/neutron/neutron/plugins/ml2/drivers/ovn/mech_driver/ovsdb/ovsdb_monitor.py:1007}}
Jun 13 01:08:45.229362 np0000002768 devstack@neutron-api.service[87156]: DEBUG neutron.plugins.ml2.drivers.ovn.mech_driver.ovsdb.ovsdb_monitor [None req-2f5d185b-7483-4aa5-9e02-9fe5bbfc43dd None None] Touching Hash Ring node "7f24d5249c0a50659e191f5285cba41b" from IDL notify handler {{(pid=87156) notify /opt/stack/neutron/neutron/plugins/ml2/drivers/ovn/mech_driver/ovsdb/ovsdb_monitor.py:1007}}
Jun 13 01:08:45.233730 np0000002768 devstack@neutron-api.service[87155]: DEBUG neutron.plugins.ml2.drivers.ovn.mech_driver.ovsdb.ovsdb_monitor [-] Hash Ring: Node 10bb24193e1551fea2ea11d1f784dc72 (host: np0000002768) handling event "create" for row 540ef230-d624-44d3-ac87-ef39ee1047f5 (table: Port_Binding) {{(pid=87155) notify /opt/stack/neutron/neutron/plugins/ml2/drivers/ovn/mech_driver/ovsdb/ovsdb_monitor.py:1015}}
Jun 13 01:08:45.233730 np0000002768 devstack@neutron-api.service[87155]: DEBUG neutron.plugins.ml2.drivers.ovn.mech_driver.ovsdb.ovsdb_monitor [-] Hash Ring: Node 10bb24193e1551fea2ea11d1f784dc72 (host: np0000002768) handling event "update" for row 74d35eeb-efef-493d-8c93-3683c6d0f7ed (table: Port_Binding) {{(pid=87155) notify /opt/stack/neutron/neutron/plugins/ml2/drivers/ovn/mech_driver/ovsdb/ovsdb_monitor.py:1015}}
Jun 13 01:08:45.233730 np0000002768 devstack@neutron-api.service[87155]: DEBUG neutron.plugins.ml2.drivers.ovn.mech_driver.ovsdb.ovsdb_monitor [-] Hash Ring: Node 10bb24193e1551fea2ea11d1f784dc72 (host: np0000002768) handling event "create" for row ca4d3261-5998-49fb-a172-b84aecf8b17e (table: Port_Binding) {{(pid=87155) notify /opt/stack/neutron/neutron/plugins/ml2/drivers/ovn/mech_driver/ovsdb/ovsdb_monitor.py:1015}}
Jun 13 01:08:45.233944 np0000002768 devstack@neutron-api.service[87156]: DEBUG neutron.plugins.ml2.drivers.ovn.mech_driver.ovsdb.ovsdb_monitor [None req-a2f18cd7-710b-4ee6-be04-ba6c828d240b None None] Hash Ring: Node 7f24d5249c0a50659e191f5285cba41b (host: np0000002768) handling event "create" for row 63803dfd-0973-4c91-abe9-adfeb7657089 (table: HA_Chassis_Group) {{(pid=87156) notify /opt/stack/neutron/neutron/plugins/ml2/drivers/ovn/mech_driver/ovsdb/ovsdb_monitor.py:1015}}
Jun 13 01:08:45.234621 np0000002768 devstack@neutron-api.service[87155]: DEBUG neutron.plugins.ml2.drivers.ovn.mech_driver.ovsdb.ovsdb_monitor [-] Hash Ring: Node 10bb24193e1551fea2ea11d1f784dc72 (host: np0000002768) handling event "update" for row 3b37af06-b044-48e8-9a14-83f394f84f45 (table: Logical_Router_Port) {{(pid=87155) notify /opt/stack/neutron/neutron/plugins/ml2/drivers/ovn/mech_driver/ovsdb/ovsdb_monitor.py:1015}}
Jun 13 01:08:45.235043 np0000002768 devstack@neutron-api.service[87156]: DEBUG neutron.plugins.ml2.drivers.ovn.mech_driver.ovsdb.ovsdb_monitor [None req-2f5d185b-7483-4aa5-9e02-9fe5bbfc43dd None None] Hash Ring: Node 7f24d5249c0a50659e191f5285cba41b (host: np0000002768) handling event "create" for row 540ef230-d624-44d3-ac87-ef39ee1047f5 (table: Port_Binding) {{(pid=87156) notify /opt/stack/neutron/neutron/plugins/ml2/drivers/ovn/mech_driver/ovsdb/ovsdb_monitor.py:1015}}
Jun 13 01:08:45.236117 np0000002768 devstack@neutron-api.service[87156]: DEBUG neutron.plugins.ml2.drivers.ovn.mech_driver.ovsdb.ovsdb_monitor [None req-a2f18cd7-710b-4ee6-be04-ba6c828d240b None None] Touching Hash Ring node "7f24d5249c0a50659e191f5285cba41b" from IDL notify handler {{(pid=87156) notify /opt/stack/neutron/neutron/plugins/ml2/drivers/ovn/mech_driver/ovsdb/ovsdb_monitor.py:1007}}
Jun 13 01:08:45.238398 np0000002768 devstack@neutron-api.service[87156]: DEBUG neutron.plugins.ml2.drivers.ovn.mech_driver.ovsdb.ovsdb_monitor [None req-2f5d185b-7483-4aa5-9e02-9fe5bbfc43dd None None] Touching Hash Ring node "7f24d5249c0a50659e191f5285cba41b" from IDL notify handler {{(pid=87156) notify /opt/stack/neutron/neutron/plugins/ml2/drivers/ovn/mech_driver/ovsdb/ovsdb_monitor.py:1007}}
Jun 13 01:08:45.242696 np0000002768 devstack@neutron-api.service[87156]: DEBUG neutron.plugins.ml2.drivers.ovn.mech_driver.ovsdb.ovsdb_monitor [None req-a2f18cd7-710b-4ee6-be04-ba6c828d240b None None] Hash Ring: Node 7f24d5249c0a50659e191f5285cba41b (host: np0000002768) handling event "update" for row c927f214-9a0c-4001-9967-63ec4250b41d (table: Logical_Router) {{(pid=87156) notify /opt/stack/neutron/neutron/plugins/ml2/drivers/ovn/mech_driver/ovsdb/ovsdb_monitor.py:1015}}
Jun 13 01:08:45.243418 np0000002768 devstack@neutron-api.service[87156]: DEBUG neutron.plugins.ml2.drivers.ovn.mech_driver.ovsdb.ovsdb_monitor [None req-2f5d185b-7483-4aa5-9e02-9fe5bbfc43dd None None] Hash Ring: Node 7f24d5249c0a50659e191f5285cba41b (host: np0000002768) handling event "update" for row 74d35eeb-efef-493d-8c93-3683c6d0f7ed (table: Port_Binding) {{(pid=87156) notify /opt/stack/neutron/neutron/plugins/ml2/drivers/ovn/mech_driver/ovsdb/ovsdb_monitor.py:1015}}
Jun 13 01:08:45.244949 np0000002768 devstack@neutron-api.service[87155]: DEBUG neutron.plugins.ml2.drivers.ovn.mech_driver.ovsdb.ovsdb_monitor [-] Hash Ring: Node 10bb24193e1551fea2ea11d1f784dc72 (host: np0000002768) handling event "update" for row 540ef230-d624-44d3-ac87-ef39ee1047f5 (table: Port_Binding) {{(pid=87155) notify /opt/stack/neutron/neutron/plugins/ml2/drivers/ovn/mech_driver/ovsdb/ovsdb_monitor.py:1015}}
Jun 13 01:08:45.245522 np0000002768 devstack@neutron-api.service[87156]: DEBUG neutron.plugins.ml2.drivers.ovn.mech_driver.ovsdb.ovsdb_monitor [None req-a2f18cd7-710b-4ee6-be04-ba6c828d240b None None] Touching Hash Ring node "7f24d5249c0a50659e191f5285cba41b" from IDL notify handler {{(pid=87156) notify /opt/stack/neutron/neutron/plugins/ml2/drivers/ovn/mech_driver/ovsdb/ovsdb_monitor.py:1007}}
Jun 13 01:08:45.246230 np0000002768 devstack@neutron-api.service[87155]: DEBUG ovsdbapp.backend.ovs_idl.event [-] Matched UPDATE: PortBindingChassisEvent(events=('update',), table='Port_Binding', conditions=None, old_conditions=None), priority=20 to row=Port_Binding(uuid=540ef230-d624-44d3-ac87-ef39ee1047f5, additional_chassis=[], additional_encap=[], chassis=0059e997-50f3-49f8-a12f-72bc82f3828b, datapath=af5d92a0-51d2-409e-88d7-9dd4cf53e04d, encap=[], external_ids={'neutron:is_ext_gw': 'True', 'neutron:network_name': 'neutron-070ef46a-acf8-4274-8f6b-c2270373cbbf', 'neutron:revision_number': '1', 'neutron:router_name': 'neutron-8d72e745-e6c1-47a8-9f94-b6cf4264601a', 'neutron:subnet_ids': '3d8413a4-7bd1-437d-b440-e3ff1f4637f4'}, gateway_chassis=[], logical_port='cr-lrp-3eabb8d4-1e47-4974-a978-9290c9c98493', mac=['fa:16:3e:69:c2:bb 172.24.5.147/24'], mirror_rules=[], nat_addresses=[], options={'always-redirect': 'true', 'distributed-port': 'lrp-3eabb8d4-1e47-4974-a978-9290c9c98493'}, parent_port=[], port_security=[], requested_additional_chassis=[], requested_chassis=[], tag=[], tunnel_key=3, type='chassisredirect', up=True, virtual_parent=[]) old=Port_Binding(uuid=540ef230-d624-44d3-ac87-ef39ee1047f5, chassis=[], up=False) {{(pid=87155) matches /opt/stack/data/venv/lib/python3.12/site-packages/ovsdbapp/backend/ovs_idl/event.py:55}}
Jun 13 01:08:45.246894 np0000002768 devstack@neutron-api.service[87156]: DEBUG neutron.plugins.ml2.drivers.ovn.mech_driver.ovsdb.ovsdb_monitor [None req-2f5d185b-7483-4aa5-9e02-9fe5bbfc43dd None None] Touching Hash Ring node "7f24d5249c0a50659e191f5285cba41b" from IDL notify handler {{(pid=87156) notify /opt/stack/neutron/neutron/plugins/ml2/drivers/ovn/mech_driver/ovsdb/ovsdb_monitor.py:1007}}
Jun 13 01:08:45.248729 np0000002768 devstack@neutron-api.service[87155]: INFO neutron.plugins.ml2.drivers.ovn.mech_driver.ovsdb.ovsdb_monitor [-] Router 8d72e745-e6c1-47a8-9f94-b6cf4264601a is bound to host np0000002768
Jun 13 01:08:45.250613 np0000002768 devstack@neutron-api.service[87156]: DEBUG neutron.plugins.ml2.drivers.ovn.mech_driver.ovsdb.ovsdb_monitor [None req-a2f18cd7-710b-4ee6-be04-ba6c828d240b None None] Hash Ring: Node 7f24d5249c0a50659e191f5285cba41b (host: np0000002768) handling event "create" for row 3b37af06-b044-48e8-9a14-83f394f84f45 (table: Logical_Router_Port) {{(pid=87156) notify /opt/stack/neutron/neutron/plugins/ml2/drivers/ovn/mech_driver/ovsdb/ovsdb_monitor.py:1015}}
Jun 13 01:08:45.252357 np0000002768 devstack@neutron-api.service[87156]: DEBUG ovsdbapp.backend.ovs_idl.event [None req-a2f18cd7-710b-4ee6-be04-ba6c828d240b None None] Matched CREATE: LogicalRouterPortEvent(events=('create', 'delete'), table='Logical_Router_Port', conditions=None, old_conditions=None), priority=20 to row=Logical_Router_Port(uuid=3b37af06-b044-48e8-9a14-83f394f84f45, enabled=[], external_ids={'neutron:is_ext_gw': 'True', 'neutron:network_name': 'neutron-070ef46a-acf8-4274-8f6b-c2270373cbbf', 'neutron:revision_number': '1', 'neutron:router_name': 'neutron-8d72e745-e6c1-47a8-9f94-b6cf4264601a', 'neutron:subnet_ids': '3d8413a4-7bd1-437d-b440-e3ff1f4637f4'}, gateway_chassis=[], ha_chassis_group=63803dfd-0973-4c91-abe9-adfeb7657089, ipv6_prefix=[], ipv6_ra_configs={}, mac='fa:16:3e:69:c2:bb', name='lrp-3eabb8d4-1e47-4974-a978-9290c9c98493', networks=['172.24.5.147/24'], options={'gateway_mtu': '1372', 'reside-on-redirect-chassis': 'true'}, peer=[], status={}) old= {{(pid=87156) matches /opt/stack/data/venv/lib/python3.12/site-packages/ovsdbapp/backend/ovs_idl/event.py:55}}
Jun 13 01:08:45.253264 np0000002768 devstack@neutron-api.service[87156]: DEBUG neutron.plugins.ml2.drivers.ovn.mech_driver.ovsdb.ovsdb_monitor [None req-2f5d185b-7483-4aa5-9e02-9fe5bbfc43dd None None] Hash Ring: Node 7f24d5249c0a50659e191f5285cba41b (host: np0000002768) handling event "create" for row ca4d3261-5998-49fb-a172-b84aecf8b17e (table: Port_Binding) {{(pid=87156) notify /opt/stack/neutron/neutron/plugins/ml2/drivers/ovn/mech_driver/ovsdb/ovsdb_monitor.py:1015}}
Jun 13 01:08:45.254220 np0000002768 devstack@neutron-api.service[87156]: DEBUG neutron.plugins.ml2.drivers.ovn.mech_driver.ovsdb.ovsdb_monitor [None req-a2f18cd7-710b-4ee6-be04-ba6c828d240b None None] Touching Hash Ring node "7f24d5249c0a50659e191f5285cba41b" from IDL notify handler {{(pid=87156) notify /opt/stack/neutron/neutron/plugins/ml2/drivers/ovn/mech_driver/ovsdb/ovsdb_monitor.py:1007}}
Jun 13 01:08:45.259250 np0000002768 devstack@neutron-api.service[87156]: DEBUG neutron.plugins.ml2.drivers.ovn.mech_driver.ovsdb.ovsdb_monitor [None req-2f5d185b-7483-4aa5-9e02-9fe5bbfc43dd None None] Touching Hash Ring node "7f24d5249c0a50659e191f5285cba41b" from IDL notify handler {{(pid=87156) notify /opt/stack/neutron/neutron/plugins/ml2/drivers/ovn/mech_driver/ovsdb/ovsdb_monitor.py:1007}}
Jun 13 01:08:45.263704 np0000002768 devstack@neutron-api.service[87156]: DEBUG neutron.plugins.ml2.drivers.ovn.mech_driver.ovsdb.ovsdb_monitor [None req-a2f18cd7-710b-4ee6-be04-ba6c828d240b None None] Hash Ring: Node 7f24d5249c0a50659e191f5285cba41b (host: np0000002768) handling event "create" for row 1cf8e038-948f-499c-afc0-0f9956594b3e (table: Logical_Router_Static_Route) {{(pid=87156) notify /opt/stack/neutron/neutron/plugins/ml2/drivers/ovn/mech_driver/ovsdb/ovsdb_monitor.py:1015}}
Jun 13 01:08:45.263704 np0000002768 devstack@neutron-api.service[87156]: DEBUG neutron.plugins.ml2.drivers.ovn.mech_driver.ovsdb.ovsdb_monitor [None req-2f5d185b-7483-4aa5-9e02-9fe5bbfc43dd None None] Hash Ring: Node 7f24d5249c0a50659e191f5285cba41b (host: np0000002768) handling event "update" for row 540ef230-d624-44d3-ac87-ef39ee1047f5 (table: Port_Binding) {{(pid=87156) notify /opt/stack/neutron/neutron/plugins/ml2/drivers/ovn/mech_driver/ovsdb/ovsdb_monitor.py:1015}}
Jun 13 01:08:45.264754 np0000002768 devstack@neutron-api.service[87156]: DEBUG ovsdbapp.backend.ovs_idl.event [None req-2f5d185b-7483-4aa5-9e02-9fe5bbfc43dd None None] Matched UPDATE: PortBindingChassisEvent(events=('update',), table='Port_Binding', conditions=None, old_conditions=None), priority=20 to row=Port_Binding(uuid=540ef230-d624-44d3-ac87-ef39ee1047f5, additional_chassis=[], additional_encap=[], chassis=0059e997-50f3-49f8-a12f-72bc82f3828b, datapath=af5d92a0-51d2-409e-88d7-9dd4cf53e04d, encap=[], external_ids={'neutron:is_ext_gw': 'True', 'neutron:network_name': 'neutron-070ef46a-acf8-4274-8f6b-c2270373cbbf', 'neutron:revision_number': '1', 'neutron:router_name': 'neutron-8d72e745-e6c1-47a8-9f94-b6cf4264601a', 'neutron:subnet_ids': '3d8413a4-7bd1-437d-b440-e3ff1f4637f4'}, gateway_chassis=[], logical_port='cr-lrp-3eabb8d4-1e47-4974-a978-9290c9c98493', mac=['fa:16:3e:69:c2:bb 172.24.5.147/24'], mirror_rules=[], nat_addresses=[], options={'always-redirect': 'true', 'distributed-port': 'lrp-3eabb8d4-1e47-4974-a978-9290c9c98493'}, parent_port=[], port_security=[], requested_additional_chassis=[], requested_chassis=[], tag=[], tunnel_key=3, type='chassisredirect', up=True, virtual_parent=[]) old=Port_Binding(uuid=540ef230-d624-44d3-ac87-ef39ee1047f5, chassis=[], up=False) {{(pid=87156) matches /opt/stack/data/venv/lib/python3.12/site-packages/ovsdbapp/backend/ovs_idl/event.py:55}}
Jun 13 01:08:45.265844 np0000002768 devstack@neutron-api.service[87156]: INFO neutron.plugins.ml2.drivers.ovn.mech_driver.ovsdb.ovsdb_monitor [-] Router 8d72e745-e6c1-47a8-9f94-b6cf4264601a is bound to host np0000002768
Jun 13 01:08:45.267559 np0000002768 devstack@neutron-api.service[87156]: DEBUG neutron.plugins.ml2.drivers.ovn.mech_driver.ovsdb.ovsdb_monitor [None req-a2f18cd7-710b-4ee6-be04-ba6c828d240b None None] Touching Hash Ring node "7f24d5249c0a50659e191f5285cba41b" from IDL notify handler {{(pid=87156) notify /opt/stack/neutron/neutron/plugins/ml2/drivers/ovn/mech_driver/ovsdb/ovsdb_monitor.py:1007}}
Jun 13 01:08:45.290336 np0000002768 devstack@neutron-api.service[87156]: DEBUG neutron.plugins.ml2.drivers.ovn.mech_driver.ovsdb.ovsdb_monitor [None req-a2f18cd7-710b-4ee6-be04-ba6c828d240b None None] Hash Ring: Node 7f24d5249c0a50659e191f5285cba41b (host: np0000002768) handling event "update" for row bcb1325f-f1af-4969-bb53-024c68f4212a (table: Logical_Switch_Port) {{(pid=87156) notify /opt/stack/neutron/neutron/plugins/ml2/drivers/ovn/mech_driver/ovsdb/ovsdb_monitor.py:1015}}
Jun 13 01:08:45.291988 np0000002768 devstack@neutron-api.service[87156]: DEBUG neutron.plugins.ml2.drivers.ovn.mech_driver.ovsdb.ovsdb_monitor [None req-a2f18cd7-710b-4ee6-be04-ba6c828d240b None None] Touching Hash Ring node "7f24d5249c0a50659e191f5285cba41b" from IDL notify handler {{(pid=87156) notify /opt/stack/neutron/neutron/plugins/ml2/drivers/ovn/mech_driver/ovsdb/ovsdb_monitor.py:1007}}
Jun 13 01:08:45.296162 np0000002768 devstack@neutron-api.service[87156]: DEBUG neutron.plugins.ml2.drivers.ovn.mech_driver.ovsdb.ovsdb_monitor [None req-a2f18cd7-710b-4ee6-be04-ba6c828d240b None None] Hash Ring: Node 7f24d5249c0a50659e191f5285cba41b (host: np0000002768) handling event "create" for row 5c77adef-6f33-45c1-b2b3-1366137445db (table: NAT) {{(pid=87156) notify /opt/stack/neutron/neutron/plugins/ml2/drivers/ovn/mech_driver/ovsdb/ovsdb_monitor.py:1015}}
Jun 13 01:08:45.298001 np0000002768 devstack@neutron-api.service[87156]: DEBUG neutron.plugins.ml2.drivers.ovn.mech_driver.ovsdb.ovsdb_monitor [None req-a2f18cd7-710b-4ee6-be04-ba6c828d240b None None] Touching Hash Ring node "7f24d5249c0a50659e191f5285cba41b" from IDL notify handler {{(pid=87156) notify /opt/stack/neutron/neutron/plugins/ml2/drivers/ovn/mech_driver/ovsdb/ovsdb_monitor.py:1007}}
Jun 13 01:08:45.308815 np0000002768 devstack@neutron-api.service[87156]: DEBUG neutron.plugins.ml2.drivers.ovn.mech_driver.ovsdb.ovsdb_monitor [None req-a2f18cd7-710b-4ee6-be04-ba6c828d240b None None] Hash Ring: Node 7f24d5249c0a50659e191f5285cba41b (host: np0000002768) handling event "update" for row bcb1325f-f1af-4969-bb53-024c68f4212a (table: Logical_Switch_Port) {{(pid=87156) notify /opt/stack/neutron/neutron/plugins/ml2/drivers/ovn/mech_driver/ovsdb/ovsdb_monitor.py:1015}}
Jun 13 01:08:45.310709 np0000002768 devstack@neutron-api.service[87156]: DEBUG ovsdbapp.backend.ovs_idl.event [None req-a2f18cd7-710b-4ee6-be04-ba6c828d240b None None] Matched UPDATE: LogicalSwitchPortUpdateUpEvent(events=('update',), table='Logical_Switch_Port', conditions=None, old_conditions=None), priority=20 to row=Logical_Switch_Port(uuid=bcb1325f-f1af-4969-bb53-024c68f4212a, addresses=['router'], dhcpv4_options=[], dhcpv6_options=[], dynamic_addresses=[], enabled=True, external_ids={'neutron:cidrs': '172.24.5.147/24', 'neutron:device_id': '8d72e745-e6c1-47a8-9f94-b6cf4264601a', 'neutron:device_owner': 'network:router_gateway', 'neutron:mtu': '', 'neutron:network_name': 'neutron-070ef46a-acf8-4274-8f6b-c2270373cbbf', 'neutron:port_capabilities': '', 'neutron:port_name': '', 'neutron:project_id': '', 'neutron:revision_number': '1', 'neutron:security_group_ids': '', 'neutron:subnet_pool_addr_scope4': '', 'neutron:subnet_pool_addr_scope6': '', 'neutron:vnic_type': 'normal'}, ha_chassis_group=[], mirror_rules=[], name='3eabb8d4-1e47-4974-a978-9290c9c98493', options={'exclude-lb-vips-from-garp': 'true', 'nat-addresses': 'router', 'router-port': 'lrp-3eabb8d4-1e47-4974-a978-9290c9c98493'}, parent_name=[], port_security=[], tag=[], tag_request=[], type='router', up=True) old=Logical_Switch_Port(uuid=bcb1325f-f1af-4969-bb53-024c68f4212a, up=False) {{(pid=87156) matches /opt/stack/data/venv/lib/python3.12/site-packages/ovsdbapp/backend/ovs_idl/event.py:55}}
Jun 13 01:08:45.317606 np0000002768 devstack@neutron-api.service[87156]: DEBUG neutron.plugins.ml2.drivers.ovn.mech_driver.ovsdb.ovsdb_monitor [None req-a2f18cd7-710b-4ee6-be04-ba6c828d240b None None] Touching Hash Ring node "7f24d5249c0a50659e191f5285cba41b" from IDL notify handler {{(pid=87156) notify /opt/stack/neutron/neutron/plugins/ml2/drivers/ovn/mech_driver/ovsdb/ovsdb_monitor.py:1007}}
Jun 13 01:08:45.323625 np0000002768 devstack@neutron-api.service[87156]: DEBUG neutron.plugins.ml2.drivers.ovn.mech_driver.ovsdb.ovsdb_monitor [None req-a2f18cd7-710b-4ee6-be04-ba6c828d240b None None] Hash Ring: Node 7f24d5249c0a50659e191f5285cba41b (host: np0000002768) handling event "update" for row 3b37af06-b044-48e8-9a14-83f394f84f45 (table: Logical_Router_Port) {{(pid=87156) notify /opt/stack/neutron/neutron/plugins/ml2/drivers/ovn/mech_driver/ovsdb/ovsdb_monitor.py:1015}}
Jun 13 01:08:45.343750 np0000002768 devstack@neutron-api.service[87156]: DEBUG neutron_lib.callbacks.manager [None req-98403b40-228b-4162-ba7d-9d5079ddd605 None None] Publish callbacks ['neutron.plugins.ml2.plugin.SecurityGroupDbMixin._ensure_default_security_group_handler-1890921', 'neutron.services.ovn_l3.plugin.OVNL3RouterPlugin._port_update-8064612181376', 'neutron.db.l3_db.L3_NAT_dbonly_mixin._prevent_internal_ip_change_for_fip-8064613681656'] for port (3eabb8d4-1e47-4974-a978-9290c9c98493), before_update {{(pid=87156) _notify_loop /opt/stack/data/venv/lib/python3.12/site-packages/neutron_lib/callbacks/manager.py:184}}
Jun 13 01:08:45.347237 np0000002768 devstack@neutron-api.service[87155]: INFO neutron.db.ovn_revision_numbers_db [None req-416e6803-b041-47c1-be3e-2b76f96a5da8 admin admin] Successfully bumped revision number for resource 8d72e745-e6c1-47a8-9f94-b6cf4264601a (type: routers) to 3
Jun 13 01:08:45.387178 np0000002768 devstack@neutron-api.service[87155]: INFO neutron.common.ovn.utils [None req-4019a94b-a3ba-4d90-9d67-1b2d2dde277b None None] HA Chassis Group neutron-090f8c85-9c7a-4790-950a-67682f3cf479 synchronized; highest priority chassis f377a83f-57d1-4157-8f15-6d9af11ebe4e
Jun 13 01:08:45.390127 np0000002768 devstack@neutron-api.service[87155]: DEBUG ovsdbapp.backend.ovs_idl.transaction [-] Running txn n=1 command(idx=0): HAChassisGroupAddCommand(_result=None, name=neutron-090f8c85-9c7a-4790-950a-67682f3cf479, may_exist=True, columns={'external_ids': {'neutron:availability_zone_hints': '', 'neutron:network_id': '090f8c85-9c7a-4790-950a-67682f3cf479', 'neutron:router_id': '8d72e745-e6c1-47a8-9f94-b6cf4264601a'}}) {{(pid=87155) do_commit /opt/stack/data/venv/lib/python3.12/site-packages/ovsdbapp/backend/ovs_idl/transaction.py:89}}
Jun 13 01:08:45.393959 np0000002768 devstack@neutron-api.service[87155]: DEBUG ovsdbapp.backend.ovs_idl.transaction [-] Running txn n=1 command(idx=1): HAChassisGroupAddChassisCommand(_result=None, hcg=neutron-090f8c85-9c7a-4790-950a-67682f3cf479, chassis=f377a83f-57d1-4157-8f15-6d9af11ebe4e, priority=1, columns={}) {{(pid=87155) do_commit /opt/stack/data/venv/lib/python3.12/site-packages/ovsdbapp/backend/ovs_idl/transaction.py:89}}
Jun 13 01:08:45.400945 np0000002768 devstack@neutron-api.service[87155]: DEBUG neutron.plugins.ml2.drivers.ovn.mech_driver.ovsdb.ovsdb_monitor [-] Hash Ring: Node 10bb24193e1551fea2ea11d1f784dc72 (host: np0000002768) handling event "create" for row ef94b80f-f901-4d34-b7e8-1209c0b7b6df (table: HA_Chassis) {{(pid=87155) notify /opt/stack/neutron/neutron/plugins/ml2/drivers/ovn/mech_driver/ovsdb/ovsdb_monitor.py:1015}}
Jun 13 01:08:45.401826 np0000002768 devstack@neutron-api.service[87156]: DEBUG neutron.plugins.ml2.drivers.ovn.mech_driver.ovsdb.ovsdb_monitor [None req-a2f18cd7-710b-4ee6-be04-ba6c828d240b None None] Touching Hash Ring node "7f24d5249c0a50659e191f5285cba41b" from IDL notify handler {{(pid=87156) notify /opt/stack/neutron/neutron/plugins/ml2/drivers/ovn/mech_driver/ovsdb/ovsdb_monitor.py:1007}}
Jun 13 01:08:45.402377 np0000002768 devstack@neutron-api.service[87155]: INFO neutron.db.ovn_revision_numbers_db [None req-416e6803-b041-47c1-be3e-2b76f96a5da8 admin admin] Successfully bumped revision number for resource 3eabb8d4-1e47-4974-a978-9290c9c98493 (type: router_ports) to 1
Jun 13 01:08:45.402700 np0000002768 devstack@neutron-api.service[87155]: DEBUG neutron.db.ovn_revision_numbers_db [None req-416e6803-b041-47c1-be3e-2b76f96a5da8 admin admin] delete_revision(3eabb8d4-1e47-4974-a978-9290c9c98493) {{(pid=87155) delete_revision /opt/stack/neutron/neutron/db/ovn_revision_numbers_db.py:112}}
Jun 13 01:08:45.405128 np0000002768 devstack@neutron-api.service[87155]: DEBUG neutron.plugins.ml2.drivers.ovn.mech_driver.ovsdb.ovsdb_monitor [-] Hash Ring: Node 10bb24193e1551fea2ea11d1f784dc72 (host: np0000002768) handling event "create" for row 0861a9db-5c7e-4c8c-a0ed-528ffa8653ef (table: HA_Chassis_Group) {{(pid=87155) notify /opt/stack/neutron/neutron/plugins/ml2/drivers/ovn/mech_driver/ovsdb/ovsdb_monitor.py:1015}}
Jun 13 01:08:45.406620 np0000002768 devstack@neutron-api.service[87156]: DEBUG neutron.plugins.ml2.drivers.ovn.mech_driver.ovsdb.ovsdb_monitor [None req-a2f18cd7-710b-4ee6-be04-ba6c828d240b None None] Hash Ring: Node 7f24d5249c0a50659e191f5285cba41b (host: np0000002768) handling event "create" for row ef94b80f-f901-4d34-b7e8-1209c0b7b6df (table: HA_Chassis) {{(pid=87156) notify /opt/stack/neutron/neutron/plugins/ml2/drivers/ovn/mech_driver/ovsdb/ovsdb_monitor.py:1015}}
Jun 13 01:08:45.408260 np0000002768 devstack@neutron-api.service[87156]: DEBUG neutron.plugins.ml2.drivers.ovn.mech_driver.ovsdb.ovsdb_monitor [None req-a2f18cd7-710b-4ee6-be04-ba6c828d240b None None] Touching Hash Ring node "7f24d5249c0a50659e191f5285cba41b" from IDL notify handler {{(pid=87156) notify /opt/stack/neutron/neutron/plugins/ml2/drivers/ovn/mech_driver/ovsdb/ovsdb_monitor.py:1007}}
Jun 13 01:08:45.410551 np0000002768 devstack@neutron-api.service[87155]: INFO neutron.plugins.ml2.drivers.ovn.mech_driver.mech_driver [None req-4019a94b-a3ba-4d90-9d67-1b2d2dde277b None None] OVN reports status up for port: 3eabb8d4-1e47-4974-a978-9290c9c98493
Jun 13 01:08:45.411654 np0000002768 devstack@neutron-api.service[87156]: DEBUG neutron.plugins.ml2.drivers.ovn.mech_driver.ovsdb.ovsdb_monitor [None req-a2f18cd7-710b-4ee6-be04-ba6c828d240b None None] Hash Ring: Node 7f24d5249c0a50659e191f5285cba41b (host: np0000002768) handling event "create" for row 0861a9db-5c7e-4c8c-a0ed-528ffa8653ef (table: HA_Chassis_Group) {{(pid=87156) notify /opt/stack/neutron/neutron/plugins/ml2/drivers/ovn/mech_driver/ovsdb/ovsdb_monitor.py:1015}}
Jun 13 01:08:45.412571 np0000002768 devstack@neutron-api.service[87155]: [pid: 87155|app: 0|req: 12/25] 10.4.3.193 () {68 vars in 1508 bytes} [Sat Jun 13 01:08:44 2026] PUT /networking/v2.0/routers/8d72e745-e6c1-47a8-9f94-b6cf4264601a/update_external_gateways => generated 1033 bytes in 1388 msecs (HTTP/1.1 200) 4 headers in 158 bytes (1 switches on core 0)
Jun 13 01:08:45.424517 np0000002768 devstack@neutron-api.service[87155]: DEBUG neutron.db.provisioning_blocks [None req-4019a94b-a3ba-4d90-9d67-1b2d2dde277b None None] Provisioning for port 3eabb8d4-1e47-4974-a978-9290c9c98493 completed by entity L2. {{(pid=87155) provisioning_complete /opt/stack/neutron/neutron/db/provisioning_blocks.py:133}}
Jun 13 01:08:45.426513 np0000002768 devstack@neutron-api.service[87155]: DEBUG neutron_lib.callbacks.manager [None req-a4e63ab6-16ce-4492-ac22-5753c8e2d3a3 None None] Publish callbacks ['neutron.plugins.ml2.plugin.SecurityGroupDbMixin._ensure_default_security_group_handler-1964024', 'neutron.services.ovn_l3.plugin.OVNL3RouterPlugin._port_update-8064612634848', 'neutron.db.l3_db.L3_NAT_dbonly_mixin._prevent_internal_ip_change_for_fip-8064613683744'] for port (3eabb8d4-1e47-4974-a978-9290c9c98493), before_update {{(pid=87155) _notify_loop /opt/stack/data/venv/lib/python3.12/site-packages/neutron_lib/callbacks/manager.py:184}}
Jun 13 01:08:45.434070 np0000002768 devstack@neutron-api.service[87155]: DEBUG neutron.db.provisioning_blocks [None req-4019a94b-a3ba-4d90-9d67-1b2d2dde277b None None] Provisioning complete for port 3eabb8d4-1e47-4974-a978-9290c9c98493 triggered by entity L2. {{(pid=87155) provisioning_complete /opt/stack/neutron/neutron/db/provisioning_blocks.py:141}}
Jun 13 01:08:45.434973 np0000002768 devstack@neutron-api.service[87155]: DEBUG neutron_lib.callbacks.manager [None req-4019a94b-a3ba-4d90-9d67-1b2d2dde277b None None] Publish callbacks ['neutron.plugins.ml2.plugin.Ml2Plugin._port_provisioned-109040'] for port (3eabb8d4-1e47-4974-a978-9290c9c98493), provisioning_complete {{(pid=87155) _notify_loop /opt/stack/data/venv/lib/python3.12/site-packages/neutron_lib/callbacks/manager.py:184}}
Jun 13 01:08:45.435144 np0000002768 devstack@neutron-api.service[87155]: INFO neutron.plugins.ml2.plugin [None req-4019a94b-a3ba-4d90-9d67-1b2d2dde277b None None] Attempt 1 to provision port 3eabb8d4-1e47-4974-a978-9290c9c98493
Jun 13 01:08:45.454649 np0000002768 devstack@neutron-api.service[87156]: DEBUG neutron_lib.callbacks.manager [None req-98403b40-228b-4162-ba7d-9d5079ddd605 None None] Publish callbacks [] for port (3eabb8d4-1e47-4974-a978-9290c9c98493), precommit_update {{(pid=87156) _notify_loop /opt/stack/data/venv/lib/python3.12/site-packages/neutron_lib/callbacks/manager.py:184}}
Jun 13 01:08:45.460704 np0000002768 devstack@neutron-api.service[87156]: DEBUG neutron.db.provisioning_blocks [None req-98403b40-228b-4162-ba7d-9d5079ddd605 None None] Ignored duplicate provisioning block setup for port 3eabb8d4-1e47-4974-a978-9290c9c98493 by entity L2. {{(pid=87156) add_provisioning_component /opt/stack/neutron/neutron/db/provisioning_blocks.py:69}}
Jun 13 01:08:45.486560 np0000002768 devstack@neutron-api.service[87155]: DEBUG neutron.plugins.ml2.plugin [None req-4019a94b-a3ba-4d90-9d67-1b2d2dde277b None None] Port 3eabb8d4-1e47-4974-a978-9290c9c98493 cannot update to ACTIVE because it is not bound. {{(pid=87155) _port_provisioned /opt/stack/neutron/neutron/plugins/ml2/plugin.py:390}}
Jun 13 01:08:45.511652 np0000002768 devstack@neutron-api.service[87156]: DEBUG neutron_lib.callbacks.manager [None req-98403b40-228b-4162-ba7d-9d5079ddd605 None None] Publish callbacks ['neutron.plugins.ml2.ovo_rpc._ObjectChangeHandler.handle_event-2507180', 'neutron.services.ovn_l3.plugin.OVNL3RouterPlugin._port_update-8064612181376'] for port (3eabb8d4-1e47-4974-a978-9290c9c98493), after_update {{(pid=87156) _notify_loop /opt/stack/data/venv/lib/python3.12/site-packages/neutron_lib/callbacks/manager.py:184}}
Jun 13 01:08:45.532921 np0000002768 devstack@neutron-api.service[87156]: DEBUG neutron.api.rpc.handlers.resources_rpc [None req-98403b40-228b-4162-ba7d-9d5079ddd605 None None] Pushing event updated for resources: {'Port': ['ID=3eabb8d4-1e47-4974-a978-9290c9c98493,revision_number=2']} {{(pid=87156) push /opt/stack/neutron/neutron/api/rpc/handlers/resources_rpc.py:237}}
Jun 13 01:08:45.554966 np0000002768 devstack@neutron-api.service[87155]: DEBUG ovsdbapp.backend.ovs_idl.transaction [-] Running txn n=1 command(idx=0): DbSetCommand(_result=None, table=Logical_Switch_Port, record=3eabb8d4-1e47-4974-a978-9290c9c98493, col_values=(('external_ids', {'neutron:host_id': 'np0000002768'}),), if_exists=True) {{(pid=87155) do_commit /opt/stack/data/venv/lib/python3.12/site-packages/ovsdbapp/backend/ovs_idl/transaction.py:89}}
Jun 13 01:08:45.559463 np0000002768 devstack@neutron-api.service[87156]: DEBUG neutron.plugins.ml2.drivers.ovn.mech_driver.ovsdb.ovsdb_monitor [None req-a2f18cd7-710b-4ee6-be04-ba6c828d240b None None] Touching Hash Ring node "7f24d5249c0a50659e191f5285cba41b" from IDL notify handler {{(pid=87156) notify /opt/stack/neutron/neutron/plugins/ml2/drivers/ovn/mech_driver/ovsdb/ovsdb_monitor.py:1007}}
Jun 13 01:08:45.560555 np0000002768 devstack@neutron-api.service[87155]: DEBUG neutron.plugins.ml2.drivers.ovn.mech_driver.ovsdb.ovsdb_monitor [-] Hash Ring: Node 10bb24193e1551fea2ea11d1f784dc72 (host: np0000002768) handling event "update" for row bcb1325f-f1af-4969-bb53-024c68f4212a (table: Logical_Switch_Port) {{(pid=87155) notify /opt/stack/neutron/neutron/plugins/ml2/drivers/ovn/mech_driver/ovsdb/ovsdb_monitor.py:1015}}
Jun 13 01:08:45.561723 np0000002768 devstack@neutron-api.service[87155]: DEBUG neutron.plugins.ml2.drivers.ovn.mech_driver.ovsdb.ovsdb_monitor [-] Hash Ring: Node 10bb24193e1551fea2ea11d1f784dc72 (host: np0000002768) handling event "update" for row 74d35eeb-efef-493d-8c93-3683c6d0f7ed (table: Port_Binding) {{(pid=87155) notify /opt/stack/neutron/neutron/plugins/ml2/drivers/ovn/mech_driver/ovsdb/ovsdb_monitor.py:1015}}
Jun 13 01:08:45.573284 np0000002768 devstack@neutron-api.service[87156]: DEBUG neutron.plugins.ml2.drivers.ovn.mech_driver.ovsdb.ovsdb_monitor [None req-a2f18cd7-710b-4ee6-be04-ba6c828d240b None None] Hash Ring: Node 7f24d5249c0a50659e191f5285cba41b (host: np0000002768) handling event "update" for row bcb1325f-f1af-4969-bb53-024c68f4212a (table: Logical_Switch_Port) {{(pid=87156) notify /opt/stack/neutron/neutron/plugins/ml2/drivers/ovn/mech_driver/ovsdb/ovsdb_monitor.py:1015}}
Jun 13 01:08:45.576275 np0000002768 devstack@neutron-api.service[87156]: DEBUG neutron.plugins.ml2.drivers.ovn.mech_driver.ovsdb.ovsdb_monitor [None req-2f5d185b-7483-4aa5-9e02-9fe5bbfc43dd None None] Touching Hash Ring node "7f24d5249c0a50659e191f5285cba41b" from IDL notify handler {{(pid=87156) notify /opt/stack/neutron/neutron/plugins/ml2/drivers/ovn/mech_driver/ovsdb/ovsdb_monitor.py:1007}}
Jun 13 01:08:45.583145 np0000002768 devstack@neutron-api.service[87156]: DEBUG neutron.plugins.ml2.drivers.ovn.mech_driver.ovsdb.ovsdb_monitor [None req-2f5d185b-7483-4aa5-9e02-9fe5bbfc43dd None None] Hash Ring: Node 7f24d5249c0a50659e191f5285cba41b (host: np0000002768) handling event "update" for row 74d35eeb-efef-493d-8c93-3683c6d0f7ed (table: Port_Binding) {{(pid=87156) notify /opt/stack/neutron/neutron/plugins/ml2/drivers/ovn/mech_driver/ovsdb/ovsdb_monitor.py:1015}}
Jun 13 01:08:45.593824 np0000002768 devstack@neutron-api.service[87155]: DEBUG neutron_lib.db.api [None req-a4e63ab6-16ce-4492-ac22-5753c8e2d3a3 None None] Retry wrapper got retriable exception: UPDATE statement on table 'standardattributes' expected to update 1 row(s); 0 were matched. {{(pid=87155) wrapped /opt/stack/data/venv/lib/python3.12/site-packages/neutron_lib/db/api.py:185}}
Jun 13 01:08:45.594184 np0000002768 devstack@neutron-api.service[87155]: DEBUG oslo_db.api [None req-a4e63ab6-16ce-4492-ac22-5753c8e2d3a3 None None] Performing DB retry for function neutron.plugins.ml2.plugin.Ml2Plugin.update_port {{(pid=87155) wrapper /opt/stack/data/venv/lib/python3.12/site-packages/oslo_db/api.py:155}}
