Aug 04 08:02:22.652984 np0000006395 devstack@neutron-api.service[90920]: fn_result: Optional[Result[Any]] = fn(orm_exec_state)
Aug 04 08:02:22.652984 np0000006395 devstack@neutron-api.service[90920]:
Aug 04 08:02:22.654323 np0000006395 devstack@neutron-api.service[90920]: INFO neutron.db.ovn_hash_ring_db [None req-2cfc59c8-b361-464c-9a5d-562c949eb483 None None] Nodes from host "np0000006395" and group "mechanism_driver" removed from the Hash Ring created at 2026-08-04 08:02:14+00:00
Aug 04 08:02:22.657573 np0000006395 devstack@neutron-api.service[90920]: INFO neutron.db.ovn_hash_ring_db [None req-2cfc59c8-b361-464c-9a5d-562c949eb483 None None] Node 39152b96928955e09be0a85288327821 from host "np0000006395" and group "mechanism_driver" added to the Hash Ring
Aug 04 08:02:22.661416 np0000006395 devstack@neutron-api.service[90920]: DEBUG neutron.plugins.ml2.drivers.ovn.mech_driver.mech_driver [None req-2cfc59c8-b361-464c-9a5d-562c949eb483 None None] Hash Ring setup, this worker has detected 4 OVN hash ring registers in the database {{(pid=90920) _init_hash_ring /opt/stack/neutron/neutron/plugins/ml2/drivers/ovn/mech_driver/mech_driver.py:414}}
Aug 04 08:02:22.673556 np0000006395 devstack@neutron-api.service[90920]: DEBUG neutron.plugins.ml2.drivers.ovn.mech_driver.ovsdb.maintenance [None req-2cfc59c8-b361-464c-9a5d-562c949eb483 None None] Periodic task found: HashRingHealthCheckPeriodics.touch_hash_ring_node {{(pid=90920) add_periodics /opt/stack/neutron/neutron/plugins/ml2/drivers/ovn/mech_driver/ovsdb/maintenance.py:147}}
Aug 04 08:02:22.674400 np0000006395 devstack@neutron-api.service[90920]: INFO neutron.plugins.ml2.drivers.ovn.mech_driver.mech_driver [None req-2cfc59c8-b361-464c-9a5d-562c949eb483 None None] Hash Ring probing thread for node 39152b96928955e09be0a85288327821 has started
Aug 04 08:02:22.675174 np0000006395 devstack@neutron-api.service[90920]: INFO neutron.plugins.ml2.drivers.ovn.mech_driver.ovsdb.impl_idl_ovn [None req-2cfc59c8-b361-464c-9a5d-562c949eb483 None None] Getting OvsdbNbOvnIdl for WorkerService with retry
Aug 04 08:02:22.716781 np0000006395 devstack@neutron-api.service[90920]: DEBUG ovsdbapp.backend.ovs_idl [None req-2cfc59c8-b361-464c-9a5d-562c949eb483 None None] Created lookup_table index Logical_Switch.name {{(pid=90920) autocreate_indices /opt/stack/data/venv/lib/python3.12/site-packages/ovsdbapp/backend/ovs_idl/__init__.py:87}}
Aug 04 08:02:22.716940 np0000006395 devstack@neutron-api.service[90920]: DEBUG ovsdbapp.backend.ovs_idl [None req-2cfc59c8-b361-464c-9a5d-562c949eb483 None None] Created lookup_table index Logical_Router.name {{(pid=90920) autocreate_indices /opt/stack/data/venv/lib/python3.12/site-packages/ovsdbapp/backend/ovs_idl/__init__.py:87}}
Aug 04 08:02:22.718049 np0000006395 devstack@neutron-api.service[90920]: DEBUG ovsdbapp.backend.ovs_idl [None req-2cfc59c8-b361-464c-9a5d-562c949eb483 None None] Created lookup_table index Load_Balancer.name {{(pid=90920) autocreate_indices /opt/stack/data/venv/lib/python3.12/site-packages/ovsdbapp/backend/ovs_idl/__init__.py:87}}
Aug 04 08:02:22.718049 np0000006395 devstack@neutron-api.service[90920]: DEBUG ovsdbapp.backend.ovs_idl [None req-2cfc59c8-b361-464c-9a5d-562c949eb483 None None] Created schema index Copp.name {{(pid=90920) autocreate_indices /opt/stack/data/venv/lib/python3.12/site-packages/ovsdbapp/backend/ovs_idl/__init__.py:106}}
Aug 04 08:02:22.718442 np0000006395 devstack@neutron-api.service[90920]: DEBUG ovsdbapp.backend.ovs_idl [None req-2cfc59c8-b361-464c-9a5d-562c949eb483 None None] Created schema index Meter.name {{(pid=90920) autocreate_indices /opt/stack/data/venv/lib/python3.12/site-packages/ovsdbapp/backend/ovs_idl/__init__.py:106}}
Aug 04 08:02:22.718542 np0000006395 devstack@neutron-api.service[90920]: DEBUG ovsdbapp.backend.ovs_idl [None req-2cfc59c8-b361-464c-9a5d-562c949eb483 None None] Created schema index Load_Balancer_Group.name {{(pid=90920) autocreate_indices /opt/stack/data/venv/lib/python3.12/site-packages/ovsdbapp/backend/ovs_idl/__init__.py:106}}
Aug 04 08:02:22.718793 np0000006395 devstack@neutron-api.service[90920]: DEBUG ovsdbapp.backend.ovs_idl [None req-2cfc59c8-b361-464c-9a5d-562c949eb483 None None] Created schema index HA_Chassis_Group.name {{(pid=90920) autocreate_indices /opt/stack/data/venv/lib/python3.12/site-packages/ovsdbapp/backend/ovs_idl/__init__.py:106}}
Aug 04 08:02:22.719019 np0000006395 devstack@neutron-api.service[90920]: DEBUG ovsdbapp.backend.ovs_idl [None req-2cfc59c8-b361-464c-9a5d-562c949eb483 None None] Created schema index Address_Set.name {{(pid=90920) autocreate_indices /opt/stack/data/venv/lib/python3.12/site-packages/ovsdbapp/backend/ovs_idl/__init__.py:106}}
Aug 04 08:02:22.719266 np0000006395 devstack@neutron-api.service[90920]: DEBUG ovsdbapp.backend.ovs_idl [None req-2cfc59c8-b361-464c-9a5d-562c949eb483 None None] Created schema index Connection.target {{(pid=90920) autocreate_indices /opt/stack/data/venv/lib/python3.12/site-packages/ovsdbapp/backend/ovs_idl/__init__.py:106}}
Aug 04 08:02:22.719327 np0000006395 devstack@neutron-api.service[90920]: DEBUG ovsdbapp.backend.ovs_idl [None req-2cfc59c8-b361-464c-9a5d-562c949eb483 None None] Created schema index Gateway_Chassis.name {{(pid=90920) autocreate_indices /opt/stack/data/venv/lib/python3.12/site-packages/ovsdbapp/backend/ovs_idl/__init__.py:106}}
Aug 04 08:02:22.719474 np0000006395 devstack@neutron-api.service[90920]: DEBUG ovsdbapp.backend.ovs_idl [None req-2cfc59c8-b361-464c-9a5d-562c949eb483 None None] Created schema index Mirror.name {{(pid=90920) autocreate_indices /opt/stack/data/venv/lib/python3.12/site-packages/ovsdbapp/backend/ovs_idl/__init__.py:106}}
Aug 04 08:02:22.719613 np0000006395 devstack@neutron-api.service[90920]: DEBUG ovsdbapp.backend.ovs_idl [None req-2cfc59c8-b361-464c-9a5d-562c949eb483 None None] Created schema index Chassis_Template_Var.chassis {{(pid=90920) autocreate_indices /opt/stack/data/venv/lib/python3.12/site-packages/ovsdbapp/backend/ovs_idl/__init__.py:106}}
Aug 04 08:02:22.719741 np0000006395 devstack@neutron-api.service[90920]: DEBUG ovsdbapp.backend.ovs_idl [None req-2cfc59c8-b361-464c-9a5d-562c949eb483 None None] Created schema index Logical_Router_Port.name {{(pid=90920) autocreate_indices /opt/stack/data/venv/lib/python3.12/site-packages/ovsdbapp/backend/ovs_idl/__init__.py:106}}
Aug 04 08:02:22.719900 np0000006395 devstack@neutron-api.service[90920]: DEBUG ovsdbapp.backend.ovs_idl [None req-2cfc59c8-b361-464c-9a5d-562c949eb483 None None] Created schema index Port_Group.name {{(pid=90920) autocreate_indices /opt/stack/data/venv/lib/python3.12/site-packages/ovsdbapp/backend/ovs_idl/__init__.py:106}}
Aug 04 08:02:22.720076 np0000006395 devstack@neutron-api.service[90920]: DEBUG ovsdbapp.backend.ovs_idl [None req-2cfc59c8-b361-464c-9a5d-562c949eb483 None None] Created schema index Logical_Switch_Port.name {{(pid=90920) autocreate_indices /opt/stack/data/venv/lib/python3.12/site-packages/ovsdbapp/backend/ovs_idl/__init__.py:106}}
Aug 04 08:02:22.722560 np0000006395 devstack@neutron-api.service[90920]: INFO ovsdbapp.backend.ovs_idl.vlog [None req-2cfc59c8-b361-464c-9a5d-562c949eb483 None None] ssl:10.4.3.213:6641: connecting...
Aug 04 08:02:22.729177 np0000006395 devstack@neutron-api.service[90920]: INFO ovsdbapp.backend.ovs_idl.vlog [None req-2cfc59c8-b361-464c-9a5d-562c949eb483 None None] ssl:10.4.3.213:6641: connected
Aug 04 08:02:22.767139 np0000006395 devstack@neutron-api.service[90920]: DEBUG neutron.common.ovn.hash_ring_manager [None req-2cfc59c8-b361-464c-9a5d-562c949eb483 None None] Allow caching, nodes 4>=4 {{(pid=90920) _wait_startup_before_caching /opt/stack/neutron/neutron/common/ovn/hash_ring_manager.py:71}}
Aug 04 08:02:22.775227 np0000006395 devstack@neutron-api.service[90920]: DEBUG neutron.common.ovn.hash_ring_manager [None req-2cfc59c8-b361-464c-9a5d-562c949eb483 None None] Hash Ring loaded. 4 active nodes. 0 offline nodes {{(pid=90920) _load_hash_ring /opt/stack/neutron/neutron/common/ovn/hash_ring_manager.py:110}}
Aug 04 08:02:22.775605 np0000006395 devstack@neutron-api.service[90920]: DEBUG neutron.plugins.ml2.drivers.ovn.mech_driver.ovsdb.ovsdb_monitor [None req-2cfc59c8-b361-464c-9a5d-562c949eb483 None None] Hash Ring: Node 39152b96928955e09be0a85288327821 (host: np0000006395) handling event "create" for row 7b19dc89-294c-443c-94df-d9ff70106386 (table: ACL) {{(pid=90920) notify /opt/stack/neutron/neutron/plugins/ml2/drivers/ovn/mech_driver/ovsdb/ovsdb_monitor.py:1099}}
Aug 04 08:02:22.776469 np0000006395 devstack@neutron-api.service[90920]: DEBUG neutron.plugins.ml2.drivers.ovn.mech_driver.ovsdb.ovsdb_monitor [None req-2cfc59c8-b361-464c-9a5d-562c949eb483 None None] Hash Ring: Node 39152b96928955e09be0a85288327821 (host: np0000006395) handling event "create" for row e50b402f-759b-4d5b-9c55-9594f2df6045 (table: Port_Group) {{(pid=90920) notify /opt/stack/neutron/neutron/plugins/ml2/drivers/ovn/mech_driver/ovsdb/ovsdb_monitor.py:1099}}
Aug 04 08:02:22.777587 np0000006395 devstack@neutron-api.service[90920]: INFO neutron.plugins.ml2.drivers.ovn.mech_driver.ovsdb.impl_idl_ovn [None req-2cfc59c8-b361-464c-9a5d-562c949eb483 None None] Getting OvsdbSbOvnIdl for WorkerService with retry
Aug 04 08:02:22.807736 np0000006395 devstack@neutron-api.service[90920]: DEBUG ovsdbapp.backend.ovs_idl [None req-2cfc59c8-b361-464c-9a5d-562c949eb483 None None] Created lookup_table index Chassis.name {{(pid=90920) autocreate_indices /opt/stack/data/venv/lib/python3.12/site-packages/ovsdbapp/backend/ovs_idl/__init__.py:87}}
Aug 04 08:02:22.808047 np0000006395 devstack@neutron-api.service[90920]: DEBUG ovsdbapp.backend.ovs_idl [None req-2cfc59c8-b361-464c-9a5d-562c949eb483 None None] Created lookup_table index Port_Binding.logical_port {{(pid=90920) autocreate_indices /opt/stack/data/venv/lib/python3.12/site-packages/ovsdbapp/backend/ovs_idl/__init__.py:87}}
Aug 04 08:02:22.808083 np0000006395 devstack@neutron-api.service[90920]: DEBUG ovsdbapp.backend.ovs_idl [None req-2cfc59c8-b361-464c-9a5d-562c949eb483 None None] Created schema index Chassis_Private.name {{(pid=90920) autocreate_indices /opt/stack/data/venv/lib/python3.12/site-packages/ovsdbapp/backend/ovs_idl/__init__.py:106}}
Aug 04 08:02:22.808265 np0000006395 devstack@neutron-api.service[90920]: DEBUG ovsdbapp.backend.ovs_idl [None req-2cfc59c8-b361-464c-9a5d-562c949eb483 None None] Created schema index Datapath_Binding.tunnel_key {{(pid=90920) autocreate_indices /opt/stack/data/venv/lib/python3.12/site-packages/ovsdbapp/backend/ovs_idl/__init__.py:106}}
Aug 04 08:02:22.811177 np0000006395 devstack@neutron-api.service[90920]: INFO ovsdbapp.backend.ovs_idl.vlog [None req-2cfc59c8-b361-464c-9a5d-562c949eb483 None None] ssl:10.4.3.213:6642: connecting...
Aug 04 08:02:22.818165 np0000006395 devstack@neutron-api.service[90920]: INFO ovsdbapp.backend.ovs_idl.vlog [None req-2cfc59c8-b361-464c-9a5d-562c949eb483 None None] ssl:10.4.3.213:6642: connected
Aug 04 08:02:22.852371 np0000006395 devstack@neutron-api.service[90920]: DEBUG neutron.common.ovn.hash_ring_manager [None req-2cfc59c8-b361-464c-9a5d-562c949eb483 None None] Allow caching, nodes 4>=4 {{(pid=90920) _wait_startup_before_caching /opt/stack/neutron/neutron/common/ovn/hash_ring_manager.py:71}}
Aug 04 08:02:22.859154 np0000006395 devstack@neutron-api.service[90920]: DEBUG neutron.common.ovn.hash_ring_manager [None req-2cfc59c8-b361-464c-9a5d-562c949eb483 None None] Hash Ring loaded. 4 active nodes. 0 offline nodes {{(pid=90920) _load_hash_ring /opt/stack/neutron/neutron/common/ovn/hash_ring_manager.py:110}}
Aug 04 08:02:22.860045 np0000006395 devstack@neutron-api.service[90920]: DEBUG ovsdbapp.backend.ovs_idl.event [None req-2cfc59c8-b361-464c-9a5d-562c949eb483 None None] Matched CREATE: ChassisAgentWriteEvent(events=('create', 'update'), table='Chassis_Private', conditions=None, old_conditions=None), priority=20 to row=Chassis_Private(uuid=c6d3bb6d-101d-42ee-91c6-08af1a50492f, chassis=615837eb-26b6-43ac-9a08-6a555a80a367, external_ids={'neutron:ovn-bridge': 'br-int', 'neutron:ovn-neutron-agent-id': '1e762838-91c3-57aa-882b-0415bf4c8bb4', 'neutron:ovn-neutron-agent-sb-cfg': '0'}, name='14c9dcb4-0155-43fd-bbc6-a1cb93f2c738', nb_cfg=0, nb_cfg_timestamp=0) old= {{(pid=90920) matches /opt/stack/data/venv/lib/python3.12/site-packages/ovsdbapp/backend/ovs_idl/event.py:55}}
Aug 04 08:02:22.860743 np0000006395 devstack@neutron-api.service[90920]: DEBUG ovsdbapp.backend.ovs_idl.event [None req-2cfc59c8-b361-464c-9a5d-562c949eb483 None None] Matched CREATE: ChassisOVNAgentWriteEvent(events=('create', 'update'), table='Chassis_Private', conditions=None, old_conditions=None), priority=20 to row=Chassis_Private(uuid=c6d3bb6d-101d-42ee-91c6-08af1a50492f, chassis=615837eb-26b6-43ac-9a08-6a555a80a367, external_ids={'neutron:ovn-bridge': 'br-int', 'neutron:ovn-neutron-agent-id': '1e762838-91c3-57aa-882b-0415bf4c8bb4', 'neutron:ovn-neutron-agent-sb-cfg': '0'}, name='14c9dcb4-0155-43fd-bbc6-a1cb93f2c738', nb_cfg=0, nb_cfg_timestamp=0) old= {{(pid=90920) matches /opt/stack/data/venv/lib/python3.12/site-packages/ovsdbapp/backend/ovs_idl/event.py:55}}
Aug 04 08:02:22.863397 np0000006395 devstack@neutron-api.service[90920]: INFO neutron.plugins.ml2.drivers.ovn.mech_driver.mech_driver [None req-2cfc59c8-b361-464c-9a5d-562c949eb483 None None] WorkerService process has finished the post initialization
Aug 04 08:02:22.863940 np0000006395 devstack@neutron-api.service[90920]: DEBUG oslo_concurrency.processutils [None req-2cfc59c8-b361-464c-9a5d-562c949eb483 None None] Running cmd (subprocess): ovsdb-client transact ssl:10.4.3.213:6641 --timeout 180 -p /opt/stack/data/CA/int-ca/private/devstack-cert.key -c /opt/stack/data/CA/int-ca/devstack-cert.crt -C /opt/stack/data/CA/int-ca/ca-chain.pem ["OVN_Northbound", {"op": "wait", "timeout": 0, "table": "Port_Group", "where": [["name", "==", "pvlan_pg_drop"]], "until": "==", "rows": []}, {"op": "insert", "table": "ACL", "row": {"action": "drop", "direction": "to-lport", "match": "outport == @pvlan_pg_drop && ip", "priority": 1010}, "uuid-name": "pvlandroptoport"}, {"op": "insert", "table": "ACL", "row": {"action": "drop", "direction": "from-lport", "match": "inport == @pvlan_pg_drop && ip", "priority": 1010}, "uuid-name": "pvlandropfromport"}, {"op": "insert", "table": "Port_Group", "row": {"name": "pvlan_pg_drop", "acls": ["set", [["named-uuid", "pvlandroptoport"], ["named-uuid", "pvlandropfromport"]]]}}] {{(pid=90920) execute /opt/stack/data/venv/lib/python3.12/site-packages/oslo_concurrency/processutils.py:440}}
Aug 04 08:02:22.891555 np0000006395 devstack@neutron-api.service[90920]: DEBUG oslo_concurrency.processutils [None req-2cfc59c8-b361-464c-9a5d-562c949eb483 None None] CMD "ovsdb-client transact ssl:10.4.3.213:6641 --timeout 180 -p /opt/stack/data/CA/int-ca/private/devstack-cert.key -c /opt/stack/data/CA/int-ca/devstack-cert.crt -C /opt/stack/data/CA/int-ca/ca-chain.pem ["OVN_Northbound", {"op": "wait", "timeout": 0, "table": "Port_Group", "where": [["name", "==", "pvlan_pg_drop"]], "until": "==", "rows": []}, {"op": "insert", "table": "ACL", "row": {"action": "drop", "direction": "to-lport", "match": "outport == @pvlan_pg_drop && ip", "priority": 1010}, "uuid-name": "pvlandroptoport"}, {"op": "insert", "table": "ACL", "row": {"action": "drop", "direction": "from-lport", "match": "inport == @pvlan_pg_drop && ip", "priority": 1010}, "uuid-name": "pvlandropfromport"}, {"op": "insert", "table": "Port_Group", "row": {"name": "pvlan_pg_drop", "acls": ["set", [["named-uuid", "pvlandroptoport"], ["named-uuid", "pvlandropfromport"]]]}}]" returned: 0 in 0.027s {{(pid=90920) execute /opt/stack/data/venv/lib/python3.12/site-packages/oslo_concurrency/processutils.py:468}}
Aug 04 08:02:22.893792 np0000006395 devstack@neutron-api.service[90920]: WSGI app 0 (mountpoint='') ready in 8 seconds on interpreter 0x7f41d60a4668 pid: 90920 (default app)
Aug 04 08:02:23.417318 np0000006395 devstack@neutron-api.service[90919]: DEBUG neutron.common.ovn.hash_ring_manager [-] Allow caching, nodes 4>=4 {{(pid=90919) _wait_startup_before_caching /opt/stack/neutron/neutron/common/ovn/hash_ring_manager.py:71}}
Aug 04 08:02:23.417705 np0000006395 devstack@neutron-api.service[90919]: DEBUG neutron.plugins.ml2.drivers.ovn.mech_driver.ovsdb.ovsdb_monitor [-] Hash Ring: Node a1817fefc40d5430bfa86278fe1e534a (host: np0000006395) handling event "update" for row ef4489ba-d240-424a-97a7-1db59013c728 (table: Connection) {{(pid=90919) notify /opt/stack/neutron/neutron/plugins/ml2/drivers/ovn/mech_driver/ovsdb/ovsdb_monitor.py:1099}}
Aug 04 08:02:23.422765 np0000006395 devstack@neutron-api.service[90918]: DEBUG neutron.common.ovn.hash_ring_manager [-] Allow caching, nodes 4>=4 {{(pid=90918) _wait_startup_before_caching /opt/stack/neutron/neutron/common/ovn/hash_ring_manager.py:71}}
Aug 04 08:02:23.423161 np0000006395 devstack@neutron-api.service[90921]: DEBUG neutron.common.ovn.hash_ring_manager [-] Allow caching, nodes 4>=4 {{(pid=90921) _wait_startup_before_caching /opt/stack/neutron/neutron/common/ovn/hash_ring_manager.py:71}}
Aug 04 08:02:23.423405 np0000006395 devstack@neutron-api.service[90918]: DEBUG neutron.plugins.ml2.drivers.ovn.mech_driver.ovsdb.ovsdb_monitor [-] Hash Ring: Node 5a88b89657355187b56ff2a53d9b749e (host: np0000006395) handling event "update" for row ef4489ba-d240-424a-97a7-1db59013c728 (table: Connection) {{(pid=90918) notify /opt/stack/neutron/neutron/plugins/ml2/drivers/ovn/mech_driver/ovsdb/ovsdb_monitor.py:1099}}
Aug 04 08:02:25.916654 np0000006395 devstack@neutron-api.service[90919]: DEBUG neutron.plugins.ml2.drivers.ovn.mech_driver.ovsdb.ovsdb_monitor [-] Hash Ring: Node a1817fefc40d5430bfa86278fe1e534a (host: np0000006395) handling event "update" for row ef4489ba-d240-424a-97a7-1db59013c728 (table: Connection) {{(pid=90919) notify /opt/stack/neutron/neutron/plugins/ml2/drivers/ovn/mech_driver/ovsdb/ovsdb_monitor.py:1099}}
Aug 04 08:02:25.918002 np0000006395 devstack@neutron-api.service[90918]: DEBUG neutron.plugins.ml2.drivers.ovn.mech_driver.ovsdb.ovsdb_monitor [-] Hash Ring: Node 5a88b89657355187b56ff2a53d9b749e (host: np0000006395) handling event "update" for row ef4489ba-d240-424a-97a7-1db59013c728 (table: Connection) {{(pid=90918) notify /opt/stack/neutron/neutron/plugins/ml2/drivers/ovn/mech_driver/ovsdb/ovsdb_monitor.py:1099}}
Aug 04 08:02:27.068106 np0000006395 devstack@neutron-api.service[90919]: DEBUG neutron.api.wsgi [None req-4ed69f39-456c-4706-8b17-651e22cbc955 admin admin] Missing Content-Type {{(pid=90919) get_content_type /opt/stack/neutron/neutron/api/wsgi.py:80}}
Aug 04 08:02:27.068479 np0000006395 devstack@neutron-api.service[90919]: DEBUG neutron.api.wsgi [None req-4ed69f39-456c-4706-8b17-651e22cbc955 admin admin] https://10.4.3.213/networking/v2.0/extensions returned with HTTP 200 {{(pid=90919) __call__ /opt/stack/neutron/neutron/api/wsgi.py:540}}
Aug 04 08:02:27.069155 np0000006395 devstack@neutron-api.service[90919]: [pid: 90919|app: 0|req: 2/2] 10.4.3.213 () {64 vars in 1292 bytes} [Tue Aug 4 08:02:26 2026] GET /networking/v2.0/extensions => generated 16171 bytes in 675 msecs (HTTP/1.1 200) 4 headers in 159 bytes (1 switches on core 0)
Aug 04 08:02:27.467157 np0000006395 devstack@neutron-api.service[90921]: DEBUG neutron.api.v2.base [None req-f11f6f1d-85e0-4965-bee4-6628d5cd461d admin admin] Request body: {'subnetpool': {'is_default': True, 'shared': True, 'default_prefixlen': 26, 'prefixes': ['10.1.0.0/20'], 'name': 'shared-default-subnetpool-v4'}} {{(pid=90921) prepare_request_body /opt/stack/neutron/neutron/api/v2/base.py:727}}
Aug 04 08:02:27.658533 np0000006395 devstack@neutron-api.service[90921]: DEBUG neutron.policy [None req-f11f6f1d-85e0-4965-bee4-6628d5cd461d admin admin] Loaded default policies from ['neutron'] under neutron.policies entry points {{(pid=90921) register_rules /opt/stack/neutron/neutron/policy.py:65}}
Aug 04 08:02:27.801844 np0000006395 devstack@neutron-api.service[90921]: DEBUG neutron_lib.callbacks.manager [None req-f11f6f1d-85e0-4965-bee4-6628d5cd461d admin admin] Publish callbacks ['neutron.objects.securitygroup.RbacNeutronDbObjectMixin.validate_rbac_policy_change-2874175278048', 'neutron.objects.address_group.RbacNeutronDbObjectMixin.validate_rbac_policy_change-2874175512735', 'neutron.objects.network.RbacNeutronDbObjectMixin.validate_rbac_policy_change-2874175641557', 'neutron.objects.qos.policy.RbacNeutronDbObjectMixin.validate_rbac_policy_change-2874175635672', 'neutron.objects.subnetpool.RbacNeutronDbObjectMixin.validate_rbac_policy_change-2874175611771', 'neutron.objects.address_scope.RbacNeutronDbObjectMixin.validate_rbac_policy_change-2874175614171', 'neutron.plugins.ml2.plugin.External_net_db_mixin._process_ext_policy_create-144610', 'neutron.plugins.ml2.plugin.NeutronDbPluginV2.validate_network_rbac_policy_change-131406'] for rbac-policy (None), before_create {{(pid=90921) _notify_loop /opt/stack/data/venv/lib/python3.12/site-packages/neutron_lib/callbacks/manager.py:184}}
Aug 04 08:02:27.843209 np0000006395 devstack@neutron-api.service[90921]: DEBUG neutron_lib.callbacks.manager [None req-f11f6f1d-85e0-4965-bee4-6628d5cd461d admin admin] Publish callbacks [] for subnetpool (None), before_response {{(pid=90921) _notify_loop /opt/stack/data/venv/lib/python3.12/site-packages/neutron_lib/callbacks/manager.py:184}}
Aug 04 08:02:27.843882 np0000006395 devstack@neutron-api.service[90921]: [pid: 90921|app: 0|req: 1/3] 10.4.3.213 () {68 vars in 1336 bytes} [Tue Aug 4 08:02:27 2026] POST /networking/v2.0/subnetpools => generated 533 bytes in 468 msecs (HTTP/1.1 201) 4 headers in 162 bytes (1 switches on core 0)
Aug 04 08:02:28.234647 np0000006395 devstack@neutron-api.service[90918]: DEBUG neutron.api.v2.base [None req-2e090981-a546-4c91-8fb0-65a01f0e9d62 admin admin] Request body: {'subnetpool': {'is_default': True, 'shared': True, 'default_prefixlen': 64, 'prefixes': ['fd84:eb41:f1f9::/56'], 'name': 'shared-default-subnetpool-v6'}} {{(pid=90918) prepare_request_body /opt/stack/neutron/neutron/api/v2/base.py:727}}
Aug 04 08:02:28.395209 np0000006395 devstack@neutron-api.service[90918]: DEBUG neutron.policy [None req-2e090981-a546-4c91-8fb0-65a01f0e9d62 admin admin] Loaded default policies from ['neutron'] under neutron.policies entry points {{(pid=90918) register_rules /opt/stack/neutron/neutron/policy.py:65}}
Aug 04 08:02:28.526637 np0000006395 devstack@neutron-api.service[90918]: DEBUG neutron_lib.callbacks.manager [None req-2e090981-a546-4c91-8fb0-65a01f0e9d62 admin admin] Publish callbacks ['neutron.objects.securitygroup.RbacNeutronDbObjectMixin.validate_rbac_policy_change-2874175498090', 'neutron.objects.address_group.RbacNeutronDbObjectMixin.validate_rbac_policy_change-2874175520613', 'neutron.objects.network.RbacNeutronDbObjectMixin.validate_rbac_policy_change-2874175638508', 'neutron.objects.qos.policy.RbacNeutronDbObjectMixin.validate_rbac_policy_change-2874175588930', 'neutron.objects.subnetpool.RbacNeutronDbObjectMixin.validate_rbac_policy_change-2874175618105', 'neutron.objects.address_scope.RbacNeutronDbObjectMixin.validate_rbac_policy_change-2874175603052', 'neutron.plugins.ml2.plugin.External_net_db_mixin._process_ext_policy_create-264850', 'neutron.plugins.ml2.plugin.NeutronDbPluginV2.validate_network_rbac_policy_change-322218'] for rbac-policy (None), before_create {{(pid=90918) _notify_loop /opt/stack/data/venv/lib/python3.12/site-packages/neutron_lib/callbacks/manager.py:184}}
Aug 04 08:02:28.569206 np0000006395 devstack@neutron-api.service[90918]: DEBUG neutron_lib.callbacks.manager [None req-2e090981-a546-4c91-8fb0-65a01f0e9d62 admin admin] Publish callbacks [] for subnetpool (None), before_response {{(pid=90918) _notify_loop /opt/stack/data/venv/lib/python3.12/site-packages/neutron_lib/callbacks/manager.py:184}}
Aug 04 08:02:28.569861 np0000006395 devstack@neutron-api.service[90918]: [pid: 90918|app: 0|req: 1/4] 10.4.3.213 () {68 vars in 1336 bytes} [Tue Aug 4 08:02:28 2026] POST /networking/v2.0/subnetpools => generated 543 bytes in 447 msecs (HTTP/1.1 201) 4 headers in 162 bytes (1 switches on core 0)
Aug 04 08:02:28.976914 np0000006395 devstack@neutron-api.service[90920]: DEBUG neutron.api.v2.base [None req-dd25353e-8bea-4897-9185-36d47cbc80e7 admin admin] Request body: {'network': {'admin_state_up': True, 'name': 'private'}} {{(pid=90920) prepare_request_body /opt/stack/neutron/neutron/api/v2/base.py:727}}
Aug 04 08:02:29.016011 np0000006395 devstack@neutron-api.service[90920]: DEBUG neutron.pecan_wsgi.hooks.quota_enforcement [None req-dd25353e-8bea-4897-9185-36d47cbc80e7 admin admin] Made reservation on behalf of c0d3b8c3390b45859fd0da679f589f3d for: {'network': 1} {{(pid=90920) before /opt/stack/neutron/neutron/pecan_wsgi/hooks/quota_enforcement.py:66}}
Aug 04 08:02:29.179887 np0000006395 devstack@neutron-api.service[90920]: DEBUG neutron.policy [None req-dd25353e-8bea-4897-9185-36d47cbc80e7 admin admin] Loaded default policies from ['neutron'] under neutron.policies entry points {{(pid=90920) register_rules /opt/stack/neutron/neutron/policy.py:65}}
Aug 04 08:02:29.298754 np0000006395 devstack@neutron-api.service[90920]: DEBUG neutron_lib.callbacks.manager [None req-dd25353e-8bea-4897-9185-36d47cbc80e7 admin admin] Publish callbacks ['neutron.plugins.ml2.plugin.SecurityGroupDbMixin._ensure_default_security_group_handler-33202506'] for network (None), before_create {{(pid=90920) _notify_loop /opt/stack/data/venv/lib/python3.12/site-packages/neutron_lib/callbacks/manager.py:184}}
Aug 04 08:02:29.321576 np0000006395 devstack@neutron-api.service[90920]: DEBUG neutron_lib.callbacks.manager [None req-dd25353e-8bea-4897-9185-36d47cbc80e7 admin admin] Publish callbacks [] for security_group (None), before_create {{(pid=90920) _notify_loop /opt/stack/data/venv/lib/python3.12/site-packages/neutron_lib/callbacks/manager.py:184}}
Aug 04 08:02:29.434206 np0000006395 devstack@neutron-api.service[90920]: DEBUG neutron_lib.callbacks.manager [None req-dd25353e-8bea-4897-9185-36d47cbc80e7 admin admin] Publish callbacks ['neutron.plugins.ml2.drivers.ovn.mech_driver.mech_driver.OVNMechanismDriver._create_security_group_precommit-202068'] for security_group (afbcd021-53b4-4b00-9bb6-a9828d7ca325), precommit_create {{(pid=90920) _notify_loop /opt/stack/data/venv/lib/python3.12/site-packages/neutron_lib/callbacks/manager.py:184}}
Aug 04 08:02:29.434408 np0000006395 devstack@neutron-api.service[90920]: DEBUG neutron.db.ovn_revision_numbers_db [None req-dd25353e-8bea-4897-9185-36d47cbc80e7 admin admin] create_initial_revision uuid=afbcd021-53b4-4b00-9bb6-a9828d7ca325, type=security_groups, rev=-1 {{(pid=90920) create_initial_revision /opt/stack/neutron/neutron/db/ovn_revision_numbers_db.py:98}}
Aug 04 08:02:29.437933 np0000006395 devstack@neutron-api.service[90920]: DEBUG neutron.db.ovn_revision_numbers_db [None req-dd25353e-8bea-4897-9185-36d47cbc80e7 admin admin] create_initial_revision uuid=2e3321cb-8215-4545-bf9a-f669bfc4c87c, type=security_group_rules, rev=-1 {{(pid=90920) create_initial_revision /opt/stack/neutron/neutron/db/ovn_revision_numbers_db.py:98}}
Aug 04 08:02:29.439454 np0000006395 devstack@neutron-api.service[90920]: DEBUG neutron.db.ovn_revision_numbers_db [None req-dd25353e-8bea-4897-9185-36d47cbc80e7 admin admin] create_initial_revision uuid=531f0d66-e2ed-44f4-bbc5-a2339b295541, type=security_group_rules, rev=-1 {{(pid=90920) create_initial_revision /opt/stack/neutron/neutron/db/ovn_revision_numbers_db.py:98}}
Aug 04 08:02:29.440768 np0000006395 devstack@neutron-api.service[90920]: DEBUG neutron.db.ovn_revision_numbers_db [None req-dd25353e-8bea-4897-9185-36d47cbc80e7 admin admin] create_initial_revision uuid=89847cef-d730-4c36-88b3-75c950f34bf8, type=security_group_rules, rev=-1 {{(pid=90920) create_initial_revision /opt/stack/neutron/neutron/db/ovn_revision_numbers_db.py:98}}
Aug 04 08:02:29.442337 np0000006395 devstack@neutron-api.service[90920]: DEBUG neutron.db.ovn_revision_numbers_db [None req-dd25353e-8bea-4897-9185-36d47cbc80e7 admin admin] create_initial_revision uuid=ba85b76e-4a19-46c2-9b7f-bc7ae143377a, type=security_group_rules, rev=-1 {{(pid=90920) create_initial_revision /opt/stack/neutron/neutron/db/ovn_revision_numbers_db.py:98}}
Aug 04 08:02:29.446428 np0000006395 devstack@neutron-api.service[90920]: DEBUG neutron_lib.callbacks.manager [None req-dd25353e-8bea-4897-9185-36d47cbc80e7 admin admin] Publish callbacks ['neutron.plugins.ml2.drivers.ovn.mech_driver.mech_driver.OVNMechanismDriver._create_security_group-202074', 'neutron.plugins.ml2.ovo_rpc._ObjectChangeHandler.handle_event-2451068'] for security_group (afbcd021-53b4-4b00-9bb6-a9828d7ca325), after_create {{(pid=90920) _notify_loop /opt/stack/data/venv/lib/python3.12/site-packages/neutron_lib/callbacks/manager.py:184}}
Aug 04 08:02:29.446596 np0000006395 devstack@neutron-api.service[90920]: INFO neutron.plugins.ml2.drivers.ovn.mech_driver.ovsdb.extensions.qos [None req-dd25353e-8bea-4897-9185-36d47cbc80e7 admin admin] Starting OVNClientQosExtension
Aug 04 08:02:29.446774 np0000006395 devstack@neutron-api.service[90920]: INFO neutron.plugins.ml2.drivers.ovn.mech_driver.ovsdb.extensions.placement [None req-dd25353e-8bea-4897-9185-36d47cbc80e7 admin admin] Starting OVNClientPlacementExtension
Aug 04 08:02:29.447837 np0000006395 devstack@neutron-api.service[90920]: DEBUG ovsdbapp.backend.ovs_idl.transaction [-] Running txn n=1 command(idx=0): PgAddCommand(_result=None, name=pg_afbcd021_53b4_4b00_9bb6_a9828d7ca325, may_exist=False, columns={'acls': [], 'external_ids': {'neutron:security_group_id': 'afbcd021-53b4-4b00-9bb6-a9828d7ca325'}}) {{(pid=90920) do_commit /opt/stack/data/venv/lib/python3.12/site-packages/ovsdbapp/backend/ovs_idl/transaction.py:89}}
Aug 04 08:02:29.449156 np0000006395 devstack@neutron-api.service[90920]: DEBUG ovsdbapp.backend.ovs_idl.transaction [-] Running txn n=1 command(idx=1): PgAclAddCommand(_result=None, entity=pg_afbcd021_53b4_4b00_9bb6_a9828d7ca325, direction=from-lport, priority=1002, match=inport == @pg_afbcd021_53b4_4b00_9bb6_a9828d7ca325 && ip6, action=allow-related, log=False, may_exist=True, severity=[], name=[], meter=[], external_ids={'neutron:security_group_rule_id': '2e3321cb-8215-4545-bf9a-f669bfc4c87c'}) {{(pid=90920) do_commit /opt/stack/data/venv/lib/python3.12/site-packages/ovsdbapp/backend/ovs_idl/transaction.py:89}}
Aug 04 08:02:29.449506 np0000006395 devstack@neutron-api.service[90920]: DEBUG ovsdbapp.backend.ovs_idl.transaction [-] Running txn n=1 command(idx=2): PgAclAddCommand(_result=None, entity=pg_afbcd021_53b4_4b00_9bb6_a9828d7ca325, direction=from-lport, priority=1002, match=inport == @pg_afbcd021_53b4_4b00_9bb6_a9828d7ca325 && ip4, action=allow-related, log=False, may_exist=True, severity=[], name=[], meter=[], external_ids={'neutron:security_group_rule_id': '531f0d66-e2ed-44f4-bbc5-a2339b295541'}) {{(pid=90920) do_commit /opt/stack/data/venv/lib/python3.12/site-packages/ovsdbapp/backend/ovs_idl/transaction.py:89}}
Aug 04 08:02:29.449742 np0000006395 devstack@neutron-api.service[90920]: DEBUG ovsdbapp.backend.ovs_idl.transaction [-] Running txn n=1 command(idx=3): PgAclAddCommand(_result=None, entity=pg_afbcd021_53b4_4b00_9bb6_a9828d7ca325, direction=to-lport, priority=1002, match=outport == @pg_afbcd021_53b4_4b00_9bb6_a9828d7ca325 && ip6 && ip6.src == $pg_afbcd021_53b4_4b00_9bb6_a9828d7ca325_ip6, action=allow-related, log=False, may_exist=True, severity=[], name=[], meter=[], external_ids={'neutron:security_group_rule_id': '89847cef-d730-4c36-88b3-75c950f34bf8'}) {{(pid=90920) do_commit /opt/stack/data/venv/lib/python3.12/site-packages/ovsdbapp/backend/ovs_idl/transaction.py:89}}
Aug 04 08:02:29.449975 np0000006395 devstack@neutron-api.service[90920]: DEBUG ovsdbapp.backend.ovs_idl.transaction [-] Running txn n=1 command(idx=4): PgAclAddCommand(_result=None, entity=pg_afbcd021_53b4_4b00_9bb6_a9828d7ca325, direction=to-lport, priority=1002, match=outport == @pg_afbcd021_53b4_4b00_9bb6_a9828d7ca325 && ip4 && ip4.src == $pg_afbcd021_53b4_4b00_9bb6_a9828d7ca325_ip4, action=allow-related, log=False, may_exist=True, severity=[], name=[], meter=[], external_ids={'neutron:security_group_rule_id': 'ba85b76e-4a19-46c2-9b7f-bc7ae143377a'}) {{(pid=90920) do_commit /opt/stack/data/venv/lib/python3.12/site-packages/ovsdbapp/backend/ovs_idl/transaction.py:89}}
Aug 04 08:02:29.457495 np0000006395 devstack@neutron-api.service[90919]: DEBUG neutron.plugins.ml2.drivers.ovn.mech_driver.ovsdb.ovsdb_monitor [-] Hash Ring: Node a1817fefc40d5430bfa86278fe1e534a (host: np0000006395) handling event "create" for row 28fd8e66-c35d-43f0-a9fc-784c258d058c (table: ACL) {{(pid=90919) notify /opt/stack/neutron/neutron/plugins/ml2/drivers/ovn/mech_driver/ovsdb/ovsdb_monitor.py:1099}}
Aug 04 08:02:29.457795 np0000006395 devstack@neutron-api.service[90921]: DEBUG neutron.plugins.ml2.drivers.ovn.mech_driver.ovsdb.ovsdb_monitor [-] Hash Ring: Node fcc6a04af04d5e1f8395b6025e2109d3 (host: np0000006395) handling event "create" for row 28fd8e66-c35d-43f0-a9fc-784c258d058c (table: ACL) {{(pid=90921) notify /opt/stack/neutron/neutron/plugins/ml2/drivers/ovn/mech_driver/ovsdb/ovsdb_monitor.py:1099}}
Aug 04 08:02:29.458036 np0000006395 devstack@neutron-api.service[90919]: DEBUG neutron.plugins.ml2.drivers.ovn.mech_driver.ovsdb.ovsdb_monitor [-] Hash Ring: Node a1817fefc40d5430bfa86278fe1e534a (host: np0000006395) handling event "create" for row 7e37e9cc-a78f-40a4-ab46-73982876997d (table: ACL) {{(pid=90919) notify /opt/stack/neutron/neutron/plugins/ml2/drivers/ovn/mech_driver/ovsdb/ovsdb_monitor.py:1099}}
Aug 04 08:02:29.458084 np0000006395 devstack@neutron-api.service[90921]: DEBUG neutron.plugins.ml2.drivers.ovn.mech_driver.ovsdb.ovsdb_monitor [-] Hash Ring: Node fcc6a04af04d5e1f8395b6025e2109d3 (host: np0000006395) handling event "create" for row 7e37e9cc-a78f-40a4-ab46-73982876997d (table: ACL) {{(pid=90921) notify /opt/stack/neutron/neutron/plugins/ml2/drivers/ovn/mech_driver/ovsdb/ovsdb_monitor.py:1099}}
Aug 04 08:02:29.458127 np0000006395 devstack@neutron-api.service[90919]: DEBUG neutron.plugins.ml2.drivers.ovn.mech_driver.ovsdb.ovsdb_monitor [-] Hash Ring: Node a1817fefc40d5430bfa86278fe1e534a (host: np0000006395) handling event "create" for row d90e9b5f-e388-4c05-aac5-23e9529d999f (table: ACL) {{(pid=90919) notify /opt/stack/neutron/neutron/plugins/ml2/drivers/ovn/mech_driver/ovsdb/ovsdb_monitor.py:1099}}
Aug 04 08:02:29.458127 np0000006395 devstack@neutron-api.service[90919]: DEBUG neutron.plugins.ml2.drivers.ovn.mech_driver.ovsdb.ovsdb_monitor [-] Hash Ring: Node a1817fefc40d5430bfa86278fe1e534a (host: np0000006395) handling event "create" for row e33d6e5d-6547-4243-9815-f8d1a5dfdf6e (table: ACL) {{(pid=90919) notify /opt/stack/neutron/neutron/plugins/ml2/drivers/ovn/mech_driver/ovsdb/ovsdb_monitor.py:1099}}
Aug 04 08:02:29.458223 np0000006395 devstack@neutron-api.service[90921]: DEBUG neutron.plugins.ml2.drivers.ovn.mech_driver.ovsdb.ovsdb_monitor [-] Hash Ring: Node fcc6a04af04d5e1f8395b6025e2109d3 (host: np0000006395) handling event "create" for row e33d6e5d-6547-4243-9815-f8d1a5dfdf6e (table: ACL) {{(pid=90921) notify /opt/stack/neutron/neutron/plugins/ml2/drivers/ovn/mech_driver/ovsdb/ovsdb_monitor.py:1099}}
Aug 04 08:02:29.458269 np0000006395 devstack@neutron-api.service[90919]: DEBUG neutron.plugins.ml2.drivers.ovn.mech_driver.ovsdb.ovsdb_monitor [-] Hash Ring: Node a1817fefc40d5430bfa86278fe1e534a (host: np0000006395) handling event "create" for row 8ee96bbb-29ec-44ee-b703-c2639c3617d7 (table: Port_Group) {{(pid=90919) notify /opt/stack/neutron/neutron/plugins/ml2/drivers/ovn/mech_driver/ovsdb/ovsdb_monitor.py:1099}}
Aug 04 08:02:29.458309 np0000006395 devstack@neutron-api.service[90921]: DEBUG neutron.plugins.ml2.drivers.ovn.mech_driver.ovsdb.ovsdb_monitor [-] Hash Ring: Node fcc6a04af04d5e1f8395b6025e2109d3 (host: np0000006395) handling event "create" for row 8ee96bbb-29ec-44ee-b703-c2639c3617d7 (table: Port_Group) {{(pid=90921) notify /opt/stack/neutron/neutron/plugins/ml2/drivers/ovn/mech_driver/ovsdb/ovsdb_monitor.py:1099}}
Aug 04 08:02:29.479081 np0000006395 devstack@neutron-api.service[90920]: INFO neutron.db.ovn_revision_numbers_db [None req-dd25353e-8bea-4897-9185-36d47cbc80e7 admin admin] Successfully bumped revision number for resource afbcd021-53b4-4b00-9bb6-a9828d7ca325 (type: security_groups) to 1
Aug 04 08:02:29.491895 np0000006395 devstack@neutron-api.service[90920]: INFO neutron.db.ovn_revision_numbers_db [None req-dd25353e-8bea-4897-9185-36d47cbc80e7 admin admin] Successfully bumped revision number for resource 2e3321cb-8215-4545-bf9a-f669bfc4c87c (type: security_group_rules) to 0
Aug 04 08:02:29.501675 np0000006395 devstack@neutron-api.service[90920]: INFO neutron.db.ovn_revision_numbers_db [None req-dd25353e-8bea-4897-9185-36d47cbc80e7 admin admin] Successfully bumped revision number for resource 531f0d66-e2ed-44f4-bbc5-a2339b295541 (type: security_group_rules) to 0
Aug 04 08:02:29.511111 np0000006395 devstack@neutron-api.service[90920]: INFO neutron.db.ovn_revision_numbers_db [None req-dd25353e-8bea-4897-9185-36d47cbc80e7 admin admin] Successfully bumped revision number for resource 89847cef-d730-4c36-88b3-75c950f34bf8 (type: security_group_rules) to 0
Aug 04 08:02:29.524721 np0000006395 devstack@neutron-api.service[90920]: INFO neutron.db.ovn_revision_numbers_db [None req-dd25353e-8bea-4897-9185-36d47cbc80e7 admin admin] Successfully bumped revision number for resource ba85b76e-4a19-46c2-9b7f-bc7ae143377a (type: security_group_rules) to 0
Aug 04 08:02:29.546800 np0000006395 devstack@neutron-api.service[90920]: DEBUG neutron.api.rpc.handlers.resources_rpc [None req-dd25353e-8bea-4897-9185-36d47cbc80e7 admin admin] Pushing event updated for resources: {'SecurityGroup': ['ID=afbcd021-53b4-4b00-9bb6-a9828d7ca325,revision_number=1']} {{(pid=90920) push /opt/stack/neutron/neutron/api/rpc/handlers/resources_rpc.py:237}}
Aug 04 08:02:29.553248 np0000006395 devstack@neutron-api.service[90920]: DEBUG ovsdbapp.backend.ovs_idl.transaction [-] Running txn n=1 command(idx=0): CheckLivenessCommand(_result=None) {{(pid=90920) do_commit /opt/stack/data/venv/lib/python3.12/site-packages/ovsdbapp/backend/ovs_idl/transaction.py:89}}
Aug 04 08:02:29.555718 np0000006395 devstack@neutron-api.service[90919]: DEBUG neutron.plugins.ml2.drivers.ovn.mech_driver.ovsdb.ovsdb_monitor [-] Hash Ring: Node a1817fefc40d5430bfa86278fe1e534a (host: np0000006395) handling event "update" for row efe4aeb4-d523-4737-8d91-2a3f7ffd5651 (table: NB_Global) {{(pid=90919) notify /opt/stack/neutron/neutron/plugins/ml2/drivers/ovn/mech_driver/ovsdb/ovsdb_monitor.py:1099}}
Aug 04 08:02:29.556351 np0000006395 devstack@neutron-api.service[90919]: DEBUG neutron.plugins.ml2.drivers.ovn.mech_driver.ovsdb.ovsdb_monitor [-] Hash Ring: Node a1817fefc40d5430bfa86278fe1e534a (host: np0000006395) handling event "update" for row efe4aeb4-d523-4737-8d91-2a3f7ffd5651 (table: NB_Global) {{(pid=90919) notify /opt/stack/neutron/neutron/plugins/ml2/drivers/ovn/mech_driver/ovsdb/ovsdb_monitor.py:1099}}
Aug 04 08:02:29.557299 np0000006395 devstack@neutron-api.service[90921]: DEBUG neutron.plugins.ml2.drivers.ovn.mech_driver.ovsdb.ovsdb_monitor [-] Hash Ring: Node fcc6a04af04d5e1f8395b6025e2109d3 (host: np0000006395) handling event "update" for row efe4aeb4-d523-4737-8d91-2a3f7ffd5651 (table: NB_Global) {{(pid=90921) notify /opt/stack/neutron/neutron/plugins/ml2/drivers/ovn/mech_driver/ovsdb/ovsdb_monitor.py:1099}}
Aug 04 08:02:29.558387 np0000006395 devstack@neutron-api.service[90920]: DEBUG neutron.api.rpc.callbacks.version_manager [None req-dd25353e-8bea-4897-9185-36d47cbc80e7 admin admin] Tracked resource versions report:
Aug 04 08:02:29.558387 np0000006395 devstack@neutron-api.service[90920]: pushed versions:
Aug 04 08:02:29.558387 np0000006395 devstack@neutron-api.service[90920]: { 'AddressGroup': {'1.2'},
Aug 04 08:02:29.558387 np0000006395 devstack@neutron-api.service[90920]: 'Agent': {'1.1'},
Aug 04 08:02:29.558387 np0000006395 devstack@neutron-api.service[90920]: 'ConntrackHelper': {'1.0'},
Aug 04 08:02:29.558387 np0000006395 devstack@neutron-api.service[90920]: 'LocalIPAssociation': {'1.0'},
Aug 04 08:02:29.558387 np0000006395 devstack@neutron-api.service[90920]: 'Log': {'1.0'},
Aug 04 08:02:29.558387 np0000006395 devstack@neutron-api.service[90920]: 'NDPProxy': {'1.0'},
Aug 04 08:02:29.558387 np0000006395 devstack@neutron-api.service[90920]: 'Network': {'1.3'},
Aug 04 08:02:29.558387 np0000006395 devstack@neutron-api.service[90920]: 'Port': {'1.11'},
Aug 04 08:02:29.558387 np0000006395 devstack@neutron-api.service[90920]: 'PortForwarding': {'1.3'},
Aug 04 08:02:29.558387 np0000006395 devstack@neutron-api.service[90920]: 'QosPolicy': {'1.10'},
Aug 04 08:02:29.558387 np0000006395 devstack@neutron-api.service[90920]: 'SecurityGroup': {'1.6'},
Aug 04 08:02:29.558387 np0000006395 devstack@neutron-api.service[90920]: 'SecurityGroupRule': {'1.3'},
Aug 04 08:02:29.558387 np0000006395 devstack@neutron-api.service[90920]: 'SubPort': {'1.0'},
Aug 04 08:02:29.558387 np0000006395 devstack@neutron-api.service[90920]: 'Subnet': {'1.2'},
Aug 04 08:02:29.558387 np0000006395 devstack@neutron-api.service[90920]: 'Trunk': {'1.1'}}
Aug 04 08:02:29.558387 np0000006395 devstack@neutron-api.service[90920]: consumer versions:
Aug 04 08:02:29.558387 np0000006395 devstack@neutron-api.service[90920]: {}
Aug 04 08:02:29.558387 np0000006395 devstack@neutron-api.service[90920]: {{(pid=90920) report /opt/stack/neutron/neutron/api/rpc/callbacks/version_manager.py:183}}
Aug 04 08:02:29.559546 np0000006395 devstack@neutron-api.service[90919]: DEBUG ovsdbapp.backend.ovs_idl.event [-] Matched UPDATE: ChassisAgentWriteEvent(events=('create', 'update'), table='Chassis_Private', conditions=None, old_conditions=None), priority=20 to row=Chassis_Private(uuid=c6d3bb6d-101d-42ee-91c6-08af1a50492f, chassis=615837eb-26b6-43ac-9a08-6a555a80a367, external_ids={'neutron:ovn-bridge': 'br-int', 'neutron:ovn-neutron-agent-id': '1e762838-91c3-57aa-882b-0415bf4c8bb4', 'neutron:ovn-neutron-agent-sb-cfg': '0'}, name='14c9dcb4-0155-43fd-bbc6-a1cb93f2c738', nb_cfg=1, nb_cfg_timestamp=1785830549555) old=Chassis_Private(uuid=c6d3bb6d-101d-42ee-91c6-08af1a50492f, nb_cfg=0, nb_cfg_timestamp=0) {{(pid=90919) matches /opt/stack/data/venv/lib/python3.12/site-packages/ovsdbapp/backend/ovs_idl/event.py:55}}
Aug 04 08:02:29.559693 np0000006395 devstack@neutron-api.service[90921]: DEBUG neutron.plugins.ml2.drivers.ovn.mech_driver.ovsdb.ovsdb_monitor [-] Hash Ring: Node fcc6a04af04d5e1f8395b6025e2109d3 (host: np0000006395) handling event "update" for row efe4aeb4-d523-4737-8d91-2a3f7ffd5651 (table: NB_Global) {{(pid=90921) notify /opt/stack/neutron/neutron/plugins/ml2/drivers/ovn/mech_driver/ovsdb/ovsdb_monitor.py:1099}}
Aug 04 08:02:29.560404 np0000006395 devstack@neutron-api.service[90919]: DEBUG neutron.plugins.ml2.drivers.ovn.mech_driver.ovsdb.ovsdb_monitor [-] Hash Ring: Node a1817fefc40d5430bfa86278fe1e534a (host: np0000006395) handling event "update" for row efe4aeb4-d523-4737-8d91-2a3f7ffd5651 (table: NB_Global) {{(pid=90919) notify /opt/stack/neutron/neutron/plugins/ml2/drivers/ovn/mech_driver/ovsdb/ovsdb_monitor.py:1099}}
Aug 04 08:02:29.560681 np0000006395 devstack@neutron-api.service[90921]: DEBUG ovsdbapp.backend.ovs_idl.event [-] Matched UPDATE: ChassisAgentWriteEvent(events=('create', 'update'), table='Chassis_Private', conditions=None, old_conditions=None), priority=20 to row=Chassis_Private(uuid=c6d3bb6d-101d-42ee-91c6-08af1a50492f, chassis=615837eb-26b6-43ac-9a08-6a555a80a367, external_ids={'neutron:ovn-bridge': 'br-int', 'neutron:ovn-neutron-agent-id': '1e762838-91c3-57aa-882b-0415bf4c8bb4', 'neutron:ovn-neutron-agent-sb-cfg': '0'}, name='14c9dcb4-0155-43fd-bbc6-a1cb93f2c738', nb_cfg=1, nb_cfg_timestamp=1785830549555) old=Chassis_Private(uuid=c6d3bb6d-101d-42ee-91c6-08af1a50492f, nb_cfg=0, nb_cfg_timestamp=0) {{(pid=90921) matches /opt/stack/data/venv/lib/python3.12/site-packages/ovsdbapp/backend/ovs_idl/event.py:55}}
Aug 04 08:02:29.561370 np0000006395 devstack@neutron-api.service[90918]: DEBUG ovsdbapp.backend.ovs_idl.event [-] Matched UPDATE: ChassisAgentWriteEvent(events=('create', 'update'), table='Chassis_Private', conditions=None, old_conditions=None), priority=20 to row=Chassis_Private(uuid=c6d3bb6d-101d-42ee-91c6-08af1a50492f, chassis=615837eb-26b6-43ac-9a08-6a555a80a367, external_ids={'neutron:ovn-bridge': 'br-int', 'neutron:ovn-neutron-agent-id': '1e762838-91c3-57aa-882b-0415bf4c8bb4', 'neutron:ovn-neutron-agent-sb-cfg': '0'}, name='14c9dcb4-0155-43fd-bbc6-a1cb93f2c738', nb_cfg=1, nb_cfg_timestamp=1785830549555) old=Chassis_Private(uuid=c6d3bb6d-101d-42ee-91c6-08af1a50492f, nb_cfg=0, nb_cfg_timestamp=0) {{(pid=90918) matches /opt/stack/data/venv/lib/python3.12/site-packages/ovsdbapp/backend/ovs_idl/event.py:55}}
Aug 04 08:02:29.562080 np0000006395 devstack@neutron-api.service[90921]: DEBUG neutron.plugins.ml2.drivers.ovn.mech_driver.ovsdb.ovsdb_monitor [-] Hash Ring: Node fcc6a04af04d5e1f8395b6025e2109d3 (host: np0000006395) handling event "update" for row efe4aeb4-d523-4737-8d91-2a3f7ffd5651 (table: NB_Global) {{(pid=90921) notify /opt/stack/neutron/neutron/plugins/ml2/drivers/ovn/mech_driver/ovsdb/ovsdb_monitor.py:1099}}
Aug 04 08:02:29.563628 np0000006395 devstack@neutron-api.service[90919]: DEBUG neutron.plugins.ml2.drivers.ovn.mech_driver.ovsdb.ovsdb_monitor [-] Hash Ring: Node a1817fefc40d5430bfa86278fe1e534a (host: np0000006395) handling event "update" for row efe4aeb4-d523-4737-8d91-2a3f7ffd5651 (table: NB_Global) {{(pid=90919) notify /opt/stack/neutron/neutron/plugins/ml2/drivers/ovn/mech_driver/ovsdb/ovsdb_monitor.py:1099}}
Aug 04 08:02:29.564696 np0000006395 devstack@neutron-api.service[90919]: DEBUG neutron.common.ovn.hash_ring_manager [-] Allow caching, nodes 4>=4 {{(pid=90919) _wait_startup_before_caching /opt/stack/neutron/neutron/common/ovn/hash_ring_manager.py:71}}
Aug 04 08:02:29.564868 np0000006395 devstack@neutron-api.service[90919]: DEBUG neutron.plugins.ml2.drivers.ovn.mech_driver.ovsdb.ovsdb_monitor [-] Hash Ring: Node a1817fefc40d5430bfa86278fe1e534a (host: np0000006395) handling event "update" for row c6d3bb6d-101d-42ee-91c6-08af1a50492f (table: Chassis_Private) {{(pid=90919) notify /opt/stack/neutron/neutron/plugins/ml2/drivers/ovn/mech_driver/ovsdb/ovsdb_monitor.py:1099}}
Aug 04 08:02:29.566235 np0000006395 devstack@neutron-api.service[90919]: DEBUG ovsdbapp.backend.ovs_idl.event [-] Matched UPDATE: ChassisOVNAgentWriteEvent(events=('create', 'update'), table='Chassis_Private', conditions=None, old_conditions=None), priority=20 to row=Chassis_Private(uuid=c6d3bb6d-101d-42ee-91c6-08af1a50492f, chassis=615837eb-26b6-43ac-9a08-6a555a80a367, external_ids={'neutron:ovn-bridge': 'br-int', 'neutron:ovn-neutron-agent-id': '1e762838-91c3-57aa-882b-0415bf4c8bb4', 'neutron:ovn-neutron-agent-sb-cfg': '1'}, name='14c9dcb4-0155-43fd-bbc6-a1cb93f2c738', nb_cfg=1, nb_cfg_timestamp=1785830549555) old=Chassis_Private(uuid=c6d3bb6d-101d-42ee-91c6-08af1a50492f, external_ids={'neutron:ovn-bridge': 'br-int', 'neutron:ovn-neutron-agent-id': '1e762838-91c3-57aa-882b-0415bf4c8bb4', 'neutron:ovn-neutron-agent-sb-cfg': '0'}) {{(pid=90919) matches /opt/stack/data/venv/lib/python3.12/site-packages/ovsdbapp/backend/ovs_idl/event.py:55}}
Aug 04 08:02:29.566570 np0000006395 devstack@neutron-api.service[90921]: DEBUG neutron.plugins.ml2.drivers.ovn.mech_driver.ovsdb.ovsdb_monitor [-] Hash Ring: Node fcc6a04af04d5e1f8395b6025e2109d3 (host: np0000006395) handling event "update" for row efe4aeb4-d523-4737-8d91-2a3f7ffd5651 (table: NB_Global) {{(pid=90921) notify /opt/stack/neutron/neutron/plugins/ml2/drivers/ovn/mech_driver/ovsdb/ovsdb_monitor.py:1099}}
Aug 04 08:02:29.566670 np0000006395 devstack@neutron-api.service[90919]: DEBUG neutron.plugins.ml2.drivers.ovn.mech_driver.ovsdb.ovsdb_monitor [-] Hash Ring: Node a1817fefc40d5430bfa86278fe1e534a (host: np0000006395) handling event "update" for row c6d3bb6d-101d-42ee-91c6-08af1a50492f (table: Chassis_Private) {{(pid=90919) notify /opt/stack/neutron/neutron/plugins/ml2/drivers/ovn/mech_driver/ovsdb/ovsdb_monitor.py:1099}}
Aug 04 08:02:29.567530 np0000006395 devstack@neutron-api.service[90918]: DEBUG neutron.common.ovn.hash_ring_manager [-] Allow caching, nodes 4>=4 {{(pid=90918) _wait_startup_before_caching /opt/stack/neutron/neutron/common/ovn/hash_ring_manager.py:71}}
Aug 04 08:02:29.567718 np0000006395 devstack@neutron-api.service[90918]: DEBUG neutron.plugins.ml2.drivers.ovn.mech_driver.ovsdb.ovsdb_monitor [-] Hash Ring: Node 5a88b89657355187b56ff2a53d9b749e (host: np0000006395) handling event "update" for row c6d3bb6d-101d-42ee-91c6-08af1a50492f (table: Chassis_Private) {{(pid=90918) notify /opt/stack/neutron/neutron/plugins/ml2/drivers/ovn/mech_driver/ovsdb/ovsdb_monitor.py:1099}}
Aug 04 08:02:29.567844 np0000006395 devstack@neutron-api.service[90920]: DEBUG ovsdbapp.backend.ovs_idl.event [-] Matched UPDATE: ChassisAgentWriteEvent(events=('create', 'update'), table='Chassis_Private', conditions=None, old_conditions=None), priority=20 to row=Chassis_Private(uuid=c6d3bb6d-101d-42ee-91c6-08af1a50492f, chassis=615837eb-26b6-43ac-9a08-6a555a80a367, external_ids={'neutron:ovn-bridge': 'br-int', 'neutron:ovn-neutron-agent-id': '1e762838-91c3-57aa-882b-0415bf4c8bb4', 'neutron:ovn-neutron-agent-sb-cfg': '0'}, name='14c9dcb4-0155-43fd-bbc6-a1cb93f2c738', nb_cfg=1, nb_cfg_timestamp=1785830549555) old=Chassis_Private(uuid=c6d3bb6d-101d-42ee-91c6-08af1a50492f, nb_cfg=0, nb_cfg_timestamp=0) {{(pid=90920) matches /opt/stack/data/venv/lib/python3.12/site-packages/ovsdbapp/backend/ovs_idl/event.py:55}}
Aug 04 08:02:29.567976 np0000006395 devstack@neutron-api.service[90921]: DEBUG neutron.common.ovn.hash_ring_manager [-] Allow caching, nodes 4>=4 {{(pid=90921) _wait_startup_before_caching /opt/stack/neutron/neutron/common/ovn/hash_ring_manager.py:71}}
