Aug 04 08:02:21.678916 np0000006395 devstack@neutron-api.service[90921]: DEBUG neutron.api.extensions [None req-35c32b2d-ba30-48b1-99aa-0283f6be551d None None] Ext name="Local IP" alias="local_ip" description="Support Node Local Virtual IP" updated="2021-07-26T10:00:00-00:00" {{(pid=90921) _check_extension /opt/stack/neutron/neutron/api/extensions.py:415}}
Aug 04 08:02:21.679071 np0000006395 devstack@neutron-api.service[90921]: INFO neutron.api.extensions [None req-35c32b2d-ba30-48b1-99aa-0283f6be551d None None] Extension local_ip not supported by any of loaded plugins
Aug 04 08:02:21.679171 np0000006395 devstack@neutron-api.service[90921]: DEBUG neutron.api.extensions [None req-35c32b2d-ba30-48b1-99aa-0283f6be551d None None] Loading extension file: logging.py {{(pid=90921) _load_all_extensions_from_path /opt/stack/neutron/neutron/api/extensions.py:449}}
Aug 04 08:02:21.679492 np0000006395 devstack@neutron-api.service[90921]: DEBUG neutron.api.extensions [None req-35c32b2d-ba30-48b1-99aa-0283f6be551d None None] Ext name="Logging API Extension" alias="logging" description="Provides a logging API for resources such as security group and firewall." updated="2017-01-01T10:00:00-00:00" {{(pid=90921) _check_extension /opt/stack/neutron/neutron/api/extensions.py:415}}
Aug 04 08:02:21.679650 np0000006395 devstack@neutron-api.service[90921]: INFO neutron.api.extensions [None req-35c32b2d-ba30-48b1-99aa-0283f6be551d None None] Extension logging not supported by any of loaded plugins
Aug 04 08:02:21.679736 np0000006395 devstack@neutron-api.service[90921]: DEBUG neutron.api.extensions [None req-35c32b2d-ba30-48b1-99aa-0283f6be551d None None] Loading extension file: metering.py {{(pid=90921) _load_all_extensions_from_path /opt/stack/neutron/neutron/api/extensions.py:449}}
Aug 04 08:02:21.680179 np0000006395 devstack@neutron-api.service[90921]: DEBUG neutron.api.extensions [None req-35c32b2d-ba30-48b1-99aa-0283f6be551d None None] Ext name="Neutron Metering" alias="metering" description="Neutron Metering extension." updated="2013-06-12T10:00:00-00:00" {{(pid=90921) _check_extension /opt/stack/neutron/neutron/api/extensions.py:415}}
Aug 04 08:02:21.680495 np0000006395 devstack@neutron-api.service[90921]: INFO neutron.api.extensions [None req-35c32b2d-ba30-48b1-99aa-0283f6be551d None None] Extension metering not supported by any of loaded plugins
Aug 04 08:02:21.680495 np0000006395 devstack@neutron-api.service[90921]: DEBUG neutron.api.extensions [None req-35c32b2d-ba30-48b1-99aa-0283f6be551d None None] Loading extension file: metering_source_and_destination_fields.py {{(pid=90921) _load_all_extensions_from_path /opt/stack/neutron/neutron/api/extensions.py:449}}
Aug 04 08:02:21.681101 np0000006395 devstack@neutron-api.service[90921]: DEBUG neutron.api.extensions [None req-35c32b2d-ba30-48b1-99aa-0283f6be551d None None] Ext name="Neutron Metering with source and destination filtering" alias="metering_source_and_destination_fields" description="Neutron Metering extension that enables the use of source and destination IP prefixes to create metering label rules." updated="2020-08-21T08:12:00-00:00" {{(pid=90921) _check_extension /opt/stack/neutron/neutron/api/extensions.py:415}}
Aug 04 08:02:21.681101 np0000006395 devstack@neutron-api.service[90921]: INFO neutron.api.extensions [None req-35c32b2d-ba30-48b1-99aa-0283f6be551d None None] Extension metering_source_and_destination_fields not supported by any of loaded plugins
Aug 04 08:02:21.681201 np0000006395 devstack@neutron-api.service[90921]: DEBUG neutron.api.extensions [None req-35c32b2d-ba30-48b1-99aa-0283f6be551d None None] Loading extension file: multiprovidernet.py {{(pid=90921) _load_all_extensions_from_path /opt/stack/neutron/neutron/api/extensions.py:449}}
Aug 04 08:02:21.681437 np0000006395 devstack@neutron-api.service[90921]: DEBUG neutron.api.extensions [None req-35c32b2d-ba30-48b1-99aa-0283f6be551d None None] Ext name="Multi Provider Network" alias="multi-provider" description="Expose mapping of virtual networks to multiple physical networks" updated="2013-06-27T10:00:00-00:00" {{(pid=90921) _check_extension /opt/stack/neutron/neutron/api/extensions.py:415}}
Aug 04 08:02:21.681592 np0000006395 devstack@neutron-api.service[90921]: INFO neutron.api.extensions [None req-35c32b2d-ba30-48b1-99aa-0283f6be551d None None] Loaded extension: multi-provider
Aug 04 08:02:21.681660 np0000006395 devstack@neutron-api.service[90921]: DEBUG neutron.api.extensions [None req-35c32b2d-ba30-48b1-99aa-0283f6be551d None None] Loading extension file: netmtu.py {{(pid=90921) _load_all_extensions_from_path /opt/stack/neutron/neutron/api/extensions.py:449}}
Aug 04 08:02:21.681980 np0000006395 devstack@neutron-api.service[90921]: DEBUG neutron.api.extensions [None req-35c32b2d-ba30-48b1-99aa-0283f6be551d None None] Ext name="Network MTU" alias="net-mtu" description="Provides MTU attribute for a network resource." updated="2015-03-25T10:00:00-00:00" {{(pid=90921) _check_extension /opt/stack/neutron/neutron/api/extensions.py:415}}
Aug 04 08:02:21.682194 np0000006395 devstack@neutron-api.service[90921]: INFO neutron.api.extensions [None req-35c32b2d-ba30-48b1-99aa-0283f6be551d None None] Loaded extension: net-mtu
Aug 04 08:02:21.682269 np0000006395 devstack@neutron-api.service[90921]: DEBUG neutron.api.extensions [None req-35c32b2d-ba30-48b1-99aa-0283f6be551d None None] Loading extension file: netmtu_writable.py {{(pid=90921) _load_all_extensions_from_path /opt/stack/neutron/neutron/api/extensions.py:449}}
Aug 04 08:02:21.682573 np0000006395 devstack@neutron-api.service[90921]: DEBUG neutron.api.extensions [None req-35c32b2d-ba30-48b1-99aa-0283f6be551d None None] Ext name="Network MTU (writable)" alias="net-mtu-writable" description="Provides a writable MTU attribute for a network resource." updated="2017-07-12T00:00:00-00:00" {{(pid=90921) _check_extension /opt/stack/neutron/neutron/api/extensions.py:415}}
Aug 04 08:02:21.682798 np0000006395 devstack@neutron-api.service[90921]: INFO neutron.api.extensions [None req-35c32b2d-ba30-48b1-99aa-0283f6be551d None None] Loaded extension: net-mtu-writable
Aug 04 08:02:21.682976 np0000006395 devstack@neutron-api.service[90921]: DEBUG neutron.api.extensions [None req-35c32b2d-ba30-48b1-99aa-0283f6be551d None None] Loading extension file: network_availability_zone.py {{(pid=90921) _load_all_extensions_from_path /opt/stack/neutron/neutron/api/extensions.py:449}}
Aug 04 08:02:21.683371 np0000006395 devstack@neutron-api.service[90921]: DEBUG neutron.api.extensions [None req-35c32b2d-ba30-48b1-99aa-0283f6be551d None None] Ext name="Network Availability Zone" alias="network_availability_zone" description="Availability zone support for network." updated="2015-01-01T10:00:00-00:00" {{(pid=90921) _check_extension /opt/stack/neutron/neutron/api/extensions.py:415}}
Aug 04 08:02:21.683624 np0000006395 devstack@neutron-api.service[90921]: INFO neutron.api.extensions [None req-35c32b2d-ba30-48b1-99aa-0283f6be551d None None] Loaded extension: network_availability_zone
Aug 04 08:02:21.683770 np0000006395 devstack@neutron-api.service[90921]: DEBUG neutron.api.extensions [None req-35c32b2d-ba30-48b1-99aa-0283f6be551d None None] Loading extension file: network_ha.py {{(pid=90921) _load_all_extensions_from_path /opt/stack/neutron/neutron/api/extensions.py:449}}
Aug 04 08:02:21.684167 np0000006395 devstack@neutron-api.service[90921]: DEBUG neutron.api.extensions [None req-35c32b2d-ba30-48b1-99aa-0283f6be551d None None] Ext name="Network HA creation flag" alias="network_ha" description="Network high availability creation flag." updated="2023-04-27T10:00:00-00:00" {{(pid=90921) _check_extension /opt/stack/neutron/neutron/api/extensions.py:415}}
Aug 04 08:02:21.684454 np0000006395 devstack@neutron-api.service[90921]: INFO neutron.api.extensions [None req-35c32b2d-ba30-48b1-99aa-0283f6be551d None None] Extension network_ha not supported by any of loaded plugins
Aug 04 08:02:21.684454 np0000006395 devstack@neutron-api.service[90921]: DEBUG neutron.api.extensions [None req-35c32b2d-ba30-48b1-99aa-0283f6be551d None None] Loading extension file: network_ip_availability.py {{(pid=90921) _load_all_extensions_from_path /opt/stack/neutron/neutron/api/extensions.py:449}}
Aug 04 08:02:21.684729 np0000006395 devstack@neutron-api.service[90921]: DEBUG neutron.api.extensions [None req-35c32b2d-ba30-48b1-99aa-0283f6be551d None None] Ext name="Network IP Availability" alias="network-ip-availability" description="Provides IP availability data for each network and subnet." updated="2015-09-24T00:00:00-00:00" {{(pid=90921) _check_extension /opt/stack/neutron/neutron/api/extensions.py:415}}
Aug 04 08:02:21.684933 np0000006395 devstack@neutron-api.service[90921]: INFO neutron.api.extensions [None req-35c32b2d-ba30-48b1-99aa-0283f6be551d None None] Loaded extension: network-ip-availability
Aug 04 08:02:21.685155 np0000006395 devstack@neutron-api.service[90921]: DEBUG neutron.api.extensions [None req-35c32b2d-ba30-48b1-99aa-0283f6be551d None None] Loading extension file: network_ip_availability_details.py {{(pid=90921) _load_all_extensions_from_path /opt/stack/neutron/neutron/api/extensions.py:449}}
Aug 04 08:02:21.685368 np0000006395 devstack@neutron-api.service[90921]: DEBUG neutron.api.extensions [None req-35c32b2d-ba30-48b1-99aa-0283f6be551d None None] Ext name="Network IP Availability Details Extension" alias="network-ip-availability-details" description="Add ip_availability_details attribute to network-ip-availabilities resource." updated="2025-10-31T00:00:00-00:00" {{(pid=90921) _check_extension /opt/stack/neutron/neutron/api/extensions.py:415}}
Aug 04 08:02:21.685653 np0000006395 devstack@neutron-api.service[90921]: INFO neutron.api.extensions [None req-35c32b2d-ba30-48b1-99aa-0283f6be551d None None] Loaded extension: network-ip-availability-details
Aug 04 08:02:21.685722 np0000006395 devstack@neutron-api.service[90921]: DEBUG neutron.api.extensions [None req-35c32b2d-ba30-48b1-99aa-0283f6be551d None None] Loading extension file: network_segment_range.py {{(pid=90921) _load_all_extensions_from_path /opt/stack/neutron/neutron/api/extensions.py:449}}
Aug 04 08:02:21.686342 np0000006395 devstack@neutron-api.service[90921]: DEBUG neutron.api.extensions [None req-35c32b2d-ba30-48b1-99aa-0283f6be551d None None] Ext name="Neutron Network Segment Range" alias="network-segment-range" description="Provides support for the network segment range management" updated="2018-11-29T00:00:00-00:00" {{(pid=90921) _check_extension /opt/stack/neutron/neutron/api/extensions.py:415}}
Aug 04 08:02:21.686423 np0000006395 devstack@neutron-api.service[90921]: INFO neutron.api.extensions [None req-35c32b2d-ba30-48b1-99aa-0283f6be551d None None] Extension network-segment-range not supported by any of loaded plugins
Aug 04 08:02:21.686459 np0000006395 devstack@neutron-api.service[90921]: DEBUG neutron.api.extensions [None req-35c32b2d-ba30-48b1-99aa-0283f6be551d None None] Loading extension file: pagination.py {{(pid=90921) _load_all_extensions_from_path /opt/stack/neutron/neutron/api/extensions.py:449}}
Aug 04 08:02:21.686743 np0000006395 devstack@neutron-api.service[90921]: DEBUG neutron.api.extensions [None req-35c32b2d-ba30-48b1-99aa-0283f6be551d None None] Ext name="Pagination support" alias="pagination" description="Extension that indicates that pagination is enabled." updated="2016-06-12T00:00:00-00:00" {{(pid=90921) _check_extension /opt/stack/neutron/neutron/api/extensions.py:415}}
Aug 04 08:02:21.686743 np0000006395 devstack@neutron-api.service[90921]: INFO neutron.api.extensions [None req-35c32b2d-ba30-48b1-99aa-0283f6be551d None None] Loaded extension: pagination
Aug 04 08:02:21.686743 np0000006395 devstack@neutron-api.service[90921]: DEBUG neutron.api.extensions [None req-35c32b2d-ba30-48b1-99aa-0283f6be551d None None] Loading extension file: port_device_profile.py {{(pid=90921) _load_all_extensions_from_path /opt/stack/neutron/neutron/api/extensions.py:449}}
Aug 04 08:02:21.687278 np0000006395 devstack@neutron-api.service[90921]: DEBUG neutron.api.extensions [None req-35c32b2d-ba30-48b1-99aa-0283f6be551d None None] Ext name="Port device profile" alias="port-device-profile" description="Expose the port device profile (Cyborg)" updated="2020-12-17T10:00:00-00:00" {{(pid=90921) _check_extension /opt/stack/neutron/neutron/api/extensions.py:415}}
Aug 04 08:02:21.687336 np0000006395 devstack@neutron-api.service[90921]: INFO neutron.api.extensions [None req-35c32b2d-ba30-48b1-99aa-0283f6be551d None None] Loaded extension: port-device-profile
Aug 04 08:02:21.687494 np0000006395 devstack@neutron-api.service[90921]: DEBUG neutron.api.extensions [None req-35c32b2d-ba30-48b1-99aa-0283f6be551d None None] Loading extension file: port_hardware_offload_type.py {{(pid=90921) _load_all_extensions_from_path /opt/stack/neutron/neutron/api/extensions.py:449}}
Aug 04 08:02:21.687747 np0000006395 devstack@neutron-api.service[90921]: DEBUG neutron.api.extensions [None req-35c32b2d-ba30-48b1-99aa-0283f6be551d None None] Ext name="Port hardware offload" alias="port-hardware-offload-type" description="Expose port hardware offload extension" updated="2023-05-09T10:00:00-00:00" {{(pid=90921) _check_extension /opt/stack/neutron/neutron/api/extensions.py:415}}
Aug 04 08:02:21.687949 np0000006395 devstack@neutron-api.service[90921]: INFO neutron.api.extensions [None req-35c32b2d-ba30-48b1-99aa-0283f6be551d None None] Extension port-hardware-offload-type not supported by any of loaded plugins
Aug 04 08:02:21.688044 np0000006395 devstack@neutron-api.service[90921]: DEBUG neutron.api.extensions [None req-35c32b2d-ba30-48b1-99aa-0283f6be551d None None] Loading extension file: port_hint_ovs_tx_steering.py {{(pid=90921) _load_all_extensions_from_path /opt/stack/neutron/neutron/api/extensions.py:449}}
Aug 04 08:02:21.688332 np0000006395 devstack@neutron-api.service[90921]: DEBUG neutron.api.extensions [None req-35c32b2d-ba30-48b1-99aa-0283f6be551d None None] Ext name="Port hint: Open vSwitch Tx steering" alias="port-hint-ovs-tx-steering" description="Enable Port hint: Open vSwitch Tx steering" updated="2023-01-01T00:00:00-00:00" {{(pid=90921) _check_extension /opt/stack/neutron/neutron/api/extensions.py:415}}
Aug 04 08:02:21.688471 np0000006395 devstack@neutron-api.service[90921]: INFO neutron.api.extensions [None req-35c32b2d-ba30-48b1-99aa-0283f6be551d None None] Extension port-hint-ovs-tx-steering not supported by any of loaded plugins
Aug 04 08:02:21.688583 np0000006395 devstack@neutron-api.service[90921]: DEBUG neutron.api.extensions [None req-35c32b2d-ba30-48b1-99aa-0283f6be551d None None] Loading extension file: port_hints.py {{(pid=90921) _load_all_extensions_from_path /opt/stack/neutron/neutron/api/extensions.py:449}}
Aug 04 08:02:21.688841 np0000006395 devstack@neutron-api.service[90921]: DEBUG neutron.api.extensions [None req-35c32b2d-ba30-48b1-99aa-0283f6be551d None None] Ext name="Port hints" alias="port-hints" description="Backend specific port hints to allow backend specific tuning" updated="2023-01-01T00:00:00-00:00" {{(pid=90921) _check_extension /opt/stack/neutron/neutron/api/extensions.py:415}}
Aug 04 08:02:21.689027 np0000006395 devstack@neutron-api.service[90921]: INFO neutron.api.extensions [None req-35c32b2d-ba30-48b1-99aa-0283f6be551d None None] Extension port-hints not supported by any of loaded plugins
Aug 04 08:02:21.689144 np0000006395 devstack@neutron-api.service[90921]: DEBUG neutron.api.extensions [None req-35c32b2d-ba30-48b1-99aa-0283f6be551d None None] Loading extension file: port_mac_address_override.py {{(pid=90921) _load_all_extensions_from_path /opt/stack/neutron/neutron/api/extensions.py:449}}
Aug 04 08:02:21.689462 np0000006395 devstack@neutron-api.service[90921]: DEBUG neutron.api.extensions [None req-35c32b2d-ba30-48b1-99aa-0283f6be551d None None] Ext name="Neutron Port MAC address override" alias="port-mac-override" description="Allow overriding the MAC address of a direct-physical Port via the active binding profile" updated="2022-03-18T10:00:00-00:00" {{(pid=90921) _check_extension /opt/stack/neutron/neutron/api/extensions.py:415}}
Aug 04 08:02:21.689708 np0000006395 devstack@neutron-api.service[90921]: INFO neutron.api.extensions [None req-35c32b2d-ba30-48b1-99aa-0283f6be551d None None] Extension port-mac-override not supported by any of loaded plugins
Aug 04 08:02:21.689708 np0000006395 devstack@neutron-api.service[90921]: DEBUG neutron.api.extensions [None req-35c32b2d-ba30-48b1-99aa-0283f6be551d None None] Loading extension file: port_mac_address_regenerate.py {{(pid=90921) _load_all_extensions_from_path /opt/stack/neutron/neutron/api/extensions.py:449}}
Aug 04 08:02:21.690047 np0000006395 devstack@neutron-api.service[90921]: DEBUG neutron.api.extensions [None req-35c32b2d-ba30-48b1-99aa-0283f6be551d None None] Ext name="Neutron Port MAC address regenerate" alias="port-mac-address-regenerate" description="Network port MAC address regenerate" updated="2018-05-03T10:00:00-00:00" {{(pid=90921) _check_extension /opt/stack/neutron/neutron/api/extensions.py:415}}
Aug 04 08:02:21.690145 np0000006395 devstack@neutron-api.service[90921]: INFO neutron.api.extensions [None req-35c32b2d-ba30-48b1-99aa-0283f6be551d None None] Loaded extension: port-mac-address-regenerate
Aug 04 08:02:21.690456 np0000006395 devstack@neutron-api.service[90921]: DEBUG neutron.api.extensions [None req-35c32b2d-ba30-48b1-99aa-0283f6be551d None None] Loading extension file: port_numa_affinity_policy.py {{(pid=90921) _load_all_extensions_from_path /opt/stack/neutron/neutron/api/extensions.py:449}}
Aug 04 08:02:21.690572 np0000006395 devstack@neutron-api.service[90921]: DEBUG neutron.api.extensions [None req-35c32b2d-ba30-48b1-99aa-0283f6be551d None None] Ext name="Port NUMA affinity policy" alias="port-numa-affinity-policy" description="Expose the port NUMA affinity policy" updated="2020-07-08T10:00:00-00:00" {{(pid=90921) _check_extension /opt/stack/neutron/neutron/api/extensions.py:415}}
Aug 04 08:02:21.690771 np0000006395 devstack@neutron-api.service[90921]: INFO neutron.api.extensions [None req-35c32b2d-ba30-48b1-99aa-0283f6be551d None None] Loaded extension: port-numa-affinity-policy
Aug 04 08:02:21.690912 np0000006395 devstack@neutron-api.service[90921]: DEBUG neutron.api.extensions [None req-35c32b2d-ba30-48b1-99aa-0283f6be551d None None] Loading extension file: port_numa_affinity_policy_socket.py {{(pid=90921) _load_all_extensions_from_path /opt/stack/neutron/neutron/api/extensions.py:449}}
Aug 04 08:02:21.691500 np0000006395 devstack@neutron-api.service[90921]: DEBUG neutron.api.extensions [None req-35c32b2d-ba30-48b1-99aa-0283f6be551d None None] Ext name="Port NUMA affinity policy "socket"" alias="port-numa-affinity-policy-socket" description="Adds "socket" to the supported port NUMA affinity policies" updated="2024-02-09T10:00:00-00:00" {{(pid=90921) _check_extension /opt/stack/neutron/neutron/api/extensions.py:415}}
Aug 04 08:02:21.691500 np0000006395 devstack@neutron-api.service[90921]: INFO neutron.api.extensions [None req-35c32b2d-ba30-48b1-99aa-0283f6be551d None None] Loaded extension: port-numa-affinity-policy-socket
Aug 04 08:02:21.691610 np0000006395 devstack@neutron-api.service[90921]: DEBUG neutron.api.extensions [None req-35c32b2d-ba30-48b1-99aa-0283f6be551d None None] Loading extension file: port_resource_request.py {{(pid=90921) _load_all_extensions_from_path /opt/stack/neutron/neutron/api/extensions.py:449}}
Aug 04 08:02:21.691939 np0000006395 devstack@neutron-api.service[90921]: DEBUG neutron.api.extensions [None req-35c32b2d-ba30-48b1-99aa-0283f6be551d None None] Ext name="Port Resource Request" alias="port-resource-request" description="Expose resource request to Port" updated="2018-05-08T10:00:00-00:00" {{(pid=90921) _check_extension /opt/stack/neutron/neutron/api/extensions.py:415}}
Aug 04 08:02:21.692184 np0000006395 devstack@neutron-api.service[90921]: INFO neutron.api.extensions [None req-35c32b2d-ba30-48b1-99aa-0283f6be551d None None] Extension port-resource-request not supported by any of loaded plugins
Aug 04 08:02:21.692259 np0000006395 devstack@neutron-api.service[90921]: DEBUG neutron.api.extensions [None req-35c32b2d-ba30-48b1-99aa-0283f6be551d None None] Loading extension file: port_resource_request_groups.py {{(pid=90921) _load_all_extensions_from_path /opt/stack/neutron/neutron/api/extensions.py:449}}
Aug 04 08:02:21.692510 np0000006395 devstack@neutron-api.service[90921]: DEBUG neutron.api.extensions [None req-35c32b2d-ba30-48b1-99aa-0283f6be551d None None] Ext name="Port Resource Request Groups" alias="port-resource-request-groups" description="Support requesting multiple groups of resources and traits from the same RP subtree in resource_request" updated="2021-08-02T10:00:00-00:00" {{(pid=90921) _check_extension /opt/stack/neutron/neutron/api/extensions.py:415}}
Aug 04 08:02:21.692670 np0000006395 devstack@neutron-api.service[90921]: INFO neutron.api.extensions [None req-35c32b2d-ba30-48b1-99aa-0283f6be551d None None] Extension port-resource-request-groups not supported by any of loaded plugins
Aug 04 08:02:21.692880 np0000006395 devstack@neutron-api.service[90921]: DEBUG neutron.api.extensions [None req-35c32b2d-ba30-48b1-99aa-0283f6be551d None None] Loading extension file: port_trusted_vif.py {{(pid=90921) _load_all_extensions_from_path /opt/stack/neutron/neutron/api/extensions.py:449}}
Aug 04 08:02:21.693074 np0000006395 devstack@neutron-api.service[90921]: DEBUG neutron.api.extensions [None req-35c32b2d-ba30-48b1-99aa-0283f6be551d None None] Ext name="Port trusted vif" alias="port-trusted-vif" description="Expose port 'trusted' attribute in the API" updated="2024-07-10T10:00:00-00:00" {{(pid=90921) _check_extension /opt/stack/neutron/neutron/api/extensions.py:415}}
Aug 04 08:02:21.693306 np0000006395 devstack@neutron-api.service[90921]: INFO neutron.api.extensions [None req-35c32b2d-ba30-48b1-99aa-0283f6be551d None None] Extension port-trusted-vif not supported by any of loaded plugins
Aug 04 08:02:21.693680 np0000006395 devstack@neutron-api.service[90921]: DEBUG neutron.api.extensions [None req-35c32b2d-ba30-48b1-99aa-0283f6be551d None None] Loading extension file: portbindings.py {{(pid=90921) _load_all_extensions_from_path /opt/stack/neutron/neutron/api/extensions.py:449}}
Aug 04 08:02:21.693680 np0000006395 devstack@neutron-api.service[90921]: DEBUG neutron.api.extensions [None req-35c32b2d-ba30-48b1-99aa-0283f6be551d None None] Ext name="Port Binding" alias="binding" description="Expose port bindings of a virtual port to external application" updated="2014-02-03T10:00:00-00:00" {{(pid=90921) _check_extension /opt/stack/neutron/neutron/api/extensions.py:415}}
Aug 04 08:02:21.693820 np0000006395 devstack@neutron-api.service[90921]: INFO neutron.api.extensions [None req-35c32b2d-ba30-48b1-99aa-0283f6be551d None None] Loaded extension: binding
Aug 04 08:02:21.694033 np0000006395 devstack@neutron-api.service[90921]: DEBUG neutron.api.extensions [None req-35c32b2d-ba30-48b1-99aa-0283f6be551d None None] Loading extension file: portbindings_extended.py {{(pid=90921) _load_all_extensions_from_path /opt/stack/neutron/neutron/api/extensions.py:449}}
Aug 04 08:02:21.694355 np0000006395 devstack@neutron-api.service[90921]: DEBUG neutron.api.extensions [None req-35c32b2d-ba30-48b1-99aa-0283f6be551d None None] Ext name="Port Bindings Extended" alias="binding-extended" description="Expose port bindings of a virtual port to external application" updated="2017-07-17T10:00:00-00:00" {{(pid=90921) _check_extension /opt/stack/neutron/neutron/api/extensions.py:415}}
Aug 04 08:02:21.694794 np0000006395 devstack@neutron-api.service[90921]: INFO neutron.api.extensions [None req-35c32b2d-ba30-48b1-99aa-0283f6be551d None None] Loaded extension: binding-extended
Aug 04 08:02:21.694794 np0000006395 devstack@neutron-api.service[90921]: DEBUG neutron.api.extensions [None req-35c32b2d-ba30-48b1-99aa-0283f6be551d None None] Loading extension file: portsecurity.py {{(pid=90921) _load_all_extensions_from_path /opt/stack/neutron/neutron/api/extensions.py:449}}
Aug 04 08:02:21.695031 np0000006395 devstack@neutron-api.service[90921]: DEBUG neutron.api.extensions [None req-35c32b2d-ba30-48b1-99aa-0283f6be551d None None] Ext name="Port Security" alias="port-security" description="Provides port security" updated="2012-07-23T10:00:00-00:00" {{(pid=90921) _check_extension /opt/stack/neutron/neutron/api/extensions.py:415}}
Aug 04 08:02:21.695390 np0000006395 devstack@neutron-api.service[90921]: INFO neutron.api.extensions [None req-35c32b2d-ba30-48b1-99aa-0283f6be551d None None] Loaded extension: port-security
Aug 04 08:02:21.695390 np0000006395 devstack@neutron-api.service[90921]: DEBUG neutron.api.extensions [None req-35c32b2d-ba30-48b1-99aa-0283f6be551d None None] Loading extension file: project_id.py {{(pid=90921) _load_all_extensions_from_path /opt/stack/neutron/neutron/api/extensions.py:449}}
Aug 04 08:02:21.695862 np0000006395 devstack@neutron-api.service[90921]: DEBUG neutron.api.extensions [None req-35c32b2d-ba30-48b1-99aa-0283f6be551d None None] Ext name="project_id field enabled" alias="project-id" description="Extension that indicates that project_id field is enabled." updated="2016-09-09T09:09:09-09:09" {{(pid=90921) _check_extension /opt/stack/neutron/neutron/api/extensions.py:415}}
Aug 04 08:02:21.695862 np0000006395 devstack@neutron-api.service[90921]: INFO neutron.api.extensions [None req-35c32b2d-ba30-48b1-99aa-0283f6be551d None None] Loaded extension: project-id
Aug 04 08:02:21.695862 np0000006395 devstack@neutron-api.service[90921]: DEBUG neutron.api.extensions [None req-35c32b2d-ba30-48b1-99aa-0283f6be551d None None] Loading extension file: providernet.py {{(pid=90921) _load_all_extensions_from_path /opt/stack/neutron/neutron/api/extensions.py:449}}
Aug 04 08:02:21.696332 np0000006395 devstack@neutron-api.service[90921]: DEBUG neutron.api.extensions [None req-35c32b2d-ba30-48b1-99aa-0283f6be551d None None] Ext name="Provider Network" alias="provider" description="Expose mapping of virtual networks to physical networks" updated="2012-09-07T10:00:00-00:00" {{(pid=90921) _check_extension /opt/stack/neutron/neutron/api/extensions.py:415}}
Aug 04 08:02:21.696420 np0000006395 devstack@neutron-api.service[90921]: INFO neutron.api.extensions [None req-35c32b2d-ba30-48b1-99aa-0283f6be551d None None] Loaded extension: provider
Aug 04 08:02:21.696579 np0000006395 devstack@neutron-api.service[90921]: DEBUG neutron.api.extensions [None req-35c32b2d-ba30-48b1-99aa-0283f6be551d None None] Loading extension file: pvlan.py {{(pid=90921) _load_all_extensions_from_path /opt/stack/neutron/neutron/api/extensions.py:449}}
Aug 04 08:02:21.696987 np0000006395 devstack@neutron-api.service[90921]: DEBUG neutron.api.extensions [None req-35c32b2d-ba30-48b1-99aa-0283f6be551d None None] Ext name="Private VLAN" alias="pvlan" description="The Private VLAN semantics extension." updated="2026-02-03T10:00:00-00:00" {{(pid=90921) _check_extension /opt/stack/neutron/neutron/api/extensions.py:415}}
Aug 04 08:02:21.697047 np0000006395 devstack@neutron-api.service[90921]: INFO neutron.api.extensions [None req-35c32b2d-ba30-48b1-99aa-0283f6be551d None None] Extension pvlan not supported by any of loaded plugins
Aug 04 08:02:21.697207 np0000006395 devstack@neutron-api.service[90921]: DEBUG neutron.api.extensions [None req-35c32b2d-ba30-48b1-99aa-0283f6be551d None None] Loading extension file: qinq.py {{(pid=90921) _load_all_extensions_from_path /opt/stack/neutron/neutron/api/extensions.py:449}}
Aug 04 08:02:21.822571 np0000006395 devstack@neutron-api.service[90918]: INFO neutron.plugins.ml2.drivers.type_vlan [None req-78e915c6-253c-4082-8746-b1792edd384e None None] VlanTypeDriver initialization complete
Aug 04 08:02:21.823442 np0000006395 devstack@neutron-api.service[90918]: INFO neutron.plugins.ml2.managers [None req-78e915c6-253c-4082-8746-b1792edd384e None None] Initializing extension driver 'port_security'
Aug 04 08:02:21.823442 np0000006395 devstack@neutron-api.service[90918]: INFO neutron.plugins.ml2.extensions.port_security [None req-78e915c6-253c-4082-8746-b1792edd384e None None] PortSecurityExtensionDriver initialization complete
Aug 04 08:02:21.823442 np0000006395 devstack@neutron-api.service[90918]: INFO neutron.plugins.ml2.managers [None req-78e915c6-253c-4082-8746-b1792edd384e None None] Initializing extension driver 'qos'
Aug 04 08:02:21.823442 np0000006395 devstack@neutron-api.service[90918]: DEBUG neutron.plugins.ml2.extensions.qos [None req-78e915c6-253c-4082-8746-b1792edd384e None None] QosExtensionDriver initialization complete {{(pid=90918) initialize /opt/stack/neutron/neutron/plugins/ml2/extensions/qos.py:31}}
Aug 04 08:02:21.823442 np0000006395 devstack@neutron-api.service[90918]: INFO neutron.plugins.ml2.managers [None req-78e915c6-253c-4082-8746-b1792edd384e None None] Initializing mechanism driver 'ovn'
Aug 04 08:02:21.823731 np0000006395 devstack@neutron-api.service[90918]: INFO neutron.plugins.ml2.drivers.ovn.mech_driver.mech_driver [None req-78e915c6-253c-4082-8746-b1792edd384e None None] Starting OVNMechanismDriver
Aug 04 08:02:21.826385 np0000006395 devstack@neutron-api.service[90918]: DEBUG neutron_lib.callbacks.manager [None req-78e915c6-253c-4082-8746-b1792edd384e None None] Subscribe: > process before_spawn 55550000, False {{(pid=90918) subscribe /opt/stack/data/venv/lib/python3.12/site-packages/neutron_lib/callbacks/manager.py:52}}
Aug 04 08:02:21.826385 np0000006395 devstack@neutron-api.service[90918]: DEBUG neutron_lib.callbacks.manager [None req-78e915c6-253c-4082-8746-b1792edd384e None None] Subscribe: > process after_init 55550000, True {{(pid=90918) subscribe /opt/stack/data/venv/lib/python3.12/site-packages/neutron_lib/callbacks/manager.py:52}}
Aug 04 08:02:21.827309 np0000006395 devstack@neutron-api.service[90918]: DEBUG neutron_lib.callbacks.manager [None req-78e915c6-253c-4082-8746-b1792edd384e None None] Subscribe: > segment after_create 55550000, False {{(pid=90918) subscribe /opt/stack/data/venv/lib/python3.12/site-packages/neutron_lib/callbacks/manager.py:52}}
Aug 04 08:02:21.827309 np0000006395 devstack@neutron-api.service[90918]: DEBUG neutron_lib.callbacks.manager [None req-78e915c6-253c-4082-8746-b1792edd384e None None] Subscribe: > segment after_create 55550000, False {{(pid=90918) subscribe /opt/stack/data/venv/lib/python3.12/site-packages/neutron_lib/callbacks/manager.py:52}}
Aug 04 08:02:21.827309 np0000006395 devstack@neutron-api.service[90918]: DEBUG neutron_lib.callbacks.manager [None req-78e915c6-253c-4082-8746-b1792edd384e None None] Subscribe: > segment after_delete 55550000, False {{(pid=90918) subscribe /opt/stack/data/venv/lib/python3.12/site-packages/neutron_lib/callbacks/manager.py:52}}
Aug 04 08:02:21.828142 np0000006395 devstack@neutron-api.service[90920]: DEBUG neutron.api.extensions [None req-2cfc59c8-b361-464c-9a5d-562c949eb483 None None] Ext name="DHCP Agent Scheduler" alias="dhcp_agent_scheduler" description="Schedule networks among dhcp agents" updated="2013-02-07T10:00:00-00:00" {{(pid=90920) _check_extension /opt/stack/neutron/neutron/api/extensions.py:415}}
Aug 04 08:02:21.828532 np0000006395 devstack@neutron-api.service[90918]: DEBUG neutron_lib.callbacks.manager [None req-78e915c6-253c-4082-8746-b1792edd384e None None] Subscribe: > allowed_address_pair before_create 55550000, False {{(pid=90918) subscribe /opt/stack/data/venv/lib/python3.12/site-packages/neutron_lib/callbacks/manager.py:52}}
Aug 04 08:02:21.828532 np0000006395 devstack@neutron-api.service[90918]: DEBUG neutron_lib.callbacks.manager [None req-78e915c6-253c-4082-8746-b1792edd384e None None] Subscribe: > security_group precommit_create 55550000, False {{(pid=90918) subscribe /opt/stack/data/venv/lib/python3.12/site-packages/neutron_lib/callbacks/manager.py:52}}
Aug 04 08:02:21.828532 np0000006395 devstack@neutron-api.service[90918]: DEBUG neutron_lib.callbacks.manager [None req-78e915c6-253c-4082-8746-b1792edd384e None None] Subscribe: > security_group after_update 55550000, False {{(pid=90918) subscribe /opt/stack/data/venv/lib/python3.12/site-packages/neutron_lib/callbacks/manager.py:52}}
Aug 04 08:02:21.828961 np0000006395 devstack@neutron-api.service[90920]: INFO neutron.api.extensions [None req-2cfc59c8-b361-464c-9a5d-562c949eb483 None None] Loaded extension: dhcp_agent_scheduler
Aug 04 08:02:21.830245 np0000006395 devstack@neutron-api.service[90918]: DEBUG neutron_lib.callbacks.manager [None req-78e915c6-253c-4082-8746-b1792edd384e None None] Subscribe: > security_group after_create 55550000, False {{(pid=90918) subscribe /opt/stack/data/venv/lib/python3.12/site-packages/neutron_lib/callbacks/manager.py:52}}
Aug 04 08:02:21.830713 np0000006395 devstack@neutron-api.service[90920]: DEBUG neutron.api.extensions [None req-2cfc59c8-b361-464c-9a5d-562c949eb483 None None] Loading extension file: dns.py {{(pid=90920) _load_all_extensions_from_path /opt/stack/neutron/neutron/api/extensions.py:449}}
Aug 04 08:02:21.831075 np0000006395 devstack@neutron-api.service[90918]: DEBUG neutron_lib.callbacks.manager [None req-78e915c6-253c-4082-8746-b1792edd384e None None] Subscribe: > security_group precommit_delete 55550000, False {{(pid=90918) subscribe /opt/stack/data/venv/lib/python3.12/site-packages/neutron_lib/callbacks/manager.py:52}}
Aug 04 08:02:21.831075 np0000006395 devstack@neutron-api.service[90918]: DEBUG neutron_lib.callbacks.manager [None req-78e915c6-253c-4082-8746-b1792edd384e None None] Subscribe: > security_group after_delete 55550000, False {{(pid=90918) subscribe /opt/stack/data/venv/lib/python3.12/site-packages/neutron_lib/callbacks/manager.py:52}}
Aug 04 08:02:21.831309 np0000006395 devstack@neutron-api.service[90920]: DEBUG neutron.api.extensions [None req-2cfc59c8-b361-464c-9a5d-562c949eb483 None None] Ext name="DNS Integration" alias="dns-integration" description="Provides integration with DNS." updated="2015-08-15T18:00:00-00:00" {{(pid=90920) _check_extension /opt/stack/neutron/neutron/api/extensions.py:415}}
Aug 04 08:02:21.831461 np0000006395 devstack@neutron-api.service[90918]: DEBUG neutron_lib.callbacks.manager [None req-78e915c6-253c-4082-8746-b1792edd384e None None] Subscribe: > security_group_rule precommit_create 55550000, False {{(pid=90918) subscribe /opt/stack/data/venv/lib/python3.12/site-packages/neutron_lib/callbacks/manager.py:52}}
Aug 04 08:02:21.831618 np0000006395 devstack@neutron-api.service[90920]: INFO neutron.api.extensions [None req-2cfc59c8-b361-464c-9a5d-562c949eb483 None None] Loaded extension: dns-integration
Aug 04 08:02:21.831776 np0000006395 devstack@neutron-api.service[90918]: DEBUG neutron_lib.callbacks.manager [None req-78e915c6-253c-4082-8746-b1792edd384e None None] Subscribe: > security_group_rule after_create 55550000, False {{(pid=90918) subscribe /opt/stack/data/venv/lib/python3.12/site-packages/neutron_lib/callbacks/manager.py:52}}
Aug 04 08:02:21.831944 np0000006395 devstack@neutron-api.service[90920]: DEBUG neutron.api.extensions [None req-2cfc59c8-b361-464c-9a5d-562c949eb483 None None] Loading extension file: dns_domain_ports.py {{(pid=90920) _load_all_extensions_from_path /opt/stack/neutron/neutron/api/extensions.py:449}}
Aug 04 08:02:21.832139 np0000006395 devstack@neutron-api.service[90918]: DEBUG neutron_lib.callbacks.manager [None req-78e915c6-253c-4082-8746-b1792edd384e None None] Subscribe: > security_group_rule before_delete 55550000, False {{(pid=90918) subscribe /opt/stack/data/venv/lib/python3.12/site-packages/neutron_lib/callbacks/manager.py:52}}
Aug 04 08:02:21.832139 np0000006395 devstack@neutron-api.service[90918]: DEBUG neutron_lib.callbacks.manager [None req-78e915c6-253c-4082-8746-b1792edd384e None None] Subscribe: > address_group after_create 55550000, False {{(pid=90918) subscribe /opt/stack/data/venv/lib/python3.12/site-packages/neutron_lib/callbacks/manager.py:52}}
Aug 04 08:02:21.832328 np0000006395 devstack@neutron-api.service[90920]: DEBUG neutron.api.extensions [None req-2cfc59c8-b361-464c-9a5d-562c949eb483 None None] Ext name="dns_domain for ports" alias="dns-domain-ports" description="Allows the DNS domain to be specified for a network port." updated="2017-04-24T10:00:00-00:00" {{(pid=90920) _check_extension /opt/stack/neutron/neutron/api/extensions.py:415}}
Aug 04 08:02:21.832489 np0000006395 devstack@neutron-api.service[90918]: DEBUG neutron_lib.callbacks.manager [None req-78e915c6-253c-4082-8746-b1792edd384e None None] Subscribe: > address_group after_update 55550000, False {{(pid=90918) subscribe /opt/stack/data/venv/lib/python3.12/site-packages/neutron_lib/callbacks/manager.py:52}}
Aug 04 08:02:21.832489 np0000006395 devstack@neutron-api.service[90918]: DEBUG neutron_lib.callbacks.manager [None req-78e915c6-253c-4082-8746-b1792edd384e None None] Subscribe: > address_group after_delete 55550000, False {{(pid=90918) subscribe /opt/stack/data/venv/lib/python3.12/site-packages/neutron_lib/callbacks/manager.py:52}}
Aug 04 08:02:21.832791 np0000006395 devstack@neutron-api.service[90920]: INFO neutron.api.extensions [None req-2cfc59c8-b361-464c-9a5d-562c949eb483 None None] Loaded extension: dns-domain-ports
Aug 04 08:02:21.832791 np0000006395 devstack@neutron-api.service[90920]: DEBUG neutron.api.extensions [None req-2cfc59c8-b361-464c-9a5d-562c949eb483 None None] Loading extension file: dns_integration_domain_keywords.py {{(pid=90920) _load_all_extensions_from_path /opt/stack/neutron/neutron/api/extensions.py:449}}
Aug 04 08:02:21.833957 np0000006395 devstack@neutron-api.service[90918]: DEBUG neutron_lib.callbacks.manager [None req-78e915c6-253c-4082-8746-b1792edd384e None None] Subscribe: > qos_plugin after_init 55550000, False {{(pid=90918) subscribe /opt/stack/data/venv/lib/python3.12/site-packages/neutron_lib/callbacks/manager.py:52}}
Aug 04 08:02:21.833957 np0000006395 devstack@neutron-api.service[90918]: DEBUG neutron_lib.callbacks.manager [None req-78e915c6-253c-4082-8746-b1792edd384e None None] Subscribe: > trunk_plugin after_init 55550000, False {{(pid=90918) subscribe /opt/stack/data/venv/lib/python3.12/site-packages/neutron_lib/callbacks/manager.py:52}}
Aug 04 08:02:21.834354 np0000006395 devstack@neutron-api.service[90920]: DEBUG neutron.api.extensions [None req-2cfc59c8-b361-464c-9a5d-562c949eb483 None None] Ext name="DNS domain names with keywords allowed" alias="dns-integration-domain-keywords" description="Allows to use keywords like , , and as DNS domain name" updated="2020-06-15T18:00:00-00:00" {{(pid=90920) _check_extension /opt/stack/neutron/neutron/api/extensions.py:415}}
Aug 04 08:02:21.834727 np0000006395 devstack@neutron-api.service[90918]: DEBUG neutron_lib.callbacks.manager [None req-78e915c6-253c-4082-8746-b1792edd384e None None] Subscribe: > logging-plugin after_init 55550000, False {{(pid=90918) subscribe /opt/stack/data/venv/lib/python3.12/site-packages/neutron_lib/callbacks/manager.py:52}}
Aug 04 08:02:21.835020 np0000006395 devstack@neutron-api.service[90920]: INFO neutron.api.extensions [None req-2cfc59c8-b361-464c-9a5d-562c949eb483 None None] Loaded extension: dns-integration-domain-keywords
Aug 04 08:02:21.835020 np0000006395 devstack@neutron-api.service[90920]: DEBUG neutron.api.extensions [None req-2cfc59c8-b361-464c-9a5d-562c949eb483 None None] Loading extension file: dvr.py {{(pid=90920) _load_all_extensions_from_path /opt/stack/neutron/neutron/api/extensions.py:449}}
Aug 04 08:02:21.835020 np0000006395 devstack@neutron-api.service[90920]: DEBUG neutron.api.extensions [None req-2cfc59c8-b361-464c-9a5d-562c949eb483 None None] Ext name="Distributed Virtual Router" alias="dvr" description="Enables configuration of Distributed Virtual Routers." updated="2014-06-1T10:00:00-00:00" {{(pid=90920) _check_extension /opt/stack/neutron/neutron/api/extensions.py:415}}
Aug 04 08:02:21.835635 np0000006395 devstack@neutron-api.service[90918]: INFO neutron.services.logapi.drivers.ovn.driver [None req-78e915c6-253c-4082-8746-b1792edd384e None None] OVN logging driver registered
Aug 04 08:02:21.835635 np0000006395 devstack@neutron-api.service[90918]: DEBUG neutron_lib.callbacks.manager [None req-78e915c6-253c-4082-8746-b1792edd384e None None] Subscribe: ._register_pvlan_driver at 0x7f41ce1c9ee0> pvlan_plugin before_spawn 55550000, False {{(pid=90918) subscribe /opt/stack/data/venv/lib/python3.12/site-packages/neutron_lib/callbacks/manager.py:52}}
Aug 04 08:02:21.836301 np0000006395 devstack@neutron-api.service[90920]: INFO neutron.api.extensions [None req-2cfc59c8-b361-464c-9a5d-562c949eb483 None None] Extension dvr not supported by any of loaded plugins
Aug 04 08:02:21.836767 np0000006395 devstack@neutron-api.service[90918]: DEBUG neutron_lib.callbacks.manager [None req-78e915c6-253c-4082-8746-b1792edd384e None None] Subscribe: process after_init 55550000, False {{(pid=90918) subscribe /opt/stack/data/venv/lib/python3.12/site-packages/neutron_lib/callbacks/manager.py:52}}
Aug 04 08:02:21.837295 np0000006395 devstack@neutron-api.service[90920]: DEBUG neutron.api.extensions [None req-2cfc59c8-b361-464c-9a5d-562c949eb483 None None] Loading extension file: ecmp_routes.py {{(pid=90920) _load_all_extensions_from_path /opt/stack/neutron/neutron/api/extensions.py:449}}
Aug 04 08:02:21.837295 np0000006395 devstack@neutron-api.service[90920]: DEBUG neutron.api.extensions [None req-2cfc59c8-b361-464c-9a5d-562c949eb483 None None] Ext name="Equal Cost Multipath Routing" alias="ecmp_routes" description="Allows traffic to reach thesame destination via multiple different links " updated="2020-11-26T18:00:00-00:00" {{(pid=90920) _check_extension /opt/stack/neutron/neutron/api/extensions.py:415}}
Aug 04 08:02:21.837295 np0000006395 devstack@neutron-api.service[90920]: INFO neutron.api.extensions [None req-2cfc59c8-b361-464c-9a5d-562c949eb483 None None] Extension ecmp_routes not supported by any of loaded plugins
Aug 04 08:02:21.837295 np0000006395 devstack@neutron-api.service[90920]: DEBUG neutron.api.extensions [None req-2cfc59c8-b361-464c-9a5d-562c949eb483 None None] Loading extension file: empty_string_filtering.py {{(pid=90920) _load_all_extensions_from_path /opt/stack/neutron/neutron/api/extensions.py:449}}
Aug 04 08:02:21.837295 np0000006395 devstack@neutron-api.service[90920]: DEBUG neutron.api.extensions [None req-2cfc59c8-b361-464c-9a5d-562c949eb483 None None] Ext name="Empty String Filtering Extension" alias="empty-string-filtering" description="Allow filtering by attributes with empty string value" updated="2018-05-01T10:00:00-00:00" {{(pid=90920) _check_extension /opt/stack/neutron/neutron/api/extensions.py:415}}
Aug 04 08:02:21.837295 np0000006395 devstack@neutron-api.service[90920]: INFO neutron.api.extensions [None req-2cfc59c8-b361-464c-9a5d-562c949eb483 None None] Loaded extension: empty-string-filtering
Aug 04 08:02:21.837295 np0000006395 devstack@neutron-api.service[90920]: DEBUG neutron.api.extensions [None req-2cfc59c8-b361-464c-9a5d-562c949eb483 None None] Loading extension file: evpn.py {{(pid=90920) _load_all_extensions_from_path /opt/stack/neutron/neutron/api/extensions.py:449}}
Aug 04 08:02:21.838015 np0000006395 devstack@neutron-api.service[90920]: DEBUG neutron.api.extensions [None req-2cfc59c8-b361-464c-9a5d-562c949eb483 None None] Ext name="EVPN" alias="evpn" description="Router extension to support EVPN Type-5 route advertisement" updated="2026-04-28T00:00:00-00:00" {{(pid=90920) _check_extension /opt/stack/neutron/neutron/api/extensions.py:415}}
Aug 04 08:02:21.838211 np0000006395 devstack@neutron-api.service[90918]: DEBUG neutron.plugins.ml2.plugin [None req-78e915c6-253c-4082-8746-b1792edd384e None None] neutron.plugins.ml2.plugin.Ml2Plugin method _start_rpc_notifiers called with arguments () {} {{(pid=90918) wrapper /opt/stack/data/venv/lib/python3.12/site-packages/oslo_log/helpers.py:77}}
Aug 04 08:02:21.838343 np0000006395 devstack@neutron-api.service[90920]: INFO neutron.api.extensions [None req-2cfc59c8-b361-464c-9a5d-562c949eb483 None None] Extension evpn not supported by any of loaded plugins
Aug 04 08:02:21.838343 np0000006395 devstack@neutron-api.service[90920]: DEBUG neutron.api.extensions [None req-2cfc59c8-b361-464c-9a5d-562c949eb483 None None] Loading extension file: expose_l3_conntrack_helper.py {{(pid=90920) _load_all_extensions_from_path /opt/stack/neutron/neutron/api/extensions.py:449}}
Aug 04 08:02:21.838493 np0000006395 devstack@neutron-api.service[90918]: DEBUG neutron_lib.callbacks.manager [None req-78e915c6-253c-4082-8746-b1792edd384e None None] Subscribe: > port after_create 55550000, False {{(pid=90918) subscribe /opt/stack/data/venv/lib/python3.12/site-packages/neutron_lib/callbacks/manager.py:52}}
Aug 04 08:02:21.838634 np0000006395 devstack@neutron-api.service[90920]: DEBUG neutron.api.extensions [None req-2cfc59c8-b361-464c-9a5d-562c949eb483 None None] Ext name="Expose CT target rules for conntrack helper" alias="expose-l3-conntrack-helper" description="Expose allow adding CT target rules for conntrack helper" updated="2019-04-04T10:00:00-00:00" {{(pid=90920) _check_extension /opt/stack/neutron/neutron/api/extensions.py:415}}
Aug 04 08:02:21.838776 np0000006395 devstack@neutron-api.service[90918]: DEBUG neutron_lib.callbacks.manager [None req-78e915c6-253c-4082-8746-b1792edd384e None None] Subscribe: > port after_update 55550000, False {{(pid=90918) subscribe /opt/stack/data/venv/lib/python3.12/site-packages/neutron_lib/callbacks/manager.py:52}}
Aug 04 08:02:21.838776 np0000006395 devstack@neutron-api.service[90918]: DEBUG neutron_lib.callbacks.manager [None req-78e915c6-253c-4082-8746-b1792edd384e None None] Subscribe: > port after_delete 55550000, False {{(pid=90918) subscribe /opt/stack/data/venv/lib/python3.12/site-packages/neutron_lib/callbacks/manager.py:52}}
Aug 04 08:02:21.838967 np0000006395 devstack@neutron-api.service[90920]: INFO neutron.api.extensions [None req-2cfc59c8-b361-464c-9a5d-562c949eb483 None None] Extension expose-l3-conntrack-helper not supported by any of loaded plugins
Aug 04 08:02:21.838967 np0000006395 devstack@neutron-api.service[90920]: DEBUG neutron.api.extensions [None req-2cfc59c8-b361-464c-9a5d-562c949eb483 None None] Loading extension file: expose_port_forwarding_in_fip.py {{(pid=90920) _load_all_extensions_from_path /opt/stack/neutron/neutron/api/extensions.py:449}}
Aug 04 08:02:21.839176 np0000006395 devstack@neutron-api.service[90918]: DEBUG neutron_lib.callbacks.manager [None req-78e915c6-253c-4082-8746-b1792edd384e None None] Subscribe: > subnet after_create 55550000, False {{(pid=90918) subscribe /opt/stack/data/venv/lib/python3.12/site-packages/neutron_lib/callbacks/manager.py:52}}
Aug 04 08:02:21.839176 np0000006395 devstack@neutron-api.service[90918]: DEBUG neutron_lib.callbacks.manager [None req-78e915c6-253c-4082-8746-b1792edd384e None None] Subscribe: > subnet after_update 55550000, False {{(pid=90918) subscribe /opt/stack/data/venv/lib/python3.12/site-packages/neutron_lib/callbacks/manager.py:52}}
Aug 04 08:02:21.839338 np0000006395 devstack@neutron-api.service[90920]: DEBUG neutron.api.extensions [None req-2cfc59c8-b361-464c-9a5d-562c949eb483 None None] Ext name="Expose Floating IP port forwardings" alias="expose-port-forwarding-in-fip" description="Expose port forwarding fields in floating IP response" updated="2018-06-28T16:00:00-00:00" {{(pid=90920) _check_extension /opt/stack/neutron/neutron/api/extensions.py:415}}
Aug 04 08:02:21.839464 np0000006395 devstack@neutron-api.service[90918]: DEBUG neutron_lib.callbacks.manager [None req-78e915c6-253c-4082-8746-b1792edd384e None None] Subscribe: > subnet after_delete 55550000, False {{(pid=90918) subscribe /opt/stack/data/venv/lib/python3.12/site-packages/neutron_lib/callbacks/manager.py:52}}
Aug 04 08:02:21.839464 np0000006395 devstack@neutron-api.service[90918]: DEBUG neutron_lib.callbacks.manager [None req-78e915c6-253c-4082-8746-b1792edd384e None None] Subscribe: > network after_create 55550000, False {{(pid=90918) subscribe /opt/stack/data/venv/lib/python3.12/site-packages/neutron_lib/callbacks/manager.py:52}}
Aug 04 08:02:21.839633 np0000006395 devstack@neutron-api.service[90920]: INFO neutron.api.extensions [None req-2cfc59c8-b361-464c-9a5d-562c949eb483 None None] Extension expose-port-forwarding-in-fip not supported by any of loaded plugins
Aug 04 08:02:21.839863 np0000006395 devstack@neutron-api.service[90918]: DEBUG neutron_lib.callbacks.manager [None req-78e915c6-253c-4082-8746-b1792edd384e None None] Subscribe: > network after_update 55550000, False {{(pid=90918) subscribe /opt/stack/data/venv/lib/python3.12/site-packages/neutron_lib/callbacks/manager.py:52}}
Aug 04 08:02:21.840065 np0000006395 devstack@neutron-api.service[90920]: DEBUG neutron.api.extensions [None req-2cfc59c8-b361-464c-9a5d-562c949eb483 None None] Loading extension file: external_net.py {{(pid=90920) _load_all_extensions_from_path /opt/stack/neutron/neutron/api/extensions.py:449}}
Aug 04 08:02:21.840333 np0000006395 devstack@neutron-api.service[90918]: DEBUG neutron_lib.callbacks.manager [None req-78e915c6-253c-4082-8746-b1792edd384e None None] Subscribe: > network after_delete 55550000, False {{(pid=90918) subscribe /opt/stack/data/venv/lib/python3.12/site-packages/neutron_lib/callbacks/manager.py:52}}
Aug 04 08:02:21.840333 np0000006395 devstack@neutron-api.service[90918]: DEBUG neutron_lib.callbacks.manager [None req-78e915c6-253c-4082-8746-b1792edd384e None None] Subscribe: > security_group after_create 55550000, False {{(pid=90918) subscribe /opt/stack/data/venv/lib/python3.12/site-packages/neutron_lib/callbacks/manager.py:52}}
