Jul 14 05:18:28.217059 np0000005141 devstack@g-api.service[99700]: DEBUG glance_store.driver [-] Late loading location class glance_store._drivers.http.StoreLocation {{(pid=99700) get_store_location_class /opt/stack/data/venv/lib/python3.12/site-packages/glance_store/driver.py:134}}
Jul 14 05:18:28.217180 np0000005141 devstack@g-api.service[99700]: DEBUG glance_store.location [-] Registering scheme http with {'store': , 'location_class': , 'store_entry': 'http'} {{(pid=99700) register_scheme_map /opt/stack/data/venv/lib/python3.12/site-packages/glance_store/location.py:146}}
Jul 14 05:18:28.217307 np0000005141 devstack@g-api.service[99700]: DEBUG glance_store.location [-] Registering scheme https with {'store': , 'location_class': , 'store_entry': 'http'} {{(pid=99700) register_scheme_map /opt/stack/data/venv/lib/python3.12/site-packages/glance_store/location.py:146}}
Jul 14 05:18:28.217457 np0000005141 devstack@g-api.service[99700]: DEBUG glance_store.backend [-] Attempting to import store swift {{(pid=99700) _load_store /opt/stack/data/venv/lib/python3.12/site-packages/glance_store/backend.py:215}}
Jul 14 05:18:28.218626 np0000005141 devstack@g-api.service[99700]: DEBUG glance_store.capabilities [-] Store glance_store._drivers.swift.store.SingleTenantStore doesn't support updating dynamic storage capabilities. Please overwrite 'update_capabilities' method of the store to implement updating logics if needed. {{(pid=99700) update_capabilities /opt/stack/data/venv/lib/python3.12/site-packages/glance_store/capabilities.py:91}}
Jul 14 05:18:28.218689 np0000005141 devstack@g-api.service[99700]: DEBUG glance_store.driver [-] Late loading location class glance_store._drivers.swift.store.StoreLocation {{(pid=99700) get_store_location_class /opt/stack/data/venv/lib/python3.12/site-packages/glance_store/driver.py:134}}
Jul 14 05:18:28.218758 np0000005141 devstack@g-api.service[99700]: DEBUG glance_store.location [-] Registering scheme swift+https with {'store': , 'location_class': , 'store_entry': 'swift'} {{(pid=99700) register_scheme_map /opt/stack/data/venv/lib/python3.12/site-packages/glance_store/location.py:146}}
Jul 14 05:18:28.218817 np0000005141 devstack@g-api.service[99700]: DEBUG glance_store.location [-] Registering scheme swift+https with {'store': , 'location_class': , 'store_entry': 'swift'} {{(pid=99700) register_scheme_map /opt/stack/data/venv/lib/python3.12/site-packages/glance_store/location.py:146}}
Jul 14 05:18:28.218907 np0000005141 devstack@g-api.service[99700]: DEBUG glance_store.location [-] Registering scheme swift with {'store': , 'location_class': , 'store_entry': 'swift'} {{(pid=99700) register_scheme_map /opt/stack/data/venv/lib/python3.12/site-packages/glance_store/location.py:146}}
Jul 14 05:18:28.218965 np0000005141 devstack@g-api.service[99700]: DEBUG glance_store.location [-] Registering scheme swift+https with {'store': , 'location_class': , 'store_entry': 'swift'} {{(pid=99700) register_scheme_map /opt/stack/data/venv/lib/python3.12/site-packages/glance_store/location.py:146}}
Jul 14 05:18:28.219007 np0000005141 devstack@g-api.service[99700]: DEBUG glance_store.location [-] Registering scheme swift with {'store': , 'location_class': , 'store_entry': 'swift'} {{(pid=99700) register_scheme_map /opt/stack/data/venv/lib/python3.12/site-packages/glance_store/location.py:146}}
Jul 14 05:18:28.219044 np0000005141 devstack@g-api.service[99700]: DEBUG glance_store.location [-] Registering scheme swift+http with {'store': , 'location_class': , 'store_entry': 'swift'} {{(pid=99700) register_scheme_map /opt/stack/data/venv/lib/python3.12/site-packages/glance_store/location.py:146}}
Jul 14 05:18:28.219087 np0000005141 devstack@g-api.service[99700]: DEBUG glance_store.location [-] Registering scheme swift+https with {'store': , 'location_class': , 'store_entry': 'swift'} {{(pid=99700) register_scheme_map /opt/stack/data/venv/lib/python3.12/site-packages/glance_store/location.py:146}}
Jul 14 05:18:28.219112 np0000005141 devstack@g-api.service[99700]: DEBUG glance_store.location [-] Registering scheme swift with {'store': , 'location_class': , 'store_entry': 'swift'} {{(pid=99700) register_scheme_map /opt/stack/data/venv/lib/python3.12/site-packages/glance_store/location.py:146}}
Jul 14 05:18:28.219161 np0000005141 devstack@g-api.service[99700]: DEBUG glance_store.location [-] Registering scheme swift+http with {'store': , 'location_class': , 'store_entry': 'swift'} {{(pid=99700) register_scheme_map /opt/stack/data/venv/lib/python3.12/site-packages/glance_store/location.py:146}}
Jul 14 05:18:28.219211 np0000005141 devstack@g-api.service[99700]: DEBUG glance_store.location [-] Registering scheme swift+config with {'store': , 'location_class': , 'store_entry': 'swift'} {{(pid=99700) register_scheme_map /opt/stack/data/venv/lib/python3.12/site-packages/glance_store/location.py:146}}
Jul 14 05:18:28.219486 np0000005141 devstack@g-api.service[99700]: DEBUG glance.sqlite_migration [-] SQLite caching database not located, skipping migration {{(pid=99700) get_db_path /opt/stack/glance/glance/sqlite_migration.py:68}}
Jul 14 05:18:28.219707 np0000005141 devstack@g-api.service[99700]: WARNING glance.common.wsgi_app [-] Import methods are enabled but staging directory /tmp/staging/ does not exist; Imports will fail!
Jul 14 05:18:28.317624 np0000005141 devstack@g-api.service[99702]: DEBUG glance.common.config [None req-9570c74f-867f-4167-8908-210b1aa901c7 None None] Loading glance-api-keystone+cachemanagement from /etc/glance/glance-api-paste.ini {{(pid=99702) load_paste_app /opt/stack/glance/glance/common/config.py:765}}
Jul 14 05:18:28.333431 np0000005141 devstack@g-api.service[99701]: DEBUG glance.common.config [None req-e8ae2acf-e400-4794-88ab-69ef4ba4f7b6 None None] Loading glance-api-keystone+cachemanagement from /etc/glance/glance-api-paste.ini {{(pid=99701) load_paste_app /opt/stack/glance/glance/common/config.py:765}}
Jul 14 05:18:28.367525 np0000005141 devstack@g-api.service[99700]: DEBUG glance.common.config [None req-63e6fba3-367b-45d7-adf0-a7f34c240dcd None None] Loading glance-api-keystone+cachemanagement from /etc/glance/glance-api-paste.ini {{(pid=99700) load_paste_app /opt/stack/glance/glance/common/config.py:765}}
Jul 14 05:18:28.938232 np0000005141 devstack@g-api.service[99701]: INFO glance.image_cache [None req-e8ae2acf-e400-4794-88ab-69ef4ba4f7b6 None None] Image cache loaded driver 'centralized_db'.
Jul 14 05:18:28.940127 np0000005141 devstack@g-api.service[99702]: INFO glance.image_cache [None req-9570c74f-867f-4167-8908-210b1aa901c7 None None] Image cache loaded driver 'centralized_db'.
Jul 14 05:18:28.944189 np0000005141 devstack@g-api.service[99700]: INFO glance.image_cache [None req-63e6fba3-367b-45d7-adf0-a7f34c240dcd None None] Image cache loaded driver 'centralized_db'.
Jul 14 05:18:28.989881 np0000005141 devstack@g-api.service[99701]: INFO dbcounter [None req-e8ae2acf-e400-4794-88ab-69ef4ba4f7b6 None None] Registered counter for database glance
Jul 14 05:18:28.990826 np0000005141 devstack@g-api.service[99702]: INFO dbcounter [None req-9570c74f-867f-4167-8908-210b1aa901c7 None None] Registered counter for database glance
Jul 14 05:18:28.996938 np0000005141 devstack@g-api.service[99700]: INFO dbcounter [None req-63e6fba3-367b-45d7-adf0-a7f34c240dcd None None] Registered counter for database glance
Jul 14 05:18:29.031824 np0000005141 devstack@g-api.service[99702]: DEBUG oslo_db.sqlalchemy.engines [None req-9570c74f-867f-4167-8908-210b1aa901c7 None None] MySQL server mode set to STRICT_TRANS_TABLES,STRICT_ALL_TABLES,NO_ZERO_IN_DATE,NO_ZERO_DATE,ERROR_FOR_DIVISION_BY_ZERO,TRADITIONAL,NO_ENGINE_SUBSTITUTION {{(pid=99702) _check_effective_sql_mode /opt/stack/data/venv/lib/python3.12/site-packages/oslo_db/sqlalchemy/engines.py:325}}
Jul 14 05:18:29.033192 np0000005141 devstack@g-api.service[99701]: DEBUG oslo_db.sqlalchemy.engines [None req-e8ae2acf-e400-4794-88ab-69ef4ba4f7b6 None None] MySQL server mode set to STRICT_TRANS_TABLES,STRICT_ALL_TABLES,NO_ZERO_IN_DATE,NO_ZERO_DATE,ERROR_FOR_DIVISION_BY_ZERO,TRADITIONAL,NO_ENGINE_SUBSTITUTION {{(pid=99701) _check_effective_sql_mode /opt/stack/data/venv/lib/python3.12/site-packages/oslo_db/sqlalchemy/engines.py:325}}
Jul 14 05:18:29.036296 np0000005141 devstack@g-api.service[99700]: DEBUG oslo_db.sqlalchemy.engines [None req-63e6fba3-367b-45d7-adf0-a7f34c240dcd None None] MySQL server mode set to STRICT_TRANS_TABLES,STRICT_ALL_TABLES,NO_ZERO_IN_DATE,NO_ZERO_DATE,ERROR_FOR_DIVISION_BY_ZERO,TRADITIONAL,NO_ENGINE_SUBSTITUTION {{(pid=99700) _check_effective_sql_mode /opt/stack/data/venv/lib/python3.12/site-packages/oslo_db/sqlalchemy/engines.py:325}}
Jul 14 05:18:29.054518 np0000005141 devstack@g-api.service[99702]: DEBUG dbcounter [-] [99702] Writer thread running {{(pid=99702) stat_writer /opt/stack/data/venv/lib/python3.12/site-packages/dbcounter.py:102}}
Jul 14 05:18:29.055226 np0000005141 devstack@g-api.service[99701]: DEBUG dbcounter [-] [99701] Writer thread running {{(pid=99701) stat_writer /opt/stack/data/venv/lib/python3.12/site-packages/dbcounter.py:102}}
Jul 14 05:18:29.057296 np0000005141 devstack@g-api.service[99700]: DEBUG dbcounter [-] [99700] Writer thread running {{(pid=99700) stat_writer /opt/stack/data/venv/lib/python3.12/site-packages/dbcounter.py:102}}
Jul 14 05:18:29.060824 np0000005141 devstack@g-api.service[99700]: DEBUG glance.image_cache.drivers.centralized_db [None req-63e6fba3-367b-45d7-adf0-a7f34c240dcd None None] Node reference is already recorded, ignoring it {{(pid=99700) configure /opt/stack/glance/glance/image_cache/drivers/centralized_db.py:71}}
Jul 14 05:18:29.060987 np0000005141 devstack@g-api.service[99701]: DEBUG glance.image_cache.drivers.centralized_db [None req-e8ae2acf-e400-4794-88ab-69ef4ba4f7b6 None None] Node reference is already recorded, ignoring it {{(pid=99701) configure /opt/stack/glance/glance/image_cache/drivers/centralized_db.py:71}}
Jul 14 05:18:29.068619 np0000005141 devstack@g-api.service[99700]: INFO glance.image_cache [None req-63e6fba3-367b-45d7-adf0-a7f34c240dcd None None] Image cache loaded driver 'centralized_db'.
Jul 14 05:18:29.160929 np0000005141 devstack@g-api.service[99701]: INFO glance.image_cache [None req-e8ae2acf-e400-4794-88ab-69ef4ba4f7b6 None None] Image cache loaded driver 'centralized_db'.
Jul 14 05:18:29.163800 np0000005141 devstack@g-api.service[99700]: DEBUG glance.image_cache.drivers.centralized_db [None req-63e6fba3-367b-45d7-adf0-a7f34c240dcd None None] Node reference is already recorded, ignoring it {{(pid=99700) configure /opt/stack/glance/glance/image_cache/drivers/centralized_db.py:71}}
Jul 14 05:18:29.167583 np0000005141 devstack@g-api.service[99702]: INFO glance.image_cache [None req-9570c74f-867f-4167-8908-210b1aa901c7 None None] Image cache loaded driver 'centralized_db'.
Jul 14 05:18:29.168804 np0000005141 devstack@g-api.service[99700]: DEBUG glance.api.v2.cached_images [None req-63e6fba3-367b-45d7-adf0-a7f34c240dcd None None] Started cache worker thread {{(pid=99700) __init__ /opt/stack/glance/glance/api/v2/cached_images.py:71}}
Jul 14 05:18:29.169482 np0000005141 devstack@g-api.service[99700]: INFO glance.image_cache [None req-63e6fba3-367b-45d7-adf0-a7f34c240dcd None None] Image cache loaded driver 'centralized_db'.
Jul 14 05:18:29.170705 np0000005141 devstack@g-api.service[99701]: DEBUG glance.image_cache.drivers.centralized_db [None req-e8ae2acf-e400-4794-88ab-69ef4ba4f7b6 None None] Node reference is already recorded, ignoring it {{(pid=99701) configure /opt/stack/glance/glance/image_cache/drivers/centralized_db.py:71}}
Jul 14 05:18:29.176059 np0000005141 devstack@g-api.service[99702]: DEBUG glance.image_cache.drivers.centralized_db [None req-9570c74f-867f-4167-8908-210b1aa901c7 None None] Node reference is already recorded, ignoring it {{(pid=99702) configure /opt/stack/glance/glance/image_cache/drivers/centralized_db.py:71}}
Jul 14 05:18:29.176335 np0000005141 devstack@g-api.service[99700]: DEBUG glance.image_cache.drivers.centralized_db [None req-63e6fba3-367b-45d7-adf0-a7f34c240dcd None None] Node reference is already recorded, ignoring it {{(pid=99700) configure /opt/stack/glance/glance/image_cache/drivers/centralized_db.py:71}}
Jul 14 05:18:29.177784 np0000005141 devstack@g-api.service[99701]: DEBUG glance.api.v2.cached_images [None req-e8ae2acf-e400-4794-88ab-69ef4ba4f7b6 None None] Started cache worker thread {{(pid=99701) __init__ /opt/stack/glance/glance/api/v2/cached_images.py:71}}
Jul 14 05:18:29.178493 np0000005141 devstack@g-api.service[99701]: INFO glance.image_cache [None req-e8ae2acf-e400-4794-88ab-69ef4ba4f7b6 None None] Image cache loaded driver 'centralized_db'.
Jul 14 05:18:29.180618 np0000005141 devstack@g-api.service[99702]: DEBUG glance.api.v2.cached_images [None req-9570c74f-867f-4167-8908-210b1aa901c7 None None] Started cache worker thread {{(pid=99702) __init__ /opt/stack/glance/glance/api/v2/cached_images.py:71}}
Jul 14 05:18:29.181362 np0000005141 devstack@g-api.service[99700]: INFO glance.api.middleware.cache_manage [None req-63e6fba3-367b-45d7-adf0-a7f34c240dcd None None] Initialized image cache management middleware
Jul 14 05:18:29.181362 np0000005141 devstack@g-api.service[99700]: INFO glance.image_cache [None req-63e6fba3-367b-45d7-adf0-a7f34c240dcd None None] Image cache loaded driver 'centralized_db'.
Jul 14 05:18:29.181460 np0000005141 devstack@g-api.service[99702]: INFO glance.image_cache [None req-9570c74f-867f-4167-8908-210b1aa901c7 None None] Image cache loaded driver 'centralized_db'.
Jul 14 05:18:29.186685 np0000005141 devstack@g-api.service[99701]: DEBUG glance.image_cache.drivers.centralized_db [None req-e8ae2acf-e400-4794-88ab-69ef4ba4f7b6 None None] Node reference is already recorded, ignoring it {{(pid=99701) configure /opt/stack/glance/glance/image_cache/drivers/centralized_db.py:71}}
Jul 14 05:18:29.186749 np0000005141 devstack@g-api.service[99700]: DEBUG glance.image_cache.drivers.centralized_db [None req-63e6fba3-367b-45d7-adf0-a7f34c240dcd None None] Node reference is already recorded, ignoring it {{(pid=99700) configure /opt/stack/glance/glance/image_cache/drivers/centralized_db.py:71}}
Jul 14 05:18:29.187281 np0000005141 devstack@g-api.service[99702]: DEBUG glance.image_cache.drivers.centralized_db [None req-9570c74f-867f-4167-8908-210b1aa901c7 None None] Node reference is already recorded, ignoring it {{(pid=99702) configure /opt/stack/glance/glance/image_cache/drivers/centralized_db.py:71}}
Jul 14 05:18:29.190109 np0000005141 devstack@g-api.service[99700]: INFO glance.api.middleware.cache [None req-63e6fba3-367b-45d7-adf0-a7f34c240dcd None None] Initialized image cache middleware
Jul 14 05:18:29.191274 np0000005141 devstack@g-api.service[99701]: INFO glance.api.middleware.cache_manage [None req-e8ae2acf-e400-4794-88ab-69ef4ba4f7b6 None None] Initialized image cache management middleware
Jul 14 05:18:29.191385 np0000005141 devstack@g-api.service[99702]: INFO glance.api.middleware.cache_manage [None req-9570c74f-867f-4167-8908-210b1aa901c7 None None] Initialized image cache management middleware
Jul 14 05:18:29.191450 np0000005141 devstack@g-api.service[99701]: INFO glance.image_cache [None req-e8ae2acf-e400-4794-88ab-69ef4ba4f7b6 None None] Image cache loaded driver 'centralized_db'.
Jul 14 05:18:29.191497 np0000005141 devstack@g-api.service[99702]: INFO glance.image_cache [None req-9570c74f-867f-4167-8908-210b1aa901c7 None None] Image cache loaded driver 'centralized_db'.
Jul 14 05:18:29.197489 np0000005141 devstack@g-api.service[99702]: DEBUG glance.image_cache.drivers.centralized_db [None req-9570c74f-867f-4167-8908-210b1aa901c7 None None] Node reference is already recorded, ignoring it {{(pid=99702) configure /opt/stack/glance/glance/image_cache/drivers/centralized_db.py:71}}
Jul 14 05:18:29.197685 np0000005141 devstack@g-api.service[99701]: DEBUG glance.image_cache.drivers.centralized_db [None req-e8ae2acf-e400-4794-88ab-69ef4ba4f7b6 None None] Node reference is already recorded, ignoring it {{(pid=99701) configure /opt/stack/glance/glance/image_cache/drivers/centralized_db.py:71}}
Jul 14 05:18:29.201052 np0000005141 devstack@g-api.service[99700]: DEBUG glance.common.config [None req-63e6fba3-367b-45d7-adf0-a7f34c240dcd None None] ******************************************************************************** {{(pid=99700) log_opt_values /opt/stack/data/venv/lib/python3.12/site-packages/oslo_config/cfg.py:3226}}
Jul 14 05:18:29.201135 np0000005141 devstack@g-api.service[99700]: DEBUG glance.common.config [None req-63e6fba3-367b-45d7-adf0-a7f34c240dcd None None] Configuration options gathered from: {{(pid=99700) log_opt_values /opt/stack/data/venv/lib/python3.12/site-packages/oslo_config/cfg.py:3227}}
Jul 14 05:18:29.201404 np0000005141 devstack@g-api.service[99700]: DEBUG glance.common.config [None req-63e6fba3-367b-45d7-adf0-a7f34c240dcd None None] command line args: [] {{(pid=99700) log_opt_values /opt/stack/data/venv/lib/python3.12/site-packages/oslo_config/cfg.py:3228}}
Jul 14 05:18:29.201517 np0000005141 devstack@g-api.service[99700]: DEBUG glance.common.config [None req-63e6fba3-367b-45d7-adf0-a7f34c240dcd None None] config files: ['/etc/glance/glance-image-import.conf', '/etc/glance/glance-api.conf'] {{(pid=99700) log_opt_values /opt/stack/data/venv/lib/python3.12/site-packages/oslo_config/cfg.py:3229}}
Jul 14 05:18:29.201580 np0000005141 devstack@g-api.service[99700]: DEBUG glance.common.config [None req-63e6fba3-367b-45d7-adf0-a7f34c240dcd None None] ================================================================================ {{(pid=99700) log_opt_values /opt/stack/data/venv/lib/python3.12/site-packages/oslo_config/cfg.py:3234}}
Jul 14 05:18:29.201719 np0000005141 devstack@g-api.service[99700]: DEBUG glance.common.config [None req-63e6fba3-367b-45d7-adf0-a7f34c240dcd None None] allow_anonymous_access = False {{(pid=99700) log_opt_values /opt/stack/data/venv/lib/python3.12/site-packages/oslo_config/cfg.py:3242}}
Jul 14 05:18:29.201788 np0000005141 devstack@g-api.service[99702]: INFO glance.api.middleware.cache [None req-9570c74f-867f-4167-8908-210b1aa901c7 None None] Initialized image cache middleware
Jul 14 05:18:29.201834 np0000005141 devstack@g-api.service[99700]: DEBUG glance.common.config [None req-63e6fba3-367b-45d7-adf0-a7f34c240dcd None None] api_limit_max = 1000 {{(pid=99700) log_opt_values /opt/stack/data/venv/lib/python3.12/site-packages/oslo_config/cfg.py:3242}}
Jul 14 05:18:29.201921 np0000005141 devstack@g-api.service[99700]: DEBUG glance.common.config [None req-63e6fba3-367b-45d7-adf0-a7f34c240dcd None None] config_dir = [] {{(pid=99700) log_opt_values /opt/stack/data/venv/lib/python3.12/site-packages/oslo_config/cfg.py:3242}}
Jul 14 05:18:29.202001 np0000005141 devstack@g-api.service[99700]: DEBUG glance.common.config [None req-63e6fba3-367b-45d7-adf0-a7f34c240dcd None None] config_file = ['/etc/glance/glance-image-import.conf', '/etc/glance/glance-api.conf'] {{(pid=99700) log_opt_values /opt/stack/data/venv/lib/python3.12/site-packages/oslo_config/cfg.py:3242}}
Jul 14 05:18:29.202092 np0000005141 devstack@g-api.service[99700]: DEBUG glance.common.config [None req-63e6fba3-367b-45d7-adf0-a7f34c240dcd None None] config_source = [] {{(pid=99700) log_opt_values /opt/stack/data/venv/lib/python3.12/site-packages/oslo_config/cfg.py:3242}}
Jul 14 05:18:29.202193 np0000005141 devstack@g-api.service[99700]: DEBUG glance.common.config [None req-63e6fba3-367b-45d7-adf0-a7f34c240dcd None None] control_exchange = glance {{(pid=99700) log_opt_values /opt/stack/data/venv/lib/python3.12/site-packages/oslo_config/cfg.py:3242}}
Jul 14 05:18:29.202266 np0000005141 devstack@g-api.service[99700]: DEBUG glance.common.config [None req-63e6fba3-367b-45d7-adf0-a7f34c240dcd None None] debug = True {{(pid=99700) log_opt_values /opt/stack/data/venv/lib/python3.12/site-packages/oslo_config/cfg.py:3242}}
Jul 14 05:18:29.202426 np0000005141 devstack@g-api.service[99700]: DEBUG glance.common.config [None req-63e6fba3-367b-45d7-adf0-a7f34c240dcd None None] default_log_levels = ['amqp=WARN', 'boto=WARN', 'sqlalchemy=WARN', 'suds=INFO', 'oslo.messaging=INFO', 'oslo_messaging=INFO', 'iso8601=WARN', 'requests.packages.urllib3.connectionpool=WARN', 'urllib3.connectionpool=WARN', 'websocket=WARN', 'requests.packages.urllib3.util.retry=WARN', 'urllib3.util.retry=WARN', 'keystonemiddleware=WARN', 'routes.middleware=WARN', 'stevedore=WARN', 'taskflow=WARN', 'keystoneauth=WARN', 'oslo.cache=INFO', 'oslo_policy=INFO', 'dogpile.core.dogpile=INFO'] {{(pid=99700) log_opt_values /opt/stack/data/venv/lib/python3.12/site-packages/oslo_config/cfg.py:3242}}
Jul 14 05:18:29.202510 np0000005141 devstack@g-api.service[99700]: DEBUG glance.common.config [None req-63e6fba3-367b-45d7-adf0-a7f34c240dcd None None] default_publisher_id = image.localhost {{(pid=99700) log_opt_values /opt/stack/data/venv/lib/python3.12/site-packages/oslo_config/cfg.py:3242}}
Jul 14 05:18:29.202601 np0000005141 devstack@g-api.service[99700]: DEBUG glance.common.config [None req-63e6fba3-367b-45d7-adf0-a7f34c240dcd None None] delayed_delete = False {{(pid=99700) log_opt_values /opt/stack/data/venv/lib/python3.12/site-packages/oslo_config/cfg.py:3242}}
Jul 14 05:18:29.202701 np0000005141 devstack@g-api.service[99700]: DEBUG glance.common.config [None req-63e6fba3-367b-45d7-adf0-a7f34c240dcd None None] digest_algorithm = sha256 {{(pid=99700) log_opt_values /opt/stack/data/venv/lib/python3.12/site-packages/oslo_config/cfg.py:3242}}
Jul 14 05:18:29.202791 np0000005141 devstack@g-api.service[99700]: DEBUG glance.common.config [None req-63e6fba3-367b-45d7-adf0-a7f34c240dcd None None] disabled_notifications = [] {{(pid=99700) log_opt_values /opt/stack/data/venv/lib/python3.12/site-packages/oslo_config/cfg.py:3242}}
Jul 14 05:18:29.202898 np0000005141 devstack@g-api.service[99700]: DEBUG glance.common.config [None req-63e6fba3-367b-45d7-adf0-a7f34c240dcd None None] do_secure_hash = True {{(pid=99700) log_opt_values /opt/stack/data/venv/lib/python3.12/site-packages/oslo_config/cfg.py:3242}}
Jul 14 05:18:29.202988 np0000005141 devstack@g-api.service[99700]: DEBUG glance.common.config [None req-63e6fba3-367b-45d7-adf0-a7f34c240dcd None None] enabled_backends = None {{(pid=99700) log_opt_values /opt/stack/data/venv/lib/python3.12/site-packages/oslo_config/cfg.py:3242}}
Jul 14 05:18:29.203096 np0000005141 devstack@g-api.service[99700]: DEBUG glance.common.config [None req-63e6fba3-367b-45d7-adf0-a7f34c240dcd None None] enabled_import_methods = ['glance-direct', 'web-download', 'copy-image'] {{(pid=99700) log_opt_values /opt/stack/data/venv/lib/python3.12/site-packages/oslo_config/cfg.py:3242}}
Jul 14 05:18:29.203182 np0000005141 devstack@g-api.service[99700]: DEBUG glance.common.config [None req-63e6fba3-367b-45d7-adf0-a7f34c240dcd None None] fatal_deprecations = False {{(pid=99700) log_opt_values /opt/stack/data/venv/lib/python3.12/site-packages/oslo_config/cfg.py:3242}}
Jul 14 05:18:29.203253 np0000005141 devstack@g-api.service[99701]: INFO glance.api.middleware.cache [None req-e8ae2acf-e400-4794-88ab-69ef4ba4f7b6 None None] Initialized image cache middleware
Jul 14 05:18:29.203299 np0000005141 devstack@g-api.service[99700]: DEBUG glance.common.config [None req-63e6fba3-367b-45d7-adf0-a7f34c240dcd None None] hashing_algorithm = sha512 {{(pid=99700) log_opt_values /opt/stack/data/venv/lib/python3.12/site-packages/oslo_config/cfg.py:3242}}
Jul 14 05:18:29.203366 np0000005141 devstack@g-api.service[99700]: DEBUG glance.common.config [None req-63e6fba3-367b-45d7-adf0-a7f34c240dcd None None] http_retries = 3 {{(pid=99700) log_opt_values /opt/stack/data/venv/lib/python3.12/site-packages/oslo_config/cfg.py:3242}}
Jul 14 05:18:29.203466 np0000005141 devstack@g-api.service[99700]: DEBUG glance.common.config [None req-63e6fba3-367b-45d7-adf0-a7f34c240dcd None None] image_cache_dir = /opt/stack/data/glance/cache/ {{(pid=99700) log_opt_values /opt/stack/data/venv/lib/python3.12/site-packages/oslo_config/cfg.py:3242}}
Jul 14 05:18:29.203559 np0000005141 devstack@g-api.service[99700]: DEBUG glance.common.config [None req-63e6fba3-367b-45d7-adf0-a7f34c240dcd None None] image_cache_driver = centralized_db {{(pid=99700) log_opt_values /opt/stack/data/venv/lib/python3.12/site-packages/oslo_config/cfg.py:3242}}
Jul 14 05:18:29.203645 np0000005141 devstack@g-api.service[99700]: DEBUG glance.common.config [None req-63e6fba3-367b-45d7-adf0-a7f34c240dcd None None] image_cache_max_size = 10737418240 {{(pid=99700) log_opt_values /opt/stack/data/venv/lib/python3.12/site-packages/oslo_config/cfg.py:3242}}
Jul 14 05:18:29.203753 np0000005141 devstack@g-api.service[99700]: DEBUG glance.common.config [None req-63e6fba3-367b-45d7-adf0-a7f34c240dcd None None] image_cache_sqlite_db = cache.db {{(pid=99700) log_opt_values /opt/stack/data/venv/lib/python3.12/site-packages/oslo_config/cfg.py:3242}}
Jul 14 05:18:29.203837 np0000005141 devstack@g-api.service[99700]: DEBUG glance.common.config [None req-63e6fba3-367b-45d7-adf0-a7f34c240dcd None None] image_cache_stall_time = 86400 {{(pid=99700) log_opt_values /opt/stack/data/venv/lib/python3.12/site-packages/oslo_config/cfg.py:3242}}
Jul 14 05:18:29.203942 np0000005141 devstack@g-api.service[99700]: DEBUG glance.common.config [None req-63e6fba3-367b-45d7-adf0-a7f34c240dcd None None] image_location_quota = 10 {{(pid=99700) log_opt_values /opt/stack/data/venv/lib/python3.12/site-packages/oslo_config/cfg.py:3242}}
Jul 14 05:18:29.204027 np0000005141 devstack@g-api.service[99700]: DEBUG glance.common.config [None req-63e6fba3-367b-45d7-adf0-a7f34c240dcd None None] image_member_quota = 128 {{(pid=99700) log_opt_values /opt/stack/data/venv/lib/python3.12/site-packages/oslo_config/cfg.py:3242}}
Jul 14 05:18:29.204124 np0000005141 devstack@g-api.service[99700]: DEBUG glance.common.config [None req-63e6fba3-367b-45d7-adf0-a7f34c240dcd None None] image_property_quota = 128 {{(pid=99700) log_opt_values /opt/stack/data/venv/lib/python3.12/site-packages/oslo_config/cfg.py:3242}}
Jul 14 05:18:29.204198 np0000005141 devstack@g-api.service[99700]: DEBUG glance.common.config [None req-63e6fba3-367b-45d7-adf0-a7f34c240dcd None None] image_size_cap = 1099511627776 {{(pid=99700) log_opt_values /opt/stack/data/venv/lib/python3.12/site-packages/oslo_config/cfg.py:3242}}
Jul 14 05:18:29.204279 np0000005141 devstack@g-api.service[99700]: DEBUG glance.common.config [None req-63e6fba3-367b-45d7-adf0-a7f34c240dcd None None] image_tag_quota = 128 {{(pid=99700) log_opt_values /opt/stack/data/venv/lib/python3.12/site-packages/oslo_config/cfg.py:3242}}
Jul 14 05:18:29.204383 np0000005141 devstack@g-api.service[99700]: DEBUG glance.common.config [None req-63e6fba3-367b-45d7-adf0-a7f34c240dcd None None] instance_format = [instance: %(uuid)s] {{(pid=99700) log_opt_values /opt/stack/data/venv/lib/python3.12/site-packages/oslo_config/cfg.py:3242}}
Jul 14 05:18:29.204484 np0000005141 devstack@g-api.service[99700]: DEBUG glance.common.config [None req-63e6fba3-367b-45d7-adf0-a7f34c240dcd None None] instance_uuid_format = [instance: %(uuid)s] {{(pid=99700) log_opt_values /opt/stack/data/venv/lib/python3.12/site-packages/oslo_config/cfg.py:3242}}
Jul 14 05:18:29.204572 np0000005141 devstack@g-api.service[99700]: DEBUG glance.common.config [None req-63e6fba3-367b-45d7-adf0-a7f34c240dcd None None] limit_param_default = 25 {{(pid=99700) log_opt_values /opt/stack/data/venv/lib/python3.12/site-packages/oslo_config/cfg.py:3242}}
Jul 14 05:18:29.204673 np0000005141 devstack@g-api.service[99700]: DEBUG glance.common.config [None req-63e6fba3-367b-45d7-adf0-a7f34c240dcd None None] log_color = False {{(pid=99700) log_opt_values /opt/stack/data/venv/lib/python3.12/site-packages/oslo_config/cfg.py:3242}}
Jul 14 05:18:29.204764 np0000005141 devstack@g-api.service[99700]: DEBUG glance.common.config [None req-63e6fba3-367b-45d7-adf0-a7f34c240dcd None None] log_config_append = None {{(pid=99700) log_opt_values /opt/stack/data/venv/lib/python3.12/site-packages/oslo_config/cfg.py:3242}}
Jul 14 05:18:29.204865 np0000005141 devstack@g-api.service[99700]: DEBUG glance.common.config [None req-63e6fba3-367b-45d7-adf0-a7f34c240dcd None None] log_date_format = %Y-%m-%d %H:%M:%S {{(pid=99700) log_opt_values /opt/stack/data/venv/lib/python3.12/site-packages/oslo_config/cfg.py:3242}}
Jul 14 05:18:29.204961 np0000005141 devstack@g-api.service[99700]: DEBUG glance.common.config [None req-63e6fba3-367b-45d7-adf0-a7f34c240dcd None None] log_dir = None {{(pid=99700) log_opt_values /opt/stack/data/venv/lib/python3.12/site-packages/oslo_config/cfg.py:3242}}
Jul 14 05:18:29.205047 np0000005141 devstack@g-api.service[99700]: DEBUG glance.common.config [None req-63e6fba3-367b-45d7-adf0-a7f34c240dcd None None] log_file = None {{(pid=99700) log_opt_values /opt/stack/data/venv/lib/python3.12/site-packages/oslo_config/cfg.py:3242}}
Jul 14 05:18:29.205131 np0000005141 devstack@g-api.service[99700]: DEBUG glance.common.config [None req-63e6fba3-367b-45d7-adf0-a7f34c240dcd None None] log_rotate_interval = 1 {{(pid=99700) log_opt_values /opt/stack/data/venv/lib/python3.12/site-packages/oslo_config/cfg.py:3242}}
Jul 14 05:18:29.205225 np0000005141 devstack@g-api.service[99700]: DEBUG glance.common.config [None req-63e6fba3-367b-45d7-adf0-a7f34c240dcd None None] log_rotate_interval_type = days {{(pid=99700) log_opt_values /opt/stack/data/venv/lib/python3.12/site-packages/oslo_config/cfg.py:3242}}
Jul 14 05:18:29.205317 np0000005141 devstack@g-api.service[99700]: DEBUG glance.common.config [None req-63e6fba3-367b-45d7-adf0-a7f34c240dcd None None] log_rotation_type = none {{(pid=99700) log_opt_values /opt/stack/data/venv/lib/python3.12/site-packages/oslo_config/cfg.py:3242}}
Jul 14 05:18:29.205394 np0000005141 devstack@g-api.service[99700]: DEBUG glance.common.config [None req-63e6fba3-367b-45d7-adf0-a7f34c240dcd None None] logging_context_format_string = %(color)s%(levelname)s %(name)s [%(global_request_id)s %(request_id)s %(project_name)s %(user_name)s%(color)s] %(instance)s%(color)s%(message)s {{(pid=99700) log_opt_values /opt/stack/data/venv/lib/python3.12/site-packages/oslo_config/cfg.py:3242}}
Jul 14 05:18:29.205466 np0000005141 devstack@g-api.service[99700]: DEBUG glance.common.config [None req-63e6fba3-367b-45d7-adf0-a7f34c240dcd None None] logging_debug_format_suffix = {{(pid=%(process)d) %(funcName)s %(pathname)s:%(lineno)d}} {{(pid=99700) log_opt_values /opt/stack/data/venv/lib/python3.12/site-packages/oslo_config/cfg.py:3242}}
Jul 14 05:18:29.205564 np0000005141 devstack@g-api.service[99700]: DEBUG glance.common.config [None req-63e6fba3-367b-45d7-adf0-a7f34c240dcd None None] logging_default_format_string = %(color)s%(levelname)s %(name)s [-%(color)s] %(instance)s%(color)s%(message)s {{(pid=99700) log_opt_values /opt/stack/data/venv/lib/python3.12/site-packages/oslo_config/cfg.py:3242}}
Jul 14 05:18:29.205655 np0000005141 devstack@g-api.service[99700]: DEBUG glance.common.config [None req-63e6fba3-367b-45d7-adf0-a7f34c240dcd None None] logging_exception_prefix = ERROR %(name)s %(instance)s {{(pid=99700) log_opt_values /opt/stack/data/venv/lib/python3.12/site-packages/oslo_config/cfg.py:3242}}
Jul 14 05:18:29.205734 np0000005141 devstack@g-api.service[99700]: DEBUG glance.common.config [None req-63e6fba3-367b-45d7-adf0-a7f34c240dcd None None] logging_user_identity_format = %(user)s %(project)s %(domain)s %(system_scope)s %(user_domain)s %(project_domain)s {{(pid=99700) log_opt_values /opt/stack/data/venv/lib/python3.12/site-packages/oslo_config/cfg.py:3242}}
Jul 14 05:18:29.205824 np0000005141 devstack@g-api.service[99700]: DEBUG glance.common.config [None req-63e6fba3-367b-45d7-adf0-a7f34c240dcd None None] max_logfile_count = 30 {{(pid=99700) log_opt_values /opt/stack/data/venv/lib/python3.12/site-packages/oslo_config/cfg.py:3242}}
Jul 14 05:18:29.205929 np0000005141 devstack@g-api.service[99700]: DEBUG glance.common.config [None req-63e6fba3-367b-45d7-adf0-a7f34c240dcd None None] max_logfile_size_mb = 200 {{(pid=99700) log_opt_values /opt/stack/data/venv/lib/python3.12/site-packages/oslo_config/cfg.py:3242}}
Jul 14 05:18:29.206015 np0000005141 devstack@g-api.service[99700]: DEBUG glance.common.config [None req-63e6fba3-367b-45d7-adf0-a7f34c240dcd None None] max_request_id_length = 64 {{(pid=99700) log_opt_values /opt/stack/data/venv/lib/python3.12/site-packages/oslo_config/cfg.py:3242}}
Jul 14 05:18:29.206104 np0000005141 devstack@g-api.service[99700]: DEBUG glance.common.config [None req-63e6fba3-367b-45d7-adf0-a7f34c240dcd None None] metadata_encryption_key = **** {{(pid=99700) log_opt_values /opt/stack/data/venv/lib/python3.12/site-packages/oslo_config/cfg.py:3242}}
Jul 14 05:18:29.206190 np0000005141 devstack@g-api.service[99700]: DEBUG glance.common.config [None req-63e6fba3-367b-45d7-adf0-a7f34c240dcd None None] node_staging_uri = file:///tmp/staging/ {{(pid=99700) log_opt_values /opt/stack/data/venv/lib/python3.12/site-packages/oslo_config/cfg.py:3242}}
Jul 14 05:18:29.206273 np0000005141 devstack@g-api.service[99700]: DEBUG glance.common.config [None req-63e6fba3-367b-45d7-adf0-a7f34c240dcd None None] property_protection_file = None {{(pid=99700) log_opt_values /opt/stack/data/venv/lib/python3.12/site-packages/oslo_config/cfg.py:3242}}
Jul 14 05:18:29.206364 np0000005141 devstack@g-api.service[99700]: DEBUG glance.common.config [None req-63e6fba3-367b-45d7-adf0-a7f34c240dcd None None] property_protection_rule_format = roles {{(pid=99700) log_opt_values /opt/stack/data/venv/lib/python3.12/site-packages/oslo_config/cfg.py:3242}}
Jul 14 05:18:29.206470 np0000005141 devstack@g-api.service[99700]: DEBUG glance.common.config [None req-63e6fba3-367b-45d7-adf0-a7f34c240dcd None None] public_endpoint = https://10.4.3.218/image {{(pid=99700) log_opt_values /opt/stack/data/venv/lib/python3.12/site-packages/oslo_config/cfg.py:3242}}
Jul 14 05:18:29.206559 np0000005141 devstack@g-api.service[99700]: DEBUG glance.common.config [None req-63e6fba3-367b-45d7-adf0-a7f34c240dcd None None] publish_errors = False {{(pid=99700) log_opt_values /opt/stack/data/venv/lib/python3.12/site-packages/oslo_config/cfg.py:3242}}
Jul 14 05:18:29.206647 np0000005141 devstack@g-api.service[99700]: DEBUG glance.common.config [None req-63e6fba3-367b-45d7-adf0-a7f34c240dcd None None] pydev_worker_debug_host = None {{(pid=99700) log_opt_values /opt/stack/data/venv/lib/python3.12/site-packages/oslo_config/cfg.py:3242}}
Jul 14 05:18:29.206752 np0000005141 devstack@g-api.service[99700]: DEBUG glance.common.config [None req-63e6fba3-367b-45d7-adf0-a7f34c240dcd None None] pydev_worker_debug_port = 5678 {{(pid=99700) log_opt_values /opt/stack/data/venv/lib/python3.12/site-packages/oslo_config/cfg.py:3242}}
Jul 14 05:18:29.206901 np0000005141 devstack@g-api.service[99700]: DEBUG glance.common.config [None req-63e6fba3-367b-45d7-adf0-a7f34c240dcd None None] rate_limit_burst = 0 {{(pid=99700) log_opt_values /opt/stack/data/venv/lib/python3.12/site-packages/oslo_config/cfg.py:3242}}
Jul 14 05:18:29.207043 np0000005141 devstack@g-api.service[99700]: DEBUG glance.common.config [None req-63e6fba3-367b-45d7-adf0-a7f34c240dcd None None] rate_limit_except_level = CRITICAL {{(pid=99700) log_opt_values /opt/stack/data/venv/lib/python3.12/site-packages/oslo_config/cfg.py:3242}}
Jul 14 05:18:29.207193 np0000005141 devstack@g-api.service[99700]: DEBUG glance.common.config [None req-63e6fba3-367b-45d7-adf0-a7f34c240dcd None None] rate_limit_interval = 0 {{(pid=99700) log_opt_values /opt/stack/data/venv/lib/python3.12/site-packages/oslo_config/cfg.py:3242}}
Jul 14 05:18:29.207331 np0000005141 devstack@g-api.service[99700]: DEBUG glance.common.config [None req-63e6fba3-367b-45d7-adf0-a7f34c240dcd None None] scrub_pool_size = 1 {{(pid=99700) log_opt_values /opt/stack/data/venv/lib/python3.12/site-packages/oslo_config/cfg.py:3242}}
Jul 14 05:18:29.207465 np0000005141 devstack@g-api.service[99700]: DEBUG glance.common.config [None req-63e6fba3-367b-45d7-adf0-a7f34c240dcd None None] scrub_time = 0 {{(pid=99700) log_opt_values /opt/stack/data/venv/lib/python3.12/site-packages/oslo_config/cfg.py:3242}}
Jul 14 05:18:29.207554 np0000005141 devstack@g-api.service[99700]: DEBUG glance.common.config [None req-63e6fba3-367b-45d7-adf0-a7f34c240dcd None None] shell_completion = None {{(pid=99700) log_opt_values /opt/stack/data/venv/lib/python3.12/site-packages/oslo_config/cfg.py:3242}}
Jul 14 05:18:29.207690 np0000005141 devstack@g-api.service[99700]: DEBUG glance.common.config [None req-63e6fba3-367b-45d7-adf0-a7f34c240dcd None None] show_image_direct_url = False {{(pid=99700) log_opt_values /opt/stack/data/venv/lib/python3.12/site-packages/oslo_config/cfg.py:3242}}
Jul 14 05:18:29.208113 np0000005141 devstack@g-api.service[99700]: WARNING oslo_config.cfg [None req-63e6fba3-367b-45d7-adf0-a7f34c240dcd None None] Deprecated: Option "show_multiple_locations" from group "DEFAULT" is deprecated for removal (Use of this option, deprecated since Newton, is a security risk and will be removed once we figure out a way to satisfy those use cases that currently require it. An earlier announcement that the same functionality can be achieved with greater granularity by using policies is incorrect. You cannot work around this option via policy configuration at the present time, though that is the direction we believe the fix will take. Please keep an eye on the Glance release notes to stay up to date on progress in addressing this issue.). Its value may be silently ignored in the future.
Jul 14 05:18:29.208224 np0000005141 devstack@g-api.service[99700]: DEBUG glance.common.config [None req-63e6fba3-367b-45d7-adf0-a7f34c240dcd None None] show_multiple_locations = False {{(pid=99700) log_opt_values /opt/stack/data/venv/lib/python3.12/site-packages/oslo_config/cfg.py:3242}}
Jul 14 05:18:29.208321 np0000005141 devstack@g-api.service[99700]: DEBUG glance.common.config [None req-63e6fba3-367b-45d7-adf0-a7f34c240dcd None None] syslog_log_facility = LOG_USER {{(pid=99700) log_opt_values /opt/stack/data/venv/lib/python3.12/site-packages/oslo_config/cfg.py:3242}}
Jul 14 05:18:29.208414 np0000005141 devstack@g-api.service[99700]: DEBUG glance.common.config [None req-63e6fba3-367b-45d7-adf0-a7f34c240dcd None None] transport_url = **** {{(pid=99700) log_opt_values /opt/stack/data/venv/lib/python3.12/site-packages/oslo_config/cfg.py:3242}}
Jul 14 05:18:29.208496 np0000005141 devstack@g-api.service[99700]: DEBUG glance.common.config [None req-63e6fba3-367b-45d7-adf0-a7f34c240dcd None None] use_journal = False {{(pid=99700) log_opt_values /opt/stack/data/venv/lib/python3.12/site-packages/oslo_config/cfg.py:3242}}
Jul 14 05:18:29.208588 np0000005141 devstack@g-api.service[99700]: DEBUG glance.common.config [None req-63e6fba3-367b-45d7-adf0-a7f34c240dcd None None] use_json = False {{(pid=99700) log_opt_values /opt/stack/data/venv/lib/python3.12/site-packages/oslo_config/cfg.py:3242}}
Jul 14 05:18:29.208686 np0000005141 devstack@g-api.service[99700]: DEBUG glance.common.config [None req-63e6fba3-367b-45d7-adf0-a7f34c240dcd None None] use_keystone_limits = True {{(pid=99700) log_opt_values /opt/stack/data/venv/lib/python3.12/site-packages/oslo_config/cfg.py:3242}}
Jul 14 05:18:29.208767 np0000005141 devstack@g-api.service[99700]: DEBUG glance.common.config [None req-63e6fba3-367b-45d7-adf0-a7f34c240dcd None None] use_stderr = False {{(pid=99700) log_opt_values /opt/stack/data/venv/lib/python3.12/site-packages/oslo_config/cfg.py:3242}}
Jul 14 05:18:29.208869 np0000005141 devstack@g-api.service[99700]: DEBUG glance.common.config [None req-63e6fba3-367b-45d7-adf0-a7f34c240dcd None None] use_syslog = False {{(pid=99700) log_opt_values /opt/stack/data/venv/lib/python3.12/site-packages/oslo_config/cfg.py:3242}}
Jul 14 05:18:29.208970 np0000005141 devstack@g-api.service[99700]: DEBUG glance.common.config [None req-63e6fba3-367b-45d7-adf0-a7f34c240dcd None None] user_storage_quota = 0 {{(pid=99700) log_opt_values /opt/stack/data/venv/lib/python3.12/site-packages/oslo_config/cfg.py:3242}}
Jul 14 05:18:29.209059 np0000005141 devstack@g-api.service[99700]: DEBUG glance.common.config [None req-63e6fba3-367b-45d7-adf0-a7f34c240dcd None None] worker_self_reference_url = http://127.0.0.1:60999 {{(pid=99700) log_opt_values /opt/stack/data/venv/lib/python3.12/site-packages/oslo_config/cfg.py:3242}}
Jul 14 05:18:29.209164 np0000005141 devstack@g-api.service[99700]: DEBUG glance.common.config [None req-63e6fba3-367b-45d7-adf0-a7f34c240dcd None None] oslo_concurrency.disable_process_locking = False {{(pid=99700) log_opt_values /opt/stack/data/venv/lib/python3.12/site-packages/oslo_config/cfg.py:3253}}
Jul 14 05:18:29.209263 np0000005141 devstack@g-api.service[99700]: DEBUG glance.common.config [None req-63e6fba3-367b-45d7-adf0-a7f34c240dcd None None] oslo_concurrency.lock_path = /opt/stack/data/glance/locks {{(pid=99700) log_opt_values /opt/stack/data/venv/lib/python3.12/site-packages/oslo_config/cfg.py:3253}}
Jul 14 05:18:29.209358 np0000005141 devstack@g-api.service[99700]: DEBUG glance.common.config [None req-63e6fba3-367b-45d7-adf0-a7f34c240dcd None None] oslo_middleware.enable_proxy_headers_parsing = False {{(pid=99700) log_opt_values /opt/stack/data/venv/lib/python3.12/site-packages/oslo_config/cfg.py:3253}}
Jul 14 05:18:29.209452 np0000005141 devstack@g-api.service[99700]: DEBUG glance.common.config [None req-63e6fba3-367b-45d7-adf0-a7f34c240dcd None None] oslo_middleware.http_basic_auth_user_file = /etc/htpasswd {{(pid=99700) log_opt_values /opt/stack/data/venv/lib/python3.12/site-packages/oslo_config/cfg.py:3253}}
Jul 14 05:18:29.209543 np0000005141 devstack@g-api.service[99700]: DEBUG glance.common.config [None req-63e6fba3-367b-45d7-adf0-a7f34c240dcd None None] paste_deploy.config_file = None {{(pid=99700) log_opt_values /opt/stack/data/venv/lib/python3.12/site-packages/oslo_config/cfg.py:3253}}
Jul 14 05:18:29.209635 np0000005141 devstack@g-api.service[99700]: DEBUG glance.common.config [None req-63e6fba3-367b-45d7-adf0-a7f34c240dcd None None] paste_deploy.flavor = keystone+cachemanagement {{(pid=99700) log_opt_values /opt/stack/data/venv/lib/python3.12/site-packages/oslo_config/cfg.py:3253}}
Jul 14 05:18:29.209782 np0000005141 devstack@g-api.service[99700]: DEBUG glance.common.config [None req-63e6fba3-367b-45d7-adf0-a7f34c240dcd None None] image_format.container_formats = ['ami', 'ari', 'aki', 'bare', 'ovf', 'ova', 'docker', 'compressed'] {{(pid=99700) log_opt_values /opt/stack/data/venv/lib/python3.12/site-packages/oslo_config/cfg.py:3253}}
Jul 14 05:18:29.209923 np0000005141 devstack@g-api.service[99700]: DEBUG glance.common.config [None req-63e6fba3-367b-45d7-adf0-a7f34c240dcd None None] image_format.disk_formats = ['ami', 'ari', 'aki', 'vhd', 'vhdx', 'vmdk', 'raw', 'qcow2', 'vdi', 'iso', 'ploop'] {{(pid=99700) log_opt_values /opt/stack/data/venv/lib/python3.12/site-packages/oslo_config/cfg.py:3253}}
Jul 14 05:18:29.210017 np0000005141 devstack@g-api.service[99700]: DEBUG glance.common.config [None req-63e6fba3-367b-45d7-adf0-a7f34c240dcd None None] image_format.gpt_safety_checks_nonfatal = [] {{(pid=99700) log_opt_values /opt/stack/data/venv/lib/python3.12/site-packages/oslo_config/cfg.py:3253}}
Jul 14 05:18:29.210113 np0000005141 devstack@g-api.service[99700]: DEBUG glance.common.config [None req-63e6fba3-367b-45d7-adf0-a7f34c240dcd None None] image_format.require_image_format_match = True {{(pid=99700) log_opt_values /opt/stack/data/venv/lib/python3.12/site-packages/oslo_config/cfg.py:3253}}
Jul 14 05:18:29.210214 np0000005141 devstack@g-api.service[99700]: DEBUG glance.common.config [None req-63e6fba3-367b-45d7-adf0-a7f34c240dcd None None] image_format.vmdk_allowed_types = ['streamOptimized', 'monolithicSparse'] {{(pid=99700) log_opt_values /opt/stack/data/venv/lib/python3.12/site-packages/oslo_config/cfg.py:3253}}
Jul 14 05:18:29.210314 np0000005141 devstack@g-api.service[99700]: DEBUG glance.common.config [None req-63e6fba3-367b-45d7-adf0-a7f34c240dcd None None] task.task_executor = taskflow {{(pid=99700) log_opt_values /opt/stack/data/venv/lib/python3.12/site-packages/oslo_config/cfg.py:3253}}
Jul 14 05:18:29.210404 np0000005141 devstack@g-api.service[99700]: DEBUG glance.common.config [None req-63e6fba3-367b-45d7-adf0-a7f34c240dcd None None] task.task_time_to_live = 48 {{(pid=99700) log_opt_values /opt/stack/data/venv/lib/python3.12/site-packages/oslo_config/cfg.py:3253}}
Jul 14 05:18:29.210503 np0000005141 devstack@g-api.service[99700]: DEBUG glance.common.config [None req-63e6fba3-367b-45d7-adf0-a7f34c240dcd None None] task.work_dir = None {{(pid=99700) log_opt_values /opt/stack/data/venv/lib/python3.12/site-packages/oslo_config/cfg.py:3253}}
Jul 14 05:18:29.210602 np0000005141 devstack@g-api.service[99700]: DEBUG glance.common.config [None req-63e6fba3-367b-45d7-adf0-a7f34c240dcd None None] wsgi.python_interpreter = /opt/stack/data/venv/bin/python3 {{(pid=99700) log_opt_values /opt/stack/data/venv/lib/python3.12/site-packages/oslo_config/cfg.py:3253}}
Jul 14 05:18:29.210702 np0000005141 devstack@g-api.service[99700]: DEBUG glance.common.config [None req-63e6fba3-367b-45d7-adf0-a7f34c240dcd None None] wsgi.task_pool_threads = 16 {{(pid=99700) log_opt_values /opt/stack/data/venv/lib/python3.12/site-packages/oslo_config/cfg.py:3253}}
Jul 14 05:18:29.210798 np0000005141 devstack@g-api.service[99700]: DEBUG glance.common.config [None req-63e6fba3-367b-45d7-adf0-a7f34c240dcd None None] import_filtering_opts.allowed_hosts = [] {{(pid=99700) log_opt_values /opt/stack/data/venv/lib/python3.12/site-packages/oslo_config/cfg.py:3253}}
Jul 14 05:18:29.210910 np0000005141 devstack@g-api.service[99700]: DEBUG glance.common.config [None req-63e6fba3-367b-45d7-adf0-a7f34c240dcd None None] import_filtering_opts.allowed_ports = [80, 443] {{(pid=99700) log_opt_values /opt/stack/data/venv/lib/python3.12/site-packages/oslo_config/cfg.py:3253}}
Jul 14 05:18:29.211018 np0000005141 devstack@g-api.service[99700]: DEBUG glance.common.config [None req-63e6fba3-367b-45d7-adf0-a7f34c240dcd None None] import_filtering_opts.allowed_schemes = ['http', 'https'] {{(pid=99700) log_opt_values /opt/stack/data/venv/lib/python3.12/site-packages/oslo_config/cfg.py:3253}}
Jul 14 05:18:29.211105 np0000005141 devstack@g-api.service[99700]: DEBUG glance.common.config [None req-63e6fba3-367b-45d7-adf0-a7f34c240dcd None None] import_filtering_opts.disallowed_hosts = [] {{(pid=99700) log_opt_values /opt/stack/data/venv/lib/python3.12/site-packages/oslo_config/cfg.py:3253}}
Jul 14 05:18:29.211193 np0000005141 devstack@g-api.service[99700]: DEBUG glance.common.config [None req-63e6fba3-367b-45d7-adf0-a7f34c240dcd None None] import_filtering_opts.disallowed_ports = [] {{(pid=99700) log_opt_values /opt/stack/data/venv/lib/python3.12/site-packages/oslo_config/cfg.py:3253}}
Jul 14 05:18:29.211276 np0000005141 devstack@g-api.service[99700]: DEBUG glance.common.config [None req-63e6fba3-367b-45d7-adf0-a7f34c240dcd None None] import_filtering_opts.disallowed_schemes = [] {{(pid=99700) log_opt_values /opt/stack/data/venv/lib/python3.12/site-packages/oslo_config/cfg.py:3253}}
Jul 14 05:18:29.211369 np0000005141 devstack@g-api.service[99700]: DEBUG glance.common.config [None req-63e6fba3-367b-45d7-adf0-a7f34c240dcd None None] oslo_messaging_metrics.metrics_buffer_size = 1000 {{(pid=99700) log_opt_values /opt/stack/data/venv/lib/python3.12/site-packages/oslo_config/cfg.py:3253}}
Jul 14 05:18:29.211466 np0000005141 devstack@g-api.service[99700]: DEBUG glance.common.config [None req-63e6fba3-367b-45d7-adf0-a7f34c240dcd None None] oslo_messaging_metrics.metrics_enabled = False {{(pid=99700) log_opt_values /opt/stack/data/venv/lib/python3.12/site-packages/oslo_config/cfg.py:3253}}
Jul 14 05:18:29.211545 np0000005141 devstack@g-api.service[99700]: DEBUG glance.common.config [None req-63e6fba3-367b-45d7-adf0-a7f34c240dcd None None] oslo_messaging_metrics.metrics_process_name = {{(pid=99700) log_opt_values /opt/stack/data/venv/lib/python3.12/site-packages/oslo_config/cfg.py:3253}}
Jul 14 05:18:29.211615 np0000005141 devstack@g-api.service[99702]: DEBUG glance.common.config [None req-9570c74f-867f-4167-8908-210b1aa901c7 None None] ******************************************************************************** {{(pid=99702) log_opt_values /opt/stack/data/venv/lib/python3.12/site-packages/oslo_config/cfg.py:3226}}
Jul 14 05:18:29.211655 np0000005141 devstack@g-api.service[99700]: DEBUG glance.common.config [None req-63e6fba3-367b-45d7-adf0-a7f34c240dcd None None] oslo_messaging_metrics.metrics_socket_file = /var/tmp/metrics_collector.sock {{(pid=99700) log_opt_values /opt/stack/data/venv/lib/python3.12/site-packages/oslo_config/cfg.py:3253}}
Jul 14 05:18:29.211726 np0000005141 devstack@g-api.service[99702]: DEBUG glance.common.config [None req-9570c74f-867f-4167-8908-210b1aa901c7 None None] Configuration options gathered from: {{(pid=99702) log_opt_values /opt/stack/data/venv/lib/python3.12/site-packages/oslo_config/cfg.py:3227}}
Jul 14 05:18:29.211784 np0000005141 devstack@g-api.service[99700]: DEBUG glance.common.config [None req-63e6fba3-367b-45d7-adf0-a7f34c240dcd None None] oslo_messaging_metrics.metrics_thread_stop_timeout = 10 {{(pid=99700) log_opt_values /opt/stack/data/venv/lib/python3.12/site-packages/oslo_config/cfg.py:3253}}
Jul 14 05:18:29.211839 np0000005141 devstack@g-api.service[99700]: DEBUG glance.common.config [None req-63e6fba3-367b-45d7-adf0-a7f34c240dcd None None] profiler.connection_string = messaging:// {{(pid=99700) log_opt_values /opt/stack/data/venv/lib/python3.12/site-packages/oslo_config/cfg.py:3253}}
Jul 14 05:18:29.211939 np0000005141 devstack@g-api.service[99700]: DEBUG glance.common.config [None req-63e6fba3-367b-45d7-adf0-a7f34c240dcd None None] profiler.enabled = False {{(pid=99700) log_opt_values /opt/stack/data/venv/lib/python3.12/site-packages/oslo_config/cfg.py:3253}}
