Jun 02 18:05:06.886369 np0000001958 nova-scheduler[95734]: DEBUG cotyledon.oslo_config_glue [-] oslo_limit.connect_retries = None {{(pid=95734) log_opt_values /opt/stack/data/venv/lib/python3.12/site-packages/oslo_config/cfg.py:3256}}
Jun 02 18:05:06.886369 np0000001958 nova-scheduler[95734]: DEBUG cotyledon.oslo_config_glue [-] oslo_limit.connect_retry_delay = None {{(pid=95734) log_opt_values /opt/stack/data/venv/lib/python3.12/site-packages/oslo_config/cfg.py:3256}}
Jun 02 18:05:06.886369 np0000001958 nova-scheduler[95734]: DEBUG cotyledon.oslo_config_glue [-] oslo_limit.endpoint_id = None {{(pid=95734) log_opt_values /opt/stack/data/venv/lib/python3.12/site-packages/oslo_config/cfg.py:3256}}
Jun 02 18:05:06.886369 np0000001958 nova-scheduler[95734]: DEBUG cotyledon.oslo_config_glue [-] oslo_limit.endpoint_interface = public {{(pid=95734) log_opt_values /opt/stack/data/venv/lib/python3.12/site-packages/oslo_config/cfg.py:3256}}
Jun 02 18:05:06.886369 np0000001958 nova-scheduler[95734]: DEBUG cotyledon.oslo_config_glue [-] oslo_limit.endpoint_override = None {{(pid=95734) log_opt_values /opt/stack/data/venv/lib/python3.12/site-packages/oslo_config/cfg.py:3256}}
Jun 02 18:05:06.886369 np0000001958 nova-scheduler[95734]: DEBUG cotyledon.oslo_config_glue [-] oslo_limit.endpoint_region_name = None {{(pid=95734) log_opt_values /opt/stack/data/venv/lib/python3.12/site-packages/oslo_config/cfg.py:3256}}
Jun 02 18:05:06.886369 np0000001958 nova-scheduler[95734]: DEBUG cotyledon.oslo_config_glue [-] oslo_limit.endpoint_service_name = None {{(pid=95734) log_opt_values /opt/stack/data/venv/lib/python3.12/site-packages/oslo_config/cfg.py:3256}}
Jun 02 18:05:06.886564 np0000001958 nova-scheduler[95734]: DEBUG cotyledon.oslo_config_glue [-] oslo_limit.endpoint_service_type = None {{(pid=95734) log_opt_values /opt/stack/data/venv/lib/python3.12/site-packages/oslo_config/cfg.py:3256}}
Jun 02 18:05:06.886564 np0000001958 nova-scheduler[95734]: DEBUG cotyledon.oslo_config_glue [-] oslo_limit.insecure = False {{(pid=95734) log_opt_values /opt/stack/data/venv/lib/python3.12/site-packages/oslo_config/cfg.py:3256}}
Jun 02 18:05:06.886564 np0000001958 nova-scheduler[95734]: DEBUG cotyledon.oslo_config_glue [-] oslo_limit.keyfile = None {{(pid=95734) log_opt_values /opt/stack/data/venv/lib/python3.12/site-packages/oslo_config/cfg.py:3256}}
Jun 02 18:05:06.886564 np0000001958 nova-scheduler[95734]: DEBUG cotyledon.oslo_config_glue [-] oslo_limit.max_version = None {{(pid=95734) log_opt_values /opt/stack/data/venv/lib/python3.12/site-packages/oslo_config/cfg.py:3256}}
Jun 02 18:05:06.886564 np0000001958 nova-scheduler[95734]: DEBUG cotyledon.oslo_config_glue [-] oslo_limit.min_version = None {{(pid=95734) log_opt_values /opt/stack/data/venv/lib/python3.12/site-packages/oslo_config/cfg.py:3256}}
Jun 02 18:05:06.886564 np0000001958 nova-scheduler[95734]: DEBUG cotyledon.oslo_config_glue [-] oslo_limit.region_name = None {{(pid=95734) log_opt_values /opt/stack/data/venv/lib/python3.12/site-packages/oslo_config/cfg.py:3256}}
Jun 02 18:05:06.886564 np0000001958 nova-scheduler[95734]: DEBUG cotyledon.oslo_config_glue [-] oslo_limit.retriable_status_codes = None {{(pid=95734) log_opt_values /opt/stack/data/venv/lib/python3.12/site-packages/oslo_config/cfg.py:3256}}
Jun 02 18:05:06.886564 np0000001958 nova-scheduler[95734]: DEBUG cotyledon.oslo_config_glue [-] oslo_limit.service_name = None {{(pid=95734) log_opt_values /opt/stack/data/venv/lib/python3.12/site-packages/oslo_config/cfg.py:3256}}
Jun 02 18:05:06.886564 np0000001958 nova-scheduler[95734]: DEBUG cotyledon.oslo_config_glue [-] oslo_limit.service_type = None {{(pid=95734) log_opt_values /opt/stack/data/venv/lib/python3.12/site-packages/oslo_config/cfg.py:3256}}
Jun 02 18:05:06.886756 np0000001958 nova-scheduler[95734]: DEBUG cotyledon.oslo_config_glue [-] oslo_limit.split_loggers = False {{(pid=95734) log_opt_values /opt/stack/data/venv/lib/python3.12/site-packages/oslo_config/cfg.py:3256}}
Jun 02 18:05:06.886756 np0000001958 nova-scheduler[95734]: DEBUG cotyledon.oslo_config_glue [-] oslo_limit.status_code_retries = None {{(pid=95734) log_opt_values /opt/stack/data/venv/lib/python3.12/site-packages/oslo_config/cfg.py:3256}}
Jun 02 18:05:06.886756 np0000001958 nova-scheduler[95734]: DEBUG cotyledon.oslo_config_glue [-] oslo_limit.status_code_retry_delay = None {{(pid=95734) log_opt_values /opt/stack/data/venv/lib/python3.12/site-packages/oslo_config/cfg.py:3256}}
Jun 02 18:05:06.886756 np0000001958 nova-scheduler[95734]: DEBUG cotyledon.oslo_config_glue [-] oslo_limit.timeout = None {{(pid=95734) log_opt_values /opt/stack/data/venv/lib/python3.12/site-packages/oslo_config/cfg.py:3256}}
Jun 02 18:05:06.886756 np0000001958 nova-scheduler[95734]: DEBUG cotyledon.oslo_config_glue [-] oslo_limit.valid_interfaces = None {{(pid=95734) log_opt_values /opt/stack/data/venv/lib/python3.12/site-packages/oslo_config/cfg.py:3256}}
Jun 02 18:05:06.886756 np0000001958 nova-scheduler[95734]: DEBUG cotyledon.oslo_config_glue [-] oslo_limit.version = None {{(pid=95734) log_opt_values /opt/stack/data/venv/lib/python3.12/site-packages/oslo_config/cfg.py:3256}}
Jun 02 18:05:06.886756 np0000001958 nova-scheduler[95734]: DEBUG cotyledon.oslo_config_glue [-] oslo_reports.file_event_handler = None {{(pid=95734) log_opt_values /opt/stack/data/venv/lib/python3.12/site-packages/oslo_config/cfg.py:3256}}
Jun 02 18:05:06.886756 np0000001958 nova-scheduler[95734]: DEBUG cotyledon.oslo_config_glue [-] oslo_reports.file_event_handler_interval = 1 {{(pid=95734) log_opt_values /opt/stack/data/venv/lib/python3.12/site-packages/oslo_config/cfg.py:3256}}
Jun 02 18:05:06.886756 np0000001958 nova-scheduler[95734]: DEBUG cotyledon.oslo_config_glue [-] oslo_reports.log_dir = None {{(pid=95734) log_opt_values /opt/stack/data/venv/lib/python3.12/site-packages/oslo_config/cfg.py:3256}}
Jun 02 18:05:06.886942 np0000001958 nova-scheduler[95734]: DEBUG cotyledon.oslo_config_glue [-] ******************************************************************************** {{(pid=95734) log_opt_values /opt/stack/data/venv/lib/python3.12/site-packages/oslo_config/cfg.py:3263}}
Jun 02 18:05:06.886942 np0000001958 nova-scheduler[95734]: DEBUG cotyledon._service_worker [-] Run service ServiceWrapper(2) [95734] {{(pid=95734) wait_forever /opt/stack/data/venv/lib/python3.12/site-packages/cotyledon/_service_worker.py:218}}
Jun 02 18:05:06.886942 np0000001958 nova-scheduler[95734]: INFO nova.service [-] Starting scheduler node (version 33.1.0)
Jun 02 18:05:06.886942 np0000001958 nova-scheduler[95734]: INFO dbcounter [None req-0181ff97-e267-47f7-aedb-927daaaa4e11 None None] Registered counter for database nova_cell0
Jun 02 18:05:06.887042 np0000001958 nova-scheduler[95730]: DEBUG oslo_db.sqlalchemy.engines [None req-486915aa-d899-4c4c-8f23-7e4ddfd32280 None None] MySQL server mode set to STRICT_TRANS_TABLES,STRICT_ALL_TABLES,NO_ZERO_IN_DATE,NO_ZERO_DATE,ERROR_FOR_DIVISION_BY_ZERO,TRADITIONAL,NO_ENGINE_SUBSTITUTION {{(pid=95730) _check_effective_sql_mode /opt/stack/data/venv/lib/python3.12/site-packages/oslo_db/sqlalchemy/engines.py:325}}
Jun 02 18:05:06.893303 np0000001958 nova-scheduler[95730]: DEBUG dbcounter [-] [95730] Writer thread running {{(pid=95730) stat_writer /opt/stack/data/venv/lib/python3.12/site-packages/dbcounter.py:102}}
Jun 02 18:05:06.907022 np0000001958 nova-scheduler[95732]: DEBUG oslo_db.sqlalchemy.engines [None req-48ca15d5-ba9d-4d07-b489-eeaafb367401 None None] MySQL server mode set to STRICT_TRANS_TABLES,STRICT_ALL_TABLES,NO_ZERO_IN_DATE,NO_ZERO_DATE,ERROR_FOR_DIVISION_BY_ZERO,TRADITIONAL,NO_ENGINE_SUBSTITUTION {{(pid=95732) _check_effective_sql_mode /opt/stack/data/venv/lib/python3.12/site-packages/oslo_db/sqlalchemy/engines.py:325}}
Jun 02 18:05:06.911713 np0000001958 nova-scheduler[95730]: DEBUG nova.service [None req-486915aa-d899-4c4c-8f23-7e4ddfd32280 None None] Creating RPC server for service: nova-scheduler on topic: scheduler {{(pid=95730) start /opt/stack/nova/nova/service.py:195}}
Jun 02 18:05:06.916814 np0000001958 nova-scheduler[95734]: DEBUG oslo_db.sqlalchemy.engines [None req-0181ff97-e267-47f7-aedb-927daaaa4e11 None None] MySQL server mode set to STRICT_TRANS_TABLES,STRICT_ALL_TABLES,NO_ZERO_IN_DATE,NO_ZERO_DATE,ERROR_FOR_DIVISION_BY_ZERO,TRADITIONAL,NO_ENGINE_SUBSTITUTION {{(pid=95734) _check_effective_sql_mode /opt/stack/data/venv/lib/python3.12/site-packages/oslo_db/sqlalchemy/engines.py:325}}
Jun 02 18:05:06.920151 np0000001958 nova-scheduler[95732]: DEBUG dbcounter [-] [95732] Writer thread running {{(pid=95732) stat_writer /opt/stack/data/venv/lib/python3.12/site-packages/dbcounter.py:102}}
Jun 02 18:05:06.928251 np0000001958 nova-scheduler[95732]: DEBUG nova.service [None req-48ca15d5-ba9d-4d07-b489-eeaafb367401 None None] Creating RPC server for service: nova-scheduler on topic: scheduler {{(pid=95732) start /opt/stack/nova/nova/service.py:195}}
Jun 02 18:05:06.928415 np0000001958 nova-scheduler[95734]: DEBUG dbcounter [-] [95734] Writer thread running {{(pid=95734) stat_writer /opt/stack/data/venv/lib/python3.12/site-packages/dbcounter.py:102}}
Jun 02 18:05:06.931987 np0000001958 nova-scheduler[95734]: DEBUG nova.service [None req-0181ff97-e267-47f7-aedb-927daaaa4e11 None None] Creating RPC server for service: nova-scheduler on topic: scheduler {{(pid=95734) start /opt/stack/nova/nova/service.py:195}}
Jun 02 18:05:06.941916 np0000001958 nova-scheduler[95730]: DEBUG nova.service [None req-486915aa-d899-4c4c-8f23-7e4ddfd32280 None None] Join ServiceGroup membership for this service scheduler {{(pid=95730) start /opt/stack/nova/nova/service.py:221}}
Jun 02 18:05:06.941916 np0000001958 nova-scheduler[95730]: DEBUG nova.servicegroup.drivers.db [None req-486915aa-d899-4c4c-8f23-7e4ddfd32280 None None] DB_Driver: join new ServiceGroup member np0000001958 to the scheduler group, service = {{(pid=95730) join /opt/stack/nova/nova/servicegroup/drivers/db.py:44}}
Jun 02 18:05:06.948954 np0000001958 nova-scheduler[95732]: DEBUG nova.service [None req-48ca15d5-ba9d-4d07-b489-eeaafb367401 None None] Join ServiceGroup membership for this service scheduler {{(pid=95732) start /opt/stack/nova/nova/service.py:221}}
Jun 02 18:05:06.949066 np0000001958 nova-scheduler[95734]: DEBUG nova.service [None req-0181ff97-e267-47f7-aedb-927daaaa4e11 None None] Join ServiceGroup membership for this service scheduler {{(pid=95734) start /opt/stack/nova/nova/service.py:221}}
Jun 02 18:05:06.949148 np0000001958 nova-scheduler[95732]: DEBUG nova.servicegroup.drivers.db [None req-48ca15d5-ba9d-4d07-b489-eeaafb367401 None None] DB_Driver: join new ServiceGroup member np0000001958 to the scheduler group, service = {{(pid=95732) join /opt/stack/nova/nova/servicegroup/drivers/db.py:44}}
Jun 02 18:05:06.949239 np0000001958 nova-scheduler[95734]: DEBUG nova.servicegroup.drivers.db [None req-0181ff97-e267-47f7-aedb-927daaaa4e11 None None] DB_Driver: join new ServiceGroup member np0000001958 to the scheduler group, service = {{(pid=95734) join /opt/stack/nova/nova/servicegroup/drivers/db.py:44}}
Jun 02 18:05:11.957843 np0000001958 nova-scheduler[95730]: DEBUG oslo.service.backend._threading.loopingcall [-] Fixed interval looping call 'nova.servicegroup.drivers.db.DbDriver._report_state' sleeping for 119.99 seconds {{(pid=95730) _run_loop /opt/stack/data/venv/lib/python3.12/site-packages/oslo_service/backend/_threading/loopingcall.py:125}}
Jun 02 18:05:11.965419 np0000001958 nova-scheduler[95734]: DEBUG oslo.service.backend._threading.loopingcall [-] Fixed interval looping call 'nova.servicegroup.drivers.db.DbDriver._report_state' sleeping for 119.99 seconds {{(pid=95734) _run_loop /opt/stack/data/venv/lib/python3.12/site-packages/oslo_service/backend/_threading/loopingcall.py:125}}
Jun 02 18:05:11.965764 np0000001958 nova-scheduler[95732]: DEBUG oslo.service.backend._threading.loopingcall [-] Fixed interval looping call 'nova.servicegroup.drivers.db.DbDriver._report_state' sleeping for 119.99 seconds {{(pid=95732) _run_loop /opt/stack/data/venv/lib/python3.12/site-packages/oslo_service/backend/_threading/loopingcall.py:125}}
Jun 02 18:05:15.505248 np0000001958 nova-scheduler[94449]: DEBUG dbcounter [-] [94449] Writing DB stats nova_api:SELECT=3 {{(pid=94449) stat_writer /opt/stack/data/venv/lib/python3.12/site-packages/dbcounter.py:115}}
Jun 02 18:05:15.644063 np0000001958 nova-scheduler[94449]: DEBUG dbcounter [-] [94449] Writing DB stats nova_cell0:SELECT=1 {{(pid=94449) stat_writer /opt/stack/data/venv/lib/python3.12/site-packages/dbcounter.py:115}}
Jun 02 18:05:15.655257 np0000001958 nova-scheduler[94449]: DEBUG dbcounter [-] [94449] Writing DB stats nova_cell1:SELECT=1 {{(pid=94449) stat_writer /opt/stack/data/venv/lib/python3.12/site-packages/dbcounter.py:115}}
Jun 02 18:05:21.952727 np0000001958 nova-scheduler[95730]: DEBUG dbcounter [-] [95730] Writing DB stats nova_cell0:SELECT=4,nova_cell0:INSERT=1,nova_cell0:UPDATE=1 {{(pid=95730) stat_writer /opt/stack/data/venv/lib/python3.12/site-packages/dbcounter.py:115}}
Jun 02 18:05:21.961461 np0000001958 nova-scheduler[95732]: DEBUG dbcounter [-] [95732] Writing DB stats nova_cell0:SELECT=3 {{(pid=95732) stat_writer /opt/stack/data/venv/lib/python3.12/site-packages/dbcounter.py:115}}
Jun 02 18:05:21.961805 np0000001958 nova-scheduler[95734]: DEBUG dbcounter [-] [95734] Writing DB stats nova_cell0:SELECT=3 {{(pid=95734) stat_writer /opt/stack/data/venv/lib/python3.12/site-packages/dbcounter.py:115}}
Jun 02 18:05:24.945211 np0000001958 nova-scheduler[95730]: DEBUG oslo.service.backend._threading.loopingcall [None req-2ed62ee5-99f5-4cd2-b0f9-96715312872e None None] Dynamic interval looping call 'nova.service.Service.periodic_tasks' sleeping for 60.00 seconds {{(pid=95730) _run_loop /opt/stack/data/venv/lib/python3.12/site-packages/oslo_service/backend/_threading/loopingcall.py:125}}
Jun 02 18:05:36.951678 np0000001958 nova-scheduler[95732]: DEBUG oslo.service.backend._threading.loopingcall [None req-c7f68796-c4aa-491c-821e-ad2a49d29399 None None] Dynamic interval looping call 'nova.service.Service.periodic_tasks' sleeping for 60.00 seconds {{(pid=95732) _run_loop /opt/stack/data/venv/lib/python3.12/site-packages/oslo_service/backend/_threading/loopingcall.py:125}}
Jun 02 18:05:37.950973 np0000001958 nova-scheduler[95734]: DEBUG oslo.service.backend._threading.loopingcall [None req-4cbe5679-c567-4c75-936e-f837317f6bbf None None] Dynamic interval looping call 'nova.service.Service.periodic_tasks' sleeping for 60.00 seconds {{(pid=95734) _run_loop /opt/stack/data/venv/lib/python3.12/site-packages/oslo_service/backend/_threading/loopingcall.py:125}}
Jun 02 18:06:24.945671 np0000001958 nova-scheduler[95730]: DEBUG oslo.service.backend._threading.loopingcall [None req-2ed62ee5-99f5-4cd2-b0f9-96715312872e None None] Dynamic interval looping call 'nova.service.Service.periodic_tasks' sleeping for 60.00 seconds {{(pid=95730) _run_loop /opt/stack/data/venv/lib/python3.12/site-packages/oslo_service/backend/_threading/loopingcall.py:125}}
Jun 02 18:06:36.952237 np0000001958 nova-scheduler[95732]: DEBUG oslo.service.backend._threading.loopingcall [None req-c7f68796-c4aa-491c-821e-ad2a49d29399 None None] Dynamic interval looping call 'nova.service.Service.periodic_tasks' sleeping for 60.00 seconds {{(pid=95732) _run_loop /opt/stack/data/venv/lib/python3.12/site-packages/oslo_service/backend/_threading/loopingcall.py:125}}
Jun 02 18:06:37.951497 np0000001958 nova-scheduler[95734]: DEBUG oslo.service.backend._threading.loopingcall [None req-4cbe5679-c567-4c75-936e-f837317f6bbf None None] Dynamic interval looping call 'nova.service.Service.periodic_tasks' sleeping for 60.00 seconds {{(pid=95734) _run_loop /opt/stack/data/venv/lib/python3.12/site-packages/oslo_service/backend/_threading/loopingcall.py:125}}
Jun 02 18:07:11.955749 np0000001958 nova-scheduler[95730]: DEBUG oslo.service.backend._threading.loopingcall [-] Fixed interval looping call 'nova.servicegroup.drivers.db.DbDriver._report_state' sleeping for 119.99 seconds {{(pid=95730) _run_loop /opt/stack/data/venv/lib/python3.12/site-packages/oslo_service/backend/_threading/loopingcall.py:125}}
Jun 02 18:07:11.959481 np0000001958 nova-scheduler[95734]: DEBUG oslo.service.backend._threading.loopingcall [-] Fixed interval looping call 'nova.servicegroup.drivers.db.DbDriver._report_state' sleeping for 120.00 seconds {{(pid=95734) _run_loop /opt/stack/data/venv/lib/python3.12/site-packages/oslo_service/backend/_threading/loopingcall.py:125}}
Jun 02 18:07:11.959922 np0000001958 nova-scheduler[95732]: DEBUG oslo.service.backend._threading.loopingcall [-] Fixed interval looping call 'nova.servicegroup.drivers.db.DbDriver._report_state' sleeping for 120.00 seconds {{(pid=95732) _run_loop /opt/stack/data/venv/lib/python3.12/site-packages/oslo_service/backend/_threading/loopingcall.py:125}}
Jun 02 18:07:21.952088 np0000001958 nova-scheduler[95730]: DEBUG dbcounter [-] [95730] Writing DB stats nova_cell0:SELECT=1,nova_cell0:UPDATE=1 {{(pid=95730) stat_writer /opt/stack/data/venv/lib/python3.12/site-packages/dbcounter.py:115}}
Jun 02 18:07:21.957474 np0000001958 nova-scheduler[95734]: DEBUG dbcounter [-] [95734] Writing DB stats nova_cell0:SELECT=1 {{(pid=95734) stat_writer /opt/stack/data/venv/lib/python3.12/site-packages/dbcounter.py:115}}
Jun 02 18:07:21.958087 np0000001958 nova-scheduler[95732]: DEBUG dbcounter [-] [95732] Writing DB stats nova_cell0:SELECT=1 {{(pid=95732) stat_writer /opt/stack/data/venv/lib/python3.12/site-packages/dbcounter.py:115}}
Jun 02 18:07:24.946665 np0000001958 nova-scheduler[95730]: DEBUG oslo.service.backend._threading.loopingcall [None req-2ed62ee5-99f5-4cd2-b0f9-96715312872e None None] Dynamic interval looping call 'nova.service.Service.periodic_tasks' sleeping for 60.00 seconds {{(pid=95730) _run_loop /opt/stack/data/venv/lib/python3.12/site-packages/oslo_service/backend/_threading/loopingcall.py:125}}
Jun 02 18:07:36.952892 np0000001958 nova-scheduler[95732]: DEBUG oslo.service.backend._threading.loopingcall [None req-c7f68796-c4aa-491c-821e-ad2a49d29399 None None] Dynamic interval looping call 'nova.service.Service.periodic_tasks' sleeping for 60.00 seconds {{(pid=95732) _run_loop /opt/stack/data/venv/lib/python3.12/site-packages/oslo_service/backend/_threading/loopingcall.py:125}}
Jun 02 18:07:37.952109 np0000001958 nova-scheduler[95734]: DEBUG oslo.service.backend._threading.loopingcall [None req-4cbe5679-c567-4c75-936e-f837317f6bbf None None] Dynamic interval looping call 'nova.service.Service.periodic_tasks' sleeping for 60.00 seconds {{(pid=95734) _run_loop /opt/stack/data/venv/lib/python3.12/site-packages/oslo_service/backend/_threading/loopingcall.py:125}}
Jun 02 18:08:06.037073 np0000001958 nova-scheduler[95730]: DEBUG nova.scheduler.manager [None req-71f1fd2d-773e-4fc6-a3bd-b612f86583b5 tempest-ServerActionsTestOtherA-1049317071 tempest-ServerActionsTestOtherA-1049317071-project-member] Starting to schedule for instances: ['b8dd361f-e6e6-432f-afd5-156626a907ce'] {{(pid=95730) select_destinations /opt/stack/nova/nova/scheduler/manager.py:210}}
Jun 02 18:08:06.037420 np0000001958 nova-scheduler[95730]: DEBUG nova.scheduler.request_filter [None req-71f1fd2d-773e-4fc6-a3bd-b612f86583b5 tempest-ServerActionsTestOtherA-1049317071 tempest-ServerActionsTestOtherA-1049317071-project-member] compute_status_filter request filter added forbidden trait COMPUTE_STATUS_DISABLED {{(pid=95730) compute_status_filter /opt/stack/nova/nova/scheduler/request_filter.py:253}}
Jun 02 18:08:06.037519 np0000001958 nova-scheduler[95730]: DEBUG nova.scheduler.request_filter [None req-71f1fd2d-773e-4fc6-a3bd-b612f86583b5 tempest-ServerActionsTestOtherA-1049317071 tempest-ServerActionsTestOtherA-1049317071-project-member] Request filter 'compute_status_filter' took 0.0 seconds {{(pid=95730) wrapper /opt/stack/nova/nova/scheduler/request_filter.py:46}}
Jun 02 18:08:06.037717 np0000001958 nova-scheduler[95730]: DEBUG nova.scheduler.request_filter [None req-71f1fd2d-773e-4fc6-a3bd-b612f86583b5 tempest-ServerActionsTestOtherA-1049317071 tempest-ServerActionsTestOtherA-1049317071-project-member] Request filter 'accelerators_filter' took 0.0 seconds {{(pid=95730) wrapper /opt/stack/nova/nova/scheduler/request_filter.py:46}}
Jun 02 18:08:06.037914 np0000001958 nova-scheduler[95730]: DEBUG nova.scheduler.request_filter [None req-71f1fd2d-773e-4fc6-a3bd-b612f86583b5 tempest-ServerActionsTestOtherA-1049317071 tempest-ServerActionsTestOtherA-1049317071-project-member] Request filter 'packed_virtqueue_filter' took 0.0 seconds {{(pid=95730) wrapper /opt/stack/nova/nova/scheduler/request_filter.py:46}}
Jun 02 18:08:06.038171 np0000001958 nova-scheduler[95730]: DEBUG nova.scheduler.request_filter [None req-71f1fd2d-773e-4fc6-a3bd-b612f86583b5 tempest-ServerActionsTestOtherA-1049317071 tempest-ServerActionsTestOtherA-1049317071-project-member] Request filter 'remote_managed_ports_filter' took 0.0 seconds {{(pid=95730) wrapper /opt/stack/nova/nova/scheduler/request_filter.py:46}}
Jun 02 18:08:06.038327 np0000001958 nova-scheduler[95730]: DEBUG nova.scheduler.request_filter [None req-71f1fd2d-773e-4fc6-a3bd-b612f86583b5 tempest-ServerActionsTestOtherA-1049317071 tempest-ServerActionsTestOtherA-1049317071-project-member] ephemeral_encryption_filter skipped {{(pid=95730) ephemeral_encryption_filter /opt/stack/nova/nova/scheduler/request_filter.py:426}}
Jun 02 18:08:06.038478 np0000001958 nova-scheduler[95730]: DEBUG nova.scheduler.request_filter [None req-71f1fd2d-773e-4fc6-a3bd-b612f86583b5 tempest-ServerActionsTestOtherA-1049317071 tempest-ServerActionsTestOtherA-1049317071-project-member] virtio_sound_filter skipped {{(pid=95730) virtio_sound_filter /opt/stack/nova/nova/scheduler/request_filter.py:460}}
Jun 02 18:08:06.038662 np0000001958 nova-scheduler[95730]: DEBUG nova.scheduler.request_filter [None req-71f1fd2d-773e-4fc6-a3bd-b612f86583b5 tempest-ServerActionsTestOtherA-1049317071 tempest-ServerActionsTestOtherA-1049317071-project-member] tpm_secret_security_filter skipped {{(pid=95730) tpm_secret_security_filter /opt/stack/nova/nova/scheduler/request_filter.py:477}}
Jun 02 18:08:06.575130 np0000001958 nova-scheduler[95730]: INFO nova.utils [None req-71f1fd2d-773e-4fc6-a3bd-b612f86583b5 tempest-ServerActionsTestOtherA-1049317071 tempest-ServerActionsTestOtherA-1049317071-project-member] The cell worker thread pool ForkProcess-1.cell_worker is initialized
Jun 02 18:08:06.575398 np0000001958 nova-scheduler[95730]: DEBUG oslo_concurrency.lockutils [None req-71f1fd2d-773e-4fc6-a3bd-b612f86583b5 tempest-ServerActionsTestOtherA-1049317071 tempest-ServerActionsTestOtherA-1049317071-project-member] Acquiring lock "18e63e1a-9ee4-42cf-8386-1e6874fa810b" by "nova.context.set_target_cell..get_or_set_cached_cell_and_set_connections" {{(pid=95730) inner /opt/stack/data/venv/lib/python3.12/site-packages/oslo_concurrency/lockutils.py:511}}
Jun 02 18:08:06.575617 np0000001958 nova-scheduler[95730]: DEBUG oslo_concurrency.lockutils [None req-71f1fd2d-773e-4fc6-a3bd-b612f86583b5 tempest-ServerActionsTestOtherA-1049317071 tempest-ServerActionsTestOtherA-1049317071-project-member] Lock "18e63e1a-9ee4-42cf-8386-1e6874fa810b" acquired by "nova.context.set_target_cell..get_or_set_cached_cell_and_set_connections" :: waited 0.000s {{(pid=95730) inner /opt/stack/data/venv/lib/python3.12/site-packages/oslo_concurrency/lockutils.py:524}}
Jun 02 18:08:06.577056 np0000001958 nova-scheduler[95730]: DEBUG oslo_concurrency.lockutils [None req-71f1fd2d-773e-4fc6-a3bd-b612f86583b5 tempest-ServerActionsTestOtherA-1049317071 tempest-ServerActionsTestOtherA-1049317071-project-member] Lock "18e63e1a-9ee4-42cf-8386-1e6874fa810b" "released" by "nova.context.set_target_cell..get_or_set_cached_cell_and_set_connections" :: held 0.001s {{(pid=95730) inner /opt/stack/data/venv/lib/python3.12/site-packages/oslo_concurrency/lockutils.py:543}}
Jun 02 18:08:06.579283 np0000001958 nova-scheduler[95730]: INFO dbcounter [None req-71f1fd2d-773e-4fc6-a3bd-b612f86583b5 tempest-ServerActionsTestOtherA-1049317071 tempest-ServerActionsTestOtherA-1049317071-project-member] Registered counter for database nova_cell1
Jun 02 18:08:06.621900 np0000001958 nova-scheduler[95730]: DEBUG oslo_db.sqlalchemy.engines [None req-71f1fd2d-773e-4fc6-a3bd-b612f86583b5 tempest-ServerActionsTestOtherA-1049317071 tempest-ServerActionsTestOtherA-1049317071-project-member] MySQL server mode set to STRICT_TRANS_TABLES,STRICT_ALL_TABLES,NO_ZERO_IN_DATE,NO_ZERO_DATE,ERROR_FOR_DIVISION_BY_ZERO,TRADITIONAL,NO_ENGINE_SUBSTITUTION {{(pid=95730) _check_effective_sql_mode /opt/stack/data/venv/lib/python3.12/site-packages/oslo_db/sqlalchemy/engines.py:325}}
Jun 02 18:08:06.626653 np0000001958 nova-scheduler[95730]: DEBUG dbcounter [-] [95730] Writer thread running {{(pid=95730) stat_writer /opt/stack/data/venv/lib/python3.12/site-packages/dbcounter.py:102}}
Jun 02 18:08:06.648597 np0000001958 nova-scheduler[95730]: DEBUG oslo_db.sqlalchemy.engines [None req-71f1fd2d-773e-4fc6-a3bd-b612f86583b5 tempest-ServerActionsTestOtherA-1049317071 tempest-ServerActionsTestOtherA-1049317071-project-member] Parent process 94449 forked (95730) with an open database connection, which is being discarded and recreated. {{(pid=95730) checkout /opt/stack/data/venv/lib/python3.12/site-packages/oslo_db/sqlalchemy/engines.py:402}}
Jun 02 18:08:06.705415 np0000001958 nova-scheduler[95730]: DEBUG dbcounter [-] [95730] Writer thread running {{(pid=95730) stat_writer /opt/stack/data/venv/lib/python3.12/site-packages/dbcounter.py:102}}
Jun 02 18:08:06.708125 np0000001958 nova-scheduler[95730]: DEBUG oslo_concurrency.lockutils [None req-71f1fd2d-773e-4fc6-a3bd-b612f86583b5 tempest-ServerActionsTestOtherA-1049317071 tempest-ServerActionsTestOtherA-1049317071-project-member] Acquiring lock "18e63e1a-9ee4-42cf-8386-1e6874fa810b" by "nova.context.set_target_cell..get_or_set_cached_cell_and_set_connections" {{(pid=95730) inner /opt/stack/data/venv/lib/python3.12/site-packages/oslo_concurrency/lockutils.py:511}}
Jun 02 18:08:06.708296 np0000001958 nova-scheduler[95730]: DEBUG oslo_concurrency.lockutils [None req-71f1fd2d-773e-4fc6-a3bd-b612f86583b5 tempest-ServerActionsTestOtherA-1049317071 tempest-ServerActionsTestOtherA-1049317071-project-member] Lock "18e63e1a-9ee4-42cf-8386-1e6874fa810b" acquired by "nova.context.set_target_cell..get_or_set_cached_cell_and_set_connections" :: waited 0.000s {{(pid=95730) inner /opt/stack/data/venv/lib/python3.12/site-packages/oslo_concurrency/lockutils.py:524}}
Jun 02 18:08:06.708406 np0000001958 nova-scheduler[95730]: DEBUG oslo_concurrency.lockutils [None req-71f1fd2d-773e-4fc6-a3bd-b612f86583b5 tempest-ServerActionsTestOtherA-1049317071 tempest-ServerActionsTestOtherA-1049317071-project-member] Lock "18e63e1a-9ee4-42cf-8386-1e6874fa810b" "released" by "nova.context.set_target_cell..get_or_set_cached_cell_and_set_connections" :: held 0.000s {{(pid=95730) inner /opt/stack/data/venv/lib/python3.12/site-packages/oslo_concurrency/lockutils.py:543}}
Jun 02 18:08:06.711359 np0000001958 nova-scheduler[95730]: DEBUG oslo_concurrency.lockutils [None req-71f1fd2d-773e-4fc6-a3bd-b612f86583b5 tempest-ServerActionsTestOtherA-1049317071 tempest-ServerActionsTestOtherA-1049317071-project-member] Acquiring lock "('np0000001958', 'np0000001958')" by "nova.scheduler.host_manager.HostState.update.._locked_update" {{(pid=95730) inner /opt/stack/data/venv/lib/python3.12/site-packages/oslo_concurrency/lockutils.py:511}}
Jun 02 18:08:06.711492 np0000001958 nova-scheduler[95730]: DEBUG oslo_concurrency.lockutils [None req-71f1fd2d-773e-4fc6-a3bd-b612f86583b5 tempest-ServerActionsTestOtherA-1049317071 tempest-ServerActionsTestOtherA-1049317071-project-member] Lock "('np0000001958', 'np0000001958')" acquired by "nova.scheduler.host_manager.HostState.update.._locked_update" :: waited 0.000s {{(pid=95730) inner /opt/stack/data/venv/lib/python3.12/site-packages/oslo_concurrency/lockutils.py:524}}
Jun 02 18:08:06.712624 np0000001958 nova-scheduler[95730]: DEBUG nova.scheduler.host_manager [None req-71f1fd2d-773e-4fc6-a3bd-b612f86583b5 tempest-ServerActionsTestOtherA-1049317071 tempest-ServerActionsTestOtherA-1049317071-project-member] Update host state from compute node: ComputeNode(cpu_allocation_ratio=4.0,cpu_info='{"arch": "x86_64", "model": "EPYC-Milan", "vendor": "AMD", "topology": {"cells": 1, "sockets": 12, "cores": 1, "threads": 1}, "maxphysaddr": {"mode": "emulate", "bits": 40}, "features": ["pae", "null-sel-clr-base", "ssbd", "erms", "fxsr_opt", "pdpe1gb", "stibp-always-on", "spec-ctrl", "pschange-mc-no", "3dnowprefetch", "cx16", "xgetbv1", "nx", "pcid", "avx", "cmp_legacy", "sse2", "sha-ni", "movbe", "syscall", "vgif", "ibpb", "no-nested-data-bp", "ssse3", "aes", "vmcb-clean", "lm", "fma", "cx8", "nrip-save", "pat", "apic", "xsaveerptr", "lfence-always-serializing", "tsc_adjust", "rdpid", "sse4.2", "clflushopt", "amd-stibp", "v-vmsave-vmload", "gds-no", "npt", "msr", "tsc-scale", "perfctr_core", "pni", "sse", "wbnoinvd", "fxsr", "hypervisor", "bmi2", "topoext", "mce", "clflush", "svme-addr-chk", "bmi1", "fsgsbase", "pse36", "xsaveopt", "adx", "skip-l1dfl-vmentry", "stibp", "misalignsse", "rdctl-no", "flushbyasid", "xsave", "fsrm", "vpclmulqdq", "clzero", "mmx", "pclmuldq", "umip", "tsc", "vaes", "invpcid", "pfthreshold", "pse", "smep", "mmxext", "pku", "fpu", "virt-ssbd", "clwb", "amd-psfd", "rdtscp", "arat", "avx2", "de", "ibrs", "smap", "popcnt", "vme", "arch-capabilities", "pge", "mtrr", "abm", "cmov", "pause-filter", "lbrv", "f16c", "cr8legacy", "mds-no", "rdseed", "amd-ssbd", "tsc-deadline", "osvw", "lahf_lm", "sse4.1", "rdrand", "sep", "sse4a", "x2apic", "svm", "xsavec", "mca", "xsaves"]}',created_at=2026-06-02T18:05:33Z,current_workload=0,deleted=False,deleted_at=None,disk_allocation_ratio=1.0,disk_available_least=74,free_disk_gb=95,free_ram_mb=23518,host='np0000001958',host_ip=10.4.3.136,hypervisor_hostname='np0000001958',hypervisor_type='QEMU',hypervisor_version=8002002,id=1,local_gb=95,local_gb_used=0,mapped=1,memory_mb=24030,memory_mb_used=512,metrics='[]',numa_topology='{"nova_object.name": "NUMATopology", "nova_object.namespace": "nova", "nova_object.version": "1.2", "nova_object.data": {"cells": [{"nova_object.name": "NUMACell", "nova_object.namespace": "nova", "nova_object.version": "1.5", "nova_object.data": {"id": 0, "cpuset": [0, 1, 2, 3, 4, 5, 6, 7, 8, 9, 10, 11], "pcpuset": [0, 1, 2, 3, 4, 5, 6, 7, 8, 9, 10, 11], "memory": 24030, "cpu_usage": 0, "memory_usage": 0, "pinned_cpus": [], "siblings": [[6], [2], [5], [11], [8], [4], [1], [7], [10], [0], [3], [9]], "mempages": [{"nova_object.name": "NUMAPagesTopology", "nova_object.namespace": "nova", "nova_object.version": "1.1", "nova_object.data": {"size_kb": 4, "total": 6151798, "used": 0, "reserved": 0}, "nova_object.changes": ["total", "size_kb", "used", "reserved"]}, {"nova_object.name": "NUMAPagesTopology", "nova_object.namespace": "nova", "nova_object.version": "1.1", "nova_object.data": {"size_kb": 2048, "total": 0, "used": 0, "reserved": 0}, "nova_object.changes": ["total", "size_kb", "used", "reserved"]}, {"nova_object.name": "NUMAPagesTopology", "nova_object.namespace": "nova", "nova_object.version": "1.1", "nova_object.data": {"size_kb": 1048576, "total": 0, "used": 0, "reserved": 0}, "nova_object.changes": ["total", "size_kb", "used", "reserved"]}], "network_metadata": {"nova_object.name": "NetworkMetadata", "nova_object.namespace": "nova", "nova_object.version": "1.0", "nova_object.data": {"physnets": [], "tunneled": false}, "nova_object.changes": ["physnets", "tunneled"]}, "socket": null}, "nova_object.changes": ["id", "socket", "network_metadata", "memory_usage", "pcpuset", "memory", "pinned_cpus", "cpuset", "cpu_usage", "siblings", "mempages"]}]}, "nova_object.changes": ["cells"]}',pci_device_pools=PciDevicePoolList,ram_allocation_ratio=1.0,running_vms=0,service_id=3,stats={failed_builds='0',uptime=' 18:07:18 up 27 min, 2 users, load average: 1.18, 1.40, 0.84
Jun 02 18:08:06.712624 np0000001958 nova-scheduler[95730]: '},supported_hv_specs=[HVSpec,HVSpec,HVSpec,HVSpec,HVSpec,HVSpec,HVSpec,HVSpec,HVSpec,HVSpec,HVSpec,HVSpec,HVSpec,HVSpec,HVSpec,HVSpec,HVSpec,HVSpec,HVSpec,HVSpec,HVSpec,HVSpec,HVSpec,HVSpec,HVSpec],updated_at=2026-06-02T18:07:20Z,uuid=362dd1d5-7639-427f-874f-956a7e01859c,vcpus=12,vcpus_used=0) {{(pid=95730) _locked_update /opt/stack/nova/nova/scheduler/host_manager.py:168}}
Jun 02 18:08:06.713374 np0000001958 nova-scheduler[95730]: DEBUG nova.scheduler.host_manager [None req-71f1fd2d-773e-4fc6-a3bd-b612f86583b5 tempest-ServerActionsTestOtherA-1049317071 tempest-ServerActionsTestOtherA-1049317071-project-member] Update host state with aggregates: [] {{(pid=95730) _locked_update /opt/stack/nova/nova/scheduler/host_manager.py:171}}
Jun 02 18:08:06.713489 np0000001958 nova-scheduler[95730]: DEBUG nova.scheduler.host_manager [None req-71f1fd2d-773e-4fc6-a3bd-b612f86583b5 tempest-ServerActionsTestOtherA-1049317071 tempest-ServerActionsTestOtherA-1049317071-project-member] Update host state with service dict: {'id': 3, 'uuid': '8581e532-f745-4649-954c-27e98add8c4a', 'host': 'np0000001958', 'binary': 'nova-compute', 'topic': 'compute', 'report_count': 2, 'disabled': False, 'disabled_reason': None, 'last_seen_up': datetime.datetime(2026, 6, 2, 18, 7, 41, tzinfo=datetime.timezone.utc), 'forced_down': False, 'version': 72, 'created_at': datetime.datetime(2026, 6, 2, 18, 5, 31, tzinfo=datetime.timezone.utc), 'updated_at': datetime.datetime(2026, 6, 2, 18, 7, 41, tzinfo=datetime.timezone.utc), 'deleted_at': None, 'deleted': False} {{(pid=95730) _locked_update /opt/stack/nova/nova/scheduler/host_manager.py:174}}
Jun 02 18:08:06.713613 np0000001958 nova-scheduler[95730]: DEBUG nova.scheduler.host_manager [None req-71f1fd2d-773e-4fc6-a3bd-b612f86583b5 tempest-ServerActionsTestOtherA-1049317071 tempest-ServerActionsTestOtherA-1049317071-project-member] Update host state with instances: [] {{(pid=95730) _locked_update /opt/stack/nova/nova/scheduler/host_manager.py:177}}
Jun 02 18:08:06.713718 np0000001958 nova-scheduler[95730]: DEBUG oslo_concurrency.lockutils [None req-71f1fd2d-773e-4fc6-a3bd-b612f86583b5 tempest-ServerActionsTestOtherA-1049317071 tempest-ServerActionsTestOtherA-1049317071-project-member] Lock "('np0000001958', 'np0000001958')" "released" by "nova.scheduler.host_manager.HostState.update.._locked_update" :: held 0.002s {{(pid=95730) inner /opt/stack/data/venv/lib/python3.12/site-packages/oslo_concurrency/lockutils.py:543}}
Jun 02 18:08:06.714166 np0000001958 nova-scheduler[95730]: DEBUG nova.filters [None req-71f1fd2d-773e-4fc6-a3bd-b612f86583b5 tempest-ServerActionsTestOtherA-1049317071 tempest-ServerActionsTestOtherA-1049317071-project-member] Starting with 1 host(s) {{(pid=95730) get_filtered_objects /opt/stack/nova/nova/filters.py:70}}
Jun 02 18:08:06.714464 np0000001958 nova-scheduler[95730]: DEBUG nova.filters [None req-71f1fd2d-773e-4fc6-a3bd-b612f86583b5 tempest-ServerActionsTestOtherA-1049317071 tempest-ServerActionsTestOtherA-1049317071-project-member] Filter ComputeFilter returned 1 host(s) {{(pid=95730) get_filtered_objects /opt/stack/nova/nova/filters.py:102}}
Jun 02 18:08:06.714552 np0000001958 nova-scheduler[95730]: DEBUG nova.filters [None req-71f1fd2d-773e-4fc6-a3bd-b612f86583b5 tempest-ServerActionsTestOtherA-1049317071 tempest-ServerActionsTestOtherA-1049317071-project-member] Filter ComputeCapabilitiesFilter returned 1 host(s) {{(pid=95730) get_filtered_objects /opt/stack/nova/nova/filters.py:102}}
Jun 02 18:08:06.716545 np0000001958 nova-scheduler[95730]: DEBUG nova.filters [None req-71f1fd2d-773e-4fc6-a3bd-b612f86583b5 tempest-ServerActionsTestOtherA-1049317071 tempest-ServerActionsTestOtherA-1049317071-project-member] Filter ImagePropertiesFilter returned 1 host(s) {{(pid=95730) get_filtered_objects /opt/stack/nova/nova/filters.py:102}}
Jun 02 18:08:06.716690 np0000001958 nova-scheduler[95730]: DEBUG nova.filters [None req-71f1fd2d-773e-4fc6-a3bd-b612f86583b5 tempest-ServerActionsTestOtherA-1049317071 tempest-ServerActionsTestOtherA-1049317071-project-member] Filter ServerGroupAntiAffinityFilter returned 1 host(s) {{(pid=95730) get_filtered_objects /opt/stack/nova/nova/filters.py:102}}
Jun 02 18:08:06.716867 np0000001958 nova-scheduler[95730]: DEBUG nova.filters [None req-71f1fd2d-773e-4fc6-a3bd-b612f86583b5 tempest-ServerActionsTestOtherA-1049317071 tempest-ServerActionsTestOtherA-1049317071-project-member] Filter ServerGroupAffinityFilter returned 1 host(s) {{(pid=95730) get_filtered_objects /opt/stack/nova/nova/filters.py:102}}
Jun 02 18:08:06.717001 np0000001958 nova-scheduler[95730]: DEBUG nova.filters [None req-71f1fd2d-773e-4fc6-a3bd-b612f86583b5 tempest-ServerActionsTestOtherA-1049317071 tempest-ServerActionsTestOtherA-1049317071-project-member] Filter SameHostFilter returned 1 host(s) {{(pid=95730) get_filtered_objects /opt/stack/nova/nova/filters.py:102}}
Jun 02 18:08:06.717103 np0000001958 nova-scheduler[95730]: DEBUG nova.filters [None req-71f1fd2d-773e-4fc6-a3bd-b612f86583b5 tempest-ServerActionsTestOtherA-1049317071 tempest-ServerActionsTestOtherA-1049317071-project-member] Filter DifferentHostFilter returned 1 host(s) {{(pid=95730) get_filtered_objects /opt/stack/nova/nova/filters.py:102}}
Jun 02 18:08:06.717250 np0000001958 nova-scheduler[95730]: DEBUG nova.scheduler.manager [None req-71f1fd2d-773e-4fc6-a3bd-b612f86583b5 tempest-ServerActionsTestOtherA-1049317071 tempest-ServerActionsTestOtherA-1049317071-project-member] Filtered [(np0000001958, np0000001958) ram: 23518MB disk: 75776MB io_ops: 0 instances: 0, allocation_candidates: 1] {{(pid=95730) _get_sorted_hosts /opt/stack/nova/nova/scheduler/manager.py:743}}
Jun 02 18:08:06.717450 np0000001958 nova-scheduler[95730]: DEBUG nova.scheduler.manager [None req-71f1fd2d-773e-4fc6-a3bd-b612f86583b5 tempest-ServerActionsTestOtherA-1049317071 tempest-ServerActionsTestOtherA-1049317071-project-member] Weighed [WeighedHost [host: (np0000001958, np0000001958) ram: 23518MB disk: 75776MB io_ops: 0 instances: 0, allocation_candidates: 1, weight: 0.0]] {{(pid=95730) _get_sorted_hosts /opt/stack/nova/nova/scheduler/manager.py:765}}
Jun 02 18:08:06.717637 np0000001958 nova-scheduler[95730]: DEBUG nova.scheduler.utils [None req-71f1fd2d-773e-4fc6-a3bd-b612f86583b5 tempest-ServerActionsTestOtherA-1049317071 tempest-ServerActionsTestOtherA-1049317071-project-member] Attempting to claim resources in the placement API for instance b8dd361f-e6e6-432f-afd5-156626a907ce {{(pid=95730) claim_resources /opt/stack/nova/nova/scheduler/utils.py:1304}}
Jun 02 18:08:06.881064 np0000001958 nova-scheduler[95730]: DEBUG nova.scheduler.manager [None req-71f1fd2d-773e-4fc6-a3bd-b612f86583b5 tempest-ServerActionsTestOtherA-1049317071 tempest-ServerActionsTestOtherA-1049317071-project-member] [instance: b8dd361f-e6e6-432f-afd5-156626a907ce] Selected host: (np0000001958, np0000001958) ram: 23518MB disk: 75776MB io_ops: 0 instances: 0, allocation_candidates: 1 {{(pid=95730) _consume_selected_host /opt/stack/nova/nova/scheduler/manager.py:625}}
Jun 02 18:08:06.881403 np0000001958 nova-scheduler[95730]: DEBUG oslo_concurrency.lockutils [None req-71f1fd2d-773e-4fc6-a3bd-b612f86583b5 tempest-ServerActionsTestOtherA-1049317071 tempest-ServerActionsTestOtherA-1049317071-project-member] Acquiring lock "('np0000001958', 'np0000001958')" by "nova.scheduler.host_manager.HostState.consume_from_request.._locked" {{(pid=95730) inner /opt/stack/data/venv/lib/python3.12/site-packages/oslo_concurrency/lockutils.py:511}}
Jun 02 18:08:06.881609 np0000001958 nova-scheduler[95730]: DEBUG oslo_concurrency.lockutils [None req-71f1fd2d-773e-4fc6-a3bd-b612f86583b5 tempest-ServerActionsTestOtherA-1049317071 tempest-ServerActionsTestOtherA-1049317071-project-member] Lock "('np0000001958', 'np0000001958')" acquired by "nova.scheduler.host_manager.HostState.consume_from_request.._locked" :: waited 0.000s {{(pid=95730) inner /opt/stack/data/venv/lib/python3.12/site-packages/oslo_concurrency/lockutils.py:524}}
Jun 02 18:08:06.881846 np0000001958 nova-scheduler[95730]: DEBUG oslo_concurrency.lockutils [None req-71f1fd2d-773e-4fc6-a3bd-b612f86583b5 tempest-ServerActionsTestOtherA-1049317071 tempest-ServerActionsTestOtherA-1049317071-project-member] Lock "('np0000001958', 'np0000001958')" "released" by "nova.scheduler.host_manager.HostState.consume_from_request.._locked" :: held 0.000s {{(pid=95730) inner /opt/stack/data/venv/lib/python3.12/site-packages/oslo_concurrency/lockutils.py:543}}
Jun 02 18:08:09.882890 np0000001958 nova-scheduler[95734]: DEBUG nova.scheduler.manager [None req-5eb7182d-c367-4066-aa00-dbc1cd0167a9 tempest-ImageDependencyTests-1282105991 tempest-ImageDependencyTests-1282105991-project-member] Starting to schedule for instances: ['48455db1-f0e8-4cae-9104-936b174bf015'] {{(pid=95734) select_destinations /opt/stack/nova/nova/scheduler/manager.py:210}}
Jun 02 18:08:09.883412 np0000001958 nova-scheduler[95734]: DEBUG nova.scheduler.request_filter [None req-5eb7182d-c367-4066-aa00-dbc1cd0167a9 tempest-ImageDependencyTests-1282105991 tempest-ImageDependencyTests-1282105991-project-member] compute_status_filter request filter added forbidden trait COMPUTE_STATUS_DISABLED {{(pid=95734) compute_status_filter /opt/stack/nova/nova/scheduler/request_filter.py:253}}
Jun 02 18:08:09.883527 np0000001958 nova-scheduler[95734]: DEBUG nova.scheduler.request_filter [None req-5eb7182d-c367-4066-aa00-dbc1cd0167a9 tempest-ImageDependencyTests-1282105991 tempest-ImageDependencyTests-1282105991-project-member] Request filter 'compute_status_filter' took 0.0 seconds {{(pid=95734) wrapper /opt/stack/nova/nova/scheduler/request_filter.py:46}}
Jun 02 18:08:09.883766 np0000001958 nova-scheduler[95734]: DEBUG nova.scheduler.request_filter [None req-5eb7182d-c367-4066-aa00-dbc1cd0167a9 tempest-ImageDependencyTests-1282105991 tempest-ImageDependencyTests-1282105991-project-member] Request filter 'accelerators_filter' took 0.0 seconds {{(pid=95734) wrapper /opt/stack/nova/nova/scheduler/request_filter.py:46}}
Jun 02 18:08:09.883971 np0000001958 nova-scheduler[95734]: DEBUG nova.scheduler.request_filter [None req-5eb7182d-c367-4066-aa00-dbc1cd0167a9 tempest-ImageDependencyTests-1282105991 tempest-ImageDependencyTests-1282105991-project-member] Request filter 'packed_virtqueue_filter' took 0.0 seconds {{(pid=95734) wrapper /opt/stack/nova/nova/scheduler/request_filter.py:46}}
Jun 02 18:08:09.885235 np0000001958 nova-scheduler[95734]: DEBUG nova.scheduler.request_filter [None req-5eb7182d-c367-4066-aa00-dbc1cd0167a9 tempest-ImageDependencyTests-1282105991 tempest-ImageDependencyTests-1282105991-project-member] Request filter 'remote_managed_ports_filter' took 0.0 seconds {{(pid=95734) wrapper /opt/stack/nova/nova/scheduler/request_filter.py:46}}
Jun 02 18:08:09.885235 np0000001958 nova-scheduler[95734]: DEBUG nova.scheduler.request_filter [None req-5eb7182d-c367-4066-aa00-dbc1cd0167a9 tempest-ImageDependencyTests-1282105991 tempest-ImageDependencyTests-1282105991-project-member] ephemeral_encryption_filter skipped {{(pid=95734) ephemeral_encryption_filter /opt/stack/nova/nova/scheduler/request_filter.py:426}}
Jun 02 18:08:09.885235 np0000001958 nova-scheduler[95734]: DEBUG nova.scheduler.request_filter [None req-5eb7182d-c367-4066-aa00-dbc1cd0167a9 tempest-ImageDependencyTests-1282105991 tempest-ImageDependencyTests-1282105991-project-member] virtio_sound_filter skipped {{(pid=95734) virtio_sound_filter /opt/stack/nova/nova/scheduler/request_filter.py:460}}
Jun 02 18:08:09.885235 np0000001958 nova-scheduler[95734]: DEBUG nova.scheduler.request_filter [None req-5eb7182d-c367-4066-aa00-dbc1cd0167a9 tempest-ImageDependencyTests-1282105991 tempest-ImageDependencyTests-1282105991-project-member] tpm_secret_security_filter skipped {{(pid=95734) tpm_secret_security_filter /opt/stack/nova/nova/scheduler/request_filter.py:477}}
Jun 02 18:08:09.982569 np0000001958 nova-scheduler[95734]: INFO nova.utils [None req-5eb7182d-c367-4066-aa00-dbc1cd0167a9 tempest-ImageDependencyTests-1282105991 tempest-ImageDependencyTests-1282105991-project-member] The cell worker thread pool ForkProcess-3.cell_worker is initialized
Jun 02 18:08:09.982569 np0000001958 nova-scheduler[95734]: DEBUG oslo_concurrency.lockutils [None req-5eb7182d-c367-4066-aa00-dbc1cd0167a9 tempest-ImageDependencyTests-1282105991 tempest-ImageDependencyTests-1282105991-project-member] Acquiring lock "18e63e1a-9ee4-42cf-8386-1e6874fa810b" by "nova.context.set_target_cell..get_or_set_cached_cell_and_set_connections" {{(pid=95734) inner /opt/stack/data/venv/lib/python3.12/site-packages/oslo_concurrency/lockutils.py:511}}
Jun 02 18:08:09.982569 np0000001958 nova-scheduler[95734]: DEBUG oslo_concurrency.lockutils [None req-5eb7182d-c367-4066-aa00-dbc1cd0167a9 tempest-ImageDependencyTests-1282105991 tempest-ImageDependencyTests-1282105991-project-member] Lock "18e63e1a-9ee4-42cf-8386-1e6874fa810b" acquired by "nova.context.set_target_cell..get_or_set_cached_cell_and_set_connections" :: waited 0.000s {{(pid=95734) inner /opt/stack/data/venv/lib/python3.12/site-packages/oslo_concurrency/lockutils.py:524}}
Jun 02 18:08:09.983614 np0000001958 nova-scheduler[95734]: DEBUG oslo_concurrency.lockutils [None req-5eb7182d-c367-4066-aa00-dbc1cd0167a9 tempest-ImageDependencyTests-1282105991 tempest-ImageDependencyTests-1282105991-project-member] Lock "18e63e1a-9ee4-42cf-8386-1e6874fa810b" "released" by "nova.context.set_target_cell..get_or_set_cached_cell_and_set_connections" :: held 0.001s {{(pid=95734) inner /opt/stack/data/venv/lib/python3.12/site-packages/oslo_concurrency/lockutils.py:543}}
Jun 02 18:08:09.986308 np0000001958 nova-scheduler[95734]: INFO dbcounter [None req-5eb7182d-c367-4066-aa00-dbc1cd0167a9 tempest-ImageDependencyTests-1282105991 tempest-ImageDependencyTests-1282105991-project-member] Registered counter for database nova_cell1
Jun 02 18:08:10.042923 np0000001958 nova-scheduler[95734]: DEBUG oslo_db.sqlalchemy.engines [None req-5eb7182d-c367-4066-aa00-dbc1cd0167a9 tempest-ImageDependencyTests-1282105991 tempest-ImageDependencyTests-1282105991-project-member] MySQL server mode set to STRICT_TRANS_TABLES,STRICT_ALL_TABLES,NO_ZERO_IN_DATE,NO_ZERO_DATE,ERROR_FOR_DIVISION_BY_ZERO,TRADITIONAL,NO_ENGINE_SUBSTITUTION {{(pid=95734) _check_effective_sql_mode /opt/stack/data/venv/lib/python3.12/site-packages/oslo_db/sqlalchemy/engines.py:325}}
Jun 02 18:08:10.049501 np0000001958 nova-scheduler[95734]: DEBUG dbcounter [-] [95734] Writer thread running {{(pid=95734) stat_writer /opt/stack/data/venv/lib/python3.12/site-packages/dbcounter.py:102}}
Jun 02 18:08:10.099462 np0000001958 nova-scheduler[95734]: DEBUG dbcounter [-] [95734] Writer thread running {{(pid=95734) stat_writer /opt/stack/data/venv/lib/python3.12/site-packages/dbcounter.py:102}}
Jun 02 18:08:10.104656 np0000001958 nova-scheduler[95734]: DEBUG oslo_concurrency.lockutils [None req-5eb7182d-c367-4066-aa00-dbc1cd0167a9 tempest-ImageDependencyTests-1282105991 tempest-ImageDependencyTests-1282105991-project-member] Acquiring lock "18e63e1a-9ee4-42cf-8386-1e6874fa810b" by "nova.context.set_target_cell..get_or_set_cached_cell_and_set_connections" {{(pid=95734) inner /opt/stack/data/venv/lib/python3.12/site-packages/oslo_concurrency/lockutils.py:511}}
Jun 02 18:08:10.104813 np0000001958 nova-scheduler[95734]: DEBUG oslo_concurrency.lockutils [None req-5eb7182d-c367-4066-aa00-dbc1cd0167a9 tempest-ImageDependencyTests-1282105991 tempest-ImageDependencyTests-1282105991-project-member] Lock "18e63e1a-9ee4-42cf-8386-1e6874fa810b" acquired by "nova.context.set_target_cell..get_or_set_cached_cell_and_set_connections" :: waited 0.000s {{(pid=95734) inner /opt/stack/data/venv/lib/python3.12/site-packages/oslo_concurrency/lockutils.py:524}}
Jun 02 18:08:10.104935 np0000001958 nova-scheduler[95734]: DEBUG oslo_concurrency.lockutils [None req-5eb7182d-c367-4066-aa00-dbc1cd0167a9 tempest-ImageDependencyTests-1282105991 tempest-ImageDependencyTests-1282105991-project-member] Lock "18e63e1a-9ee4-42cf-8386-1e6874fa810b" "released" by "nova.context.set_target_cell..get_or_set_cached_cell_and_set_connections" :: held 0.000s {{(pid=95734) inner /opt/stack/data/venv/lib/python3.12/site-packages/oslo_concurrency/lockutils.py:543}}
Jun 02 18:08:10.112310 np0000001958 nova-scheduler[95734]: DEBUG oslo_concurrency.lockutils [None req-5eb7182d-c367-4066-aa00-dbc1cd0167a9 tempest-ImageDependencyTests-1282105991 tempest-ImageDependencyTests-1282105991-project-member] Acquiring lock "('np0000001958', 'np0000001958')" by "nova.scheduler.host_manager.HostState.update.._locked_update" {{(pid=95734) inner /opt/stack/data/venv/lib/python3.12/site-packages/oslo_concurrency/lockutils.py:511}}
Jun 02 18:08:10.112552 np0000001958 nova-scheduler[95734]: DEBUG oslo_concurrency.lockutils [None req-5eb7182d-c367-4066-aa00-dbc1cd0167a9 tempest-ImageDependencyTests-1282105991 tempest-ImageDependencyTests-1282105991-project-member] Lock "('np0000001958', 'np0000001958')" acquired by "nova.scheduler.host_manager.HostState.update.._locked_update" :: waited 0.000s {{(pid=95734) inner /opt/stack/data/venv/lib/python3.12/site-packages/oslo_concurrency/lockutils.py:524}}
