Aug 12 17:40:44.692141 np0000007082 nova-scheduler[93496]: DEBUG cotyledon.oslo_config_glue [-] oslo_messaging_rabbit.rabbit_quorum_max_memory_bytes = 0 {{(pid=93496) log_opt_values /opt/stack/data/venv/lib/python3.12/site-packages/oslo_config/cfg.py:3545}}
Aug 12 17:40:44.692141 np0000007082 nova-scheduler[93496]: DEBUG cotyledon.oslo_config_glue [-] oslo_messaging_rabbit.rabbit_quorum_max_memory_length = 0 {{(pid=93496) log_opt_values /opt/stack/data/venv/lib/python3.12/site-packages/oslo_config/cfg.py:3545}}
Aug 12 17:40:44.692141 np0000007082 nova-scheduler[93496]: DEBUG cotyledon.oslo_config_glue [-] oslo_messaging_rabbit.rabbit_quorum_queue = False {{(pid=93496) log_opt_values /opt/stack/data/venv/lib/python3.12/site-packages/oslo_config/cfg.py:3545}}
Aug 12 17:40:44.692141 np0000007082 nova-scheduler[93496]: DEBUG cotyledon.oslo_config_glue [-] oslo_messaging_rabbit.rabbit_retry_backoff = 2 {{(pid=93496) log_opt_values /opt/stack/data/venv/lib/python3.12/site-packages/oslo_config/cfg.py:3545}}
Aug 12 17:40:44.692141 np0000007082 nova-scheduler[93496]: DEBUG cotyledon.oslo_config_glue [-] oslo_messaging_rabbit.rabbit_retry_interval = 1 {{(pid=93496) log_opt_values /opt/stack/data/venv/lib/python3.12/site-packages/oslo_config/cfg.py:3545}}
Aug 12 17:40:44.692141 np0000007082 nova-scheduler[93496]: DEBUG cotyledon.oslo_config_glue [-] oslo_messaging_rabbit.rabbit_stream_fanout = False {{(pid=93496) log_opt_values /opt/stack/data/venv/lib/python3.12/site-packages/oslo_config/cfg.py:3545}}
Aug 12 17:40:44.692141 np0000007082 nova-scheduler[93496]: DEBUG cotyledon.oslo_config_glue [-] oslo_messaging_rabbit.rabbit_transient_queues_ttl = 1800 {{(pid=93496) log_opt_values /opt/stack/data/venv/lib/python3.12/site-packages/oslo_config/cfg.py:3545}}
Aug 12 17:40:44.692141 np0000007082 nova-scheduler[93496]: DEBUG cotyledon.oslo_config_glue [-] oslo_messaging_rabbit.rabbit_transient_quorum_queue = False {{(pid=93496) log_opt_values /opt/stack/data/venv/lib/python3.12/site-packages/oslo_config/cfg.py:3545}}
Aug 12 17:40:44.692380 np0000007082 nova-scheduler[93496]: DEBUG cotyledon.oslo_config_glue [-] oslo_messaging_rabbit.rpc_conn_pool_size = 30 {{(pid=93496) log_opt_values /opt/stack/data/venv/lib/python3.12/site-packages/oslo_config/cfg.py:3545}}
Aug 12 17:40:44.692380 np0000007082 nova-scheduler[93496]: DEBUG cotyledon.oslo_config_glue [-] oslo_messaging_rabbit.ssl = False {{(pid=93496) log_opt_values /opt/stack/data/venv/lib/python3.12/site-packages/oslo_config/cfg.py:3545}}
Aug 12 17:40:44.692380 np0000007082 nova-scheduler[93496]: DEBUG cotyledon.oslo_config_glue [-] oslo_messaging_rabbit.ssl_ca_file = {{(pid=93496) log_opt_values /opt/stack/data/venv/lib/python3.12/site-packages/oslo_config/cfg.py:3545}}
Aug 12 17:40:44.692380 np0000007082 nova-scheduler[93496]: DEBUG cotyledon.oslo_config_glue [-] oslo_messaging_rabbit.ssl_cert_file = {{(pid=93496) log_opt_values /opt/stack/data/venv/lib/python3.12/site-packages/oslo_config/cfg.py:3545}}
Aug 12 17:40:44.692380 np0000007082 nova-scheduler[93496]: DEBUG cotyledon.oslo_config_glue [-] oslo_messaging_rabbit.ssl_enforce_fips_mode = False {{(pid=93496) log_opt_values /opt/stack/data/venv/lib/python3.12/site-packages/oslo_config/cfg.py:3545}}
Aug 12 17:40:44.692380 np0000007082 nova-scheduler[93496]: DEBUG cotyledon.oslo_config_glue [-] oslo_messaging_rabbit.ssl_enforce_hostname_verification = True {{(pid=93496) log_opt_values /opt/stack/data/venv/lib/python3.12/site-packages/oslo_config/cfg.py:3545}}
Aug 12 17:40:44.692380 np0000007082 nova-scheduler[93496]: DEBUG cotyledon.oslo_config_glue [-] oslo_messaging_rabbit.ssl_key_file = {{(pid=93496) log_opt_values /opt/stack/data/venv/lib/python3.12/site-packages/oslo_config/cfg.py:3545}}
Aug 12 17:40:44.692380 np0000007082 nova-scheduler[93496]: DEBUG cotyledon.oslo_config_glue [-] oslo_messaging_rabbit.ssl_version = {{(pid=93496) log_opt_values /opt/stack/data/venv/lib/python3.12/site-packages/oslo_config/cfg.py:3545}}
Aug 12 17:40:44.692380 np0000007082 nova-scheduler[93496]: DEBUG cotyledon.oslo_config_glue [-] oslo_messaging_rabbit.use_queue_manager = False {{(pid=93496) log_opt_values /opt/stack/data/venv/lib/python3.12/site-packages/oslo_config/cfg.py:3545}}
Aug 12 17:40:44.692649 np0000007082 nova-scheduler[93496]: DEBUG cotyledon.oslo_config_glue [-] oslo_messaging_notifications.driver = ['messagingv2'] {{(pid=93496) log_opt_values /opt/stack/data/venv/lib/python3.12/site-packages/oslo_config/cfg.py:3545}}
Aug 12 17:40:44.692649 np0000007082 nova-scheduler[93496]: DEBUG cotyledon.oslo_config_glue [-] oslo_messaging_notifications.retry = -1 {{(pid=93496) log_opt_values /opt/stack/data/venv/lib/python3.12/site-packages/oslo_config/cfg.py:3545}}
Aug 12 17:40:44.692649 np0000007082 nova-scheduler[93496]: DEBUG cotyledon.oslo_config_glue [-] oslo_messaging_notifications.topics = ['notifications'] {{(pid=93496) log_opt_values /opt/stack/data/venv/lib/python3.12/site-packages/oslo_config/cfg.py:3545}}
Aug 12 17:40:44.692649 np0000007082 nova-scheduler[93496]: DEBUG cotyledon.oslo_config_glue [-] oslo_messaging_notifications.transport_url = **** {{(pid=93496) log_opt_values /opt/stack/data/venv/lib/python3.12/site-packages/oslo_config/cfg.py:3545}}
Aug 12 17:40:44.692649 np0000007082 nova-scheduler[93496]: DEBUG cotyledon.oslo_config_glue [-] oslo_limit.auth_section = None {{(pid=93496) log_opt_values /opt/stack/data/venv/lib/python3.12/site-packages/oslo_config/cfg.py:3545}}
Aug 12 17:40:44.692649 np0000007082 nova-scheduler[93496]: DEBUG cotyledon.oslo_config_glue [-] oslo_limit.auth_type = None {{(pid=93496) log_opt_values /opt/stack/data/venv/lib/python3.12/site-packages/oslo_config/cfg.py:3545}}
Aug 12 17:40:44.692649 np0000007082 nova-scheduler[93496]: DEBUG cotyledon.oslo_config_glue [-] oslo_limit.cafile = None {{(pid=93496) log_opt_values /opt/stack/data/venv/lib/python3.12/site-packages/oslo_config/cfg.py:3545}}
Aug 12 17:40:44.692649 np0000007082 nova-scheduler[93496]: DEBUG cotyledon.oslo_config_glue [-] oslo_limit.certfile = None {{(pid=93496) log_opt_values /opt/stack/data/venv/lib/python3.12/site-packages/oslo_config/cfg.py:3545}}
Aug 12 17:40:44.692649 np0000007082 nova-scheduler[93496]: DEBUG cotyledon.oslo_config_glue [-] oslo_limit.collect_timing = False {{(pid=93496) log_opt_values /opt/stack/data/venv/lib/python3.12/site-packages/oslo_config/cfg.py:3545}}
Aug 12 17:40:44.692928 np0000007082 nova-scheduler[93496]: DEBUG cotyledon.oslo_config_glue [-] oslo_limit.connect_retries = None {{(pid=93496) log_opt_values /opt/stack/data/venv/lib/python3.12/site-packages/oslo_config/cfg.py:3545}}
Aug 12 17:40:44.692928 np0000007082 nova-scheduler[93496]: DEBUG cotyledon.oslo_config_glue [-] oslo_limit.connect_retry_delay = None {{(pid=93496) log_opt_values /opt/stack/data/venv/lib/python3.12/site-packages/oslo_config/cfg.py:3545}}
Aug 12 17:40:44.692928 np0000007082 nova-scheduler[93496]: DEBUG cotyledon.oslo_config_glue [-] oslo_limit.endpoint_id = None {{(pid=93496) log_opt_values /opt/stack/data/venv/lib/python3.12/site-packages/oslo_config/cfg.py:3545}}
Aug 12 17:40:44.692928 np0000007082 nova-scheduler[93496]: DEBUG cotyledon.oslo_config_glue [-] oslo_limit.endpoint_interface = public {{(pid=93496) log_opt_values /opt/stack/data/venv/lib/python3.12/site-packages/oslo_config/cfg.py:3545}}
Aug 12 17:40:44.692928 np0000007082 nova-scheduler[93496]: DEBUG cotyledon.oslo_config_glue [-] oslo_limit.endpoint_override = None {{(pid=93496) log_opt_values /opt/stack/data/venv/lib/python3.12/site-packages/oslo_config/cfg.py:3545}}
Aug 12 17:40:44.692928 np0000007082 nova-scheduler[93496]: DEBUG cotyledon.oslo_config_glue [-] oslo_limit.endpoint_region_name = None {{(pid=93496) log_opt_values /opt/stack/data/venv/lib/python3.12/site-packages/oslo_config/cfg.py:3545}}
Aug 12 17:40:44.692928 np0000007082 nova-scheduler[93496]: DEBUG cotyledon.oslo_config_glue [-] oslo_limit.endpoint_service_name = None {{(pid=93496) log_opt_values /opt/stack/data/venv/lib/python3.12/site-packages/oslo_config/cfg.py:3545}}
Aug 12 17:40:44.692928 np0000007082 nova-scheduler[93496]: DEBUG cotyledon.oslo_config_glue [-] oslo_limit.endpoint_service_type = None {{(pid=93496) log_opt_values /opt/stack/data/venv/lib/python3.12/site-packages/oslo_config/cfg.py:3545}}
Aug 12 17:40:44.692928 np0000007082 nova-scheduler[93496]: DEBUG cotyledon.oslo_config_glue [-] oslo_limit.insecure = False {{(pid=93496) log_opt_values /opt/stack/data/venv/lib/python3.12/site-packages/oslo_config/cfg.py:3545}}
Aug 12 17:40:44.693190 np0000007082 nova-scheduler[93496]: DEBUG cotyledon.oslo_config_glue [-] oslo_limit.keyfile = None {{(pid=93496) log_opt_values /opt/stack/data/venv/lib/python3.12/site-packages/oslo_config/cfg.py:3545}}
Aug 12 17:40:44.693190 np0000007082 nova-scheduler[93496]: DEBUG cotyledon.oslo_config_glue [-] oslo_limit.max_version = None {{(pid=93496) log_opt_values /opt/stack/data/venv/lib/python3.12/site-packages/oslo_config/cfg.py:3545}}
Aug 12 17:40:44.693190 np0000007082 nova-scheduler[93496]: DEBUG cotyledon.oslo_config_glue [-] oslo_limit.min_version = None {{(pid=93496) log_opt_values /opt/stack/data/venv/lib/python3.12/site-packages/oslo_config/cfg.py:3545}}
Aug 12 17:40:44.693190 np0000007082 nova-scheduler[93496]: DEBUG cotyledon.oslo_config_glue [-] oslo_limit.region_name = None {{(pid=93496) log_opt_values /opt/stack/data/venv/lib/python3.12/site-packages/oslo_config/cfg.py:3545}}
Aug 12 17:40:44.693190 np0000007082 nova-scheduler[93496]: DEBUG cotyledon.oslo_config_glue [-] oslo_limit.retriable_status_codes = None {{(pid=93496) log_opt_values /opt/stack/data/venv/lib/python3.12/site-packages/oslo_config/cfg.py:3545}}
Aug 12 17:40:44.693190 np0000007082 nova-scheduler[93496]: DEBUG cotyledon.oslo_config_glue [-] oslo_limit.service_name = None {{(pid=93496) log_opt_values /opt/stack/data/venv/lib/python3.12/site-packages/oslo_config/cfg.py:3545}}
Aug 12 17:40:44.693190 np0000007082 nova-scheduler[93496]: DEBUG cotyledon.oslo_config_glue [-] oslo_limit.service_type = None {{(pid=93496) log_opt_values /opt/stack/data/venv/lib/python3.12/site-packages/oslo_config/cfg.py:3545}}
Aug 12 17:40:44.693190 np0000007082 nova-scheduler[93496]: DEBUG cotyledon.oslo_config_glue [-] oslo_limit.split_loggers = False {{(pid=93496) log_opt_values /opt/stack/data/venv/lib/python3.12/site-packages/oslo_config/cfg.py:3545}}
Aug 12 17:40:44.693190 np0000007082 nova-scheduler[93496]: DEBUG cotyledon.oslo_config_glue [-] oslo_limit.status_code_retries = None {{(pid=93496) log_opt_values /opt/stack/data/venv/lib/python3.12/site-packages/oslo_config/cfg.py:3545}}
Aug 12 17:40:44.693455 np0000007082 nova-scheduler[93496]: DEBUG cotyledon.oslo_config_glue [-] oslo_limit.status_code_retry_delay = None {{(pid=93496) log_opt_values /opt/stack/data/venv/lib/python3.12/site-packages/oslo_config/cfg.py:3545}}
Aug 12 17:40:44.693455 np0000007082 nova-scheduler[93496]: DEBUG cotyledon.oslo_config_glue [-] oslo_limit.timeout = None {{(pid=93496) log_opt_values /opt/stack/data/venv/lib/python3.12/site-packages/oslo_config/cfg.py:3545}}
Aug 12 17:40:44.693455 np0000007082 nova-scheduler[93496]: DEBUG cotyledon.oslo_config_glue [-] oslo_limit.valid_interfaces = None {{(pid=93496) log_opt_values /opt/stack/data/venv/lib/python3.12/site-packages/oslo_config/cfg.py:3545}}
Aug 12 17:40:44.693455 np0000007082 nova-scheduler[93496]: DEBUG cotyledon.oslo_config_glue [-] oslo_limit.version = None {{(pid=93496) log_opt_values /opt/stack/data/venv/lib/python3.12/site-packages/oslo_config/cfg.py:3545}}
Aug 12 17:40:44.693455 np0000007082 nova-scheduler[93496]: DEBUG cotyledon.oslo_config_glue [-] oslo_reports.file_event_handler = None {{(pid=93496) log_opt_values /opt/stack/data/venv/lib/python3.12/site-packages/oslo_config/cfg.py:3545}}
Aug 12 17:40:44.693455 np0000007082 nova-scheduler[93496]: DEBUG cotyledon.oslo_config_glue [-] oslo_reports.file_event_handler_interval = 1 {{(pid=93496) log_opt_values /opt/stack/data/venv/lib/python3.12/site-packages/oslo_config/cfg.py:3545}}
Aug 12 17:40:44.693455 np0000007082 nova-scheduler[93496]: DEBUG cotyledon.oslo_config_glue [-] oslo_reports.log_dir = None {{(pid=93496) log_opt_values /opt/stack/data/venv/lib/python3.12/site-packages/oslo_config/cfg.py:3545}}
Aug 12 17:40:44.693455 np0000007082 nova-scheduler[93496]: DEBUG cotyledon.oslo_config_glue [-] ******************************************************************************** {{(pid=93496) log_opt_values /opt/stack/data/venv/lib/python3.12/site-packages/oslo_config/cfg.py:3552}}
Aug 12 17:40:44.693694 np0000007082 nova-scheduler[93496]: DEBUG cotyledon._service_worker [-] Run service ServiceWrapper(2) [93496] {{(pid=93496) wait_forever /opt/stack/data/venv/lib/python3.12/site-packages/cotyledon/_service_worker.py:218}}
Aug 12 17:40:44.694707 np0000007082 nova-scheduler[93496]: INFO nova.service [-] Starting scheduler node (version 33.1.0)
Aug 12 17:40:44.695020 np0000007082 nova-scheduler[93492]: DEBUG oslo_db.sqlalchemy.engines [None req-1290cb39-6d57-4ef2-bb84-2f984dfc2825 None None] MySQL server mode set to STRICT_TRANS_TABLES,STRICT_ALL_TABLES,NO_ZERO_IN_DATE,NO_ZERO_DATE,ERROR_FOR_DIVISION_BY_ZERO,TRADITIONAL,NO_ENGINE_SUBSTITUTION {{(pid=93492) _check_effective_sql_mode /opt/stack/data/venv/lib/python3.12/site-packages/oslo_db/sqlalchemy/engines.py:325}}
Aug 12 17:40:44.699612 np0000007082 nova-scheduler[93496]: INFO dbcounter [None req-0e6be5ec-35c2-4d55-a7b0-2b429c3ad05d None None] Registered counter for database nova_cell0
Aug 12 17:40:44.712276 np0000007082 nova-scheduler[93492]: DEBUG dbcounter [-] [93492] Writer thread running {{(pid=93492) stat_writer /opt/stack/data/venv/lib/python3.12/site-packages/dbcounter.py:102}}
Aug 12 17:40:44.731821 np0000007082 nova-scheduler[93492]: DEBUG nova.service [None req-1290cb39-6d57-4ef2-bb84-2f984dfc2825 None None] Creating RPC server for service: nova-scheduler on topic: scheduler {{(pid=93492) start /opt/stack/nova/nova/service.py:196}}
Aug 12 17:40:44.735498 np0000007082 nova-scheduler[93494]: DEBUG oslo_db.sqlalchemy.engines [None req-c3fc92b4-59cc-451b-b00a-6a96bbcc00f2 None None] MySQL server mode set to STRICT_TRANS_TABLES,STRICT_ALL_TABLES,NO_ZERO_IN_DATE,NO_ZERO_DATE,ERROR_FOR_DIVISION_BY_ZERO,TRADITIONAL,NO_ENGINE_SUBSTITUTION {{(pid=93494) _check_effective_sql_mode /opt/stack/data/venv/lib/python3.12/site-packages/oslo_db/sqlalchemy/engines.py:325}}
Aug 12 17:40:44.743305 np0000007082 nova-scheduler[93496]: DEBUG oslo_db.sqlalchemy.engines [None req-0e6be5ec-35c2-4d55-a7b0-2b429c3ad05d None None] MySQL server mode set to STRICT_TRANS_TABLES,STRICT_ALL_TABLES,NO_ZERO_IN_DATE,NO_ZERO_DATE,ERROR_FOR_DIVISION_BY_ZERO,TRADITIONAL,NO_ENGINE_SUBSTITUTION {{(pid=93496) _check_effective_sql_mode /opt/stack/data/venv/lib/python3.12/site-packages/oslo_db/sqlalchemy/engines.py:325}}
Aug 12 17:40:44.749260 np0000007082 nova-scheduler[93494]: DEBUG dbcounter [-] [93494] Writer thread running {{(pid=93494) stat_writer /opt/stack/data/venv/lib/python3.12/site-packages/dbcounter.py:102}}
Aug 12 17:40:44.752867 np0000007082 nova-scheduler[93496]: DEBUG dbcounter [-] [93496] Writer thread running {{(pid=93496) stat_writer /opt/stack/data/venv/lib/python3.12/site-packages/dbcounter.py:102}}
Aug 12 17:40:44.753063 np0000007082 nova-scheduler[93494]: DEBUG nova.service [None req-c3fc92b4-59cc-451b-b00a-6a96bbcc00f2 None None] Creating RPC server for service: nova-scheduler on topic: scheduler {{(pid=93494) start /opt/stack/nova/nova/service.py:196}}
Aug 12 17:40:44.755373 np0000007082 nova-scheduler[93496]: DEBUG nova.service [None req-0e6be5ec-35c2-4d55-a7b0-2b429c3ad05d None None] Creating RPC server for service: nova-scheduler on topic: scheduler {{(pid=93496) start /opt/stack/nova/nova/service.py:196}}
Aug 12 17:40:44.758747 np0000007082 nova-scheduler[93492]: DEBUG nova.service [None req-1290cb39-6d57-4ef2-bb84-2f984dfc2825 None None] Join ServiceGroup membership for this service scheduler {{(pid=93492) start /opt/stack/nova/nova/service.py:222}}
Aug 12 17:40:44.758911 np0000007082 nova-scheduler[93492]: DEBUG nova.servicegroup.drivers.db [None req-1290cb39-6d57-4ef2-bb84-2f984dfc2825 None None] DB_Driver: join new ServiceGroup member np0000007082 to the scheduler group, service = {{(pid=93492) join /opt/stack/nova/nova/servicegroup/drivers/db.py:44}}
Aug 12 17:40:44.771530 np0000007082 nova-scheduler[93496]: DEBUG nova.service [None req-0e6be5ec-35c2-4d55-a7b0-2b429c3ad05d None None] Join ServiceGroup membership for this service scheduler {{(pid=93496) start /opt/stack/nova/nova/service.py:222}}
Aug 12 17:40:44.771754 np0000007082 nova-scheduler[93496]: DEBUG nova.servicegroup.drivers.db [None req-0e6be5ec-35c2-4d55-a7b0-2b429c3ad05d None None] DB_Driver: join new ServiceGroup member np0000007082 to the scheduler group, service = {{(pid=93496) join /opt/stack/nova/nova/servicegroup/drivers/db.py:44}}
Aug 12 17:40:44.772620 np0000007082 nova-scheduler[93494]: DEBUG nova.service [None req-c3fc92b4-59cc-451b-b00a-6a96bbcc00f2 None None] Join ServiceGroup membership for this service scheduler {{(pid=93494) start /opt/stack/nova/nova/service.py:222}}
Aug 12 17:40:44.773062 np0000007082 nova-scheduler[93494]: DEBUG nova.servicegroup.drivers.db [None req-c3fc92b4-59cc-451b-b00a-6a96bbcc00f2 None None] DB_Driver: join new ServiceGroup member np0000007082 to the scheduler group, service = {{(pid=93494) join /opt/stack/nova/nova/servicegroup/drivers/db.py:44}}
Aug 12 17:40:49.775268 np0000007082 nova-scheduler[93492]: DEBUG oslo.service.backend._threading.loopingcall [-] Fixed interval looping call 'nova.servicegroup.drivers.db.DbDriver._report_state' sleeping for 119.99 seconds {{(pid=93492) _run_loop /opt/stack/data/venv/lib/python3.12/site-packages/oslo_service/backend/_threading/loopingcall.py:125}}
Aug 12 17:40:49.784663 np0000007082 nova-scheduler[93496]: DEBUG oslo.service.backend._threading.loopingcall [-] Fixed interval looping call 'nova.servicegroup.drivers.db.DbDriver._report_state' sleeping for 119.99 seconds {{(pid=93496) _run_loop /opt/stack/data/venv/lib/python3.12/site-packages/oslo_service/backend/_threading/loopingcall.py:125}}
Aug 12 17:40:49.797364 np0000007082 nova-scheduler[93494]: DEBUG oslo.service.backend._threading.loopingcall [-] Fixed interval looping call 'nova.servicegroup.drivers.db.DbDriver._report_state' sleeping for 119.98 seconds {{(pid=93494) _run_loop /opt/stack/data/venv/lib/python3.12/site-packages/oslo_service/backend/_threading/loopingcall.py:125}}
Aug 12 17:40:53.327679 np0000007082 nova-scheduler[92288]: DEBUG dbcounter [-] [92288] Writing DB stats nova_api:SELECT=3 {{(pid=92288) stat_writer /opt/stack/data/venv/lib/python3.12/site-packages/dbcounter.py:115}}
Aug 12 17:40:53.457300 np0000007082 nova-scheduler[92288]: DEBUG dbcounter [-] [92288] Writing DB stats nova_cell1:SELECT=1 {{(pid=92288) stat_writer /opt/stack/data/venv/lib/python3.12/site-packages/dbcounter.py:115}}
Aug 12 17:40:53.461991 np0000007082 nova-scheduler[92288]: DEBUG dbcounter [-] [92288] Writing DB stats nova_cell0:SELECT=1 {{(pid=92288) stat_writer /opt/stack/data/venv/lib/python3.12/site-packages/dbcounter.py:115}}
Aug 12 17:40:54.760981 np0000007082 nova-scheduler[93492]: DEBUG oslo.service.backend._threading.loopingcall [None req-12681463-066f-4583-943a-9e107fe353ee None None] Dynamic interval looping call 'nova.service.Service.periodic_tasks' sleeping for 60.00 seconds {{(pid=93492) _run_loop /opt/stack/data/venv/lib/python3.12/site-packages/oslo_service/backend/_threading/loopingcall.py:125}}
Aug 12 17:40:59.770307 np0000007082 nova-scheduler[93492]: DEBUG dbcounter [-] [93492] Writing DB stats nova_cell0:SELECT=4,nova_cell0:INSERT=1,nova_cell0:UPDATE=1 {{(pid=93492) stat_writer /opt/stack/data/venv/lib/python3.12/site-packages/dbcounter.py:115}}
Aug 12 17:40:59.780913 np0000007082 nova-scheduler[93496]: DEBUG dbcounter [-] [93496] Writing DB stats nova_cell0:SELECT=3 {{(pid=93496) stat_writer /opt/stack/data/venv/lib/python3.12/site-packages/dbcounter.py:115}}
Aug 12 17:40:59.793313 np0000007082 nova-scheduler[93494]: DEBUG dbcounter [-] [93494] Writing DB stats nova_cell0:SELECT=3 {{(pid=93494) stat_writer /opt/stack/data/venv/lib/python3.12/site-packages/dbcounter.py:115}}
Aug 12 17:41:03.775823 np0000007082 nova-scheduler[93494]: DEBUG oslo.service.backend._threading.loopingcall [None req-9143e83f-7376-42cd-9051-d925b2df22a4 None None] Dynamic interval looping call 'nova.service.Service.periodic_tasks' sleeping for 60.00 seconds {{(pid=93494) _run_loop /opt/stack/data/venv/lib/python3.12/site-packages/oslo_service/backend/_threading/loopingcall.py:125}}
Aug 12 17:41:32.773761 np0000007082 nova-scheduler[93496]: DEBUG oslo.service.backend._threading.loopingcall [None req-891ed6f4-de87-4066-aa85-3c5f1e223d37 None None] Dynamic interval looping call 'nova.service.Service.periodic_tasks' sleeping for 60.00 seconds {{(pid=93496) _run_loop /opt/stack/data/venv/lib/python3.12/site-packages/oslo_service/backend/_threading/loopingcall.py:125}}
Aug 12 17:41:54.761561 np0000007082 nova-scheduler[93492]: DEBUG oslo.service.backend._threading.loopingcall [None req-12681463-066f-4583-943a-9e107fe353ee None None] Dynamic interval looping call 'nova.service.Service.periodic_tasks' sleeping for 60.00 seconds {{(pid=93492) _run_loop /opt/stack/data/venv/lib/python3.12/site-packages/oslo_service/backend/_threading/loopingcall.py:125}}
Aug 12 17:42:03.776436 np0000007082 nova-scheduler[93494]: DEBUG oslo.service.backend._threading.loopingcall [None req-9143e83f-7376-42cd-9051-d925b2df22a4 None None] Dynamic interval looping call 'nova.service.Service.periodic_tasks' sleeping for 60.00 seconds {{(pid=93494) _run_loop /opt/stack/data/venv/lib/python3.12/site-packages/oslo_service/backend/_threading/loopingcall.py:125}}
Aug 12 17:42:32.774336 np0000007082 nova-scheduler[93496]: DEBUG oslo.service.backend._threading.loopingcall [None req-891ed6f4-de87-4066-aa85-3c5f1e223d37 None None] Dynamic interval looping call 'nova.service.Service.periodic_tasks' sleeping for 60.00 seconds {{(pid=93496) _run_loop /opt/stack/data/venv/lib/python3.12/site-packages/oslo_service/backend/_threading/loopingcall.py:125}}
Aug 12 17:42:49.777159 np0000007082 nova-scheduler[93492]: DEBUG oslo.service.backend._threading.loopingcall [-] Fixed interval looping call 'nova.servicegroup.drivers.db.DbDriver._report_state' sleeping for 119.99 seconds {{(pid=93492) _run_loop /opt/stack/data/venv/lib/python3.12/site-packages/oslo_service/backend/_threading/loopingcall.py:125}}
Aug 12 17:42:49.781245 np0000007082 nova-scheduler[93496]: DEBUG oslo.service.backend._threading.loopingcall [-] Fixed interval looping call 'nova.servicegroup.drivers.db.DbDriver._report_state' sleeping for 119.99 seconds {{(pid=93496) _run_loop /opt/stack/data/venv/lib/python3.12/site-packages/oslo_service/backend/_threading/loopingcall.py:125}}
Aug 12 17:42:49.783341 np0000007082 nova-scheduler[93494]: DEBUG oslo.service.backend._threading.loopingcall [-] Fixed interval looping call 'nova.servicegroup.drivers.db.DbDriver._report_state' sleeping for 119.99 seconds {{(pid=93494) _run_loop /opt/stack/data/venv/lib/python3.12/site-packages/oslo_service/backend/_threading/loopingcall.py:125}}
Aug 12 17:42:54.761991 np0000007082 nova-scheduler[93492]: DEBUG oslo.service.backend._threading.loopingcall [None req-12681463-066f-4583-943a-9e107fe353ee None None] Dynamic interval looping call 'nova.service.Service.periodic_tasks' sleeping for 60.00 seconds {{(pid=93492) _run_loop /opt/stack/data/venv/lib/python3.12/site-packages/oslo_service/backend/_threading/loopingcall.py:125}}
Aug 12 17:42:59.772548 np0000007082 nova-scheduler[93492]: DEBUG dbcounter [-] [93492] Writing DB stats nova_cell0:SELECT=1,nova_cell0:UPDATE=1 {{(pid=93492) stat_writer /opt/stack/data/venv/lib/python3.12/site-packages/dbcounter.py:115}}
Aug 12 17:42:59.781632 np0000007082 nova-scheduler[93494]: DEBUG dbcounter [-] [93494] Writing DB stats nova_cell0:SELECT=1 {{(pid=93494) stat_writer /opt/stack/data/venv/lib/python3.12/site-packages/dbcounter.py:115}}
Aug 12 17:42:59.781976 np0000007082 nova-scheduler[93496]: DEBUG dbcounter [-] [93496] Writing DB stats nova_cell0:SELECT=1 {{(pid=93496) stat_writer /opt/stack/data/venv/lib/python3.12/site-packages/dbcounter.py:115}}
Aug 12 17:43:03.780174 np0000007082 nova-scheduler[93494]: DEBUG oslo.service.backend._threading.loopingcall [None req-9143e83f-7376-42cd-9051-d925b2df22a4 None None] Dynamic interval looping call 'nova.service.Service.periodic_tasks' sleeping for 60.00 seconds {{(pid=93494) _run_loop /opt/stack/data/venv/lib/python3.12/site-packages/oslo_service/backend/_threading/loopingcall.py:125}}
Aug 12 17:43:31.932430 np0000007082 nova-scheduler[93492]: DEBUG nova.scheduler.manager [None req-fc9e385e-5147-4a82-9759-c5ecd6f342d7 tempest-DeleteServersTestJSON-1947074114 tempest-DeleteServersTestJSON-1947074114-project-member] Starting to schedule for instances: ['ccb67082-959e-4358-b560-7d7b5ac6c291'] {{(pid=93492) select_destinations /opt/stack/nova/nova/scheduler/manager.py:209}}
Aug 12 17:43:31.933881 np0000007082 nova-scheduler[93492]: DEBUG nova.scheduler.request_filter [None req-fc9e385e-5147-4a82-9759-c5ecd6f342d7 tempest-DeleteServersTestJSON-1947074114 tempest-DeleteServersTestJSON-1947074114-project-member] compute_status_filter request filter added forbidden trait COMPUTE_STATUS_DISABLED {{(pid=93492) compute_status_filter /opt/stack/nova/nova/scheduler/request_filter.py:253}}
Aug 12 17:43:31.933881 np0000007082 nova-scheduler[93492]: DEBUG nova.scheduler.request_filter [None req-fc9e385e-5147-4a82-9759-c5ecd6f342d7 tempest-DeleteServersTestJSON-1947074114 tempest-DeleteServersTestJSON-1947074114-project-member] Request filter 'compute_status_filter' took 0.0 seconds {{(pid=93492) wrapper /opt/stack/nova/nova/scheduler/request_filter.py:46}}
Aug 12 17:43:31.933881 np0000007082 nova-scheduler[93492]: DEBUG nova.scheduler.request_filter [None req-fc9e385e-5147-4a82-9759-c5ecd6f342d7 tempest-DeleteServersTestJSON-1947074114 tempest-DeleteServersTestJSON-1947074114-project-member] Request filter 'accelerators_filter' took 0.0 seconds {{(pid=93492) wrapper /opt/stack/nova/nova/scheduler/request_filter.py:46}}
Aug 12 17:43:31.933881 np0000007082 nova-scheduler[93492]: DEBUG nova.scheduler.request_filter [None req-fc9e385e-5147-4a82-9759-c5ecd6f342d7 tempest-DeleteServersTestJSON-1947074114 tempest-DeleteServersTestJSON-1947074114-project-member] Request filter 'packed_virtqueue_filter' took 0.0 seconds {{(pid=93492) wrapper /opt/stack/nova/nova/scheduler/request_filter.py:46}}
Aug 12 17:43:31.934234 np0000007082 nova-scheduler[93492]: DEBUG nova.scheduler.request_filter [None req-fc9e385e-5147-4a82-9759-c5ecd6f342d7 tempest-DeleteServersTestJSON-1947074114 tempest-DeleteServersTestJSON-1947074114-project-member] Request filter 'remote_managed_ports_filter' took 0.0 seconds {{(pid=93492) wrapper /opt/stack/nova/nova/scheduler/request_filter.py:46}}
Aug 12 17:43:31.934382 np0000007082 nova-scheduler[93492]: DEBUG nova.scheduler.request_filter [None req-fc9e385e-5147-4a82-9759-c5ecd6f342d7 tempest-DeleteServersTestJSON-1947074114 tempest-DeleteServersTestJSON-1947074114-project-member] ephemeral_encryption_filter skipped {{(pid=93492) ephemeral_encryption_filter /opt/stack/nova/nova/scheduler/request_filter.py:426}}
Aug 12 17:43:31.935003 np0000007082 nova-scheduler[93492]: DEBUG nova.scheduler.request_filter [None req-fc9e385e-5147-4a82-9759-c5ecd6f342d7 tempest-DeleteServersTestJSON-1947074114 tempest-DeleteServersTestJSON-1947074114-project-member] virtio_sound_filter skipped {{(pid=93492) virtio_sound_filter /opt/stack/nova/nova/scheduler/request_filter.py:460}}
Aug 12 17:43:31.935003 np0000007082 nova-scheduler[93492]: DEBUG nova.scheduler.request_filter [None req-fc9e385e-5147-4a82-9759-c5ecd6f342d7 tempest-DeleteServersTestJSON-1947074114 tempest-DeleteServersTestJSON-1947074114-project-member] tpm_secret_security_filter skipped {{(pid=93492) tpm_secret_security_filter /opt/stack/nova/nova/scheduler/request_filter.py:477}}
Aug 12 17:43:32.362735 np0000007082 nova-scheduler[93492]: INFO nova.utils [None req-fc9e385e-5147-4a82-9759-c5ecd6f342d7 tempest-DeleteServersTestJSON-1947074114 tempest-DeleteServersTestJSON-1947074114-project-member] The cell worker thread pool ForkProcess-1.cell_worker is initialized
Aug 12 17:43:32.362735 np0000007082 nova-scheduler[93492]: DEBUG oslo_concurrency.lockutils [None req-fc9e385e-5147-4a82-9759-c5ecd6f342d7 tempest-DeleteServersTestJSON-1947074114 tempest-DeleteServersTestJSON-1947074114-project-member] Acquiring lock "289c00da-ba54-48f9-a0b1-0ae8b13ab9cb" by "nova.context.set_target_cell..get_or_set_cached_cell_and_set_connections" {{(pid=93492) inner /opt/stack/data/venv/lib/python3.12/site-packages/oslo_concurrency/lockutils.py:512}}
Aug 12 17:43:32.362735 np0000007082 nova-scheduler[93492]: DEBUG oslo_concurrency.lockutils [None req-fc9e385e-5147-4a82-9759-c5ecd6f342d7 tempest-DeleteServersTestJSON-1947074114 tempest-DeleteServersTestJSON-1947074114-project-member] Lock "289c00da-ba54-48f9-a0b1-0ae8b13ab9cb" acquired by "nova.context.set_target_cell..get_or_set_cached_cell_and_set_connections" :: waited 0.000s {{(pid=93492) inner /opt/stack/data/venv/lib/python3.12/site-packages/oslo_concurrency/lockutils.py:525}}
Aug 12 17:43:32.364425 np0000007082 nova-scheduler[93492]: DEBUG oslo_concurrency.lockutils [None req-fc9e385e-5147-4a82-9759-c5ecd6f342d7 tempest-DeleteServersTestJSON-1947074114 tempest-DeleteServersTestJSON-1947074114-project-member] Lock "289c00da-ba54-48f9-a0b1-0ae8b13ab9cb" "released" by "nova.context.set_target_cell..get_or_set_cached_cell_and_set_connections" :: held 0.002s {{(pid=93492) inner /opt/stack/data/venv/lib/python3.12/site-packages/oslo_concurrency/lockutils.py:544}}
Aug 12 17:43:32.367052 np0000007082 nova-scheduler[93492]: INFO dbcounter [None req-fc9e385e-5147-4a82-9759-c5ecd6f342d7 tempest-DeleteServersTestJSON-1947074114 tempest-DeleteServersTestJSON-1947074114-project-member] Registered counter for database nova_cell1
Aug 12 17:43:32.411264 np0000007082 nova-scheduler[93492]: DEBUG oslo_db.sqlalchemy.engines [None req-fc9e385e-5147-4a82-9759-c5ecd6f342d7 tempest-DeleteServersTestJSON-1947074114 tempest-DeleteServersTestJSON-1947074114-project-member] MySQL server mode set to STRICT_TRANS_TABLES,STRICT_ALL_TABLES,NO_ZERO_IN_DATE,NO_ZERO_DATE,ERROR_FOR_DIVISION_BY_ZERO,TRADITIONAL,NO_ENGINE_SUBSTITUTION {{(pid=93492) _check_effective_sql_mode /opt/stack/data/venv/lib/python3.12/site-packages/oslo_db/sqlalchemy/engines.py:325}}
Aug 12 17:43:32.417104 np0000007082 nova-scheduler[93492]: DEBUG dbcounter [-] [93492] Writer thread running {{(pid=93492) stat_writer /opt/stack/data/venv/lib/python3.12/site-packages/dbcounter.py:102}}
Aug 12 17:43:32.433706 np0000007082 nova-scheduler[93492]: DEBUG oslo_db.sqlalchemy.engines [None req-fc9e385e-5147-4a82-9759-c5ecd6f342d7 tempest-DeleteServersTestJSON-1947074114 tempest-DeleteServersTestJSON-1947074114-project-member] Parent process 92288 forked (93492) with an open database connection, which is being discarded and recreated. {{(pid=93492) checkout /opt/stack/data/venv/lib/python3.12/site-packages/oslo_db/sqlalchemy/engines.py:402}}
Aug 12 17:43:32.484365 np0000007082 nova-scheduler[93492]: DEBUG dbcounter [-] [93492] Writer thread running {{(pid=93492) stat_writer /opt/stack/data/venv/lib/python3.12/site-packages/dbcounter.py:102}}
Aug 12 17:43:32.487016 np0000007082 nova-scheduler[93492]: DEBUG oslo_concurrency.lockutils [None req-fc9e385e-5147-4a82-9759-c5ecd6f342d7 tempest-DeleteServersTestJSON-1947074114 tempest-DeleteServersTestJSON-1947074114-project-member] Acquiring lock "289c00da-ba54-48f9-a0b1-0ae8b13ab9cb" by "nova.context.set_target_cell..get_or_set_cached_cell_and_set_connections" {{(pid=93492) inner /opt/stack/data/venv/lib/python3.12/site-packages/oslo_concurrency/lockutils.py:512}}
Aug 12 17:43:32.487254 np0000007082 nova-scheduler[93492]: DEBUG oslo_concurrency.lockutils [None req-fc9e385e-5147-4a82-9759-c5ecd6f342d7 tempest-DeleteServersTestJSON-1947074114 tempest-DeleteServersTestJSON-1947074114-project-member] Lock "289c00da-ba54-48f9-a0b1-0ae8b13ab9cb" acquired by "nova.context.set_target_cell..get_or_set_cached_cell_and_set_connections" :: waited 0.000s {{(pid=93492) inner /opt/stack/data/venv/lib/python3.12/site-packages/oslo_concurrency/lockutils.py:525}}
Aug 12 17:43:32.487481 np0000007082 nova-scheduler[93492]: DEBUG oslo_concurrency.lockutils [None req-fc9e385e-5147-4a82-9759-c5ecd6f342d7 tempest-DeleteServersTestJSON-1947074114 tempest-DeleteServersTestJSON-1947074114-project-member] Lock "289c00da-ba54-48f9-a0b1-0ae8b13ab9cb" "released" by "nova.context.set_target_cell..get_or_set_cached_cell_and_set_connections" :: held 0.000s {{(pid=93492) inner /opt/stack/data/venv/lib/python3.12/site-packages/oslo_concurrency/lockutils.py:544}}
Aug 12 17:43:32.493198 np0000007082 nova-scheduler[93492]: DEBUG oslo_concurrency.lockutils [None req-fc9e385e-5147-4a82-9759-c5ecd6f342d7 tempest-DeleteServersTestJSON-1947074114 tempest-DeleteServersTestJSON-1947074114-project-member] Acquiring lock "np0000007082-np0000007082" by "nova.scheduler.host_manager.HostState.update.._locked_update" {{(pid=93492) inner /opt/stack/data/venv/lib/python3.12/site-packages/oslo_concurrency/lockutils.py:512}}
Aug 12 17:43:32.493402 np0000007082 nova-scheduler[93492]: DEBUG oslo_concurrency.lockutils [None req-fc9e385e-5147-4a82-9759-c5ecd6f342d7 tempest-DeleteServersTestJSON-1947074114 tempest-DeleteServersTestJSON-1947074114-project-member] Lock "np0000007082-np0000007082" acquired by "nova.scheduler.host_manager.HostState.update.._locked_update" :: waited 0.000s {{(pid=93492) inner /opt/stack/data/venv/lib/python3.12/site-packages/oslo_concurrency/lockutils.py:525}}
Aug 12 17:43:32.494403 np0000007082 nova-scheduler[93492]: DEBUG nova.scheduler.host_manager [None req-fc9e385e-5147-4a82-9759-c5ecd6f342d7 tempest-DeleteServersTestJSON-1947074114 tempest-DeleteServersTestJSON-1947074114-project-member] Update host state from compute node: ComputeNode(cpu_allocation_ratio=4.0,cpu_info='{"arch": "x86_64", "model": "EPYC-Milan", "vendor": "AMD", "topology": {"cells": 1, "sockets": 16, "cores": 1, "threads": 1}, "maxphysaddr": {"mode": "emulate", "bits": 40}, "features": ["xsaves", "tsc-scale", "rdtscp", "popcnt", "pse", "avx", "fsrm", "vpclmulqdq", "sse2", "bmi2", "spec-ctrl", "fpu", "cr8legacy", "sse4a", "vmcb-clean", "v-vmsave-vmload", "x2apic", "ibrs", "fma", "sha-ni", "xsave", "nx", "bmi1", "nrip-save", "ibpb", "stibp", "ssbd", "amd-stibp", "pat", "clzero", "avx2", "msr", "lahf_lm", "sse4.2", "pni", "invpcid", "null-sel-clr-base", "tsc-deadline", "erms", "gds-no", "hypervisor", "rdpid", "tsc_adjust", "pku", "umip", "npt", "de", "pause-filter", "cx8", "perfctr_core", "mtrr", "rdrand", "flushbyasid", "vgif", "sse", "tsc", "lbrv", "pcid", "cmp_legacy", "svme-addr-chk", "topoext", "cx16", "mds-no", "fxsr_opt", "vme", "pae", "xsaveerptr", "adx", "amd-psfd", "vaes", "mca", "pschange-mc-no", "pfthreshold", "lfence-always-serializing", "svm", "ssse3", "mmx", "pge", "clflush", "pclmuldq", "skip-l1dfl-vmentry", "arat", "no-nested-data-bp", "fxsr", "xgetbv1", "abm", "apic", "sse4.1", "virt-ssbd", "clwb", "clflushopt", "smap", "aes", "wbnoinvd", "f16c", "mce", "3dnowprefetch", "xsaveopt", "arch-capabilities", "rdseed", "movbe", "mmxext", "osvw", "sep", "amd-ssbd", "stibp-always-on", "pdpe1gb", "rdctl-no", "xsavec", "cmov", "syscall", "smep", "fsgsbase", "lm", "pse36", "misalignsse"]}',created_at=2026-08-12T17:41:06Z,current_workload=0,deleted=False,deleted_at=None,disk_allocation_ratio=1.0,disk_available_least=73,free_disk_gb=95,free_ram_mb=62765,host='np0000007082',host_ip=10.4.3.211,hypervisor_hostname='np0000007082',hypervisor_type='QEMU',hypervisor_version=8002002,id=1,local_gb=95,local_gb_used=0,mapped=1,memory_mb=63277,memory_mb_used=512,metrics='[]',numa_topology='{"nova_object.name": "NUMATopology", "nova_object.namespace": "nova", "nova_object.version": "1.2", "nova_object.data": {"cells": [{"nova_object.name": "NUMACell", "nova_object.namespace": "nova", "nova_object.version": "1.5", "nova_object.data": {"id": 0, "cpuset": [0, 1, 2, 3, 4, 5, 6, 7, 8, 9, 10, 11, 12, 13, 14, 15], "pcpuset": [0, 1, 2, 3, 4, 5, 6, 7, 8, 9, 10, 11, 12, 13, 14, 15], "memory": 63277, "cpu_usage": 0, "memory_usage": 0, "pinned_cpus": [], "siblings": [[6], [12], [2], [15], [5], [11], [8], [14], [4], [1], [7], [10], [0], [13], [3], [9]], "mempages": [{"nova_object.name": "NUMAPagesTopology", "nova_object.namespace": "nova", "nova_object.version": "1.1", "nova_object.data": {"size_kb": 4, "total": 16177929, "used": 0, "reserved": 0}, "nova_object.changes": ["size_kb", "used", "reserved", "total"]}, {"nova_object.name": "NUMAPagesTopology", "nova_object.namespace": "nova", "nova_object.version": "1.1", "nova_object.data": {"size_kb": 2048, "total": 41, "used": 0, "reserved": 0}, "nova_object.changes": ["size_kb", "used", "reserved", "total"]}, {"nova_object.name": "NUMAPagesTopology", "nova_object.namespace": "nova", "nova_object.version": "1.1", "nova_object.data": {"size_kb": 1048576, "total": 0, "used": 0, "reserved": 0}, "nova_object.changes": ["size_kb", "used", "reserved", "total"]}], "network_metadata": {"nova_object.name": "NetworkMetadata", "nova_object.namespace": "nova", "nova_object.version": "1.0", "nova_object.data": {"physnets": [], "tunneled": false}, "nova_object.changes": ["physnets", "tunneled"]}, "socket": null}, "nova_object.changes": ["memory", "network_metadata", "mempages", "memory_usage", "cpu_usage", "pinned_cpus", "cpuset", "siblings", "pcpuset", "id", "socket"]}]}, "nova_object.changes": ["cells"]}',pci_device_pools=PciDevicePoolList,ram_allocation_ratio=1.0,running_vms=0,service_id=2,stats={failed_builds='0',uptime=' 17:42:54 up 14 min, 2 users, load average: 0.98, 1.28, 0.77
Aug 12 17:43:32.494403 np0000007082 nova-scheduler[93492]: '},supported_hv_specs=[HVSpec,HVSpec,HVSpec,HVSpec,HVSpec,HVSpec,HVSpec,HVSpec,HVSpec,HVSpec,HVSpec,HVSpec,HVSpec,HVSpec,HVSpec,HVSpec,HVSpec,HVSpec,HVSpec,HVSpec,HVSpec,HVSpec,HVSpec,HVSpec,HVSpec],updated_at=2026-08-12T17:42:55Z,uuid=b2f8a7fc-f353-4908-a2c7-e97f4e6e1733,vcpus=16,vcpus_used=0) {{(pid=93492) _locked_update /opt/stack/nova/nova/scheduler/host_manager.py:168}}
Aug 12 17:43:32.495213 np0000007082 nova-scheduler[93492]: DEBUG nova.scheduler.host_manager [None req-fc9e385e-5147-4a82-9759-c5ecd6f342d7 tempest-DeleteServersTestJSON-1947074114 tempest-DeleteServersTestJSON-1947074114-project-member] Update host state with aggregates: [] {{(pid=93492) _locked_update /opt/stack/nova/nova/scheduler/host_manager.py:171}}
Aug 12 17:43:32.495386 np0000007082 nova-scheduler[93492]: DEBUG nova.scheduler.host_manager [None req-fc9e385e-5147-4a82-9759-c5ecd6f342d7 tempest-DeleteServersTestJSON-1947074114 tempest-DeleteServersTestJSON-1947074114-project-member] Update host state with service dict: {'id': 2, 'uuid': '6679b8d2-362c-4ee0-b1df-a4c42a75cbee', 'host': 'np0000007082', 'binary': 'nova-compute', 'topic': 'compute', 'report_count': 2, 'disabled': False, 'disabled_reason': None, 'last_seen_up': datetime.datetime(2026, 8, 12, 17, 43, 12, tzinfo=datetime.timezone.utc), 'forced_down': False, 'version': 72, 'created_at': datetime.datetime(2026, 8, 12, 17, 41, 6, tzinfo=datetime.timezone.utc), 'updated_at': datetime.datetime(2026, 8, 12, 17, 43, 12, tzinfo=datetime.timezone.utc), 'deleted_at': None, 'deleted': False} {{(pid=93492) _locked_update /opt/stack/nova/nova/scheduler/host_manager.py:174}}
Aug 12 17:43:32.495556 np0000007082 nova-scheduler[93492]: DEBUG nova.scheduler.host_manager [None req-fc9e385e-5147-4a82-9759-c5ecd6f342d7 tempest-DeleteServersTestJSON-1947074114 tempest-DeleteServersTestJSON-1947074114-project-member] Update host state with instances: [] {{(pid=93492) _locked_update /opt/stack/nova/nova/scheduler/host_manager.py:177}}
Aug 12 17:43:32.495739 np0000007082 nova-scheduler[93492]: DEBUG oslo_concurrency.lockutils [None req-fc9e385e-5147-4a82-9759-c5ecd6f342d7 tempest-DeleteServersTestJSON-1947074114 tempest-DeleteServersTestJSON-1947074114-project-member] Lock "np0000007082-np0000007082" "released" by "nova.scheduler.host_manager.HostState.update.._locked_update" :: held 0.002s {{(pid=93492) inner /opt/stack/data/venv/lib/python3.12/site-packages/oslo_concurrency/lockutils.py:544}}
Aug 12 17:43:32.496214 np0000007082 nova-scheduler[93492]: DEBUG nova.filters [None req-fc9e385e-5147-4a82-9759-c5ecd6f342d7 tempest-DeleteServersTestJSON-1947074114 tempest-DeleteServersTestJSON-1947074114-project-member] Starting with 1 host(s) {{(pid=93492) get_filtered_objects /opt/stack/nova/nova/filters.py:70}}
Aug 12 17:43:32.496476 np0000007082 nova-scheduler[93492]: DEBUG nova.filters [None req-fc9e385e-5147-4a82-9759-c5ecd6f342d7 tempest-DeleteServersTestJSON-1947074114 tempest-DeleteServersTestJSON-1947074114-project-member] Filter ComputeFilter returned 1 host(s) {{(pid=93492) get_filtered_objects /opt/stack/nova/nova/filters.py:102}}
Aug 12 17:43:32.496685 np0000007082 nova-scheduler[93492]: DEBUG nova.filters [None req-fc9e385e-5147-4a82-9759-c5ecd6f342d7 tempest-DeleteServersTestJSON-1947074114 tempest-DeleteServersTestJSON-1947074114-project-member] Filter ComputeCapabilitiesFilter returned 1 host(s) {{(pid=93492) get_filtered_objects /opt/stack/nova/nova/filters.py:102}}
Aug 12 17:43:32.496920 np0000007082 nova-scheduler[93492]: DEBUG nova.filters [None req-fc9e385e-5147-4a82-9759-c5ecd6f342d7 tempest-DeleteServersTestJSON-1947074114 tempest-DeleteServersTestJSON-1947074114-project-member] Filter ImagePropertiesFilter returned 1 host(s) {{(pid=93492) get_filtered_objects /opt/stack/nova/nova/filters.py:102}}
Aug 12 17:43:32.497120 np0000007082 nova-scheduler[93492]: DEBUG nova.filters [None req-fc9e385e-5147-4a82-9759-c5ecd6f342d7 tempest-DeleteServersTestJSON-1947074114 tempest-DeleteServersTestJSON-1947074114-project-member] Filter ServerGroupAntiAffinityFilter returned 1 host(s) {{(pid=93492) get_filtered_objects /opt/stack/nova/nova/filters.py:102}}
Aug 12 17:43:32.497289 np0000007082 nova-scheduler[93492]: DEBUG nova.filters [None req-fc9e385e-5147-4a82-9759-c5ecd6f342d7 tempest-DeleteServersTestJSON-1947074114 tempest-DeleteServersTestJSON-1947074114-project-member] Filter ServerGroupAffinityFilter returned 1 host(s) {{(pid=93492) get_filtered_objects /opt/stack/nova/nova/filters.py:102}}
Aug 12 17:43:32.497462 np0000007082 nova-scheduler[93492]: DEBUG nova.filters [None req-fc9e385e-5147-4a82-9759-c5ecd6f342d7 tempest-DeleteServersTestJSON-1947074114 tempest-DeleteServersTestJSON-1947074114-project-member] Filter SameHostFilter returned 1 host(s) {{(pid=93492) get_filtered_objects /opt/stack/nova/nova/filters.py:102}}
Aug 12 17:43:32.497628 np0000007082 nova-scheduler[93492]: DEBUG nova.filters [None req-fc9e385e-5147-4a82-9759-c5ecd6f342d7 tempest-DeleteServersTestJSON-1947074114 tempest-DeleteServersTestJSON-1947074114-project-member] Filter DifferentHostFilter returned 1 host(s) {{(pid=93492) get_filtered_objects /opt/stack/nova/nova/filters.py:102}}
Aug 12 17:43:32.497840 np0000007082 nova-scheduler[93492]: DEBUG nova.scheduler.manager [None req-fc9e385e-5147-4a82-9759-c5ecd6f342d7 tempest-DeleteServersTestJSON-1947074114 tempest-DeleteServersTestJSON-1947074114-project-member] Filtered [(np0000007082, np0000007082) ram: 62765MB disk: 74752MB io_ops: 0 instances: 0, allocation_candidates: 1] {{(pid=93492) _get_sorted_hosts /opt/stack/nova/nova/scheduler/manager.py:742}}
Aug 12 17:43:32.498110 np0000007082 nova-scheduler[93492]: DEBUG nova.scheduler.manager [None req-fc9e385e-5147-4a82-9759-c5ecd6f342d7 tempest-DeleteServersTestJSON-1947074114 tempest-DeleteServersTestJSON-1947074114-project-member] Weighed [WeighedHost [host: (np0000007082, np0000007082) ram: 62765MB disk: 74752MB io_ops: 0 instances: 0, allocation_candidates: 1, weight: 0.0]] {{(pid=93492) _get_sorted_hosts /opt/stack/nova/nova/scheduler/manager.py:764}}
Aug 12 17:43:32.498323 np0000007082 nova-scheduler[93492]: DEBUG nova.scheduler.utils [None req-fc9e385e-5147-4a82-9759-c5ecd6f342d7 tempest-DeleteServersTestJSON-1947074114 tempest-DeleteServersTestJSON-1947074114-project-member] Attempting to claim resources in the placement API for instance ccb67082-959e-4358-b560-7d7b5ac6c291 {{(pid=93492) claim_resources /opt/stack/nova/nova/scheduler/utils.py:1345}}
Aug 12 17:43:32.660343 np0000007082 nova-scheduler[93492]: DEBUG nova.scheduler.manager [None req-fc9e385e-5147-4a82-9759-c5ecd6f342d7 tempest-DeleteServersTestJSON-1947074114 tempest-DeleteServersTestJSON-1947074114-project-member] [instance: ccb67082-959e-4358-b560-7d7b5ac6c291] Selected host: (np0000007082, np0000007082) ram: 62765MB disk: 74752MB io_ops: 0 instances: 0, allocation_candidates: 1 {{(pid=93492) _consume_selected_host /opt/stack/nova/nova/scheduler/manager.py:624}}
Aug 12 17:43:32.660976 np0000007082 nova-scheduler[93492]: DEBUG oslo_concurrency.lockutils [None req-fc9e385e-5147-4a82-9759-c5ecd6f342d7 tempest-DeleteServersTestJSON-1947074114 tempest-DeleteServersTestJSON-1947074114-project-member] Acquiring lock "np0000007082-np0000007082" by "nova.scheduler.host_manager.HostState.consume_from_request.._locked" {{(pid=93492) inner /opt/stack/data/venv/lib/python3.12/site-packages/oslo_concurrency/lockutils.py:512}}
Aug 12 17:43:32.661259 np0000007082 nova-scheduler[93492]: DEBUG oslo_concurrency.lockutils [None req-fc9e385e-5147-4a82-9759-c5ecd6f342d7 tempest-DeleteServersTestJSON-1947074114 tempest-DeleteServersTestJSON-1947074114-project-member] Lock "np0000007082-np0000007082" acquired by "nova.scheduler.host_manager.HostState.consume_from_request.._locked" :: waited 0.001s {{(pid=93492) inner /opt/stack/data/venv/lib/python3.12/site-packages/oslo_concurrency/lockutils.py:525}}
Aug 12 17:43:32.661463 np0000007082 nova-scheduler[93492]: DEBUG oslo_concurrency.lockutils [None req-fc9e385e-5147-4a82-9759-c5ecd6f342d7 tempest-DeleteServersTestJSON-1947074114 tempest-DeleteServersTestJSON-1947074114-project-member] Lock "np0000007082-np0000007082" "released" by "nova.scheduler.host_manager.HostState.consume_from_request.._locked" :: held 0.000s {{(pid=93492) inner /opt/stack/data/venv/lib/python3.12/site-packages/oslo_concurrency/lockutils.py:544}}
Aug 12 17:43:32.775359 np0000007082 nova-scheduler[93496]: DEBUG oslo.service.backend._threading.loopingcall [None req-891ed6f4-de87-4066-aa85-3c5f1e223d37 None None] Dynamic interval looping call 'nova.service.Service.periodic_tasks' sleeping for 60.00 seconds {{(pid=93496) _run_loop /opt/stack/data/venv/lib/python3.12/site-packages/oslo_service/backend/_threading/loopingcall.py:125}}
Aug 12 17:43:41.432167 np0000007082 nova-scheduler[93496]: DEBUG nova.scheduler.manager [None req-edcb3480-c4fc-4221-82a4-050d35a3442b tempest-ServerActionsTestOtherA-918355083 tempest-ServerActionsTestOtherA-918355083-project-member] Starting to schedule for instances: ['0901248f-0c75-42f1-8666-db162c6607c6'] {{(pid=93496) select_destinations /opt/stack/nova/nova/scheduler/manager.py:209}}
Aug 12 17:43:41.432895 np0000007082 nova-scheduler[93496]: DEBUG nova.scheduler.request_filter [None req-edcb3480-c4fc-4221-82a4-050d35a3442b tempest-ServerActionsTestOtherA-918355083 tempest-ServerActionsTestOtherA-918355083-project-member] compute_status_filter request filter added forbidden trait COMPUTE_STATUS_DISABLED {{(pid=93496) compute_status_filter /opt/stack/nova/nova/scheduler/request_filter.py:253}}
Aug 12 17:43:41.433048 np0000007082 nova-scheduler[93496]: DEBUG nova.scheduler.request_filter [None req-edcb3480-c4fc-4221-82a4-050d35a3442b tempest-ServerActionsTestOtherA-918355083 tempest-ServerActionsTestOtherA-918355083-project-member] Request filter 'compute_status_filter' took 0.0 seconds {{(pid=93496) wrapper /opt/stack/nova/nova/scheduler/request_filter.py:46}}
Aug 12 17:43:41.433289 np0000007082 nova-scheduler[93496]: DEBUG nova.scheduler.request_filter [None req-edcb3480-c4fc-4221-82a4-050d35a3442b tempest-ServerActionsTestOtherA-918355083 tempest-ServerActionsTestOtherA-918355083-project-member] Request filter 'accelerators_filter' took 0.0 seconds {{(pid=93496) wrapper /opt/stack/nova/nova/scheduler/request_filter.py:46}}
Aug 12 17:43:41.433477 np0000007082 nova-scheduler[93496]: DEBUG nova.scheduler.request_filter [None req-edcb3480-c4fc-4221-82a4-050d35a3442b tempest-ServerActionsTestOtherA-918355083 tempest-ServerActionsTestOtherA-918355083-project-member] Request filter 'packed_virtqueue_filter' took 0.0 seconds {{(pid=93496) wrapper /opt/stack/nova/nova/scheduler/request_filter.py:46}}
Aug 12 17:43:41.433794 np0000007082 nova-scheduler[93496]: DEBUG nova.scheduler.request_filter [None req-edcb3480-c4fc-4221-82a4-050d35a3442b tempest-ServerActionsTestOtherA-918355083 tempest-ServerActionsTestOtherA-918355083-project-member] Request filter 'remote_managed_ports_filter' took 0.0 seconds {{(pid=93496) wrapper /opt/stack/nova/nova/scheduler/request_filter.py:46}}
Aug 12 17:43:41.433948 np0000007082 nova-scheduler[93496]: DEBUG nova.scheduler.request_filter [None req-edcb3480-c4fc-4221-82a4-050d35a3442b tempest-ServerActionsTestOtherA-918355083 tempest-ServerActionsTestOtherA-918355083-project-member] ephemeral_encryption_filter skipped {{(pid=93496) ephemeral_encryption_filter /opt/stack/nova/nova/scheduler/request_filter.py:426}}
Aug 12 17:43:41.434058 np0000007082 nova-scheduler[93496]: DEBUG nova.scheduler.request_filter [None req-edcb3480-c4fc-4221-82a4-050d35a3442b tempest-ServerActionsTestOtherA-918355083 tempest-ServerActionsTestOtherA-918355083-project-member] virtio_sound_filter skipped {{(pid=93496) virtio_sound_filter /opt/stack/nova/nova/scheduler/request_filter.py:460}}
