Aug 12 17:40:49.802715 np0000007082 nova-conductor[95893]: DEBUG cotyledon.oslo_config_glue [-] oslo_messaging_rabbit.rabbit_qos_prefetch_count = 0 {{(pid=95893) log_opt_values /opt/stack/data/venv/lib/python3.12/site-packages/oslo_config/cfg.py:3545}}
Aug 12 17:40:49.802715 np0000007082 nova-conductor[95893]: DEBUG cotyledon.oslo_config_glue [-] oslo_messaging_rabbit.rabbit_quorum_delivery_limit = 0 {{(pid=95893) log_opt_values /opt/stack/data/venv/lib/python3.12/site-packages/oslo_config/cfg.py:3545}}
Aug 12 17:40:49.802715 np0000007082 nova-conductor[95893]: DEBUG cotyledon.oslo_config_glue [-] oslo_messaging_rabbit.rabbit_quorum_max_memory_bytes = 0 {{(pid=95893) log_opt_values /opt/stack/data/venv/lib/python3.12/site-packages/oslo_config/cfg.py:3545}}
Aug 12 17:40:49.802901 np0000007082 nova-conductor[95893]: DEBUG cotyledon.oslo_config_glue [-] oslo_messaging_rabbit.rabbit_quorum_max_memory_length = 0 {{(pid=95893) log_opt_values /opt/stack/data/venv/lib/python3.12/site-packages/oslo_config/cfg.py:3545}}
Aug 12 17:40:49.802901 np0000007082 nova-conductor[95893]: DEBUG cotyledon.oslo_config_glue [-] oslo_messaging_rabbit.rabbit_quorum_queue = False {{(pid=95893) log_opt_values /opt/stack/data/venv/lib/python3.12/site-packages/oslo_config/cfg.py:3545}}
Aug 12 17:40:49.802901 np0000007082 nova-conductor[95893]: DEBUG cotyledon.oslo_config_glue [-] oslo_messaging_rabbit.rabbit_retry_backoff = 2 {{(pid=95893) log_opt_values /opt/stack/data/venv/lib/python3.12/site-packages/oslo_config/cfg.py:3545}}
Aug 12 17:40:49.802901 np0000007082 nova-conductor[95893]: DEBUG cotyledon.oslo_config_glue [-] oslo_messaging_rabbit.rabbit_retry_interval = 1 {{(pid=95893) log_opt_values /opt/stack/data/venv/lib/python3.12/site-packages/oslo_config/cfg.py:3545}}
Aug 12 17:40:49.802901 np0000007082 nova-conductor[95893]: DEBUG cotyledon.oslo_config_glue [-] oslo_messaging_rabbit.rabbit_stream_fanout = False {{(pid=95893) log_opt_values /opt/stack/data/venv/lib/python3.12/site-packages/oslo_config/cfg.py:3545}}
Aug 12 17:40:49.802901 np0000007082 nova-conductor[95893]: DEBUG cotyledon.oslo_config_glue [-] oslo_messaging_rabbit.rabbit_transient_queues_ttl = 1800 {{(pid=95893) log_opt_values /opt/stack/data/venv/lib/python3.12/site-packages/oslo_config/cfg.py:3545}}
Aug 12 17:40:49.802901 np0000007082 nova-conductor[95893]: DEBUG cotyledon.oslo_config_glue [-] oslo_messaging_rabbit.rabbit_transient_quorum_queue = False {{(pid=95893) log_opt_values /opt/stack/data/venv/lib/python3.12/site-packages/oslo_config/cfg.py:3545}}
Aug 12 17:40:49.802901 np0000007082 nova-conductor[95893]: DEBUG cotyledon.oslo_config_glue [-] oslo_messaging_rabbit.rpc_conn_pool_size = 30 {{(pid=95893) log_opt_values /opt/stack/data/venv/lib/python3.12/site-packages/oslo_config/cfg.py:3545}}
Aug 12 17:40:49.802901 np0000007082 nova-conductor[95893]: DEBUG cotyledon.oslo_config_glue [-] oslo_messaging_rabbit.ssl = False {{(pid=95893) log_opt_values /opt/stack/data/venv/lib/python3.12/site-packages/oslo_config/cfg.py:3545}}
Aug 12 17:40:49.803069 np0000007082 nova-conductor[95893]: DEBUG cotyledon.oslo_config_glue [-] oslo_messaging_rabbit.ssl_ca_file = {{(pid=95893) log_opt_values /opt/stack/data/venv/lib/python3.12/site-packages/oslo_config/cfg.py:3545}}
Aug 12 17:40:49.803069 np0000007082 nova-conductor[95893]: DEBUG cotyledon.oslo_config_glue [-] oslo_messaging_rabbit.ssl_cert_file = {{(pid=95893) log_opt_values /opt/stack/data/venv/lib/python3.12/site-packages/oslo_config/cfg.py:3545}}
Aug 12 17:40:49.803069 np0000007082 nova-conductor[95893]: DEBUG cotyledon.oslo_config_glue [-] oslo_messaging_rabbit.ssl_enforce_fips_mode = False {{(pid=95893) log_opt_values /opt/stack/data/venv/lib/python3.12/site-packages/oslo_config/cfg.py:3545}}
Aug 12 17:40:49.803069 np0000007082 nova-conductor[95893]: DEBUG cotyledon.oslo_config_glue [-] oslo_messaging_rabbit.ssl_enforce_hostname_verification = True {{(pid=95893) log_opt_values /opt/stack/data/venv/lib/python3.12/site-packages/oslo_config/cfg.py:3545}}
Aug 12 17:40:49.803069 np0000007082 nova-conductor[95893]: DEBUG cotyledon.oslo_config_glue [-] oslo_messaging_rabbit.ssl_key_file = {{(pid=95893) log_opt_values /opt/stack/data/venv/lib/python3.12/site-packages/oslo_config/cfg.py:3545}}
Aug 12 17:40:49.803069 np0000007082 nova-conductor[95893]: DEBUG cotyledon.oslo_config_glue [-] oslo_messaging_rabbit.ssl_version = {{(pid=95893) log_opt_values /opt/stack/data/venv/lib/python3.12/site-packages/oslo_config/cfg.py:3545}}
Aug 12 17:40:49.803069 np0000007082 nova-conductor[95893]: DEBUG cotyledon.oslo_config_glue [-] oslo_messaging_rabbit.use_queue_manager = False {{(pid=95893) log_opt_values /opt/stack/data/venv/lib/python3.12/site-packages/oslo_config/cfg.py:3545}}
Aug 12 17:40:49.803069 np0000007082 nova-conductor[95893]: DEBUG cotyledon.oslo_config_glue [-] oslo_messaging_notifications.driver = ['messagingv2'] {{(pid=95893) log_opt_values /opt/stack/data/venv/lib/python3.12/site-packages/oslo_config/cfg.py:3545}}
Aug 12 17:40:49.803069 np0000007082 nova-conductor[95893]: DEBUG cotyledon.oslo_config_glue [-] oslo_messaging_notifications.retry = -1 {{(pid=95893) log_opt_values /opt/stack/data/venv/lib/python3.12/site-packages/oslo_config/cfg.py:3545}}
Aug 12 17:40:49.803265 np0000007082 nova-conductor[95893]: DEBUG cotyledon.oslo_config_glue [-] oslo_messaging_notifications.topics = ['notifications'] {{(pid=95893) log_opt_values /opt/stack/data/venv/lib/python3.12/site-packages/oslo_config/cfg.py:3545}}
Aug 12 17:40:49.803265 np0000007082 nova-conductor[95893]: DEBUG cotyledon.oslo_config_glue [-] oslo_messaging_notifications.transport_url = **** {{(pid=95893) log_opt_values /opt/stack/data/venv/lib/python3.12/site-packages/oslo_config/cfg.py:3545}}
Aug 12 17:40:49.803265 np0000007082 nova-conductor[95893]: DEBUG cotyledon.oslo_config_glue [-] oslo_limit.auth_section = None {{(pid=95893) log_opt_values /opt/stack/data/venv/lib/python3.12/site-packages/oslo_config/cfg.py:3545}}
Aug 12 17:40:49.803265 np0000007082 nova-conductor[95893]: DEBUG cotyledon.oslo_config_glue [-] oslo_limit.auth_type = None {{(pid=95893) log_opt_values /opt/stack/data/venv/lib/python3.12/site-packages/oslo_config/cfg.py:3545}}
Aug 12 17:40:49.803265 np0000007082 nova-conductor[95893]: DEBUG cotyledon.oslo_config_glue [-] oslo_limit.cafile = None {{(pid=95893) log_opt_values /opt/stack/data/venv/lib/python3.12/site-packages/oslo_config/cfg.py:3545}}
Aug 12 17:40:49.803265 np0000007082 nova-conductor[95893]: DEBUG cotyledon.oslo_config_glue [-] oslo_limit.certfile = None {{(pid=95893) log_opt_values /opt/stack/data/venv/lib/python3.12/site-packages/oslo_config/cfg.py:3545}}
Aug 12 17:40:49.803265 np0000007082 nova-conductor[95893]: DEBUG cotyledon.oslo_config_glue [-] oslo_limit.collect_timing = False {{(pid=95893) log_opt_values /opt/stack/data/venv/lib/python3.12/site-packages/oslo_config/cfg.py:3545}}
Aug 12 17:40:49.803265 np0000007082 nova-conductor[95893]: DEBUG cotyledon.oslo_config_glue [-] oslo_limit.connect_retries = None {{(pid=95893) log_opt_values /opt/stack/data/venv/lib/python3.12/site-packages/oslo_config/cfg.py:3545}}
Aug 12 17:40:49.803265 np0000007082 nova-conductor[95893]: DEBUG cotyledon.oslo_config_glue [-] oslo_limit.connect_retry_delay = None {{(pid=95893) log_opt_values /opt/stack/data/venv/lib/python3.12/site-packages/oslo_config/cfg.py:3545}}
Aug 12 17:40:49.803468 np0000007082 nova-conductor[95893]: DEBUG cotyledon.oslo_config_glue [-] oslo_limit.endpoint_id = None {{(pid=95893) log_opt_values /opt/stack/data/venv/lib/python3.12/site-packages/oslo_config/cfg.py:3545}}
Aug 12 17:40:49.803468 np0000007082 nova-conductor[95893]: DEBUG cotyledon.oslo_config_glue [-] oslo_limit.endpoint_interface = public {{(pid=95893) log_opt_values /opt/stack/data/venv/lib/python3.12/site-packages/oslo_config/cfg.py:3545}}
Aug 12 17:40:49.803468 np0000007082 nova-conductor[95893]: DEBUG cotyledon.oslo_config_glue [-] oslo_limit.endpoint_override = None {{(pid=95893) log_opt_values /opt/stack/data/venv/lib/python3.12/site-packages/oslo_config/cfg.py:3545}}
Aug 12 17:40:49.803468 np0000007082 nova-conductor[95893]: DEBUG cotyledon.oslo_config_glue [-] oslo_limit.endpoint_region_name = None {{(pid=95893) log_opt_values /opt/stack/data/venv/lib/python3.12/site-packages/oslo_config/cfg.py:3545}}
Aug 12 17:40:49.803468 np0000007082 nova-conductor[95893]: DEBUG cotyledon.oslo_config_glue [-] oslo_limit.endpoint_service_name = None {{(pid=95893) log_opt_values /opt/stack/data/venv/lib/python3.12/site-packages/oslo_config/cfg.py:3545}}
Aug 12 17:40:49.803468 np0000007082 nova-conductor[95893]: DEBUG cotyledon.oslo_config_glue [-] oslo_limit.endpoint_service_type = None {{(pid=95893) log_opt_values /opt/stack/data/venv/lib/python3.12/site-packages/oslo_config/cfg.py:3545}}
Aug 12 17:40:49.803468 np0000007082 nova-conductor[95893]: DEBUG cotyledon.oslo_config_glue [-] oslo_limit.insecure = False {{(pid=95893) log_opt_values /opt/stack/data/venv/lib/python3.12/site-packages/oslo_config/cfg.py:3545}}
Aug 12 17:40:49.803468 np0000007082 nova-conductor[95893]: DEBUG cotyledon.oslo_config_glue [-] oslo_limit.keyfile = None {{(pid=95893) log_opt_values /opt/stack/data/venv/lib/python3.12/site-packages/oslo_config/cfg.py:3545}}
Aug 12 17:40:49.803468 np0000007082 nova-conductor[95893]: DEBUG cotyledon.oslo_config_glue [-] oslo_limit.max_version = None {{(pid=95893) log_opt_values /opt/stack/data/venv/lib/python3.12/site-packages/oslo_config/cfg.py:3545}}
Aug 12 17:40:49.803654 np0000007082 nova-conductor[95893]: DEBUG cotyledon.oslo_config_glue [-] oslo_limit.min_version = None {{(pid=95893) log_opt_values /opt/stack/data/venv/lib/python3.12/site-packages/oslo_config/cfg.py:3545}}
Aug 12 17:40:49.803654 np0000007082 nova-conductor[95893]: DEBUG cotyledon.oslo_config_glue [-] oslo_limit.region_name = None {{(pid=95893) log_opt_values /opt/stack/data/venv/lib/python3.12/site-packages/oslo_config/cfg.py:3545}}
Aug 12 17:40:49.803654 np0000007082 nova-conductor[95893]: DEBUG cotyledon.oslo_config_glue [-] oslo_limit.retriable_status_codes = None {{(pid=95893) log_opt_values /opt/stack/data/venv/lib/python3.12/site-packages/oslo_config/cfg.py:3545}}
Aug 12 17:40:49.803654 np0000007082 nova-conductor[95893]: DEBUG cotyledon.oslo_config_glue [-] oslo_limit.service_name = None {{(pid=95893) log_opt_values /opt/stack/data/venv/lib/python3.12/site-packages/oslo_config/cfg.py:3545}}
Aug 12 17:40:49.803654 np0000007082 nova-conductor[95893]: DEBUG cotyledon.oslo_config_glue [-] oslo_limit.service_type = None {{(pid=95893) log_opt_values /opt/stack/data/venv/lib/python3.12/site-packages/oslo_config/cfg.py:3545}}
Aug 12 17:40:49.803654 np0000007082 nova-conductor[95893]: DEBUG cotyledon.oslo_config_glue [-] oslo_limit.split_loggers = False {{(pid=95893) log_opt_values /opt/stack/data/venv/lib/python3.12/site-packages/oslo_config/cfg.py:3545}}
Aug 12 17:40:49.803654 np0000007082 nova-conductor[95893]: DEBUG cotyledon.oslo_config_glue [-] oslo_limit.status_code_retries = None {{(pid=95893) log_opt_values /opt/stack/data/venv/lib/python3.12/site-packages/oslo_config/cfg.py:3545}}
Aug 12 17:40:49.803654 np0000007082 nova-conductor[95893]: DEBUG cotyledon.oslo_config_glue [-] oslo_limit.status_code_retry_delay = None {{(pid=95893) log_opt_values /opt/stack/data/venv/lib/python3.12/site-packages/oslo_config/cfg.py:3545}}
Aug 12 17:40:49.803654 np0000007082 nova-conductor[95893]: DEBUG cotyledon.oslo_config_glue [-] oslo_limit.timeout = None {{(pid=95893) log_opt_values /opt/stack/data/venv/lib/python3.12/site-packages/oslo_config/cfg.py:3545}}
Aug 12 17:40:49.803862 np0000007082 nova-conductor[95893]: DEBUG cotyledon.oslo_config_glue [-] oslo_limit.valid_interfaces = None {{(pid=95893) log_opt_values /opt/stack/data/venv/lib/python3.12/site-packages/oslo_config/cfg.py:3545}}
Aug 12 17:40:49.803862 np0000007082 nova-conductor[95893]: DEBUG cotyledon.oslo_config_glue [-] oslo_limit.version = None {{(pid=95893) log_opt_values /opt/stack/data/venv/lib/python3.12/site-packages/oslo_config/cfg.py:3545}}
Aug 12 17:40:49.803862 np0000007082 nova-conductor[95893]: DEBUG cotyledon.oslo_config_glue [-] oslo_reports.file_event_handler = None {{(pid=95893) log_opt_values /opt/stack/data/venv/lib/python3.12/site-packages/oslo_config/cfg.py:3545}}
Aug 12 17:40:49.803862 np0000007082 nova-conductor[95893]: DEBUG cotyledon.oslo_config_glue [-] oslo_reports.file_event_handler_interval = 1 {{(pid=95893) log_opt_values /opt/stack/data/venv/lib/python3.12/site-packages/oslo_config/cfg.py:3545}}
Aug 12 17:40:49.803862 np0000007082 nova-conductor[95893]: DEBUG cotyledon.oslo_config_glue [-] oslo_reports.log_dir = None {{(pid=95893) log_opt_values /opt/stack/data/venv/lib/python3.12/site-packages/oslo_config/cfg.py:3545}}
Aug 12 17:40:49.803862 np0000007082 nova-conductor[95893]: DEBUG cotyledon.oslo_config_glue [-] ******************************************************************************** {{(pid=95893) log_opt_values /opt/stack/data/venv/lib/python3.12/site-packages/oslo_config/cfg.py:3552}}
Aug 12 17:40:49.803862 np0000007082 nova-conductor[95893]: DEBUG cotyledon._service_worker [-] Run service ServiceWrapper(2) [95893] {{(pid=95893) wait_forever /opt/stack/data/venv/lib/python3.12/site-packages/cotyledon/_service_worker.py:218}}
Aug 12 17:40:49.804545 np0000007082 nova-conductor[95893]: INFO nova.service [-] Starting conductor node (version 33.1.0)
Aug 12 17:40:49.810121 np0000007082 nova-conductor[95893]: INFO dbcounter [None req-2304071b-3baf-4636-819e-efbd669e332b None None] Registered counter for database nova_cell0
Aug 12 17:40:49.817898 np0000007082 nova-conductor[95871]: DEBUG oslo_db.sqlalchemy.engines [None req-a4a9bc0a-6fe3-4b08-bfac-9bb7df33291b None None] MySQL server mode set to STRICT_TRANS_TABLES,STRICT_ALL_TABLES,NO_ZERO_IN_DATE,NO_ZERO_DATE,ERROR_FOR_DIVISION_BY_ZERO,TRADITIONAL,NO_ENGINE_SUBSTITUTION {{(pid=95871) _check_effective_sql_mode /opt/stack/data/venv/lib/python3.12/site-packages/oslo_db/sqlalchemy/engines.py:325}}
Aug 12 17:40:49.827718 np0000007082 nova-conductor[95871]: DEBUG dbcounter [-] [95871] Writer thread running {{(pid=95871) stat_writer /opt/stack/data/venv/lib/python3.12/site-packages/dbcounter.py:102}}
Aug 12 17:40:49.842389 np0000007082 nova-conductor[95871]: DEBUG nova.service [None req-a4a9bc0a-6fe3-4b08-bfac-9bb7df33291b None None] Creating RPC server for service: nova-conductor on topic: conductor {{(pid=95871) start /opt/stack/nova/nova/service.py:196}}
Aug 12 17:40:49.844999 np0000007082 nova-conductor[95884]: DEBUG oslo_db.sqlalchemy.engines [None req-cd7080b3-93eb-4bea-b158-b7a2c456d46a None None] MySQL server mode set to STRICT_TRANS_TABLES,STRICT_ALL_TABLES,NO_ZERO_IN_DATE,NO_ZERO_DATE,ERROR_FOR_DIVISION_BY_ZERO,TRADITIONAL,NO_ENGINE_SUBSTITUTION {{(pid=95884) _check_effective_sql_mode /opt/stack/data/venv/lib/python3.12/site-packages/oslo_db/sqlalchemy/engines.py:325}}
Aug 12 17:40:49.856492 np0000007082 nova-conductor[95884]: DEBUG dbcounter [-] [95884] Writer thread running {{(pid=95884) stat_writer /opt/stack/data/venv/lib/python3.12/site-packages/dbcounter.py:102}}
Aug 12 17:40:49.856884 np0000007082 nova-conductor[95893]: DEBUG oslo_db.sqlalchemy.engines [None req-2304071b-3baf-4636-819e-efbd669e332b None None] MySQL server mode set to STRICT_TRANS_TABLES,STRICT_ALL_TABLES,NO_ZERO_IN_DATE,NO_ZERO_DATE,ERROR_FOR_DIVISION_BY_ZERO,TRADITIONAL,NO_ENGINE_SUBSTITUTION {{(pid=95893) _check_effective_sql_mode /opt/stack/data/venv/lib/python3.12/site-packages/oslo_db/sqlalchemy/engines.py:325}}
Aug 12 17:40:49.859924 np0000007082 nova-conductor[95884]: DEBUG nova.service [None req-cd7080b3-93eb-4bea-b158-b7a2c456d46a None None] Creating RPC server for service: nova-conductor on topic: conductor {{(pid=95884) start /opt/stack/nova/nova/service.py:196}}
Aug 12 17:40:49.868982 np0000007082 nova-conductor[95893]: DEBUG dbcounter [-] [95893] Writer thread running {{(pid=95893) stat_writer /opt/stack/data/venv/lib/python3.12/site-packages/dbcounter.py:102}}
Aug 12 17:40:49.872203 np0000007082 nova-conductor[95871]: DEBUG nova.service [None req-a4a9bc0a-6fe3-4b08-bfac-9bb7df33291b None None] Join ServiceGroup membership for this service conductor {{(pid=95871) start /opt/stack/nova/nova/service.py:222}}
Aug 12 17:40:49.872405 np0000007082 nova-conductor[95871]: DEBUG nova.servicegroup.drivers.db [None req-a4a9bc0a-6fe3-4b08-bfac-9bb7df33291b None None] DB_Driver: join new ServiceGroup member np0000007082 to the conductor group, service = {{(pid=95871) join /opt/stack/nova/nova/servicegroup/drivers/db.py:44}}
Aug 12 17:40:49.872951 np0000007082 nova-conductor[95893]: DEBUG nova.service [None req-2304071b-3baf-4636-819e-efbd669e332b None None] Creating RPC server for service: nova-conductor on topic: conductor {{(pid=95893) start /opt/stack/nova/nova/service.py:196}}
Aug 12 17:40:49.880536 np0000007082 nova-conductor[95884]: DEBUG nova.service [None req-cd7080b3-93eb-4bea-b158-b7a2c456d46a None None] Join ServiceGroup membership for this service conductor {{(pid=95884) start /opt/stack/nova/nova/service.py:222}}
Aug 12 17:40:49.880817 np0000007082 nova-conductor[95884]: DEBUG nova.servicegroup.drivers.db [None req-cd7080b3-93eb-4bea-b158-b7a2c456d46a None None] DB_Driver: join new ServiceGroup member np0000007082 to the conductor group, service = {{(pid=95884) join /opt/stack/nova/nova/servicegroup/drivers/db.py:44}}
Aug 12 17:40:49.890410 np0000007082 nova-conductor[95893]: DEBUG nova.service [None req-2304071b-3baf-4636-819e-efbd669e332b None None] Join ServiceGroup membership for this service conductor {{(pid=95893) start /opt/stack/nova/nova/service.py:222}}
Aug 12 17:40:49.890859 np0000007082 nova-conductor[95893]: DEBUG nova.servicegroup.drivers.db [None req-2304071b-3baf-4636-819e-efbd669e332b None None] DB_Driver: join new ServiceGroup member np0000007082 to the conductor group, service = {{(pid=95893) join /opt/stack/nova/nova/servicegroup/drivers/db.py:44}}
Aug 12 17:40:54.883032 np0000007082 nova-conductor[95871]: DEBUG oslo.service.backend._threading.loopingcall [-] Fixed interval looping call 'nova.servicegroup.drivers.db.DbDriver._report_state' sleeping for 119.99 seconds {{(pid=95871) _run_loop /opt/stack/data/venv/lib/python3.12/site-packages/oslo_service/backend/_threading/loopingcall.py:125}}
Aug 12 17:40:54.893654 np0000007082 nova-conductor[95884]: DEBUG oslo.service.backend._threading.loopingcall [-] Fixed interval looping call 'nova.servicegroup.drivers.db.DbDriver._report_state' sleeping for 119.99 seconds {{(pid=95884) _run_loop /opt/stack/data/venv/lib/python3.12/site-packages/oslo_service/backend/_threading/loopingcall.py:125}}
Aug 12 17:40:54.899915 np0000007082 nova-conductor[95893]: DEBUG oslo.service.backend._threading.loopingcall [-] Fixed interval looping call 'nova.servicegroup.drivers.db.DbDriver._report_state' sleeping for 119.99 seconds {{(pid=95893) _run_loop /opt/stack/data/venv/lib/python3.12/site-packages/oslo_service/backend/_threading/loopingcall.py:125}}
Aug 12 17:40:58.481707 np0000007082 nova-conductor[94421]: DEBUG dbcounter [-] [94421] Writing DB stats nova_api:SELECT=1 {{(pid=94421) stat_writer /opt/stack/data/venv/lib/python3.12/site-packages/dbcounter.py:115}}
Aug 12 17:40:58.603207 np0000007082 nova-conductor[94421]: DEBUG dbcounter [-] [94421] Writing DB stats nova_cell0:SELECT=1 {{(pid=94421) stat_writer /opt/stack/data/venv/lib/python3.12/site-packages/dbcounter.py:115}}
Aug 12 17:40:58.607842 np0000007082 nova-conductor[94421]: DEBUG dbcounter [-] [94421] Writing DB stats nova_cell1:SELECT=1 {{(pid=94421) stat_writer /opt/stack/data/venv/lib/python3.12/site-packages/dbcounter.py:115}}
Aug 12 17:41:00.886343 np0000007082 nova-conductor[95884]: DEBUG oslo.service.backend._threading.loopingcall [None req-9af5f00e-c74d-48b5-babd-3ff3ab00320a None None] Dynamic interval looping call 'nova.service.Service.periodic_tasks' sleeping for 60.00 seconds {{(pid=95884) _run_loop /opt/stack/data/venv/lib/python3.12/site-packages/oslo_service/backend/_threading/loopingcall.py:125}}
Aug 12 17:41:04.880362 np0000007082 nova-conductor[95871]: DEBUG dbcounter [-] [95871] Writing DB stats nova_cell0:SELECT=4,nova_cell0:INSERT=1,nova_cell0:UPDATE=1 {{(pid=95871) stat_writer /opt/stack/data/venv/lib/python3.12/site-packages/dbcounter.py:115}}
Aug 12 17:41:04.891233 np0000007082 nova-conductor[95884]: DEBUG dbcounter [-] [95884] Writing DB stats nova_cell0:SELECT=3 {{(pid=95884) stat_writer /opt/stack/data/venv/lib/python3.12/site-packages/dbcounter.py:115}}
Aug 12 17:41:04.897583 np0000007082 nova-conductor[95893]: DEBUG dbcounter [-] [95893] Writing DB stats nova_cell0:SELECT=3 {{(pid=95893) stat_writer /opt/stack/data/venv/lib/python3.12/site-packages/dbcounter.py:115}}
Aug 12 17:41:15.893001 np0000007082 nova-conductor[95893]: DEBUG oslo.service.backend._threading.loopingcall [None req-d73ec51e-8295-48b1-a975-29d832327667 None None] Dynamic interval looping call 'nova.service.Service.periodic_tasks' sleeping for 60.00 seconds {{(pid=95893) _run_loop /opt/stack/data/venv/lib/python3.12/site-packages/oslo_service/backend/_threading/loopingcall.py:125}}
Aug 12 17:41:30.874490 np0000007082 nova-conductor[95871]: DEBUG oslo.service.backend._threading.loopingcall [None req-0b7a48ea-479d-4071-a99f-3a7f1447e995 None None] Dynamic interval looping call 'nova.service.Service.periodic_tasks' sleeping for 60.00 seconds {{(pid=95871) _run_loop /opt/stack/data/venv/lib/python3.12/site-packages/oslo_service/backend/_threading/loopingcall.py:125}}
Aug 12 17:42:00.886854 np0000007082 nova-conductor[95884]: DEBUG oslo.service.backend._threading.loopingcall [None req-9af5f00e-c74d-48b5-babd-3ff3ab00320a None None] Dynamic interval looping call 'nova.service.Service.periodic_tasks' sleeping for 60.00 seconds {{(pid=95884) _run_loop /opt/stack/data/venv/lib/python3.12/site-packages/oslo_service/backend/_threading/loopingcall.py:125}}
Aug 12 17:42:15.893452 np0000007082 nova-conductor[95893]: DEBUG oslo.service.backend._threading.loopingcall [None req-d73ec51e-8295-48b1-a975-29d832327667 None None] Dynamic interval looping call 'nova.service.Service.periodic_tasks' sleeping for 60.00 seconds {{(pid=95893) _run_loop /opt/stack/data/venv/lib/python3.12/site-packages/oslo_service/backend/_threading/loopingcall.py:125}}
Aug 12 17:42:30.875011 np0000007082 nova-conductor[95871]: DEBUG oslo.service.backend._threading.loopingcall [None req-0b7a48ea-479d-4071-a99f-3a7f1447e995 None None] Dynamic interval looping call 'nova.service.Service.periodic_tasks' sleeping for 60.00 seconds {{(pid=95871) _run_loop /opt/stack/data/venv/lib/python3.12/site-packages/oslo_service/backend/_threading/loopingcall.py:125}}
Aug 12 17:42:54.879068 np0000007082 nova-conductor[95871]: DEBUG oslo.service.backend._threading.loopingcall [-] Fixed interval looping call 'nova.servicegroup.drivers.db.DbDriver._report_state' sleeping for 119.99 seconds {{(pid=95871) _run_loop /opt/stack/data/venv/lib/python3.12/site-packages/oslo_service/backend/_threading/loopingcall.py:125}}
Aug 12 17:42:54.888216 np0000007082 nova-conductor[95884]: DEBUG oslo.service.backend._threading.loopingcall [-] Fixed interval looping call 'nova.servicegroup.drivers.db.DbDriver._report_state' sleeping for 120.00 seconds {{(pid=95884) _run_loop /opt/stack/data/venv/lib/python3.12/site-packages/oslo_service/backend/_threading/loopingcall.py:125}}
Aug 12 17:42:54.893654 np0000007082 nova-conductor[95893]: DEBUG oslo.service.backend._threading.loopingcall [-] Fixed interval looping call 'nova.servicegroup.drivers.db.DbDriver._report_state' sleeping for 120.00 seconds {{(pid=95893) _run_loop /opt/stack/data/venv/lib/python3.12/site-packages/oslo_service/backend/_threading/loopingcall.py:125}}
Aug 12 17:43:00.887395 np0000007082 nova-conductor[95884]: DEBUG oslo.service.backend._threading.loopingcall [None req-9af5f00e-c74d-48b5-babd-3ff3ab00320a None None] Dynamic interval looping call 'nova.service.Service.periodic_tasks' sleeping for 60.00 seconds {{(pid=95884) _run_loop /opt/stack/data/venv/lib/python3.12/site-packages/oslo_service/backend/_threading/loopingcall.py:125}}
Aug 12 17:43:04.876293 np0000007082 nova-conductor[95871]: DEBUG dbcounter [-] [95871] Writing DB stats nova_cell0:SELECT=1,nova_cell0:UPDATE=1 {{(pid=95871) stat_writer /opt/stack/data/venv/lib/python3.12/site-packages/dbcounter.py:115}}
Aug 12 17:43:04.886550 np0000007082 nova-conductor[95884]: DEBUG dbcounter [-] [95884] Writing DB stats nova_cell0:SELECT=1 {{(pid=95884) stat_writer /opt/stack/data/venv/lib/python3.12/site-packages/dbcounter.py:115}}
Aug 12 17:43:04.892489 np0000007082 nova-conductor[95893]: DEBUG dbcounter [-] [95893] Writing DB stats nova_cell0:SELECT=1 {{(pid=95893) stat_writer /opt/stack/data/venv/lib/python3.12/site-packages/dbcounter.py:115}}
Aug 12 17:43:15.893914 np0000007082 nova-conductor[95893]: DEBUG oslo.service.backend._threading.loopingcall [None req-d73ec51e-8295-48b1-a975-29d832327667 None None] Dynamic interval looping call 'nova.service.Service.periodic_tasks' sleeping for 60.00 seconds {{(pid=95893) _run_loop /opt/stack/data/venv/lib/python3.12/site-packages/oslo_service/backend/_threading/loopingcall.py:125}}
Aug 12 17:43:30.875525 np0000007082 nova-conductor[95871]: DEBUG oslo.service.backend._threading.loopingcall [None req-0b7a48ea-479d-4071-a99f-3a7f1447e995 None None] Dynamic interval looping call 'nova.service.Service.periodic_tasks' sleeping for 60.00 seconds {{(pid=95871) _run_loop /opt/stack/data/venv/lib/python3.12/site-packages/oslo_service/backend/_threading/loopingcall.py:125}}
Aug 12 17:43:31.857325 np0000007082 nova-conductor[95871]: DEBUG oslo_db.sqlalchemy.engines [None req-fc9e385e-5147-4a82-9759-c5ecd6f342d7 tempest-DeleteServersTestJSON-1947074114 tempest-DeleteServersTestJSON-1947074114-project-member] Parent process 94421 forked (95871) with an open database connection, which is being discarded and recreated. {{(pid=95871) checkout /opt/stack/data/venv/lib/python3.12/site-packages/oslo_db/sqlalchemy/engines.py:402}}
Aug 12 17:43:31.896337 np0000007082 nova-conductor[95871]: DEBUG dbcounter [-] [95871] Writer thread running {{(pid=95871) stat_writer /opt/stack/data/venv/lib/python3.12/site-packages/dbcounter.py:102}}
Aug 12 17:43:32.673407 np0000007082 nova-conductor[95871]: DEBUG nova.conductor.manager [None req-fc9e385e-5147-4a82-9759-c5ecd6f342d7 tempest-DeleteServersTestJSON-1947074114 tempest-DeleteServersTestJSON-1947074114-project-member] Took 0.77 seconds to select destinations for 1 instance(s). {{(pid=95871) _schedule_instances /opt/stack/nova/nova/conductor/manager.py:968}}
Aug 12 17:43:32.706225 np0000007082 nova-conductor[95871]: DEBUG oslo_concurrency.lockutils [None req-fc9e385e-5147-4a82-9759-c5ecd6f342d7 tempest-DeleteServersTestJSON-1947074114 tempest-DeleteServersTestJSON-1947074114-project-member] Acquiring lock "289c00da-ba54-48f9-a0b1-0ae8b13ab9cb" by "nova.context.set_target_cell..get_or_set_cached_cell_and_set_connections" {{(pid=95871) inner /opt/stack/data/venv/lib/python3.12/site-packages/oslo_concurrency/lockutils.py:512}}
Aug 12 17:43:32.706470 np0000007082 nova-conductor[95871]: DEBUG oslo_concurrency.lockutils [None req-fc9e385e-5147-4a82-9759-c5ecd6f342d7 tempest-DeleteServersTestJSON-1947074114 tempest-DeleteServersTestJSON-1947074114-project-member] Lock "289c00da-ba54-48f9-a0b1-0ae8b13ab9cb" acquired by "nova.context.set_target_cell..get_or_set_cached_cell_and_set_connections" :: waited 0.000s {{(pid=95871) inner /opt/stack/data/venv/lib/python3.12/site-packages/oslo_concurrency/lockutils.py:525}}
Aug 12 17:43:32.708432 np0000007082 nova-conductor[95871]: DEBUG oslo_concurrency.lockutils [None req-fc9e385e-5147-4a82-9759-c5ecd6f342d7 tempest-DeleteServersTestJSON-1947074114 tempest-DeleteServersTestJSON-1947074114-project-member] Lock "289c00da-ba54-48f9-a0b1-0ae8b13ab9cb" "released" by "nova.context.set_target_cell..get_or_set_cached_cell_and_set_connections" :: held 0.002s {{(pid=95871) inner /opt/stack/data/venv/lib/python3.12/site-packages/oslo_concurrency/lockutils.py:544}}
Aug 12 17:43:32.711373 np0000007082 nova-conductor[95871]: INFO dbcounter [None req-fc9e385e-5147-4a82-9759-c5ecd6f342d7 tempest-DeleteServersTestJSON-1947074114 tempest-DeleteServersTestJSON-1947074114-project-member] Registered counter for database nova_cell1
Aug 12 17:43:32.751474 np0000007082 nova-conductor[95871]: DEBUG oslo_db.sqlalchemy.engines [None req-fc9e385e-5147-4a82-9759-c5ecd6f342d7 tempest-DeleteServersTestJSON-1947074114 tempest-DeleteServersTestJSON-1947074114-project-member] MySQL server mode set to STRICT_TRANS_TABLES,STRICT_ALL_TABLES,NO_ZERO_IN_DATE,NO_ZERO_DATE,ERROR_FOR_DIVISION_BY_ZERO,TRADITIONAL,NO_ENGINE_SUBSTITUTION {{(pid=95871) _check_effective_sql_mode /opt/stack/data/venv/lib/python3.12/site-packages/oslo_db/sqlalchemy/engines.py:325}}
Aug 12 17:43:32.758085 np0000007082 nova-conductor[95871]: DEBUG dbcounter [-] [95871] Writer thread running {{(pid=95871) stat_writer /opt/stack/data/venv/lib/python3.12/site-packages/dbcounter.py:102}}
Aug 12 17:43:32.824016 np0000007082 nova-conductor[95871]: INFO nova.utils [None req-fc9e385e-5147-4a82-9759-c5ecd6f342d7 tempest-DeleteServersTestJSON-1947074114 tempest-DeleteServersTestJSON-1947074114-project-member] The cell worker thread pool ForkProcess-1.cell_worker is initialized
Aug 12 17:43:32.824186 np0000007082 nova-conductor[95871]: DEBUG oslo_concurrency.lockutils [None req-fc9e385e-5147-4a82-9759-c5ecd6f342d7 tempest-DeleteServersTestJSON-1947074114 tempest-DeleteServersTestJSON-1947074114-project-member] Acquiring lock "00000000-0000-0000-0000-000000000000" by "nova.context.set_target_cell..get_or_set_cached_cell_and_set_connections" {{(pid=95871) inner /opt/stack/data/venv/lib/python3.12/site-packages/oslo_concurrency/lockutils.py:512}}
Aug 12 17:43:32.824327 np0000007082 nova-conductor[95871]: DEBUG oslo_concurrency.lockutils [None req-fc9e385e-5147-4a82-9759-c5ecd6f342d7 tempest-DeleteServersTestJSON-1947074114 tempest-DeleteServersTestJSON-1947074114-project-member] Lock "00000000-0000-0000-0000-000000000000" acquired by "nova.context.set_target_cell..get_or_set_cached_cell_and_set_connections" :: waited 0.000s {{(pid=95871) inner /opt/stack/data/venv/lib/python3.12/site-packages/oslo_concurrency/lockutils.py:525}}
Aug 12 17:43:32.825245 np0000007082 nova-conductor[95871]: DEBUG oslo_concurrency.lockutils [None req-fc9e385e-5147-4a82-9759-c5ecd6f342d7 tempest-DeleteServersTestJSON-1947074114 tempest-DeleteServersTestJSON-1947074114-project-member] Lock "00000000-0000-0000-0000-000000000000" "released" by "nova.context.set_target_cell..get_or_set_cached_cell_and_set_connections" :: held 0.001s {{(pid=95871) inner /opt/stack/data/venv/lib/python3.12/site-packages/oslo_concurrency/lockutils.py:544}}
Aug 12 17:43:32.826449 np0000007082 nova-conductor[95871]: DEBUG oslo_concurrency.lockutils [None req-fc9e385e-5147-4a82-9759-c5ecd6f342d7 tempest-DeleteServersTestJSON-1947074114 tempest-DeleteServersTestJSON-1947074114-project-member] Acquiring lock "289c00da-ba54-48f9-a0b1-0ae8b13ab9cb" by "nova.context.set_target_cell..get_or_set_cached_cell_and_set_connections" {{(pid=95871) inner /opt/stack/data/venv/lib/python3.12/site-packages/oslo_concurrency/lockutils.py:512}}
Aug 12 17:43:32.826785 np0000007082 nova-conductor[95871]: DEBUG oslo_concurrency.lockutils [None req-fc9e385e-5147-4a82-9759-c5ecd6f342d7 tempest-DeleteServersTestJSON-1947074114 tempest-DeleteServersTestJSON-1947074114-project-member] Lock "289c00da-ba54-48f9-a0b1-0ae8b13ab9cb" acquired by "nova.context.set_target_cell..get_or_set_cached_cell_and_set_connections" :: waited 0.000s {{(pid=95871) inner /opt/stack/data/venv/lib/python3.12/site-packages/oslo_concurrency/lockutils.py:525}}
Aug 12 17:43:32.828443 np0000007082 nova-conductor[95871]: INFO dbcounter [None req-fc9e385e-5147-4a82-9759-c5ecd6f342d7 tempest-DeleteServersTestJSON-1947074114 tempest-DeleteServersTestJSON-1947074114-project-member] Registered counter for database nova_cell0
Aug 12 17:43:32.829753 np0000007082 nova-conductor[95871]: DEBUG oslo_concurrency.lockutils [None req-fc9e385e-5147-4a82-9759-c5ecd6f342d7 tempest-DeleteServersTestJSON-1947074114 tempest-DeleteServersTestJSON-1947074114-project-member] Lock "289c00da-ba54-48f9-a0b1-0ae8b13ab9cb" "released" by "nova.context.set_target_cell..get_or_set_cached_cell_and_set_connections" :: held 0.002s {{(pid=95871) inner /opt/stack/data/venv/lib/python3.12/site-packages/oslo_concurrency/lockutils.py:544}}
Aug 12 17:43:32.858749 np0000007082 nova-conductor[95871]: DEBUG oslo_db.sqlalchemy.engines [None req-fc9e385e-5147-4a82-9759-c5ecd6f342d7 tempest-DeleteServersTestJSON-1947074114 tempest-DeleteServersTestJSON-1947074114-project-member] MySQL server mode set to STRICT_TRANS_TABLES,STRICT_ALL_TABLES,NO_ZERO_IN_DATE,NO_ZERO_DATE,ERROR_FOR_DIVISION_BY_ZERO,TRADITIONAL,NO_ENGINE_SUBSTITUTION {{(pid=95871) _check_effective_sql_mode /opt/stack/data/venv/lib/python3.12/site-packages/oslo_db/sqlalchemy/engines.py:325}}
Aug 12 17:43:32.863908 np0000007082 nova-conductor[95871]: DEBUG dbcounter [-] [95871] Writer thread running {{(pid=95871) stat_writer /opt/stack/data/venv/lib/python3.12/site-packages/dbcounter.py:102}}
Aug 12 17:43:32.883070 np0000007082 nova-conductor[95871]: DEBUG nova.quota [None req-fc9e385e-5147-4a82-9759-c5ecd6f342d7 tempest-DeleteServersTestJSON-1947074114 tempest-DeleteServersTestJSON-1947074114-project-member] Getting quotas for project 21aae8a0f1f84cb5917213653abc8b38. Resources: {'instances', 'cores', 'ram'} {{(pid=95871) _get_quotas /opt/stack/nova/nova/quota.py:389}}
Aug 12 17:43:32.890164 np0000007082 nova-conductor[95871]: DEBUG nova.quota [None req-fc9e385e-5147-4a82-9759-c5ecd6f342d7 tempest-DeleteServersTestJSON-1947074114 tempest-DeleteServersTestJSON-1947074114-project-member] Getting quotas for user 4ff4a92bfa494869b6bd9daee9b11210 and project 21aae8a0f1f84cb5917213653abc8b38. Resources: {'instances', 'cores', 'ram'} {{(pid=95871) _get_quotas /opt/stack/nova/nova/quota.py:379}}
Aug 12 17:43:32.899441 np0000007082 nova-conductor[95871]: DEBUG nova.conductor.manager [None req-fc9e385e-5147-4a82-9759-c5ecd6f342d7 tempest-DeleteServersTestJSON-1947074114 tempest-DeleteServersTestJSON-1947074114-project-member] [instance: ccb67082-959e-4358-b560-7d7b5ac6c291] Selected host: np0000007082; Selected node: np0000007082; Alternates: [] {{(pid=95871) schedule_and_build_instances /opt/stack/nova/nova/conductor/manager.py:1784}}
Aug 12 17:43:32.900040 np0000007082 nova-conductor[95871]: DEBUG oslo_concurrency.lockutils [None req-fc9e385e-5147-4a82-9759-c5ecd6f342d7 tempest-DeleteServersTestJSON-1947074114 tempest-DeleteServersTestJSON-1947074114-project-member] Acquiring lock "289c00da-ba54-48f9-a0b1-0ae8b13ab9cb" by "nova.context.set_target_cell..get_or_set_cached_cell_and_set_connections" {{(pid=95871) inner /opt/stack/data/venv/lib/python3.12/site-packages/oslo_concurrency/lockutils.py:512}}
Aug 12 17:43:32.900235 np0000007082 nova-conductor[95871]: DEBUG oslo_concurrency.lockutils [None req-fc9e385e-5147-4a82-9759-c5ecd6f342d7 tempest-DeleteServersTestJSON-1947074114 tempest-DeleteServersTestJSON-1947074114-project-member] Lock "289c00da-ba54-48f9-a0b1-0ae8b13ab9cb" acquired by "nova.context.set_target_cell..get_or_set_cached_cell_and_set_connections" :: waited 0.000s {{(pid=95871) inner /opt/stack/data/venv/lib/python3.12/site-packages/oslo_concurrency/lockutils.py:525}}
Aug 12 17:43:32.900382 np0000007082 nova-conductor[95871]: DEBUG oslo_concurrency.lockutils [None req-fc9e385e-5147-4a82-9759-c5ecd6f342d7 tempest-DeleteServersTestJSON-1947074114 tempest-DeleteServersTestJSON-1947074114-project-member] Lock "289c00da-ba54-48f9-a0b1-0ae8b13ab9cb" "released" by "nova.context.set_target_cell..get_or_set_cached_cell_and_set_connections" :: held 0.000s {{(pid=95871) inner /opt/stack/data/venv/lib/python3.12/site-packages/oslo_concurrency/lockutils.py:544}}
Aug 12 17:43:32.914863 np0000007082 nova-conductor[95871]: DEBUG nova.conductor.manager [None req-fc9e385e-5147-4a82-9759-c5ecd6f342d7 tempest-DeleteServersTestJSON-1947074114 tempest-DeleteServersTestJSON-1947074114-project-member] [instance: ccb67082-959e-4358-b560-7d7b5ac6c291] block_device_mapping [BlockDeviceMapping(attachment_id=,boot_index=0,connection_info=None,created_at=,delete_on_termination=True,deleted=,deleted_at=,destination_type='local',device_name=None,device_type='disk',disk_bus=None,encrypted=False,encryption_format=None,encryption_options=None,encryption_secret_uuid=None,guest_format=None,id=,image_id='b3edb79c-ee93-4eda-8386-513e7f45ebe1',instance=,instance_uuid=,no_device=False,snapshot_id=None,source_type='image',tag=None,updated_at=,uuid=,volume_id=None,volume_size=None,volume_type=None)] {{(pid=95871) _create_block_device_mapping /opt/stack/nova/nova/conductor/manager.py:1529}}
Aug 12 17:43:32.916226 np0000007082 nova-conductor[95871]: DEBUG oslo_concurrency.lockutils [None req-fc9e385e-5147-4a82-9759-c5ecd6f342d7 tempest-DeleteServersTestJSON-1947074114 tempest-DeleteServersTestJSON-1947074114-project-member] Acquiring lock "289c00da-ba54-48f9-a0b1-0ae8b13ab9cb" by "nova.context.set_target_cell..get_or_set_cached_cell_and_set_connections" {{(pid=95871) inner /opt/stack/data/venv/lib/python3.12/site-packages/oslo_concurrency/lockutils.py:512}}
Aug 12 17:43:32.916408 np0000007082 nova-conductor[95871]: DEBUG oslo_concurrency.lockutils [None req-fc9e385e-5147-4a82-9759-c5ecd6f342d7 tempest-DeleteServersTestJSON-1947074114 tempest-DeleteServersTestJSON-1947074114-project-member] Lock "289c00da-ba54-48f9-a0b1-0ae8b13ab9cb" acquired by "nova.context.set_target_cell..get_or_set_cached_cell_and_set_connections" :: waited 0.000s {{(pid=95871) inner /opt/stack/data/venv/lib/python3.12/site-packages/oslo_concurrency/lockutils.py:525}}
Aug 12 17:43:32.916544 np0000007082 nova-conductor[95871]: DEBUG oslo_concurrency.lockutils [None req-fc9e385e-5147-4a82-9759-c5ecd6f342d7 tempest-DeleteServersTestJSON-1947074114 tempest-DeleteServersTestJSON-1947074114-project-member] Lock "289c00da-ba54-48f9-a0b1-0ae8b13ab9cb" "released" by "nova.context.set_target_cell..get_or_set_cached_cell_and_set_connections" :: held 0.000s {{(pid=95871) inner /opt/stack/data/venv/lib/python3.12/site-packages/oslo_concurrency/lockutils.py:544}}
Aug 12 17:43:32.955464 np0000007082 nova-conductor[95871]: DEBUG oslo_concurrency.lockutils [None req-fc9e385e-5147-4a82-9759-c5ecd6f342d7 tempest-DeleteServersTestJSON-1947074114 tempest-DeleteServersTestJSON-1947074114-project-member] Acquiring lock "289c00da-ba54-48f9-a0b1-0ae8b13ab9cb" by "nova.context.set_target_cell..get_or_set_cached_cell_and_set_connections" {{(pid=95871) inner /opt/stack/data/venv/lib/python3.12/site-packages/oslo_concurrency/lockutils.py:512}}
Aug 12 17:43:32.955607 np0000007082 nova-conductor[95871]: DEBUG oslo_concurrency.lockutils [None req-fc9e385e-5147-4a82-9759-c5ecd6f342d7 tempest-DeleteServersTestJSON-1947074114 tempest-DeleteServersTestJSON-1947074114-project-member] Lock "289c00da-ba54-48f9-a0b1-0ae8b13ab9cb" acquired by "nova.context.set_target_cell..get_or_set_cached_cell_and_set_connections" :: waited 0.000s {{(pid=95871) inner /opt/stack/data/venv/lib/python3.12/site-packages/oslo_concurrency/lockutils.py:525}}
Aug 12 17:43:32.955848 np0000007082 nova-conductor[95871]: DEBUG oslo_concurrency.lockutils [None req-fc9e385e-5147-4a82-9759-c5ecd6f342d7 tempest-DeleteServersTestJSON-1947074114 tempest-DeleteServersTestJSON-1947074114-project-member] Lock "289c00da-ba54-48f9-a0b1-0ae8b13ab9cb" "released" by "nova.context.set_target_cell..get_or_set_cached_cell_and_set_connections" :: held 0.000s {{(pid=95871) inner /opt/stack/data/venv/lib/python3.12/site-packages/oslo_concurrency/lockutils.py:544}}
Aug 12 17:43:32.956057 np0000007082 nova-conductor[95871]: DEBUG oslo_concurrency.lockutils [None req-fc9e385e-5147-4a82-9759-c5ecd6f342d7 tempest-DeleteServersTestJSON-1947074114 tempest-DeleteServersTestJSON-1947074114-project-member] Acquiring lock "compute-rpcapi-router" {{(pid=95871) lock /opt/stack/data/venv/lib/python3.12/site-packages/oslo_concurrency/lockutils.py:396}}
Aug 12 17:43:32.956135 np0000007082 nova-conductor[95871]: DEBUG oslo_concurrency.lockutils [None req-fc9e385e-5147-4a82-9759-c5ecd6f342d7 tempest-DeleteServersTestJSON-1947074114 tempest-DeleteServersTestJSON-1947074114-project-member] Acquired lock "compute-rpcapi-router" {{(pid=95871) lock /opt/stack/data/venv/lib/python3.12/site-packages/oslo_concurrency/lockutils.py:399}}
Aug 12 17:43:32.956849 np0000007082 nova-conductor[95871]: DEBUG oslo_concurrency.lockutils [None req-facc4694-bf86-4170-ad3a-e3c9bbb31af9 None None] Acquiring lock "00000000-0000-0000-0000-000000000000" by "nova.context.set_target_cell..get_or_set_cached_cell_and_set_connections" {{(pid=95871) inner /opt/stack/data/venv/lib/python3.12/site-packages/oslo_concurrency/lockutils.py:512}}
Aug 12 17:43:32.956849 np0000007082 nova-conductor[95871]: DEBUG oslo_concurrency.lockutils [None req-facc4694-bf86-4170-ad3a-e3c9bbb31af9 None None] Lock "00000000-0000-0000-0000-000000000000" acquired by "nova.context.set_target_cell..get_or_set_cached_cell_and_set_connections" :: waited 0.000s {{(pid=95871) inner /opt/stack/data/venv/lib/python3.12/site-packages/oslo_concurrency/lockutils.py:525}}
Aug 12 17:43:32.956849 np0000007082 nova-conductor[95871]: DEBUG oslo_concurrency.lockutils [None req-facc4694-bf86-4170-ad3a-e3c9bbb31af9 None None] Lock "00000000-0000-0000-0000-000000000000" "released" by "nova.context.set_target_cell..get_or_set_cached_cell_and_set_connections" :: held 0.000s {{(pid=95871) inner /opt/stack/data/venv/lib/python3.12/site-packages/oslo_concurrency/lockutils.py:544}}
Aug 12 17:43:32.957679 np0000007082 nova-conductor[95871]: DEBUG oslo_concurrency.lockutils [None req-facc4694-bf86-4170-ad3a-e3c9bbb31af9 None None] Acquiring lock "289c00da-ba54-48f9-a0b1-0ae8b13ab9cb" by "nova.context.set_target_cell..get_or_set_cached_cell_and_set_connections" {{(pid=95871) inner /opt/stack/data/venv/lib/python3.12/site-packages/oslo_concurrency/lockutils.py:512}}
Aug 12 17:43:32.957679 np0000007082 nova-conductor[95871]: DEBUG oslo_concurrency.lockutils [None req-facc4694-bf86-4170-ad3a-e3c9bbb31af9 None None] Lock "289c00da-ba54-48f9-a0b1-0ae8b13ab9cb" acquired by "nova.context.set_target_cell..get_or_set_cached_cell_and_set_connections" :: waited 0.000s {{(pid=95871) inner /opt/stack/data/venv/lib/python3.12/site-packages/oslo_concurrency/lockutils.py:525}}
Aug 12 17:43:32.957810 np0000007082 nova-conductor[95871]: DEBUG oslo_concurrency.lockutils [None req-facc4694-bf86-4170-ad3a-e3c9bbb31af9 None None] Lock "289c00da-ba54-48f9-a0b1-0ae8b13ab9cb" "released" by "nova.context.set_target_cell..get_or_set_cached_cell_and_set_connections" :: held 0.000s {{(pid=95871) inner /opt/stack/data/venv/lib/python3.12/site-packages/oslo_concurrency/lockutils.py:544}}
Aug 12 17:43:32.967121 np0000007082 nova-conductor[95871]: INFO nova.compute.rpcapi [None req-facc4694-bf86-4170-ad3a-e3c9bbb31af9 None None] Automatically selected compute RPC version 6.5 from minimum service version 72
Aug 12 17:43:32.967554 np0000007082 nova-conductor[95871]: DEBUG oslo_concurrency.lockutils [None req-facc4694-bf86-4170-ad3a-e3c9bbb31af9 None None] Releasing lock "compute-rpcapi-router" {{(pid=95871) lock /opt/stack/data/venv/lib/python3.12/site-packages/oslo_concurrency/lockutils.py:419}}
Aug 12 17:43:41.404702 np0000007082 nova-conductor[95884]: DEBUG dbcounter [-] [95884] Writer thread running {{(pid=95884) stat_writer /opt/stack/data/venv/lib/python3.12/site-packages/dbcounter.py:102}}
Aug 12 17:43:41.791495 np0000007082 nova-conductor[95884]: DEBUG nova.conductor.manager [None req-edcb3480-c4fc-4221-82a4-050d35a3442b tempest-ServerActionsTestOtherA-918355083 tempest-ServerActionsTestOtherA-918355083-project-member] Took 0.38 seconds to select destinations for 1 instance(s). {{(pid=95884) _schedule_instances /opt/stack/nova/nova/conductor/manager.py:968}}
Aug 12 17:43:41.828277 np0000007082 nova-conductor[95884]: DEBUG oslo_concurrency.lockutils [None req-edcb3480-c4fc-4221-82a4-050d35a3442b tempest-ServerActionsTestOtherA-918355083 tempest-ServerActionsTestOtherA-918355083-project-member] Acquiring lock "289c00da-ba54-48f9-a0b1-0ae8b13ab9cb" by "nova.context.set_target_cell..get_or_set_cached_cell_and_set_connections" {{(pid=95884) inner /opt/stack/data/venv/lib/python3.12/site-packages/oslo_concurrency/lockutils.py:512}}
Aug 12 17:43:41.828427 np0000007082 nova-conductor[95884]: DEBUG oslo_concurrency.lockutils [None req-edcb3480-c4fc-4221-82a4-050d35a3442b tempest-ServerActionsTestOtherA-918355083 tempest-ServerActionsTestOtherA-918355083-project-member] Lock "289c00da-ba54-48f9-a0b1-0ae8b13ab9cb" acquired by "nova.context.set_target_cell..get_or_set_cached_cell_and_set_connections" :: waited 0.000s {{(pid=95884) inner /opt/stack/data/venv/lib/python3.12/site-packages/oslo_concurrency/lockutils.py:525}}
Aug 12 17:43:41.830139 np0000007082 nova-conductor[95884]: DEBUG oslo_concurrency.lockutils [None req-edcb3480-c4fc-4221-82a4-050d35a3442b tempest-ServerActionsTestOtherA-918355083 tempest-ServerActionsTestOtherA-918355083-project-member] Lock "289c00da-ba54-48f9-a0b1-0ae8b13ab9cb" "released" by "nova.context.set_target_cell..get_or_set_cached_cell_and_set_connections" :: held 0.002s {{(pid=95884) inner /opt/stack/data/venv/lib/python3.12/site-packages/oslo_concurrency/lockutils.py:544}}
Aug 12 17:43:41.832539 np0000007082 nova-conductor[95884]: INFO dbcounter [None req-edcb3480-c4fc-4221-82a4-050d35a3442b tempest-ServerActionsTestOtherA-918355083 tempest-ServerActionsTestOtherA-918355083-project-member] Registered counter for database nova_cell1
Aug 12 17:43:41.869717 np0000007082 nova-conductor[95884]: DEBUG oslo_db.sqlalchemy.engines [None req-edcb3480-c4fc-4221-82a4-050d35a3442b tempest-ServerActionsTestOtherA-918355083 tempest-ServerActionsTestOtherA-918355083-project-member] MySQL server mode set to STRICT_TRANS_TABLES,STRICT_ALL_TABLES,NO_ZERO_IN_DATE,NO_ZERO_DATE,ERROR_FOR_DIVISION_BY_ZERO,TRADITIONAL,NO_ENGINE_SUBSTITUTION {{(pid=95884) _check_effective_sql_mode /opt/stack/data/venv/lib/python3.12/site-packages/oslo_db/sqlalchemy/engines.py:325}}
Aug 12 17:43:41.875072 np0000007082 nova-conductor[95884]: DEBUG dbcounter [-] [95884] Writer thread running {{(pid=95884) stat_writer /opt/stack/data/venv/lib/python3.12/site-packages/dbcounter.py:102}}
Aug 12 17:43:41.932220 np0000007082 nova-conductor[95884]: INFO nova.utils [None req-edcb3480-c4fc-4221-82a4-050d35a3442b tempest-ServerActionsTestOtherA-918355083 tempest-ServerActionsTestOtherA-918355083-project-member] The cell worker thread pool ForkProcess-2.cell_worker is initialized
Aug 12 17:43:41.932435 np0000007082 nova-conductor[95884]: DEBUG oslo_concurrency.lockutils [None req-edcb3480-c4fc-4221-82a4-050d35a3442b tempest-ServerActionsTestOtherA-918355083 tempest-ServerActionsTestOtherA-918355083-project-member] Acquiring lock "00000000-0000-0000-0000-000000000000" by "nova.context.set_target_cell..get_or_set_cached_cell_and_set_connections" {{(pid=95884) inner /opt/stack/data/venv/lib/python3.12/site-packages/oslo_concurrency/lockutils.py:512}}
Aug 12 17:43:41.932588 np0000007082 nova-conductor[95884]: DEBUG oslo_concurrency.lockutils [None req-edcb3480-c4fc-4221-82a4-050d35a3442b tempest-ServerActionsTestOtherA-918355083 tempest-ServerActionsTestOtherA-918355083-project-member] Lock "00000000-0000-0000-0000-000000000000" acquired by "nova.context.set_target_cell..get_or_set_cached_cell_and_set_connections" :: waited 0.000s {{(pid=95884) inner /opt/stack/data/venv/lib/python3.12/site-packages/oslo_concurrency/lockutils.py:525}}
Aug 12 17:43:41.932967 np0000007082 nova-conductor[95884]: DEBUG oslo_concurrency.lockutils [None req-edcb3480-c4fc-4221-82a4-050d35a3442b tempest-ServerActionsTestOtherA-918355083 tempest-ServerActionsTestOtherA-918355083-project-member] Lock "00000000-0000-0000-0000-000000000000" "released" by "nova.context.set_target_cell..get_or_set_cached_cell_and_set_connections" :: held 0.000s {{(pid=95884) inner /opt/stack/data/venv/lib/python3.12/site-packages/oslo_concurrency/lockutils.py:544}}
Aug 12 17:43:41.933507 np0000007082 nova-conductor[95884]: DEBUG oslo_concurrency.lockutils [None req-edcb3480-c4fc-4221-82a4-050d35a3442b tempest-ServerActionsTestOtherA-918355083 tempest-ServerActionsTestOtherA-918355083-project-member] Acquiring lock "289c00da-ba54-48f9-a0b1-0ae8b13ab9cb" by "nova.context.set_target_cell..get_or_set_cached_cell_and_set_connections" {{(pid=95884) inner /opt/stack/data/venv/lib/python3.12/site-packages/oslo_concurrency/lockutils.py:512}}
Aug 12 17:43:41.933669 np0000007082 nova-conductor[95884]: DEBUG oslo_concurrency.lockutils [None req-edcb3480-c4fc-4221-82a4-050d35a3442b tempest-ServerActionsTestOtherA-918355083 tempest-ServerActionsTestOtherA-918355083-project-member] Lock "289c00da-ba54-48f9-a0b1-0ae8b13ab9cb" acquired by "nova.context.set_target_cell..get_or_set_cached_cell_and_set_connections" :: waited 0.000s {{(pid=95884) inner /opt/stack/data/venv/lib/python3.12/site-packages/oslo_concurrency/lockutils.py:525}}
Aug 12 17:43:41.933837 np0000007082 nova-conductor[95884]: DEBUG oslo_concurrency.lockutils [None req-edcb3480-c4fc-4221-82a4-050d35a3442b tempest-ServerActionsTestOtherA-918355083 tempest-ServerActionsTestOtherA-918355083-project-member] Lock "289c00da-ba54-48f9-a0b1-0ae8b13ab9cb" "released" by "nova.context.set_target_cell..get_or_set_cached_cell_and_set_connections" :: held 0.000s {{(pid=95884) inner /opt/stack/data/venv/lib/python3.12/site-packages/oslo_concurrency/lockutils.py:544}}
Aug 12 17:43:41.935343 np0000007082 nova-conductor[95884]: INFO dbcounter [None req-edcb3480-c4fc-4221-82a4-050d35a3442b tempest-ServerActionsTestOtherA-918355083 tempest-ServerActionsTestOtherA-918355083-project-member] Registered counter for database nova_cell0
