Aug 19 17:31:03.758431 np0000007796 devstack@c-api.service[97356]: DEBUG cinder.volume.api [None req-d8e3fd0f-e2fd-47bc-bffb-310f8e0b0c23 tempest-DeleteServersTestJSON-1287839571 tempest-DeleteServersTestJSON-1287839571-project-member] Task 'cinder.volume.flows.api.create_volume.ExtractVolumeRequestTask;volume:create' (1b76577d-1421-4e7e-b14c-66279220a3da) transitioned into state 'RUNNING' from state 'PENDING' {{(pid=97356) _task_receiver /opt/stack/data/venv/lib/python3.12/site-packages/taskflow/listeners/logging.py:242}}
Aug 19 17:31:03.759349 np0000007796 devstack@c-api.service[97356]: DEBUG cinder.volume.flows.api.create_volume [None req-d8e3fd0f-e2fd-47bc-bffb-310f8e0b0c23 tempest-DeleteServersTestJSON-1287839571 tempest-DeleteServersTestJSON-1287839571-project-member] Validating volume size '1' using validate_int {{(pid=97356) _extract_size /opt/stack/cinder/cinder/volume/flows/api/create_volume.py:226}}
Aug 19 17:31:03.783473 np0000007796 devstack@c-api.service[97356]: DEBUG cinder.volume.api [None req-d8e3fd0f-e2fd-47bc-bffb-310f8e0b0c23 tempest-DeleteServersTestJSON-1287839571 tempest-DeleteServersTestJSON-1287839571-project-member] Task 'cinder.volume.flows.api.create_volume.ExtractVolumeRequestTask;volume:create' (1b76577d-1421-4e7e-b14c-66279220a3da) transitioned into state 'SUCCESS' from state 'RUNNING' with result '{'size': 1, 'snapshot_id': None, 'source_volid': None, 'volume_type': VolumeType(created_at=2026-08-19T17:28:52Z,deleted=False,deleted_at=None,description=None,extra_specs={volume_backend_name='storpool'},id=c2cde9f3-8561-4eaa-b5da-f5d332e613b8,is_public=True,name='storpool',projects=[],qos_specs=,qos_specs_id=None,updated_at=None), 'volume_type_id': 'c2cde9f3-8561-4eaa-b5da-f5d332e613b8', 'encryption_key_id': None, 'qos_specs': None, 'consistencygroup_id': None, 'cgsnapshot_id': None, 'group_id': None, 'replication_status': 'disabled', 'refresh_az': False, 'backup_id': None, 'multiattach': False, 'availability_zones': ['nova']}' {{(pid=97356) _task_receiver /opt/stack/data/venv/lib/python3.12/site-packages/taskflow/listeners/logging.py:218}}
Aug 19 17:31:03.784555 np0000007796 devstack@c-api.service[97356]: DEBUG cinder.volume.api [None req-d8e3fd0f-e2fd-47bc-bffb-310f8e0b0c23 tempest-DeleteServersTestJSON-1287839571 tempest-DeleteServersTestJSON-1287839571-project-member] Task 'cinder.volume.flows.api.create_volume.QuotaReserveTask;volume:create' (3445266a-0f54-43eb-8913-4ba866c6be99) transitioned into state 'RUNNING' from state 'PENDING' {{(pid=97356) _task_receiver /opt/stack/data/venv/lib/python3.12/site-packages/taskflow/listeners/logging.py:242}}
Aug 19 17:31:03.846188 np0000007796 devstack@c-api.service[97356]: DEBUG cinder.quota [None req-d8e3fd0f-e2fd-47bc-bffb-310f8e0b0c23 tempest-DeleteServersTestJSON-1287839571 tempest-DeleteServersTestJSON-1287839571-project-member] Created reservations ['d7810b8b-1f06-42c4-8c66-45784febb2e0', '58d44bda-bcd2-4c68-9922-63f02fe4a4ee', 'ceb79e91-f215-4836-aea0-bd31fdb5fd1a', '6bc06d09-fcc5-4437-be0d-cd1283f8764c'] {{(pid=97356) reserve /opt/stack/cinder/cinder/quota.py:752}}
Aug 19 17:31:03.846959 np0000007796 devstack@c-api.service[97356]: DEBUG cinder.volume.api [None req-d8e3fd0f-e2fd-47bc-bffb-310f8e0b0c23 tempest-DeleteServersTestJSON-1287839571 tempest-DeleteServersTestJSON-1287839571-project-member] Task 'cinder.volume.flows.api.create_volume.QuotaReserveTask;volume:create' (3445266a-0f54-43eb-8913-4ba866c6be99) transitioned into state 'SUCCESS' from state 'RUNNING' with result '{'reservations': ['d7810b8b-1f06-42c4-8c66-45784febb2e0', '58d44bda-bcd2-4c68-9922-63f02fe4a4ee', 'ceb79e91-f215-4836-aea0-bd31fdb5fd1a', '6bc06d09-fcc5-4437-be0d-cd1283f8764c']}' {{(pid=97356) _task_receiver /opt/stack/data/venv/lib/python3.12/site-packages/taskflow/listeners/logging.py:218}}
Aug 19 17:31:03.847748 np0000007796 devstack@c-api.service[97356]: DEBUG cinder.volume.api [None req-d8e3fd0f-e2fd-47bc-bffb-310f8e0b0c23 tempest-DeleteServersTestJSON-1287839571 tempest-DeleteServersTestJSON-1287839571-project-member] Task 'cinder.volume.flows.api.create_volume.EntryCreateTask;volume:create' (d345f836-32f4-4b8d-888d-06f39e038549) transitioned into state 'RUNNING' from state 'PENDING' {{(pid=97356) _task_receiver /opt/stack/data/venv/lib/python3.12/site-packages/taskflow/listeners/logging.py:242}}
Aug 19 17:31:03.873856 np0000007796 devstack@c-api.service[97356]: DEBUG cinder.volume.api [None req-d8e3fd0f-e2fd-47bc-bffb-310f8e0b0c23 tempest-DeleteServersTestJSON-1287839571 tempest-DeleteServersTestJSON-1287839571-project-member] Task 'cinder.volume.flows.api.create_volume.EntryCreateTask;volume:create' (d345f836-32f4-4b8d-888d-06f39e038549) transitioned into state 'SUCCESS' from state 'RUNNING' with result '{'volume_id': '5374ebad-4d9a-4e42-a6df-342bf6555191', 'volume_properties': VolumeProperties(attach_status='detached',availability_zone='nova',cgsnapshot_id=None,consistencygroup_id=None,display_description=None,display_name='tempest-DeleteServersTestJSON-volume-1489559814',encryption_key_id=None,group_id=None,group_type_id=,metadata={},multiattach=False,project_id='448016b7918e450db6ebdd02b6d91574',qos_specs=None,replication_status=,reservations=['d7810b8b-1f06-42c4-8c66-45784febb2e0','58d44bda-bcd2-4c68-9922-63f02fe4a4ee','ceb79e91-f215-4836-aea0-bd31fdb5fd1a','6bc06d09-fcc5-4437-be0d-cd1283f8764c'],size=1,snapshot_id=None,source_replicaid=,source_volid=None,status='creating',user_id='82ca915dc5f54460badeaaa854c0d59f',volume_type_id=c2cde9f3-8561-4eaa-b5da-f5d332e613b8), 'volume': Volume(_name_id=None,admin_metadata=,attach_status='detached',availability_zone='nova',bootable=False,cluster=,cluster_name=None,consistencygroup=,consistencygroup_id=None,created_at=2026-08-19T17:31:03Z,deleted=False,deleted_at=None,display_description=None,display_name='tempest-DeleteServersTestJSON-volume-1489559814',ec2_id=None,encryption_key_id=None,glance_metadata=,group=,group_id=None,host=None,id=5374ebad-4d9a-4e42-a6df-342bf6555191,launched_at=None,metadata={},migration_status=None,multiattach=False,previous_status=None,project_id='448016b7918e450db6ebdd02b6d91574',provider_auth=None,provider_geometry=None,provider_id=None,provider_location=None,replication_driver_data=None,replication_extended_status=None,replication_status=None,scheduled_at=None,service_uuid=None,shared_targets=True,size=1,snapshot_id=None,snapshots=,source_volid=None,status='creating',terminated_at=None,updated_at=None,use_quota=True,user_id='82ca915dc5f54460badeaaa854c0d59f',volume_attachment=VolumeAttachmentList,volume_type=VolumeType(c2cde9f3-8561-4eaa-b5da-f5d332e613b8),volume_type_id=c2cde9f3-8561-4eaa-b5da-f5d332e613b8)}' {{(pid=97356) _task_receiver /opt/stack/data/venv/lib/python3.12/site-packages/taskflow/listeners/logging.py:218}}
Aug 19 17:31:03.874535 np0000007796 devstack@c-api.service[97356]: DEBUG cinder.volume.api [None req-d8e3fd0f-e2fd-47bc-bffb-310f8e0b0c23 tempest-DeleteServersTestJSON-1287839571 tempest-DeleteServersTestJSON-1287839571-project-member] Task 'cinder.volume.flows.api.create_volume.QuotaCommitTask;volume:create' (87d3c247-e2ed-4521-b30d-5551a9f0603f) transitioned into state 'RUNNING' from state 'PENDING' {{(pid=97356) _task_receiver /opt/stack/data/venv/lib/python3.12/site-packages/taskflow/listeners/logging.py:242}}
Aug 19 17:31:03.896042 np0000007796 devstack@c-api.service[97356]: DEBUG cinder.volume.api [None req-d8e3fd0f-e2fd-47bc-bffb-310f8e0b0c23 tempest-DeleteServersTestJSON-1287839571 tempest-DeleteServersTestJSON-1287839571-project-member] Task 'cinder.volume.flows.api.create_volume.QuotaCommitTask;volume:create' (87d3c247-e2ed-4521-b30d-5551a9f0603f) transitioned into state 'SUCCESS' from state 'RUNNING' with result '{'volume_properties': VolumeProperties(attach_status='detached',availability_zone='nova',cgsnapshot_id=None,consistencygroup_id=None,display_description=None,display_name='tempest-DeleteServersTestJSON-volume-1489559814',encryption_key_id=None,group_id=None,group_type_id=,metadata={},multiattach=False,project_id='448016b7918e450db6ebdd02b6d91574',qos_specs=None,replication_status=,reservations=['d7810b8b-1f06-42c4-8c66-45784febb2e0','58d44bda-bcd2-4c68-9922-63f02fe4a4ee','ceb79e91-f215-4836-aea0-bd31fdb5fd1a','6bc06d09-fcc5-4437-be0d-cd1283f8764c'],size=1,snapshot_id=None,source_replicaid=,source_volid=None,status='creating',user_id='82ca915dc5f54460badeaaa854c0d59f',volume_type_id=c2cde9f3-8561-4eaa-b5da-f5d332e613b8)}' {{(pid=97356) _task_receiver /opt/stack/data/venv/lib/python3.12/site-packages/taskflow/listeners/logging.py:218}}
Aug 19 17:31:03.897145 np0000007796 devstack@c-api.service[97356]: DEBUG cinder.volume.api [None req-d8e3fd0f-e2fd-47bc-bffb-310f8e0b0c23 tempest-DeleteServersTestJSON-1287839571 tempest-DeleteServersTestJSON-1287839571-project-member] Task 'cinder.volume.flows.api.create_volume.VolumeCastTask;volume:create' (b7643c51-e007-4b25-8101-b63e596338a0) transitioned into state 'RUNNING' from state 'PENDING' {{(pid=97356) _task_receiver /opt/stack/data/venv/lib/python3.12/site-packages/taskflow/listeners/logging.py:242}}
Aug 19 17:31:03.904552 np0000007796 devstack@c-api.service[97356]: DEBUG cinder.volume.api [None req-d8e3fd0f-e2fd-47bc-bffb-310f8e0b0c23 tempest-DeleteServersTestJSON-1287839571 tempest-DeleteServersTestJSON-1287839571-project-member] Task 'cinder.volume.flows.api.create_volume.VolumeCastTask;volume:create' (b7643c51-e007-4b25-8101-b63e596338a0) transitioned into state 'SUCCESS' from state 'RUNNING' with result 'None' {{(pid=97356) _task_receiver /opt/stack/data/venv/lib/python3.12/site-packages/taskflow/listeners/logging.py:218}}
Aug 19 17:31:03.905313 np0000007796 devstack@c-api.service[97356]: DEBUG cinder.volume.api [None req-d8e3fd0f-e2fd-47bc-bffb-310f8e0b0c23 tempest-DeleteServersTestJSON-1287839571 tempest-DeleteServersTestJSON-1287839571-project-member] Flow 'volume_create_api' (e1b0fd5f-c70d-467a-adf5-ba554310c6ba) transitioned into state 'SUCCESS' from state 'RUNNING' {{(pid=97356) _flow_receiver /opt/stack/data/venv/lib/python3.12/site-packages/taskflow/listeners/logging.py:160}}
Aug 19 17:31:03.905791 np0000007796 devstack@c-api.service[97356]: INFO cinder.volume.api [None req-d8e3fd0f-e2fd-47bc-bffb-310f8e0b0c23 tempest-DeleteServersTestJSON-1287839571 tempest-DeleteServersTestJSON-1287839571-project-member] Create volume request issued successfully.
Aug 19 17:31:03.906303 np0000007796 devstack@c-api.service[97356]: INFO cinder.api.openstack.wsgi [None req-d8e3fd0f-e2fd-47bc-bffb-310f8e0b0c23 tempest-DeleteServersTestJSON-1287839571 tempest-DeleteServersTestJSON-1287839571-project-member] https://10.4.3.35/volume/v3/volumes returned with HTTP 202
Aug 19 17:31:03.906749 np0000007796 devstack@c-api.service[97356]: [pid: 97356|app: 0|req: 70/185] 10.4.3.35 () {68 vars in 1251 bytes} [Wed Aug 19 17:31:03 2026] POST /volume/v3/volumes => generated 750 bytes in 177 msecs (HTTP/1.1 202) 7 headers in 291 bytes (1 switches on core 0)
Aug 19 17:31:03.917606 np0000007796 devstack@c-api.service[97355]: DEBUG cinder.api.middleware.request_id [None req-aabd6569-d8b1-40c1-a56f-6705e04b3b67 None None] RequestId filter calling following filter/app {{(pid=97355) _context_setter /opt/stack/cinder/cinder/api/middleware/request_id.py:62}}
Aug 19 17:31:03.919921 np0000007796 devstack@c-api.service[97355]: INFO cinder.api.openstack.wsgi [None req-aabd6569-d8b1-40c1-a56f-6705e04b3b67 tempest-DeleteServersTestJSON-1287839571 tempest-DeleteServersTestJSON-1287839571-project-member] GET https://10.4.3.35/volume/v3/volumes/5374ebad-4d9a-4e42-a6df-342bf6555191
Aug 19 17:31:03.920035 np0000007796 devstack@c-api.service[97355]: DEBUG cinder.api.openstack.wsgi [None req-aabd6569-d8b1-40c1-a56f-6705e04b3b67 tempest-DeleteServersTestJSON-1287839571 tempest-DeleteServersTestJSON-1287839571-project-member] Empty body provided in request {{(pid=97355) get_body /opt/stack/cinder/cinder/api/openstack/wsgi.py:725}}
Aug 19 17:31:03.920219 np0000007796 devstack@c-api.service[97355]: DEBUG cinder.api.openstack.wsgi [None req-aabd6569-d8b1-40c1-a56f-6705e04b3b67 tempest-DeleteServersTestJSON-1287839571 tempest-DeleteServersTestJSON-1287839571-project-member] Calling method 'show' {{(pid=97355) _process_stack /opt/stack/cinder/cinder/api/openstack/wsgi.py:878}}
Aug 19 17:31:03.930043 np0000007796 devstack@c-api.service[97355]: /opt/stack/data/venv/lib/python3.12/site-packages/oslo_context/context.py:102: DeprecationWarning: Policy enforcement is depending on the value of is_admin. This key is deprecated. Please update your policy file to use the standard policy values.
Aug 19 17:31:03.930043 np0000007796 devstack@c-api.service[97355]: warnings.warn(
Aug 19 17:31:03.933619 np0000007796 devstack@c-api.service[97355]: INFO cinder.volume.api [None req-aabd6569-d8b1-40c1-a56f-6705e04b3b67 tempest-DeleteServersTestJSON-1287839571 tempest-DeleteServersTestJSON-1287839571-project-member] Volume info retrieved successfully.
Aug 19 17:31:03.937734 np0000007796 devstack@c-api.service[97355]: INFO cinder.api.openstack.wsgi [None req-aabd6569-d8b1-40c1-a56f-6705e04b3b67 tempest-DeleteServersTestJSON-1287839571 tempest-DeleteServersTestJSON-1287839571-project-member] https://10.4.3.35/volume/v3/volumes/5374ebad-4d9a-4e42-a6df-342bf6555191 returned with HTTP 200
Aug 19 17:31:03.938111 np0000007796 devstack@c-api.service[97355]: [pid: 97355|app: 0|req: 52/186] 10.4.3.35 () {66 vars in 1341 bytes} [Wed Aug 19 17:31:03 2026] GET /volume/v3/volumes/5374ebad-4d9a-4e42-a6df-342bf6555191 => generated 818 bytes in 21 msecs (HTTP/1.1 200) 7 headers in 285 bytes (1 switches on core 0)
Aug 19 17:31:03.965817 np0000007796 devstack@c-api.service[97357]: DEBUG cinder.api.middleware.request_id [None req-583315ae-2464-4293-8b3e-e1e38e9f6d30 None None] RequestId filter calling following filter/app {{(pid=97357) _context_setter /opt/stack/cinder/cinder/api/middleware/request_id.py:62}}
Aug 19 17:31:03.967653 np0000007796 devstack@c-api.service[97357]: INFO cinder.api.openstack.wsgi [None req-583315ae-2464-4293-8b3e-e1e38e9f6d30 tempest-VolumesAssistedSnapshotsTest-1392358657 tempest-VolumesAssistedSnapshotsTest-1392358657-project-admin] GET https://10.4.3.35/volume/v3/volumes/f9e56836-7dd9-4349-9700-efc66a168628
Aug 19 17:31:03.967851 np0000007796 devstack@c-api.service[97357]: DEBUG cinder.api.openstack.wsgi [None req-583315ae-2464-4293-8b3e-e1e38e9f6d30 tempest-VolumesAssistedSnapshotsTest-1392358657 tempest-VolumesAssistedSnapshotsTest-1392358657-project-admin] Empty body provided in request {{(pid=97357) get_body /opt/stack/cinder/cinder/api/openstack/wsgi.py:725}}
Aug 19 17:31:03.968024 np0000007796 devstack@c-api.service[97357]: DEBUG cinder.api.openstack.wsgi [None req-583315ae-2464-4293-8b3e-e1e38e9f6d30 tempest-VolumesAssistedSnapshotsTest-1392358657 tempest-VolumesAssistedSnapshotsTest-1392358657-project-admin] Calling method 'show' {{(pid=97357) _process_stack /opt/stack/cinder/cinder/api/openstack/wsgi.py:878}}
Aug 19 17:31:03.974951 np0000007796 devstack@c-api.service[97357]: /opt/stack/data/venv/lib/python3.12/site-packages/oslo_context/context.py:102: DeprecationWarning: Policy enforcement is depending on the value of is_admin. This key is deprecated. Please update your policy file to use the standard policy values.
Aug 19 17:31:03.974951 np0000007796 devstack@c-api.service[97357]: warnings.warn(
Aug 19 17:31:03.978423 np0000007796 devstack@c-api.service[97357]: INFO cinder.volume.api [None req-583315ae-2464-4293-8b3e-e1e38e9f6d30 tempest-VolumesAssistedSnapshotsTest-1392358657 tempest-VolumesAssistedSnapshotsTest-1392358657-project-admin] Volume info retrieved successfully.
Aug 19 17:31:03.982384 np0000007796 devstack@c-api.service[97357]: INFO cinder.api.openstack.wsgi [None req-583315ae-2464-4293-8b3e-e1e38e9f6d30 tempest-VolumesAssistedSnapshotsTest-1392358657 tempest-VolumesAssistedSnapshotsTest-1392358657-project-admin] https://10.4.3.35/volume/v3/volumes/f9e56836-7dd9-4349-9700-efc66a168628 returned with HTTP 200
Aug 19 17:31:03.982384 np0000007796 devstack@c-api.service[97357]: [pid: 97357|app: 0|req: 65/187] 10.4.3.35 () {66 vars in 1341 bytes} [Wed Aug 19 17:31:03 2026] GET /volume/v3/volumes/f9e56836-7dd9-4349-9700-efc66a168628 => generated 1022 bytes in 17 msecs (HTTP/1.1 200) 7 headers in 286 bytes (1 switches on core 0)
Aug 19 17:31:04.484302 np0000007796 devstack@c-api.service[97356]: DEBUG cinder.api.middleware.request_id [None req-05cf1635-2626-4dc2-a63c-a98b273e5605 None None] RequestId filter calling following filter/app {{(pid=97356) _context_setter /opt/stack/cinder/cinder/api/middleware/request_id.py:62}}
Aug 19 17:31:04.486616 np0000007796 devstack@c-api.service[97356]: INFO cinder.api.openstack.wsgi [None req-05cf1635-2626-4dc2-a63c-a98b273e5605 tempest-GroupsTest-1703599657 tempest-GroupsTest-1703599657-project-member] GET https://10.4.3.35/volume/v3/groups/6b2fc1ad-8387-4645-8558-d271c2e9c72a
Aug 19 17:31:04.486881 np0000007796 devstack@c-api.service[97356]: DEBUG cinder.api.openstack.wsgi [None req-05cf1635-2626-4dc2-a63c-a98b273e5605 tempest-GroupsTest-1703599657 tempest-GroupsTest-1703599657-project-member] Empty body provided in request {{(pid=97356) get_body /opt/stack/cinder/cinder/api/openstack/wsgi.py:725}}
Aug 19 17:31:04.487124 np0000007796 devstack@c-api.service[97356]: DEBUG cinder.api.openstack.wsgi [None req-05cf1635-2626-4dc2-a63c-a98b273e5605 tempest-GroupsTest-1703599657 tempest-GroupsTest-1703599657-project-member] Calling method 'version_select' {{(pid=97356) _process_stack /opt/stack/cinder/cinder/api/openstack/wsgi.py:878}}
Aug 19 17:31:04.487357 np0000007796 devstack@c-api.service[97356]: DEBUG cinder.api.v3.groups [None req-05cf1635-2626-4dc2-a63c-a98b273e5605 tempest-GroupsTest-1703599657 tempest-GroupsTest-1703599657-project-member] show called for member 6b2fc1ad-8387-4645-8558-d271c2e9c72a {{(pid=97356) show /opt/stack/cinder/cinder/api/v3/groups.py:58}}
Aug 19 17:31:04.491455 np0000007796 devstack@c-api.service[97356]: /opt/stack/data/venv/lib/python3.12/site-packages/oslo_context/context.py:102: DeprecationWarning: Policy enforcement is depending on the value of is_admin. This key is deprecated. Please update your policy file to use the standard policy values.
Aug 19 17:31:04.491455 np0000007796 devstack@c-api.service[97356]: warnings.warn(
Aug 19 17:31:04.502285 np0000007796 devstack@c-api.service[97356]: INFO cinder.api.openstack.wsgi [None req-05cf1635-2626-4dc2-a63c-a98b273e5605 tempest-GroupsTest-1703599657 tempest-GroupsTest-1703599657-project-member] https://10.4.3.35/volume/v3/groups/6b2fc1ad-8387-4645-8558-d271c2e9c72a returned with HTTP 200
Aug 19 17:31:04.502817 np0000007796 devstack@c-api.service[97356]: [pid: 97356|app: 0|req: 71/188] 10.4.3.35 () {68 vars in 1379 bytes} [Wed Aug 19 17:31:04 2026] GET /volume/v3/groups/6b2fc1ad-8387-4645-8558-d271c2e9c72a => generated 324 bytes in 19 msecs (HTTP/1.1 200) 7 headers in 286 bytes (1 switches on core 0)
Aug 19 17:31:04.513241 np0000007796 devstack@c-api.service[97355]: DEBUG cinder.api.middleware.request_id [None req-f61f1e30-0e88-4bc4-ba4d-ae9ca1138791 None None] RequestId filter calling following filter/app {{(pid=97355) _context_setter /opt/stack/cinder/cinder/api/middleware/request_id.py:62}}
Aug 19 17:31:04.515470 np0000007796 devstack@c-api.service[97355]: INFO cinder.api.openstack.wsgi [None req-f61f1e30-0e88-4bc4-ba4d-ae9ca1138791 tempest-GroupsTest-1703599657 tempest-GroupsTest-1703599657-project-member] GET https://10.4.3.35/volume/v3/volumes/detail
Aug 19 17:31:04.515793 np0000007796 devstack@c-api.service[97355]: DEBUG cinder.api.openstack.wsgi [None req-f61f1e30-0e88-4bc4-ba4d-ae9ca1138791 tempest-GroupsTest-1703599657 tempest-GroupsTest-1703599657-project-member] Empty body provided in request {{(pid=97355) get_body /opt/stack/cinder/cinder/api/openstack/wsgi.py:725}}
Aug 19 17:31:04.516061 np0000007796 devstack@c-api.service[97355]: DEBUG cinder.api.openstack.wsgi [None req-f61f1e30-0e88-4bc4-ba4d-ae9ca1138791 tempest-GroupsTest-1703599657 tempest-GroupsTest-1703599657-project-member] Calling method 'detail' {{(pid=97355) _process_stack /opt/stack/cinder/cinder/api/openstack/wsgi.py:878}}
Aug 19 17:31:04.516468 np0000007796 devstack@c-api.service[97355]: DEBUG cinder.api.api_utils [None req-f61f1e30-0e88-4bc4-ba4d-ae9ca1138791 tempest-GroupsTest-1703599657 tempest-GroupsTest-1703599657-project-member] Removing options '' from query. {{(pid=97355) remove_invalid_filter_options /opt/stack/cinder/cinder/api/api_utils.py:82}}
Aug 19 17:31:04.517523 np0000007796 devstack@c-api.service[97355]: DEBUG cinder.volume.api [None req-f61f1e30-0e88-4bc4-ba4d-ae9ca1138791 tempest-GroupsTest-1703599657 tempest-GroupsTest-1703599657-project-member] Searching by: MultiDict([('no_migration_targets', True)]). {{(pid=97355) get_all /opt/stack/cinder/cinder/volume/api.py:664}}
Aug 19 17:31:04.526716 np0000007796 devstack@c-api.service[97355]: INFO cinder.volume.api [None req-f61f1e30-0e88-4bc4-ba4d-ae9ca1138791 tempest-GroupsTest-1703599657 tempest-GroupsTest-1703599657-project-member] Get all volumes completed successfully.
Aug 19 17:31:04.527668 np0000007796 devstack@c-api.service[97355]: WARNING stevedore.named [None req-f61f1e30-0e88-4bc4-ba4d-ae9ca1138791 tempest-GroupsTest-1703599657 tempest-GroupsTest-1703599657-project-member] Could not load cinder.keymgr.conf_key_mgr.ConfKeyManager
Aug 19 17:31:04.527873 np0000007796 devstack@c-api.service[97355]: WARNING castellan.key_manager [None req-f61f1e30-0e88-4bc4-ba4d-ae9ca1138791 tempest-GroupsTest-1703599657 tempest-GroupsTest-1703599657-project-member] Deprecation Warning : cinder.keymgr.conf_key_mgr.ConfKeyManager is not a stevedore based driver, trying to load it as a class: stevedore.exception.NoMatches: No 'castellan.drivers' driver found, looking for 'cinder.keymgr.conf_key_mgr.ConfKeyManager'
Aug 19 17:31:04.573411 np0000007796 devstack@c-api.service[97355]: DEBUG oslo_db.sqlalchemy.engines [None req-f61f1e30-0e88-4bc4-ba4d-ae9ca1138791 tempest-GroupsTest-1703599657 tempest-GroupsTest-1703599657-project-member] MySQL server mode set to STRICT_TRANS_TABLES,STRICT_ALL_TABLES,NO_ZERO_IN_DATE,NO_ZERO_DATE,ERROR_FOR_DIVISION_BY_ZERO,TRADITIONAL,NO_ENGINE_SUBSTITUTION {{(pid=97355) _check_effective_sql_mode /opt/stack/data/venv/lib/python3.12/site-packages/oslo_db/sqlalchemy/engines.py:325}}
Aug 19 17:31:04.577349 np0000007796 devstack@c-api.service[97355]: /opt/stack/data/venv/lib/python3.12/site-packages/oslo_context/context.py:102: DeprecationWarning: Policy enforcement is depending on the value of is_admin. This key is deprecated. Please update your policy file to use the standard policy values.
Aug 19 17:31:04.577349 np0000007796 devstack@c-api.service[97355]: warnings.warn(
Aug 19 17:31:04.581778 np0000007796 devstack@c-api.service[97355]: WARNING stevedore.named [None req-f61f1e30-0e88-4bc4-ba4d-ae9ca1138791 tempest-GroupsTest-1703599657 tempest-GroupsTest-1703599657-project-member] Could not load cinder.keymgr.conf_key_mgr.ConfKeyManager
Aug 19 17:31:04.582086 np0000007796 devstack@c-api.service[97355]: WARNING castellan.key_manager [None req-f61f1e30-0e88-4bc4-ba4d-ae9ca1138791 tempest-GroupsTest-1703599657 tempest-GroupsTest-1703599657-project-member] Deprecation Warning : cinder.keymgr.conf_key_mgr.ConfKeyManager is not a stevedore based driver, trying to load it as a class: stevedore.exception.NoMatches: No 'castellan.drivers' driver found, looking for 'cinder.keymgr.conf_key_mgr.ConfKeyManager'
Aug 19 17:31:04.607969 np0000007796 devstack@c-api.service[97357]: DEBUG cinder.api.middleware.request_id [None req-5baa3ac8-a0c3-48d3-9727-03f4b0f48ca3 None None] RequestId filter calling following filter/app {{(pid=97357) _context_setter /opt/stack/cinder/cinder/api/middleware/request_id.py:62}}
Aug 19 17:31:04.609865 np0000007796 devstack@c-api.service[97357]: INFO cinder.api.openstack.wsgi [None req-5baa3ac8-a0c3-48d3-9727-03f4b0f48ca3 tempest-TaggedBootDevicesTest_v242-1717090044 tempest-TaggedBootDevicesTest_v242-1717090044-project-member] GET https://10.4.3.35/volume/v3/volumes/e9605e93-2c0d-4a87-91e2-93832c28488d
Aug 19 17:31:04.610045 np0000007796 devstack@c-api.service[97357]: DEBUG cinder.api.openstack.wsgi [None req-5baa3ac8-a0c3-48d3-9727-03f4b0f48ca3 tempest-TaggedBootDevicesTest_v242-1717090044 tempest-TaggedBootDevicesTest_v242-1717090044-project-member] Empty body provided in request {{(pid=97357) get_body /opt/stack/cinder/cinder/api/openstack/wsgi.py:725}}
Aug 19 17:31:04.610240 np0000007796 devstack@c-api.service[97357]: DEBUG cinder.api.openstack.wsgi [None req-5baa3ac8-a0c3-48d3-9727-03f4b0f48ca3 tempest-TaggedBootDevicesTest_v242-1717090044 tempest-TaggedBootDevicesTest_v242-1717090044-project-member] Calling method 'show' {{(pid=97357) _process_stack /opt/stack/cinder/cinder/api/openstack/wsgi.py:878}}
Aug 19 17:31:04.624568 np0000007796 devstack@c-api.service[97357]: /opt/stack/data/venv/lib/python3.12/site-packages/oslo_context/context.py:102: DeprecationWarning: Policy enforcement is depending on the value of is_admin. This key is deprecated. Please update your policy file to use the standard policy values.
Aug 19 17:31:04.624568 np0000007796 devstack@c-api.service[97357]: warnings.warn(
Aug 19 17:31:04.628582 np0000007796 devstack@c-api.service[97357]: INFO cinder.volume.api [None req-5baa3ac8-a0c3-48d3-9727-03f4b0f48ca3 tempest-TaggedBootDevicesTest_v242-1717090044 tempest-TaggedBootDevicesTest_v242-1717090044-project-member] Volume info retrieved successfully.
Aug 19 17:31:04.630559 np0000007796 devstack@c-api.service[97355]: DEBUG oslo_db.sqlalchemy.engines [None req-f61f1e30-0e88-4bc4-ba4d-ae9ca1138791 tempest-GroupsTest-1703599657 tempest-GroupsTest-1703599657-project-member] MySQL server mode set to STRICT_TRANS_TABLES,STRICT_ALL_TABLES,NO_ZERO_IN_DATE,NO_ZERO_DATE,ERROR_FOR_DIVISION_BY_ZERO,TRADITIONAL,NO_ENGINE_SUBSTITUTION {{(pid=97355) _check_effective_sql_mode /opt/stack/data/venv/lib/python3.12/site-packages/oslo_db/sqlalchemy/engines.py:325}}
Aug 19 17:31:04.635901 np0000007796 devstack@c-api.service[97357]: INFO cinder.api.openstack.wsgi [None req-5baa3ac8-a0c3-48d3-9727-03f4b0f48ca3 tempest-TaggedBootDevicesTest_v242-1717090044 tempest-TaggedBootDevicesTest_v242-1717090044-project-member] https://10.4.3.35/volume/v3/volumes/e9605e93-2c0d-4a87-91e2-93832c28488d returned with HTTP 200
Aug 19 17:31:04.635901 np0000007796 devstack@c-api.service[97357]: [pid: 97357|app: 0|req: 66/189] 10.4.3.35 () {66 vars in 1341 bytes} [Wed Aug 19 17:31:04 2026] GET /volume/v3/volumes/e9605e93-2c0d-4a87-91e2-93832c28488d => generated 848 bytes in 27 msecs (HTTP/1.1 200) 7 headers in 285 bytes (1 switches on core 0)
Aug 19 17:31:04.636132 np0000007796 devstack@c-api.service[97355]: /opt/stack/data/venv/lib/python3.12/site-packages/oslo_context/context.py:102: DeprecationWarning: Policy enforcement is depending on the value of is_admin. This key is deprecated. Please update your policy file to use the standard policy values.
Aug 19 17:31:04.636132 np0000007796 devstack@c-api.service[97355]: warnings.warn(
Aug 19 17:31:04.644164 np0000007796 devstack@c-api.service[97355]: INFO cinder.api.openstack.wsgi [None req-f61f1e30-0e88-4bc4-ba4d-ae9ca1138791 tempest-GroupsTest-1703599657 tempest-GroupsTest-1703599657-project-member] https://10.4.3.35/volume/v3/volumes/detail returned with HTTP 200
Aug 19 17:31:04.644660 np0000007796 devstack@c-api.service[97355]: [pid: 97355|app: 0|req: 53/190] 10.4.3.35 () {68 vars in 1292 bytes} [Wed Aug 19 17:31:04 2026] GET /volume/v3/volumes/detail => generated 1803 bytes in 132 msecs (HTTP/1.1 200) 7 headers in 287 bytes (1 switches on core 0)
Aug 19 17:31:04.651756 np0000007796 devstack@c-api.service[97356]: DEBUG cinder.api.middleware.request_id [None req-ea3987f2-24a7-4f6b-a89b-6752a8928312 None None] RequestId filter calling following filter/app {{(pid=97356) _context_setter /opt/stack/cinder/cinder/api/middleware/request_id.py:62}}
Aug 19 17:31:04.654207 np0000007796 devstack@c-api.service[97356]: INFO cinder.api.openstack.wsgi [None req-ea3987f2-24a7-4f6b-a89b-6752a8928312 tempest-TaggedBootDevicesTest_v242-1717090044 tempest-TaggedBootDevicesTest_v242-1717090044-project-member] POST https://10.4.3.35/volume/v3/volumes
Aug 19 17:31:04.654603 np0000007796 devstack@c-api.service[97356]: DEBUG cinder.api.openstack.wsgi [None req-ea3987f2-24a7-4f6b-a89b-6752a8928312 tempest-TaggedBootDevicesTest_v242-1717090044 tempest-TaggedBootDevicesTest_v242-1717090044-project-member] Action: 'create', calling method: create, body: {"volume": {"size": 1, "display_name": "tempest-TaggedBootDevicesTest_v242-volume-1759402996"}} {{(pid=97356) _process_stack /opt/stack/cinder/cinder/api/openstack/wsgi.py:876}}
Aug 19 17:31:04.656104 np0000007796 devstack@c-api.service[97356]: DEBUG cinder.api.v3.volumes [None req-ea3987f2-24a7-4f6b-a89b-6752a8928312 tempest-TaggedBootDevicesTest_v242-1717090044 tempest-TaggedBootDevicesTest_v242-1717090044-project-member] Create volume request body: {'volume': {'size': 1, 'display_name': 'tempest-TaggedBootDevicesTest_v242-volume-1759402996'}} {{(pid=97356) create /opt/stack/cinder/cinder/api/v3/volumes.py:368}}
Aug 19 17:31:04.656238 np0000007796 devstack@c-api.service[97356]: INFO cinder.api.v3.volumes [None req-ea3987f2-24a7-4f6b-a89b-6752a8928312 tempest-TaggedBootDevicesTest_v242-1717090044 tempest-TaggedBootDevicesTest_v242-1717090044-project-member] Create volume of 1 GB
Aug 19 17:31:04.656863 np0000007796 devstack@c-api.service[97356]: /opt/stack/data/venv/lib/python3.12/site-packages/oslo_context/context.py:102: DeprecationWarning: Policy enforcement is depending on the value of is_admin. This key is deprecated. Please update your policy file to use the standard policy values.
Aug 19 17:31:04.656863 np0000007796 devstack@c-api.service[97356]: warnings.warn(
Aug 19 17:31:04.661232 np0000007796 devstack@c-api.service[97357]: DEBUG cinder.api.middleware.request_id [None req-03dc434d-e049-49e2-bb37-da20ca908031 None None] RequestId filter calling following filter/app {{(pid=97357) _context_setter /opt/stack/cinder/cinder/api/middleware/request_id.py:62}}
Aug 19 17:31:04.662933 np0000007796 devstack@c-api.service[97357]: INFO cinder.api.openstack.wsgi [None req-03dc434d-e049-49e2-bb37-da20ca908031 tempest-GroupsTest-1703599657 tempest-GroupsTest-1703599657-project-member] GET https://10.4.3.35/volume/v3/volumes/detail
Aug 19 17:31:04.666283 np0000007796 devstack@c-api.service[97357]: DEBUG cinder.api.openstack.wsgi [None req-03dc434d-e049-49e2-bb37-da20ca908031 tempest-GroupsTest-1703599657 tempest-GroupsTest-1703599657-project-member] Empty body provided in request {{(pid=97357) get_body /opt/stack/cinder/cinder/api/openstack/wsgi.py:725}}
Aug 19 17:31:04.666283 np0000007796 devstack@c-api.service[97357]: DEBUG cinder.api.openstack.wsgi [None req-03dc434d-e049-49e2-bb37-da20ca908031 tempest-GroupsTest-1703599657 tempest-GroupsTest-1703599657-project-member] Calling method 'detail' {{(pid=97357) _process_stack /opt/stack/cinder/cinder/api/openstack/wsgi.py:878}}
Aug 19 17:31:04.666376 np0000007796 devstack@c-api.service[97356]: INFO cinder.volume.api [None req-ea3987f2-24a7-4f6b-a89b-6752a8928312 tempest-TaggedBootDevicesTest_v242-1717090044 tempest-TaggedBootDevicesTest_v242-1717090044-project-member] Availability Zones retrieved successfully.
Aug 19 17:31:04.666413 np0000007796 devstack@c-api.service[97357]: DEBUG cinder.api.api_utils [None req-03dc434d-e049-49e2-bb37-da20ca908031 tempest-GroupsTest-1703599657 tempest-GroupsTest-1703599657-project-member] Removing options '' from query. {{(pid=97357) remove_invalid_filter_options /opt/stack/cinder/cinder/api/api_utils.py:82}}
Aug 19 17:31:04.666413 np0000007796 devstack@c-api.service[97357]: DEBUG cinder.volume.api [None req-03dc434d-e049-49e2-bb37-da20ca908031 tempest-GroupsTest-1703599657 tempest-GroupsTest-1703599657-project-member] Searching by: MultiDict([('no_migration_targets', True)]). {{(pid=97357) get_all /opt/stack/cinder/cinder/volume/api.py:664}}
Aug 19 17:31:04.672415 np0000007796 devstack@c-api.service[97357]: INFO cinder.volume.api [None req-03dc434d-e049-49e2-bb37-da20ca908031 tempest-GroupsTest-1703599657 tempest-GroupsTest-1703599657-project-member] Get all volumes completed successfully.
Aug 19 17:31:04.673137 np0000007796 devstack@c-api.service[97357]: WARNING stevedore.named [None req-03dc434d-e049-49e2-bb37-da20ca908031 tempest-GroupsTest-1703599657 tempest-GroupsTest-1703599657-project-member] Could not load cinder.keymgr.conf_key_mgr.ConfKeyManager
Aug 19 17:31:04.673303 np0000007796 devstack@c-api.service[97357]: WARNING castellan.key_manager [None req-03dc434d-e049-49e2-bb37-da20ca908031 tempest-GroupsTest-1703599657 tempest-GroupsTest-1703599657-project-member] Deprecation Warning : cinder.keymgr.conf_key_mgr.ConfKeyManager is not a stevedore based driver, trying to load it as a class: stevedore.exception.NoMatches: No 'castellan.drivers' driver found, looking for 'cinder.keymgr.conf_key_mgr.ConfKeyManager'
Aug 19 17:31:04.674032 np0000007796 devstack@c-api.service[97356]: DEBUG cinder.volume.api [None req-ea3987f2-24a7-4f6b-a89b-6752a8928312 tempest-TaggedBootDevicesTest_v242-1717090044 tempest-TaggedBootDevicesTest_v242-1717090044-project-member] Flow 'volume_create_api' (497024dd-5a31-42c4-ae44-c42e58675cfa) transitioned into state 'RUNNING' from state 'PENDING' {{(pid=97356) _flow_receiver /opt/stack/data/venv/lib/python3.12/site-packages/taskflow/listeners/logging.py:160}}
Aug 19 17:31:04.680901 np0000007796 devstack@c-api.service[97356]: DEBUG cinder.volume.api [None req-ea3987f2-24a7-4f6b-a89b-6752a8928312 tempest-TaggedBootDevicesTest_v242-1717090044 tempest-TaggedBootDevicesTest_v242-1717090044-project-member] Task 'cinder.volume.flows.api.create_volume.ExtractVolumeRequestTask;volume:create' (52829c20-b5ad-4d5d-9f5a-f5729b7ce4c8) transitioned into state 'RUNNING' from state 'PENDING' {{(pid=97356) _task_receiver /opt/stack/data/venv/lib/python3.12/site-packages/taskflow/listeners/logging.py:242}}
Aug 19 17:31:04.680901 np0000007796 devstack@c-api.service[97356]: DEBUG cinder.volume.flows.api.create_volume [None req-ea3987f2-24a7-4f6b-a89b-6752a8928312 tempest-TaggedBootDevicesTest_v242-1717090044 tempest-TaggedBootDevicesTest_v242-1717090044-project-member] Validating volume size '1' using validate_int {{(pid=97356) _extract_size /opt/stack/cinder/cinder/volume/flows/api/create_volume.py:226}}
Aug 19 17:31:04.711662 np0000007796 devstack@c-api.service[97357]: DEBUG oslo_db.sqlalchemy.engines [None req-03dc434d-e049-49e2-bb37-da20ca908031 tempest-GroupsTest-1703599657 tempest-GroupsTest-1703599657-project-member] MySQL server mode set to STRICT_TRANS_TABLES,STRICT_ALL_TABLES,NO_ZERO_IN_DATE,NO_ZERO_DATE,ERROR_FOR_DIVISION_BY_ZERO,TRADITIONAL,NO_ENGINE_SUBSTITUTION {{(pid=97357) _check_effective_sql_mode /opt/stack/data/venv/lib/python3.12/site-packages/oslo_db/sqlalchemy/engines.py:325}}
Aug 19 17:31:04.714451 np0000007796 devstack@c-api.service[97357]: /opt/stack/data/venv/lib/python3.12/site-packages/oslo_context/context.py:102: DeprecationWarning: Policy enforcement is depending on the value of is_admin. This key is deprecated. Please update your policy file to use the standard policy values.
Aug 19 17:31:04.714451 np0000007796 devstack@c-api.service[97357]: warnings.warn(
Aug 19 17:31:04.716143 np0000007796 devstack@c-api.service[97356]: DEBUG cinder.volume.api [None req-ea3987f2-24a7-4f6b-a89b-6752a8928312 tempest-TaggedBootDevicesTest_v242-1717090044 tempest-TaggedBootDevicesTest_v242-1717090044-project-member] Task 'cinder.volume.flows.api.create_volume.ExtractVolumeRequestTask;volume:create' (52829c20-b5ad-4d5d-9f5a-f5729b7ce4c8) transitioned into state 'SUCCESS' from state 'RUNNING' with result '{'size': 1, 'snapshot_id': None, 'source_volid': None, 'volume_type': VolumeType(created_at=2026-08-19T17:28:52Z,deleted=False,deleted_at=None,description=None,extra_specs={volume_backend_name='storpool'},id=c2cde9f3-8561-4eaa-b5da-f5d332e613b8,is_public=True,name='storpool',projects=[],qos_specs=,qos_specs_id=None,updated_at=None), 'volume_type_id': 'c2cde9f3-8561-4eaa-b5da-f5d332e613b8', 'encryption_key_id': None, 'qos_specs': None, 'consistencygroup_id': None, 'cgsnapshot_id': None, 'group_id': None, 'replication_status': 'disabled', 'refresh_az': False, 'backup_id': None, 'multiattach': False, 'availability_zones': ['nova']}' {{(pid=97356) _task_receiver /opt/stack/data/venv/lib/python3.12/site-packages/taskflow/listeners/logging.py:218}}
Aug 19 17:31:04.716898 np0000007796 devstack@c-api.service[97356]: DEBUG cinder.volume.api [None req-ea3987f2-24a7-4f6b-a89b-6752a8928312 tempest-TaggedBootDevicesTest_v242-1717090044 tempest-TaggedBootDevicesTest_v242-1717090044-project-member] Task 'cinder.volume.flows.api.create_volume.QuotaReserveTask;volume:create' (58b01933-3591-40f8-838f-3326b6254444) transitioned into state 'RUNNING' from state 'PENDING' {{(pid=97356) _task_receiver /opt/stack/data/venv/lib/python3.12/site-packages/taskflow/listeners/logging.py:242}}
Aug 19 17:31:04.718379 np0000007796 devstack@c-api.service[97357]: WARNING stevedore.named [None req-03dc434d-e049-49e2-bb37-da20ca908031 tempest-GroupsTest-1703599657 tempest-GroupsTest-1703599657-project-member] Could not load cinder.keymgr.conf_key_mgr.ConfKeyManager
Aug 19 17:31:04.718577 np0000007796 devstack@c-api.service[97357]: WARNING castellan.key_manager [None req-03dc434d-e049-49e2-bb37-da20ca908031 tempest-GroupsTest-1703599657 tempest-GroupsTest-1703599657-project-member] Deprecation Warning : cinder.keymgr.conf_key_mgr.ConfKeyManager is not a stevedore based driver, trying to load it as a class: stevedore.exception.NoMatches: No 'castellan.drivers' driver found, looking for 'cinder.keymgr.conf_key_mgr.ConfKeyManager'
Aug 19 17:31:04.740047 np0000007796 devstack@c-api.service[97355]: DEBUG cinder.api.middleware.request_id [None req-897deafc-d962-4937-b0a9-f0c68edad3df None None] RequestId filter calling following filter/app {{(pid=97355) _context_setter /opt/stack/cinder/cinder/api/middleware/request_id.py:62}}
Aug 19 17:31:04.743144 np0000007796 devstack@c-api.service[97355]: INFO cinder.api.openstack.wsgi [None req-897deafc-d962-4937-b0a9-f0c68edad3df tempest-GroupSnapshotsTest-1668680949 tempest-GroupSnapshotsTest-1668680949-project-member] GET https://10.4.3.35/volume/v3/volumes/e8bd560e-c90d-423f-9f8d-1be02b8a110b
Aug 19 17:31:04.743144 np0000007796 devstack@c-api.service[97355]: DEBUG cinder.api.openstack.wsgi [None req-897deafc-d962-4937-b0a9-f0c68edad3df tempest-GroupSnapshotsTest-1668680949 tempest-GroupSnapshotsTest-1668680949-project-member] Empty body provided in request {{(pid=97355) get_body /opt/stack/cinder/cinder/api/openstack/wsgi.py:725}}
Aug 19 17:31:04.743144 np0000007796 devstack@c-api.service[97355]: DEBUG cinder.api.openstack.wsgi [None req-897deafc-d962-4937-b0a9-f0c68edad3df tempest-GroupSnapshotsTest-1668680949 tempest-GroupSnapshotsTest-1668680949-project-member] Calling method 'show' {{(pid=97355) _process_stack /opt/stack/cinder/cinder/api/openstack/wsgi.py:878}}
Aug 19 17:31:04.748378 np0000007796 devstack@c-api.service[97357]: DEBUG oslo_db.sqlalchemy.engines [None req-03dc434d-e049-49e2-bb37-da20ca908031 tempest-GroupsTest-1703599657 tempest-GroupsTest-1703599657-project-member] MySQL server mode set to STRICT_TRANS_TABLES,STRICT_ALL_TABLES,NO_ZERO_IN_DATE,NO_ZERO_DATE,ERROR_FOR_DIVISION_BY_ZERO,TRADITIONAL,NO_ENGINE_SUBSTITUTION {{(pid=97357) _check_effective_sql_mode /opt/stack/data/venv/lib/python3.12/site-packages/oslo_db/sqlalchemy/engines.py:325}}
Aug 19 17:31:04.749671 np0000007796 devstack@c-api.service[97355]: INFO cinder.api.openstack.wsgi [None req-897deafc-d962-4937-b0a9-f0c68edad3df tempest-GroupSnapshotsTest-1668680949 tempest-GroupSnapshotsTest-1668680949-project-member] https://10.4.3.35/volume/v3/volumes/e8bd560e-c90d-423f-9f8d-1be02b8a110b returned with HTTP 404
Aug 19 17:31:04.750203 np0000007796 devstack@c-api.service[97355]: [pid: 97355|app: 0|req: 54/191] 10.4.3.35 () {68 vars in 1382 bytes} [Wed Aug 19 17:31:04 2026] GET /volume/v3/volumes/e8bd560e-c90d-423f-9f8d-1be02b8a110b => generated 109 bytes in 11 msecs (HTTP/1.1 404) 7 headers in 293 bytes (1 switches on core 0)
Aug 19 17:31:04.753637 np0000007796 devstack@c-api.service[97357]: /opt/stack/data/venv/lib/python3.12/site-packages/oslo_context/context.py:102: DeprecationWarning: Policy enforcement is depending on the value of is_admin. This key is deprecated. Please update your policy file to use the standard policy values.
Aug 19 17:31:04.753637 np0000007796 devstack@c-api.service[97357]: warnings.warn(
Aug 19 17:31:04.757150 np0000007796 devstack@c-api.service[97355]: DEBUG cinder.api.middleware.request_id [None req-1ed2e60f-b898-466f-bff7-3faaa6dcc4a2 None None] RequestId filter calling following filter/app {{(pid=97355) _context_setter /opt/stack/cinder/cinder/api/middleware/request_id.py:62}}
Aug 19 17:31:04.759123 np0000007796 devstack@c-api.service[97355]: INFO cinder.api.openstack.wsgi [None req-1ed2e60f-b898-466f-bff7-3faaa6dcc4a2 tempest-GroupSnapshotsTest-1668680949 tempest-GroupSnapshotsTest-1668680949-project-member] GET https://10.4.3.35/volume/v3/groups/ba32d0bf-9a9a-4d69-acdf-29bacbf7efaa
Aug 19 17:31:04.759317 np0000007796 devstack@c-api.service[97355]: DEBUG cinder.api.openstack.wsgi [None req-1ed2e60f-b898-466f-bff7-3faaa6dcc4a2 tempest-GroupSnapshotsTest-1668680949 tempest-GroupSnapshotsTest-1668680949-project-member] Empty body provided in request {{(pid=97355) get_body /opt/stack/cinder/cinder/api/openstack/wsgi.py:725}}
Aug 19 17:31:04.759577 np0000007796 devstack@c-api.service[97355]: DEBUG cinder.api.openstack.wsgi [None req-1ed2e60f-b898-466f-bff7-3faaa6dcc4a2 tempest-GroupSnapshotsTest-1668680949 tempest-GroupSnapshotsTest-1668680949-project-member] Calling method 'version_select' {{(pid=97355) _process_stack /opt/stack/cinder/cinder/api/openstack/wsgi.py:878}}
Aug 19 17:31:04.759727 np0000007796 devstack@c-api.service[97355]: DEBUG cinder.api.v3.groups [None req-1ed2e60f-b898-466f-bff7-3faaa6dcc4a2 tempest-GroupSnapshotsTest-1668680949 tempest-GroupSnapshotsTest-1668680949-project-member] show called for member ba32d0bf-9a9a-4d69-acdf-29bacbf7efaa {{(pid=97355) show /opt/stack/cinder/cinder/api/v3/groups.py:58}}
Aug 19 17:31:04.760381 np0000007796 devstack@c-api.service[97357]: INFO cinder.api.openstack.wsgi [None req-03dc434d-e049-49e2-bb37-da20ca908031 tempest-GroupsTest-1703599657 tempest-GroupsTest-1703599657-project-member] https://10.4.3.35/volume/v3/volumes/detail returned with HTTP 200
Aug 19 17:31:04.760930 np0000007796 devstack@c-api.service[97357]: [pid: 97357|app: 0|req: 67/192] 10.4.3.35 () {68 vars in 1292 bytes} [Wed Aug 19 17:31:04 2026] GET /volume/v3/volumes/detail => generated 1803 bytes in 100 msecs (HTTP/1.1 200) 7 headers in 287 bytes (1 switches on core 0)
Aug 19 17:31:04.762619 np0000007796 devstack@c-api.service[97355]: INFO cinder.api.openstack.wsgi [None req-1ed2e60f-b898-466f-bff7-3faaa6dcc4a2 tempest-GroupSnapshotsTest-1668680949 tempest-GroupSnapshotsTest-1668680949-project-member] https://10.4.3.35/volume/v3/groups/ba32d0bf-9a9a-4d69-acdf-29bacbf7efaa returned with HTTP 404
Aug 19 17:31:04.763111 np0000007796 devstack@c-api.service[97355]: [pid: 97355|app: 0|req: 55/193] 10.4.3.35 () {68 vars in 1379 bytes} [Wed Aug 19 17:31:04 2026] GET /volume/v3/groups/ba32d0bf-9a9a-4d69-acdf-29bacbf7efaa => generated 108 bytes in 6 msecs (HTTP/1.1 404) 7 headers in 293 bytes (1 switches on core 0)
Aug 19 17:31:04.764216 np0000007796 devstack@c-api.service[97356]: DEBUG cinder.quota [None req-ea3987f2-24a7-4f6b-a89b-6752a8928312 tempest-TaggedBootDevicesTest_v242-1717090044 tempest-TaggedBootDevicesTest_v242-1717090044-project-member] Created reservations ['c661dadd-895a-4ea1-8630-c4188b6ea7bf', '85d6d26b-f135-4d21-acc3-f481e4aa3a8b', '28ac7e42-6cb1-40e9-af3c-45e0db98c234', '0994cb8a-e443-4678-9aec-60180dd2dd1b'] {{(pid=97356) reserve /opt/stack/cinder/cinder/quota.py:752}}
Aug 19 17:31:04.764747 np0000007796 devstack@c-api.service[97356]: DEBUG cinder.volume.api [None req-ea3987f2-24a7-4f6b-a89b-6752a8928312 tempest-TaggedBootDevicesTest_v242-1717090044 tempest-TaggedBootDevicesTest_v242-1717090044-project-member] Task 'cinder.volume.flows.api.create_volume.QuotaReserveTask;volume:create' (58b01933-3591-40f8-838f-3326b6254444) transitioned into state 'SUCCESS' from state 'RUNNING' with result '{'reservations': ['c661dadd-895a-4ea1-8630-c4188b6ea7bf', '85d6d26b-f135-4d21-acc3-f481e4aa3a8b', '28ac7e42-6cb1-40e9-af3c-45e0db98c234', '0994cb8a-e443-4678-9aec-60180dd2dd1b']}' {{(pid=97356) _task_receiver /opt/stack/data/venv/lib/python3.12/site-packages/taskflow/listeners/logging.py:218}}
Aug 19 17:31:04.766669 np0000007796 devstack@c-api.service[97356]: DEBUG cinder.volume.api [None req-ea3987f2-24a7-4f6b-a89b-6752a8928312 tempest-TaggedBootDevicesTest_v242-1717090044 tempest-TaggedBootDevicesTest_v242-1717090044-project-member] Task 'cinder.volume.flows.api.create_volume.EntryCreateTask;volume:create' (35febb2c-1a8e-45b5-8a01-c1e6851fc9fe) transitioned into state 'RUNNING' from state 'PENDING' {{(pid=97356) _task_receiver /opt/stack/data/venv/lib/python3.12/site-packages/taskflow/listeners/logging.py:242}}
Aug 19 17:31:04.772523 np0000007796 devstack@c-api.service[97355]: DEBUG cinder.api.middleware.request_id [None req-091d79e3-2a54-4e95-951d-b90c0fccb03a None None] RequestId filter calling following filter/app {{(pid=97355) _context_setter /opt/stack/cinder/cinder/api/middleware/request_id.py:62}}
Aug 19 17:31:04.774615 np0000007796 devstack@c-api.service[97355]: INFO cinder.api.openstack.wsgi [None req-091d79e3-2a54-4e95-951d-b90c0fccb03a tempest-GroupSnapshotsTest-1904717694 tempest-GroupSnapshotsTest-1904717694-project-admin] DELETE https://10.4.3.35/volume/v3/group_types/23ace84b-663a-4e0c-a995-7a551403ee8d
Aug 19 17:31:04.774615 np0000007796 devstack@c-api.service[97355]: DEBUG cinder.api.openstack.wsgi [None req-091d79e3-2a54-4e95-951d-b90c0fccb03a tempest-GroupSnapshotsTest-1904717694 tempest-GroupSnapshotsTest-1904717694-project-admin] Empty body provided in request {{(pid=97355) get_body /opt/stack/cinder/cinder/api/openstack/wsgi.py:725}}
Aug 19 17:31:04.774615 np0000007796 devstack@c-api.service[97355]: DEBUG cinder.api.openstack.wsgi [None req-091d79e3-2a54-4e95-951d-b90c0fccb03a tempest-GroupSnapshotsTest-1904717694 tempest-GroupSnapshotsTest-1904717694-project-admin] Calling method 'version_select' {{(pid=97355) _process_stack /opt/stack/cinder/cinder/api/openstack/wsgi.py:878}}
Aug 19 17:31:04.777923 np0000007796 devstack@c-api.service[97357]: DEBUG cinder.api.middleware.request_id [None req-a217f5f5-4946-4f56-a2ff-4ade93ed799b None None] RequestId filter calling following filter/app {{(pid=97357) _context_setter /opt/stack/cinder/cinder/api/middleware/request_id.py:62}}
Aug 19 17:31:04.782811 np0000007796 devstack@c-api.service[97357]: INFO cinder.api.openstack.wsgi [None req-a217f5f5-4946-4f56-a2ff-4ade93ed799b tempest-GroupsTest-1703599657 tempest-GroupsTest-1703599657-project-member] POST https://10.4.3.35/volume/v3/groups/6b2fc1ad-8387-4645-8558-d271c2e9c72a/action
Aug 19 17:31:04.783172 np0000007796 devstack@c-api.service[97357]: DEBUG cinder.api.openstack.wsgi [None req-a217f5f5-4946-4f56-a2ff-4ade93ed799b tempest-GroupsTest-1703599657 tempest-GroupsTest-1703599657-project-member] Action body: b'{"delete": {"delete-volumes": true}}' {{(pid=97357) get_method /opt/stack/cinder/cinder/api/openstack/wsgi.py:993}}
Aug 19 17:31:04.783277 np0000007796 devstack@c-api.service[97357]: DEBUG cinder.api.openstack.wsgi [None req-a217f5f5-4946-4f56-a2ff-4ade93ed799b tempest-GroupsTest-1703599657 tempest-GroupsTest-1703599657-project-member] Action: 'action', calling method: delete_group, body: {"delete": {"delete-volumes": true}} {{(pid=97357) _process_stack /opt/stack/cinder/cinder/api/openstack/wsgi.py:876}}
Aug 19 17:31:04.784651 np0000007796 devstack@c-api.service[97357]: DEBUG cinder.api.v3.groups [None req-a217f5f5-4946-4f56-a2ff-4ade93ed799b tempest-GroupsTest-1703599657 tempest-GroupsTest-1703599657-project-member] delete called for group 6b2fc1ad-8387-4645-8558-d271c2e9c72a {{(pid=97357) _delete /opt/stack/cinder/cinder/api/v3/groups.py:117}}
Aug 19 17:31:04.784749 np0000007796 devstack@c-api.service[97357]: INFO cinder.api.v3.groups [None req-a217f5f5-4946-4f56-a2ff-4ade93ed799b tempest-GroupsTest-1703599657 tempest-GroupsTest-1703599657-project-member] Delete group with id: 6b2fc1ad-8387-4645-8558-d271c2e9c72a
Aug 19 17:31:04.787598 np0000007796 devstack@c-api.service[97357]: /opt/stack/data/venv/lib/python3.12/site-packages/oslo_context/context.py:102: DeprecationWarning: Policy enforcement is depending on the value of is_admin. This key is deprecated. Please update your policy file to use the standard policy values.
Aug 19 17:31:04.787598 np0000007796 devstack@c-api.service[97357]: warnings.warn(
Aug 19 17:31:04.793419 np0000007796 devstack@c-api.service[97355]: INFO cinder.api.openstack.wsgi [None req-091d79e3-2a54-4e95-951d-b90c0fccb03a tempest-GroupSnapshotsTest-1904717694 tempest-GroupSnapshotsTest-1904717694-project-admin] https://10.4.3.35/volume/v3/group_types/23ace84b-663a-4e0c-a995-7a551403ee8d returned with HTTP 202
Aug 19 17:31:04.793918 np0000007796 devstack@c-api.service[97355]: [pid: 97355|app: 0|req: 56/194] 10.4.3.35 () {68 vars in 1397 bytes} [Wed Aug 19 17:31:04 2026] DELETE /volume/v3/group_types/23ace84b-663a-4e0c-a995-7a551403ee8d => generated 0 bytes in 22 msecs (HTTP/1.1 202) 6 headers in 234 bytes (1 switches on core 0)
