Aug 19 17:28:11.242370 np0000007796 devstack@neutron-api.service[88015]: DEBUG neutron.api.extensions [None req-ee49d099-1b59-47ec-b086-f0ddfb74177e None None] Extended resource: subnetpools {{(pid=88015) __init__ /opt/stack/neutron/neutron/api/extensions.py:156}}
Aug 19 17:28:11.243345 np0000007796 devstack@neutron-api.service[88016]: INFO neutron.quota.resource_registry [None req-692d8d3f-5f58-4d67-bb19-8f9e7cfcd02d None None] Creating instance of TrackedResource for resource:floatingip
Aug 19 17:28:11.243418 np0000007796 devstack@neutron-api.service[88015]: DEBUG neutron.api.extensions [None req-ee49d099-1b59-47ec-b086-f0ddfb74177e None None] Extended resource: subnetpools {{(pid=88015) __init__ /opt/stack/neutron/neutron/api/extensions.py:156}}
Aug 19 17:28:11.243678 np0000007796 devstack@neutron-api.service[88015]: DEBUG neutron.api.extensions [None req-ee49d099-1b59-47ec-b086-f0ddfb74177e None None] Extended resource: tags {{(pid=88015) __init__ /opt/stack/neutron/neutron/api/extensions.py:156}}
Aug 19 17:28:11.243735 np0000007796 devstack@neutron-api.service[88016]: INFO neutron.quota.resource_registry [None req-692d8d3f-5f58-4d67-bb19-8f9e7cfcd02d None None] Creating instance of CountableResource for resource:rbac_policy
Aug 19 17:28:11.244392 np0000007796 devstack@neutron-api.service[88016]: INFO neutron.quota.resource_registry [None req-692d8d3f-5f58-4d67-bb19-8f9e7cfcd02d None None] Creating instance of TrackedResource for resource:security_group
Aug 19 17:28:11.244539 np0000007796 devstack@neutron-api.service[88015]: DEBUG neutron.api.extensions [None req-ee49d099-1b59-47ec-b086-f0ddfb74177e None None] Extended resource: tags {{(pid=88015) __init__ /opt/stack/neutron/neutron/api/extensions.py:156}}
Aug 19 17:28:11.244760 np0000007796 devstack@neutron-api.service[88016]: INFO neutron.quota.resource_registry [None req-692d8d3f-5f58-4d67-bb19-8f9e7cfcd02d None None] Creating instance of TrackedResource for resource:security_group_rule
Aug 19 17:28:11.245605 np0000007796 devstack@neutron-api.service[88016]: DEBUG neutron.api.v2.resource_helper [None req-692d8d3f-5f58-4d67-bb19-8f9e7cfcd02d None None] Service CORE assigned prefix: {{(pid=88016) build_resource_info /opt/stack/neutron/neutron/api/v2/resource_helper.py:77}}
Aug 19 17:28:11.245605 np0000007796 devstack@neutron-api.service[88016]: INFO neutron.quota.resource_registry [None req-692d8d3f-5f58-4d67-bb19-8f9e7cfcd02d None None] Creating instance of TrackedResource for resource:subnetpool
Aug 19 17:28:11.245730 np0000007796 devstack@neutron-api.service[88015]: DEBUG neutron.api.extensions [None req-ee49d099-1b59-47ec-b086-f0ddfb74177e None None] Extended resource: tags {{(pid=88015) __init__ /opt/stack/neutron/neutron/api/extensions.py:156}}
Aug 19 17:28:11.245807 np0000007796 devstack@neutron-api.service[88016]: WARNING neutron.quota.resource_registry [None req-692d8d3f-5f58-4d67-bb19-8f9e7cfcd02d None None] subnetpool is already registered
Aug 19 17:28:11.246280 np0000007796 devstack@neutron-api.service[88016]: DEBUG neutron.api.v2.resource_helper [None req-692d8d3f-5f58-4d67-bb19-8f9e7cfcd02d None None] Service CORE assigned prefix: {{(pid=88016) build_resource_info /opt/stack/neutron/neutron/api/v2/resource_helper.py:77}}
Aug 19 17:28:11.246280 np0000007796 devstack@neutron-api.service[88016]: INFO neutron.quota.resource_registry [None req-692d8d3f-5f58-4d67-bb19-8f9e7cfcd02d None None] Creating instance of TrackedResource for resource:subnetpool
Aug 19 17:28:11.246592 np0000007796 devstack@neutron-api.service[88016]: WARNING neutron.quota.resource_registry [None req-692d8d3f-5f58-4d67-bb19-8f9e7cfcd02d None None] subnetpool is already registered
Aug 19 17:28:11.246693 np0000007796 devstack@neutron-api.service[88015]: DEBUG neutron.api.extensions [None req-ee49d099-1b59-47ec-b086-f0ddfb74177e None None] Extended resource: tags {{(pid=88015) __init__ /opt/stack/neutron/neutron/api/extensions.py:156}}
Aug 19 17:28:11.247474 np0000007796 devstack@neutron-api.service[88015]: DEBUG neutron.api.extensions [None req-ee49d099-1b59-47ec-b086-f0ddfb74177e None None] Extended resource: tags {{(pid=88015) __init__ /opt/stack/neutron/neutron/api/extensions.py:156}}
Aug 19 17:28:11.248599 np0000007796 devstack@neutron-api.service[88016]: INFO neutron.quota.resource_registry [None req-692d8d3f-5f58-4d67-bb19-8f9e7cfcd02d None None] Creating instance of CountableResource for resource:router_route
Aug 19 17:28:11.248599 np0000007796 devstack@neutron-api.service[88016]: WARNING neutron.quota.resource_registry [None req-692d8d3f-5f58-4d67-bb19-8f9e7cfcd02d None None] router_route is already registered
Aug 19 17:28:11.248685 np0000007796 devstack@neutron-api.service[88016]: DEBUG neutron.api.v2.resource_helper [None req-692d8d3f-5f58-4d67-bb19-8f9e7cfcd02d None None] Service L3_ROUTER_NAT assigned prefix: {{(pid=88016) build_resource_info /opt/stack/neutron/neutron/api/v2/resource_helper.py:77}}
Aug 19 17:28:11.248989 np0000007796 devstack@neutron-api.service[88016]: DEBUG neutron.api.v2.resource_helper [None req-692d8d3f-5f58-4d67-bb19-8f9e7cfcd02d None None] Service FLAVORS assigned prefix: {{(pid=88016) build_resource_info /opt/stack/neutron/neutron/api/v2/resource_helper.py:77}}
Aug 19 17:28:11.249158 np0000007796 devstack@neutron-api.service[88015]: DEBUG neutron.api.extensions [None req-ee49d099-1b59-47ec-b086-f0ddfb74177e None None] Extended resource: tags {{(pid=88015) __init__ /opt/stack/neutron/neutron/api/extensions.py:156}}
Aug 19 17:28:11.249799 np0000007796 devstack@neutron-api.service[88016]: DEBUG neutron.api.v2.resource_helper [None req-692d8d3f-5f58-4d67-bb19-8f9e7cfcd02d None None] Service L3_ROUTER_NAT assigned prefix: {{(pid=88016) build_resource_info /opt/stack/neutron/neutron/api/v2/resource_helper.py:77}}
Aug 19 17:28:11.250152 np0000007796 devstack@neutron-api.service[88016]: DEBUG neutron.api.v2.resource_helper [None req-692d8d3f-5f58-4d67-bb19-8f9e7cfcd02d None None] Service L3_ROUTER_NAT assigned prefix: {{(pid=88016) build_resource_info /opt/stack/neutron/neutron/api/v2/resource_helper.py:77}}
Aug 19 17:28:11.250181 np0000007796 devstack@neutron-api.service[88015]: DEBUG neutron.api.extensions [None req-ee49d099-1b59-47ec-b086-f0ddfb74177e None None] Extended resource: tags {{(pid=88015) __init__ /opt/stack/neutron/neutron/api/extensions.py:156}}
Aug 19 17:28:11.250274 np0000007796 devstack@neutron-api.service[88016]: INFO neutron.quota.resource_registry [None req-692d8d3f-5f58-4d67-bb19-8f9e7cfcd02d None None] Creating instance of TrackedResource for resource:router
Aug 19 17:28:11.250413 np0000007796 devstack@neutron-api.service[88016]: WARNING neutron.quota.resource_registry [None req-692d8d3f-5f58-4d67-bb19-8f9e7cfcd02d None None] router is already registered
Aug 19 17:28:11.250752 np0000007796 devstack@neutron-api.service[88016]: INFO neutron.quota.resource_registry [None req-692d8d3f-5f58-4d67-bb19-8f9e7cfcd02d None None] Creating instance of TrackedResource for resource:floatingip
Aug 19 17:28:11.250953 np0000007796 devstack@neutron-api.service[88016]: WARNING neutron.quota.resource_registry [None req-692d8d3f-5f58-4d67-bb19-8f9e7cfcd02d None None] floatingip is already registered
Aug 19 17:28:11.251365 np0000007796 devstack@neutron-api.service[88015]: DEBUG neutron.api.extensions [None req-ee49d099-1b59-47ec-b086-f0ddfb74177e None None] Extended resource: tags {{(pid=88015) __init__ /opt/stack/neutron/neutron/api/extensions.py:156}}
Aug 19 17:28:11.252199 np0000007796 devstack@neutron-api.service[88016]: INFO neutron.quota.resource_registry [None req-692d8d3f-5f58-4d67-bb19-8f9e7cfcd02d None None] Creating instance of CountableResource for resource:rbac_policy
Aug 19 17:28:11.252285 np0000007796 devstack@neutron-api.service[88016]: WARNING neutron.quota.resource_registry [None req-692d8d3f-5f58-4d67-bb19-8f9e7cfcd02d None None] rbac_policy is already registered
Aug 19 17:28:11.252977 np0000007796 devstack@neutron-api.service[88016]: INFO neutron.quota.resource_registry [None req-692d8d3f-5f58-4d67-bb19-8f9e7cfcd02d None None] Creating instance of TrackedResource for resource:security_group
Aug 19 17:28:11.253045 np0000007796 devstack@neutron-api.service[88016]: WARNING neutron.quota.resource_registry [None req-692d8d3f-5f58-4d67-bb19-8f9e7cfcd02d None None] security_group is already registered
Aug 19 17:28:11.253219 np0000007796 devstack@neutron-api.service[88015]: DEBUG neutron.api.extensions [None req-ee49d099-1b59-47ec-b086-f0ddfb74177e None None] Extended resource: tags {{(pid=88015) __init__ /opt/stack/neutron/neutron/api/extensions.py:156}}
Aug 19 17:28:11.253466 np0000007796 devstack@neutron-api.service[88016]: INFO neutron.quota.resource_registry [None req-692d8d3f-5f58-4d67-bb19-8f9e7cfcd02d None None] Creating instance of TrackedResource for resource:security_group_rule
Aug 19 17:28:11.253530 np0000007796 devstack@neutron-api.service[88016]: WARNING neutron.quota.resource_registry [None req-692d8d3f-5f58-4d67-bb19-8f9e7cfcd02d None None] security_group_rule is already registered
Aug 19 17:28:11.254245 np0000007796 devstack@neutron-api.service[88015]: DEBUG neutron.api.extensions [None req-ee49d099-1b59-47ec-b086-f0ddfb74177e None None] Extended resource: tags {{(pid=88015) __init__ /opt/stack/neutron/neutron/api/extensions.py:156}}
Aug 19 17:28:11.254297 np0000007796 devstack@neutron-api.service[88016]: DEBUG neutron.api.v2.resource_helper [None req-692d8d3f-5f58-4d67-bb19-8f9e7cfcd02d None None] Service CORE assigned prefix: {{(pid=88016) build_resource_info /opt/stack/neutron/neutron/api/v2/resource_helper.py:77}}
Aug 19 17:28:11.254444 np0000007796 devstack@neutron-api.service[88016]: INFO neutron.quota.resource_registry [None req-692d8d3f-5f58-4d67-bb19-8f9e7cfcd02d None None] Creating instance of TrackedResource for resource:subnetpool
Aug 19 17:28:11.254586 np0000007796 devstack@neutron-api.service[88016]: WARNING neutron.quota.resource_registry [None req-692d8d3f-5f58-4d67-bb19-8f9e7cfcd02d None None] subnetpool is already registered
Aug 19 17:28:11.255045 np0000007796 devstack@neutron-api.service[88016]: DEBUG neutron.api.v2.resource_helper [None req-692d8d3f-5f58-4d67-bb19-8f9e7cfcd02d None None] Service CORE assigned prefix: {{(pid=88016) build_resource_info /opt/stack/neutron/neutron/api/v2/resource_helper.py:77}}
Aug 19 17:28:11.255176 np0000007796 devstack@neutron-api.service[88016]: INFO neutron.quota.resource_registry [None req-692d8d3f-5f58-4d67-bb19-8f9e7cfcd02d None None] Creating instance of TrackedResource for resource:subnetpool
Aug 19 17:28:11.255397 np0000007796 devstack@neutron-api.service[88016]: WARNING neutron.quota.resource_registry [None req-692d8d3f-5f58-4d67-bb19-8f9e7cfcd02d None None] subnetpool is already registered
Aug 19 17:28:11.255776 np0000007796 devstack@neutron-api.service[88016]: DEBUG neutron.api.extensions [None req-692d8d3f-5f58-4d67-bb19-8f9e7cfcd02d None None] Extended resource: extensions {{(pid=88016) __init__ /opt/stack/neutron/neutron/api/extensions.py:156}}
Aug 19 17:28:11.256441 np0000007796 devstack@neutron-api.service[88016]: DEBUG neutron.api.extensions [None req-692d8d3f-5f58-4d67-bb19-8f9e7cfcd02d None None] Extended resource: address-groups {{(pid=88016) __init__ /opt/stack/neutron/neutron/api/extensions.py:156}}
Aug 19 17:28:11.257200 np0000007796 devstack@neutron-api.service[88016]: DEBUG neutron.api.extensions [None req-692d8d3f-5f58-4d67-bb19-8f9e7cfcd02d None None] Extended resource: address-scopes {{(pid=88016) __init__ /opt/stack/neutron/neutron/api/extensions.py:156}}
Aug 19 17:28:11.257671 np0000007796 devstack@neutron-api.service[88016]: DEBUG neutron.api.extensions [None req-692d8d3f-5f58-4d67-bb19-8f9e7cfcd02d None None] Extended resource: agents {{(pid=88016) __init__ /opt/stack/neutron/neutron/api/extensions.py:156}}
Aug 19 17:28:11.258075 np0000007796 devstack@neutron-api.service[88016]: DEBUG neutron.api.extensions [None req-692d8d3f-5f58-4d67-bb19-8f9e7cfcd02d None None] Extended resource: auto-allocated-topology {{(pid=88016) __init__ /opt/stack/neutron/neutron/api/extensions.py:156}}
Aug 19 17:28:11.258600 np0000007796 devstack@neutron-api.service[88016]: DEBUG neutron.api.extensions [None req-692d8d3f-5f58-4d67-bb19-8f9e7cfcd02d None None] Extended resource: availability_zones {{(pid=88016) __init__ /opt/stack/neutron/neutron/api/extensions.py:156}}
Aug 19 17:28:11.259008 np0000007796 devstack@neutron-api.service[88016]: DEBUG neutron.api.extensions [None req-692d8d3f-5f58-4d67-bb19-8f9e7cfcd02d None None] Extended resource: dhcp-networks {{(pid=88016) __init__ /opt/stack/neutron/neutron/api/extensions.py:156}}
Aug 19 17:28:11.259598 np0000007796 devstack@neutron-api.service[88016]: DEBUG neutron.api.extensions [None req-692d8d3f-5f58-4d67-bb19-8f9e7cfcd02d None None] Extended resource: dhcp-agents {{(pid=88016) __init__ /opt/stack/neutron/neutron/api/extensions.py:156}}
Aug 19 17:28:11.260103 np0000007796 devstack@neutron-api.service[88016]: DEBUG neutron.api.extensions [None req-692d8d3f-5f58-4d67-bb19-8f9e7cfcd02d None None] Extended resource: routers {{(pid=88016) __init__ /opt/stack/neutron/neutron/api/extensions.py:156}}
Aug 19 17:28:11.260900 np0000007796 devstack@neutron-api.service[88016]: DEBUG neutron.api.extensions [None req-692d8d3f-5f58-4d67-bb19-8f9e7cfcd02d None None] Extended resource: flavors {{(pid=88016) __init__ /opt/stack/neutron/neutron/api/extensions.py:156}}
Aug 19 17:28:11.261519 np0000007796 devstack@neutron-api.service[88016]: DEBUG neutron.api.extensions [None req-692d8d3f-5f58-4d67-bb19-8f9e7cfcd02d None None] Extended resource: service_profiles {{(pid=88016) __init__ /opt/stack/neutron/neutron/api/extensions.py:156}}
Aug 19 17:28:11.261741 np0000007796 devstack@neutron-api.service[88016]: DEBUG neutron.api.extensions [None req-692d8d3f-5f58-4d67-bb19-8f9e7cfcd02d None None] Extended resource: next_providers {{(pid=88016) __init__ /opt/stack/neutron/neutron/api/extensions.py:156}}
Aug 19 17:28:11.262404 np0000007796 devstack@neutron-api.service[88016]: DEBUG neutron.api.extensions [None req-692d8d3f-5f58-4d67-bb19-8f9e7cfcd02d None None] Extended resource: service_profiles {{(pid=88016) __init__ /opt/stack/neutron/neutron/api/extensions.py:156}}
Aug 19 17:28:11.263032 np0000007796 devstack@neutron-api.service[88016]: DEBUG neutron.api.extensions [None req-692d8d3f-5f58-4d67-bb19-8f9e7cfcd02d None None] Extended resource: floatingip-pools {{(pid=88016) __init__ /opt/stack/neutron/neutron/api/extensions.py:156}}
Aug 19 17:28:11.263637 np0000007796 devstack@neutron-api.service[88016]: DEBUG neutron.api.extensions [None req-692d8d3f-5f58-4d67-bb19-8f9e7cfcd02d None None] Extended resource: routers {{(pid=88016) __init__ /opt/stack/neutron/neutron/api/extensions.py:156}}
Aug 19 17:28:11.264461 np0000007796 devstack@neutron-api.service[88016]: DEBUG neutron.api.extensions [None req-692d8d3f-5f58-4d67-bb19-8f9e7cfcd02d None None] Extended resource: floatingips {{(pid=88016) __init__ /opt/stack/neutron/neutron/api/extensions.py:156}}
Aug 19 17:28:11.264926 np0000007796 devstack@neutron-api.service[88016]: DEBUG neutron.api.extensions [None req-692d8d3f-5f58-4d67-bb19-8f9e7cfcd02d None None] Extended resource: l3-routers {{(pid=88016) __init__ /opt/stack/neutron/neutron/api/extensions.py:156}}
Aug 19 17:28:11.265473 np0000007796 devstack@neutron-api.service[88016]: DEBUG neutron.api.extensions [None req-692d8d3f-5f58-4d67-bb19-8f9e7cfcd02d None None] Extended resource: l3-agents {{(pid=88016) __init__ /opt/stack/neutron/neutron/api/extensions.py:156}}
Aug 19 17:28:11.265973 np0000007796 devstack@neutron-api.service[88016]: DEBUG neutron.api.extensions [None req-692d8d3f-5f58-4d67-bb19-8f9e7cfcd02d None None] Extended resource: network-ip-availabilities {{(pid=88016) __init__ /opt/stack/neutron/neutron/api/extensions.py:156}}
Aug 19 17:28:11.266451 np0000007796 devstack@neutron-api.service[88016]: DEBUG neutron.api.extensions [None req-692d8d3f-5f58-4d67-bb19-8f9e7cfcd02d None None] Extended resource: network-ip-availabilities {{(pid=88016) __init__ /opt/stack/neutron/neutron/api/extensions.py:156}}
Aug 19 17:28:11.266902 np0000007796 devstack@neutron-api.service[88016]: DEBUG neutron.api.extensions [None req-692d8d3f-5f58-4d67-bb19-8f9e7cfcd02d None None] Extended resource: bindings {{(pid=88016) __init__ /opt/stack/neutron/neutron/api/extensions.py:156}}
Aug 19 17:28:11.267566 np0000007796 devstack@neutron-api.service[88016]: DEBUG neutron.api.extensions [None req-692d8d3f-5f58-4d67-bb19-8f9e7cfcd02d None None] Extended resource: quotas {{(pid=88016) __init__ /opt/stack/neutron/neutron/api/extensions.py:156}}
Aug 19 17:28:11.268073 np0000007796 devstack@neutron-api.service[88016]: DEBUG neutron.api.extensions [None req-692d8d3f-5f58-4d67-bb19-8f9e7cfcd02d None None] Extended resource: quotas {{(pid=88016) __init__ /opt/stack/neutron/neutron/api/extensions.py:156}}
Aug 19 17:28:11.268739 np0000007796 devstack@neutron-api.service[88016]: DEBUG neutron.api.extensions [None req-692d8d3f-5f58-4d67-bb19-8f9e7cfcd02d None None] Extended resource: rbac-policies {{(pid=88016) __init__ /opt/stack/neutron/neutron/api/extensions.py:156}}
Aug 19 17:28:11.269263 np0000007796 devstack@neutron-api.service[88016]: DEBUG neutron.api.extensions [None req-692d8d3f-5f58-4d67-bb19-8f9e7cfcd02d None None] Extended resource: default-security-group-rules {{(pid=88016) __init__ /opt/stack/neutron/neutron/api/extensions.py:156}}
Aug 19 17:28:11.269545 np0000007796 devstack@neutron-api.service[88016]: DEBUG neutron.api.extensions [None req-692d8d3f-5f58-4d67-bb19-8f9e7cfcd02d None None] Extended resource: security-groups-default-statefulness {{(pid=88016) __init__ /opt/stack/neutron/neutron/api/extensions.py:156}}
Aug 19 17:28:11.270067 np0000007796 devstack@neutron-api.service[88016]: DEBUG neutron.api.extensions [None req-692d8d3f-5f58-4d67-bb19-8f9e7cfcd02d None None] Extended resource: security-groups {{(pid=88016) __init__ /opt/stack/neutron/neutron/api/extensions.py:156}}
Aug 19 17:28:11.270125 np0000007796 devstack@neutron-api.service[88015]: DEBUG neutron_lib.callbacks.manager [None req-ee49d099-1b59-47ec-b086-f0ddfb74177e None None] Publish callbacks ['neutron.plugins.ml2.drivers.ovn.mech_driver.mech_driver.OVNMechanismDriver.pre_fork_initialize-250092'] for process (None), before_spawn {{(pid=88015) _notify_loop /opt/stack/data/venv/lib/python3.12/site-packages/neutron_lib/callbacks/manager.py:184}}
Aug 19 17:28:11.270861 np0000007796 devstack@neutron-api.service[88015]: DEBUG oslo_concurrency.processutils [None req-ee49d099-1b59-47ec-b086-f0ddfb74177e None None] Running cmd (subprocess): ovsdb-client transact ssl:10.4.3.35:6641 --timeout 180 -p /opt/stack/data/CA/int-ca/private/devstack-cert.key -c /opt/stack/data/CA/int-ca/devstack-cert.crt -C /opt/stack/data/CA/int-ca/ca-chain.pem ["OVN_Northbound", {"op": "wait", "timeout": 0, "table": "Port_Group", "where": [["name", "==", "neutron_pg_drop"]], "until": "==", "rows": []}, {"op": "insert", "table": "ACL", "row": {"action": "drop", "direction": "to-lport", "match": "outport == @neutron_pg_drop && ip", "priority": 1000}, "uuid-name": "droptoport"}, {"op": "insert", "table": "ACL", "row": {"action": "drop", "direction": "from-lport", "match": "inport == @neutron_pg_drop && ip", "priority": 1000}, "uuid-name": "dropfromport"}, {"op": "insert", "table": "Port_Group", "row": {"name": "neutron_pg_drop", "acls": ["set", [["named-uuid", "droptoport"], ["named-uuid", "dropfromport"]]]}}] {{(pid=88015) execute /opt/stack/data/venv/lib/python3.12/site-packages/oslo_concurrency/processutils.py:440}}
Aug 19 17:28:11.271389 np0000007796 devstack@neutron-api.service[88016]: DEBUG neutron.api.extensions [None req-692d8d3f-5f58-4d67-bb19-8f9e7cfcd02d None None] Extended resource: security-group-rules {{(pid=88016) __init__ /opt/stack/neutron/neutron/api/extensions.py:156}}
Aug 19 17:28:11.271790 np0000007796 devstack@neutron-api.service[88016]: DEBUG neutron.api.extensions [None req-692d8d3f-5f58-4d67-bb19-8f9e7cfcd02d None None] Extended resource: service-providers {{(pid=88016) __init__ /opt/stack/neutron/neutron/api/extensions.py:156}}
Aug 19 17:28:11.272205 np0000007796 devstack@neutron-api.service[88016]: DEBUG neutron.api.extensions [None req-692d8d3f-5f58-4d67-bb19-8f9e7cfcd02d None None] Extended resource: subnetpools {{(pid=88016) __init__ /opt/stack/neutron/neutron/api/extensions.py:156}}
Aug 19 17:28:11.272759 np0000007796 devstack@neutron-api.service[88016]: DEBUG neutron.api.extensions [None req-692d8d3f-5f58-4d67-bb19-8f9e7cfcd02d None None] Extended resource: subnetpools {{(pid=88016) __init__ /opt/stack/neutron/neutron/api/extensions.py:156}}
Aug 19 17:28:11.273310 np0000007796 devstack@neutron-api.service[88016]: DEBUG neutron.api.extensions [None req-692d8d3f-5f58-4d67-bb19-8f9e7cfcd02d None None] Extended resource: tags {{(pid=88016) __init__ /opt/stack/neutron/neutron/api/extensions.py:156}}
Aug 19 17:28:11.274103 np0000007796 devstack@neutron-api.service[88016]: DEBUG neutron.api.extensions [None req-692d8d3f-5f58-4d67-bb19-8f9e7cfcd02d None None] Extended resource: tags {{(pid=88016) __init__ /opt/stack/neutron/neutron/api/extensions.py:156}}
Aug 19 17:28:11.274834 np0000007796 devstack@neutron-api.service[88016]: DEBUG neutron.api.extensions [None req-692d8d3f-5f58-4d67-bb19-8f9e7cfcd02d None None] Extended resource: tags {{(pid=88016) __init__ /opt/stack/neutron/neutron/api/extensions.py:156}}
Aug 19 17:28:11.275254 np0000007796 devstack@neutron-api.service[88016]: DEBUG neutron.api.extensions [None req-692d8d3f-5f58-4d67-bb19-8f9e7cfcd02d None None] Extended resource: tags {{(pid=88016) __init__ /opt/stack/neutron/neutron/api/extensions.py:156}}
Aug 19 17:28:11.275812 np0000007796 devstack@neutron-api.service[88016]: DEBUG neutron.api.extensions [None req-692d8d3f-5f58-4d67-bb19-8f9e7cfcd02d None None] Extended resource: tags {{(pid=88016) __init__ /opt/stack/neutron/neutron/api/extensions.py:156}}
Aug 19 17:28:11.276551 np0000007796 devstack@neutron-api.service[88016]: DEBUG neutron.api.extensions [None req-692d8d3f-5f58-4d67-bb19-8f9e7cfcd02d None None] Extended resource: tags {{(pid=88016) __init__ /opt/stack/neutron/neutron/api/extensions.py:156}}
Aug 19 17:28:11.277061 np0000007796 devstack@neutron-api.service[88016]: DEBUG neutron.api.extensions [None req-692d8d3f-5f58-4d67-bb19-8f9e7cfcd02d None None] Extended resource: tags {{(pid=88016) __init__ /opt/stack/neutron/neutron/api/extensions.py:156}}
Aug 19 17:28:11.277767 np0000007796 devstack@neutron-api.service[88016]: DEBUG neutron.api.extensions [None req-692d8d3f-5f58-4d67-bb19-8f9e7cfcd02d None None] Extended resource: tags {{(pid=88016) __init__ /opt/stack/neutron/neutron/api/extensions.py:156}}
Aug 19 17:28:11.278518 np0000007796 devstack@neutron-api.service[88016]: DEBUG neutron.api.extensions [None req-692d8d3f-5f58-4d67-bb19-8f9e7cfcd02d None None] Extended resource: tags {{(pid=88016) __init__ /opt/stack/neutron/neutron/api/extensions.py:156}}
Aug 19 17:28:11.279114 np0000007796 devstack@neutron-api.service[88016]: DEBUG neutron.api.extensions [None req-692d8d3f-5f58-4d67-bb19-8f9e7cfcd02d None None] Extended resource: tags {{(pid=88016) __init__ /opt/stack/neutron/neutron/api/extensions.py:156}}
Aug 19 17:28:11.288368 np0000007796 devstack@neutron-api.service[88016]: DEBUG neutron_lib.callbacks.manager [None req-692d8d3f-5f58-4d67-bb19-8f9e7cfcd02d None None] Publish callbacks ['neutron.plugins.ml2.drivers.ovn.mech_driver.mech_driver.OVNMechanismDriver.pre_fork_initialize-4111304'] for process (None), before_spawn {{(pid=88016) _notify_loop /opt/stack/data/venv/lib/python3.12/site-packages/neutron_lib/callbacks/manager.py:184}}
Aug 19 17:28:11.288798 np0000007796 devstack@neutron-api.service[88016]: DEBUG oslo_concurrency.processutils [None req-692d8d3f-5f58-4d67-bb19-8f9e7cfcd02d None None] Running cmd (subprocess): ovsdb-client transact ssl:10.4.3.35:6641 --timeout 180 -p /opt/stack/data/CA/int-ca/private/devstack-cert.key -c /opt/stack/data/CA/int-ca/devstack-cert.crt -C /opt/stack/data/CA/int-ca/ca-chain.pem ["OVN_Northbound", {"op": "wait", "timeout": 0, "table": "Port_Group", "where": [["name", "==", "neutron_pg_drop"]], "until": "==", "rows": []}, {"op": "insert", "table": "ACL", "row": {"action": "drop", "direction": "to-lport", "match": "outport == @neutron_pg_drop && ip", "priority": 1000}, "uuid-name": "droptoport"}, {"op": "insert", "table": "ACL", "row": {"action": "drop", "direction": "from-lport", "match": "inport == @neutron_pg_drop && ip", "priority": 1000}, "uuid-name": "dropfromport"}, {"op": "insert", "table": "Port_Group", "row": {"name": "neutron_pg_drop", "acls": ["set", [["named-uuid", "droptoport"], ["named-uuid", "dropfromport"]]]}}] {{(pid=88016) execute /opt/stack/data/venv/lib/python3.12/site-packages/oslo_concurrency/processutils.py:440}}
Aug 19 17:28:11.303277 np0000007796 devstack@neutron-api.service[88015]: DEBUG oslo_concurrency.processutils [None req-ee49d099-1b59-47ec-b086-f0ddfb74177e None None] CMD "ovsdb-client transact ssl:10.4.3.35:6641 --timeout 180 -p /opt/stack/data/CA/int-ca/private/devstack-cert.key -c /opt/stack/data/CA/int-ca/devstack-cert.crt -C /opt/stack/data/CA/int-ca/ca-chain.pem ["OVN_Northbound", {"op": "wait", "timeout": 0, "table": "Port_Group", "where": [["name", "==", "neutron_pg_drop"]], "until": "==", "rows": []}, {"op": "insert", "table": "ACL", "row": {"action": "drop", "direction": "to-lport", "match": "outport == @neutron_pg_drop && ip", "priority": 1000}, "uuid-name": "droptoport"}, {"op": "insert", "table": "ACL", "row": {"action": "drop", "direction": "from-lport", "match": "inport == @neutron_pg_drop && ip", "priority": 1000}, "uuid-name": "dropfromport"}, {"op": "insert", "table": "Port_Group", "row": {"name": "neutron_pg_drop", "acls": ["set", [["named-uuid", "droptoport"], ["named-uuid", "dropfromport"]]]}}]" returned: 0 in 0.032s {{(pid=88015) execute /opt/stack/data/venv/lib/python3.12/site-packages/oslo_concurrency/processutils.py:468}}
Aug 19 17:28:11.307357 np0000007796 devstack@neutron-api.service[88015]: DEBUG neutron_lib.callbacks.manager [None req-ee49d099-1b59-47ec-b086-f0ddfb74177e None None] Publish callbacks ['neutron.plugins.ml2.drivers.ovn.mech_driver.mech_driver.OVNMechanismDriver.post_fork_initialize-250068', 'neutron.services.pvlan.drivers.ovn.driver._initialize_pvlan_pg_drop-8258007110810', 'neutron.services.ovn_l3.plugin.OVNL3RouterPlugin._post_fork_initialize-15952006'] for process (None), after_init {{(pid=88015) _notify_loop /opt/stack/data/venv/lib/python3.12/site-packages/neutron_lib/callbacks/manager.py:184}}
Aug 19 17:28:11.307889 np0000007796 devstack@neutron-api.service[88015]: DEBUG oslo_concurrency.lockutils [None req-ee49d099-1b59-47ec-b086-f0ddfb74177e None None] Acquiring lock "singleton_lock" {{(pid=88015) lock /opt/stack/data/venv/lib/python3.12/site-packages/oslo_concurrency/lockutils.py:396}}
Aug 19 17:28:11.308032 np0000007796 devstack@neutron-api.service[88015]: DEBUG oslo_concurrency.lockutils [None req-ee49d099-1b59-47ec-b086-f0ddfb74177e None None] Acquired lock "singleton_lock" {{(pid=88015) lock /opt/stack/data/venv/lib/python3.12/site-packages/oslo_concurrency/lockutils.py:399}}
Aug 19 17:28:11.312635 np0000007796 devstack@neutron-api.service[88015]: DEBUG oslo_concurrency.lockutils [None req-ee49d099-1b59-47ec-b086-f0ddfb74177e None None] Releasing lock "singleton_lock" {{(pid=88015) lock /opt/stack/data/venv/lib/python3.12/site-packages/oslo_concurrency/lockutils.py:419}}
Aug 19 17:28:11.314789 np0000007796 devstack@neutron-api.service[88015]: DEBUG neutron.plugins.ml2.drivers.ovn.mech_driver.mech_driver [None req-ee49d099-1b59-47ec-b086-f0ddfb74177e None None] Hash Ring setup using WSGI start time 2026-08-19 17:28:10+00:00 {{(pid=88015) _init_hash_ring /opt/stack/neutron/neutron/plugins/ml2/drivers/ovn/mech_driver/mech_driver.py:382}}
Aug 19 17:28:11.318683 np0000007796 devstack@neutron-api.service[88016]: DEBUG oslo_concurrency.processutils [None req-692d8d3f-5f58-4d67-bb19-8f9e7cfcd02d None None] CMD "ovsdb-client transact ssl:10.4.3.35:6641 --timeout 180 -p /opt/stack/data/CA/int-ca/private/devstack-cert.key -c /opt/stack/data/CA/int-ca/devstack-cert.crt -C /opt/stack/data/CA/int-ca/ca-chain.pem ["OVN_Northbound", {"op": "wait", "timeout": 0, "table": "Port_Group", "where": [["name", "==", "neutron_pg_drop"]], "until": "==", "rows": []}, {"op": "insert", "table": "ACL", "row": {"action": "drop", "direction": "to-lport", "match": "outport == @neutron_pg_drop && ip", "priority": 1000}, "uuid-name": "droptoport"}, {"op": "insert", "table": "ACL", "row": {"action": "drop", "direction": "from-lport", "match": "inport == @neutron_pg_drop && ip", "priority": 1000}, "uuid-name": "dropfromport"}, {"op": "insert", "table": "Port_Group", "row": {"name": "neutron_pg_drop", "acls": ["set", [["named-uuid", "droptoport"], ["named-uuid", "dropfromport"]]]}}]" returned: 0 in 0.029s {{(pid=88016) execute /opt/stack/data/venv/lib/python3.12/site-packages/oslo_concurrency/processutils.py:468}}
Aug 19 17:28:11.319260 np0000007796 devstack@neutron-api.service[88016]: DEBUG neutron_lib.callbacks.manager [None req-692d8d3f-5f58-4d67-bb19-8f9e7cfcd02d None None] Publish callbacks ['neutron.plugins.ml2.drivers.ovn.mech_driver.mech_driver.OVNMechanismDriver.post_fork_initialize-4111344', 'neutron.services.pvlan.drivers.ovn.driver._initialize_pvlan_pg_drop-8258007114966', 'neutron.services.ovn_l3.plugin.OVNL3RouterPlugin._post_fork_initialize-15953990'] for process (None), after_init {{(pid=88016) _notify_loop /opt/stack/data/venv/lib/python3.12/site-packages/neutron_lib/callbacks/manager.py:184}}
Aug 19 17:28:11.319756 np0000007796 devstack@neutron-api.service[88016]: DEBUG oslo_concurrency.lockutils [None req-692d8d3f-5f58-4d67-bb19-8f9e7cfcd02d None None] Acquiring lock "singleton_lock" {{(pid=88016) lock /opt/stack/data/venv/lib/python3.12/site-packages/oslo_concurrency/lockutils.py:396}}
Aug 19 17:28:11.319893 np0000007796 devstack@neutron-api.service[88016]: DEBUG oslo_concurrency.lockutils [None req-692d8d3f-5f58-4d67-bb19-8f9e7cfcd02d None None] Acquired lock "singleton_lock" {{(pid=88016) lock /opt/stack/data/venv/lib/python3.12/site-packages/oslo_concurrency/lockutils.py:399}}
Aug 19 17:28:11.320105 np0000007796 devstack@neutron-api.service[88015]: INFO neutron.db.ovn_hash_ring_db [None req-ee49d099-1b59-47ec-b086-f0ddfb74177e None None] Nodes from host "np0000007796" and group "mechanism_driver" removed from the Hash Ring created at 2026-08-19 17:28:10+00:00
Aug 19 17:28:11.320160 np0000007796 devstack@neutron-api.service[88016]: DEBUG oslo_concurrency.lockutils [None req-692d8d3f-5f58-4d67-bb19-8f9e7cfcd02d None None] Releasing lock "singleton_lock" {{(pid=88016) lock /opt/stack/data/venv/lib/python3.12/site-packages/oslo_concurrency/lockutils.py:419}}
Aug 19 17:28:11.322777 np0000007796 devstack@neutron-api.service[88016]: DEBUG neutron.plugins.ml2.drivers.ovn.mech_driver.mech_driver [None req-692d8d3f-5f58-4d67-bb19-8f9e7cfcd02d None None] Hash Ring setup using WSGI start time 2026-08-19 17:28:10+00:00 {{(pid=88016) _init_hash_ring /opt/stack/neutron/neutron/plugins/ml2/drivers/ovn/mech_driver/mech_driver.py:382}}
Aug 19 17:28:11.323128 np0000007796 devstack@neutron-api.service[88015]: INFO neutron.db.ovn_hash_ring_db [None req-ee49d099-1b59-47ec-b086-f0ddfb74177e None None] Node e9212f4850d75f46b69385c697255af4 from host "np0000007796" and group "mechanism_driver" added to the Hash Ring
Aug 19 17:28:11.327403 np0000007796 devstack@neutron-api.service[88015]: DEBUG neutron.plugins.ml2.drivers.ovn.mech_driver.mech_driver [None req-ee49d099-1b59-47ec-b086-f0ddfb74177e None None] Hash Ring setup, this worker has detected 2 OVN hash ring registers in the database {{(pid=88015) _init_hash_ring /opt/stack/neutron/neutron/plugins/ml2/drivers/ovn/mech_driver/mech_driver.py:392}}
Aug 19 17:28:11.330172 np0000007796 devstack@neutron-api.service[88016]: INFO neutron.db.ovn_hash_ring_db [None req-692d8d3f-5f58-4d67-bb19-8f9e7cfcd02d None None] Nodes from host "np0000007796" and group "mechanism_driver" removed from the Hash Ring created at 2026-08-19 17:28:10+00:00
Aug 19 17:28:11.331029 np0000007796 devstack@neutron-api.service[88015]: DEBUG neutron.plugins.ml2.drivers.ovn.mech_driver.ovsdb.maintenance [None req-ee49d099-1b59-47ec-b086-f0ddfb74177e None None] Periodic task found: HashRingHealthCheckPeriodics.touch_hash_ring_node {{(pid=88015) add_periodics /opt/stack/neutron/neutron/plugins/ml2/drivers/ovn/mech_driver/ovsdb/maintenance.py:148}}
Aug 19 17:28:11.331974 np0000007796 devstack@neutron-api.service[88015]: INFO neutron.plugins.ml2.drivers.ovn.mech_driver.mech_driver [None req-ee49d099-1b59-47ec-b086-f0ddfb74177e None None] Hash Ring probing thread for node e9212f4850d75f46b69385c697255af4 has started
Aug 19 17:28:11.332759 np0000007796 devstack@neutron-api.service[88015]: INFO neutron.plugins.ml2.drivers.ovn.mech_driver.ovsdb.impl_idl_ovn [None req-ee49d099-1b59-47ec-b086-f0ddfb74177e None None] Getting OvsdbNbOvnIdl for WorkerService with retry
Aug 19 17:28:11.333662 np0000007796 devstack@neutron-api.service[88016]: INFO neutron.db.ovn_hash_ring_db [None req-692d8d3f-5f58-4d67-bb19-8f9e7cfcd02d None None] Node d9e6d536b0925545adc2a1877eca6dae from host "np0000007796" and group "mechanism_driver" added to the Hash Ring
Aug 19 17:28:11.337910 np0000007796 devstack@neutron-api.service[88016]: DEBUG neutron.plugins.ml2.drivers.ovn.mech_driver.mech_driver [None req-692d8d3f-5f58-4d67-bb19-8f9e7cfcd02d None None] Hash Ring setup, this worker has detected 3 OVN hash ring registers in the database {{(pid=88016) _init_hash_ring /opt/stack/neutron/neutron/plugins/ml2/drivers/ovn/mech_driver/mech_driver.py:392}}
Aug 19 17:28:11.342909 np0000007796 devstack@neutron-api.service[88016]: DEBUG neutron.plugins.ml2.drivers.ovn.mech_driver.ovsdb.maintenance [None req-692d8d3f-5f58-4d67-bb19-8f9e7cfcd02d None None] Periodic task found: HashRingHealthCheckPeriodics.touch_hash_ring_node {{(pid=88016) add_periodics /opt/stack/neutron/neutron/plugins/ml2/drivers/ovn/mech_driver/ovsdb/maintenance.py:148}}
Aug 19 17:28:11.343951 np0000007796 devstack@neutron-api.service[88016]: INFO neutron.plugins.ml2.drivers.ovn.mech_driver.mech_driver [None req-692d8d3f-5f58-4d67-bb19-8f9e7cfcd02d None None] Hash Ring probing thread for node d9e6d536b0925545adc2a1877eca6dae has started
Aug 19 17:28:11.344605 np0000007796 devstack@neutron-api.service[88016]: INFO neutron.plugins.ml2.drivers.ovn.mech_driver.ovsdb.impl_idl_ovn [None req-692d8d3f-5f58-4d67-bb19-8f9e7cfcd02d None None] Getting OvsdbNbOvnIdl for WorkerService with retry
Aug 19 17:28:11.377445 np0000007796 devstack@neutron-api.service[88015]: DEBUG ovsdbapp.backend.ovs_idl [None req-ee49d099-1b59-47ec-b086-f0ddfb74177e None None] Created lookup_table index Logical_Switch.name {{(pid=88015) autocreate_indices /opt/stack/data/venv/lib/python3.12/site-packages/ovsdbapp/backend/ovs_idl/__init__.py:87}}
Aug 19 17:28:11.377587 np0000007796 devstack@neutron-api.service[88015]: DEBUG ovsdbapp.backend.ovs_idl [None req-ee49d099-1b59-47ec-b086-f0ddfb74177e None None] Created lookup_table index Logical_Router.name {{(pid=88015) autocreate_indices /opt/stack/data/venv/lib/python3.12/site-packages/ovsdbapp/backend/ovs_idl/__init__.py:87}}
Aug 19 17:28:11.377683 np0000007796 devstack@neutron-api.service[88015]: DEBUG ovsdbapp.backend.ovs_idl [None req-ee49d099-1b59-47ec-b086-f0ddfb74177e None None] Created lookup_table index Load_Balancer.name {{(pid=88015) autocreate_indices /opt/stack/data/venv/lib/python3.12/site-packages/ovsdbapp/backend/ovs_idl/__init__.py:87}}
Aug 19 17:28:11.377786 np0000007796 devstack@neutron-api.service[88015]: DEBUG ovsdbapp.backend.ovs_idl [None req-ee49d099-1b59-47ec-b086-f0ddfb74177e None None] Created schema index Copp.name {{(pid=88015) autocreate_indices /opt/stack/data/venv/lib/python3.12/site-packages/ovsdbapp/backend/ovs_idl/__init__.py:106}}
Aug 19 17:28:11.377869 np0000007796 devstack@neutron-api.service[88015]: DEBUG ovsdbapp.backend.ovs_idl [None req-ee49d099-1b59-47ec-b086-f0ddfb74177e None None] Created schema index Meter.name {{(pid=88015) autocreate_indices /opt/stack/data/venv/lib/python3.12/site-packages/ovsdbapp/backend/ovs_idl/__init__.py:106}}
Aug 19 17:28:11.377951 np0000007796 devstack@neutron-api.service[88015]: DEBUG ovsdbapp.backend.ovs_idl [None req-ee49d099-1b59-47ec-b086-f0ddfb74177e None None] Created schema index Load_Balancer_Group.name {{(pid=88015) autocreate_indices /opt/stack/data/venv/lib/python3.12/site-packages/ovsdbapp/backend/ovs_idl/__init__.py:106}}
Aug 19 17:28:11.378064 np0000007796 devstack@neutron-api.service[88015]: DEBUG ovsdbapp.backend.ovs_idl [None req-ee49d099-1b59-47ec-b086-f0ddfb74177e None None] Created schema index HA_Chassis_Group.name {{(pid=88015) autocreate_indices /opt/stack/data/venv/lib/python3.12/site-packages/ovsdbapp/backend/ovs_idl/__init__.py:106}}
Aug 19 17:28:11.378189 np0000007796 devstack@neutron-api.service[88015]: DEBUG ovsdbapp.backend.ovs_idl [None req-ee49d099-1b59-47ec-b086-f0ddfb74177e None None] Created schema index Address_Set.name {{(pid=88015) autocreate_indices /opt/stack/data/venv/lib/python3.12/site-packages/ovsdbapp/backend/ovs_idl/__init__.py:106}}
Aug 19 17:28:11.378342 np0000007796 devstack@neutron-api.service[88015]: DEBUG ovsdbapp.backend.ovs_idl [None req-ee49d099-1b59-47ec-b086-f0ddfb74177e None None] Created schema index Connection.target {{(pid=88015) autocreate_indices /opt/stack/data/venv/lib/python3.12/site-packages/ovsdbapp/backend/ovs_idl/__init__.py:106}}
Aug 19 17:28:11.378509 np0000007796 devstack@neutron-api.service[88015]: DEBUG ovsdbapp.backend.ovs_idl [None req-ee49d099-1b59-47ec-b086-f0ddfb74177e None None] Created schema index Gateway_Chassis.name {{(pid=88015) autocreate_indices /opt/stack/data/venv/lib/python3.12/site-packages/ovsdbapp/backend/ovs_idl/__init__.py:106}}
Aug 19 17:28:11.378628 np0000007796 devstack@neutron-api.service[88015]: DEBUG ovsdbapp.backend.ovs_idl [None req-ee49d099-1b59-47ec-b086-f0ddfb74177e None None] Created schema index Mirror.name {{(pid=88015) autocreate_indices /opt/stack/data/venv/lib/python3.12/site-packages/ovsdbapp/backend/ovs_idl/__init__.py:106}}
Aug 19 17:28:11.378758 np0000007796 devstack@neutron-api.service[88015]: DEBUG ovsdbapp.backend.ovs_idl [None req-ee49d099-1b59-47ec-b086-f0ddfb74177e None None] Created schema index Chassis_Template_Var.chassis {{(pid=88015) autocreate_indices /opt/stack/data/venv/lib/python3.12/site-packages/ovsdbapp/backend/ovs_idl/__init__.py:106}}
Aug 19 17:28:11.378854 np0000007796 devstack@neutron-api.service[88015]: DEBUG ovsdbapp.backend.ovs_idl [None req-ee49d099-1b59-47ec-b086-f0ddfb74177e None None] Created schema index Logical_Router_Port.name {{(pid=88015) autocreate_indices /opt/stack/data/venv/lib/python3.12/site-packages/ovsdbapp/backend/ovs_idl/__init__.py:106}}
Aug 19 17:28:11.378940 np0000007796 devstack@neutron-api.service[88015]: DEBUG ovsdbapp.backend.ovs_idl [None req-ee49d099-1b59-47ec-b086-f0ddfb74177e None None] Created schema index Port_Group.name {{(pid=88015) autocreate_indices /opt/stack/data/venv/lib/python3.12/site-packages/ovsdbapp/backend/ovs_idl/__init__.py:106}}
Aug 19 17:28:11.379018 np0000007796 devstack@neutron-api.service[88015]: DEBUG ovsdbapp.backend.ovs_idl [None req-ee49d099-1b59-47ec-b086-f0ddfb74177e None None] Created schema index Logical_Switch_Port.name {{(pid=88015) autocreate_indices /opt/stack/data/venv/lib/python3.12/site-packages/ovsdbapp/backend/ovs_idl/__init__.py:106}}
Aug 19 17:28:11.381179 np0000007796 devstack@neutron-api.service[88015]: INFO ovsdbapp.backend.ovs_idl.vlog [None req-ee49d099-1b59-47ec-b086-f0ddfb74177e None None] ssl:10.4.3.35:6641: connecting...
Aug 19 17:28:11.386353 np0000007796 devstack@neutron-api.service[88015]: INFO ovsdbapp.backend.ovs_idl.vlog [None req-ee49d099-1b59-47ec-b086-f0ddfb74177e None None] ssl:10.4.3.35:6641: connected
Aug 19 17:28:11.391430 np0000007796 devstack@neutron-api.service[88016]: DEBUG ovsdbapp.backend.ovs_idl [None req-692d8d3f-5f58-4d67-bb19-8f9e7cfcd02d None None] Created lookup_table index Logical_Switch.name {{(pid=88016) autocreate_indices /opt/stack/data/venv/lib/python3.12/site-packages/ovsdbapp/backend/ovs_idl/__init__.py:87}}
Aug 19 17:28:11.391600 np0000007796 devstack@neutron-api.service[88016]: DEBUG ovsdbapp.backend.ovs_idl [None req-692d8d3f-5f58-4d67-bb19-8f9e7cfcd02d None None] Created lookup_table index Logical_Router.name {{(pid=88016) autocreate_indices /opt/stack/data/venv/lib/python3.12/site-packages/ovsdbapp/backend/ovs_idl/__init__.py:87}}
Aug 19 17:28:11.391723 np0000007796 devstack@neutron-api.service[88016]: DEBUG ovsdbapp.backend.ovs_idl [None req-692d8d3f-5f58-4d67-bb19-8f9e7cfcd02d None None] Created lookup_table index Load_Balancer.name {{(pid=88016) autocreate_indices /opt/stack/data/venv/lib/python3.12/site-packages/ovsdbapp/backend/ovs_idl/__init__.py:87}}
Aug 19 17:28:11.391855 np0000007796 devstack@neutron-api.service[88016]: DEBUG ovsdbapp.backend.ovs_idl [None req-692d8d3f-5f58-4d67-bb19-8f9e7cfcd02d None None] Created schema index Copp.name {{(pid=88016) autocreate_indices /opt/stack/data/venv/lib/python3.12/site-packages/ovsdbapp/backend/ovs_idl/__init__.py:106}}
Aug 19 17:28:11.392862 np0000007796 devstack@neutron-api.service[88016]: DEBUG ovsdbapp.backend.ovs_idl [None req-692d8d3f-5f58-4d67-bb19-8f9e7cfcd02d None None] Created schema index Meter.name {{(pid=88016) autocreate_indices /opt/stack/data/venv/lib/python3.12/site-packages/ovsdbapp/backend/ovs_idl/__init__.py:106}}
Aug 19 17:28:11.392862 np0000007796 devstack@neutron-api.service[88016]: DEBUG ovsdbapp.backend.ovs_idl [None req-692d8d3f-5f58-4d67-bb19-8f9e7cfcd02d None None] Created schema index Load_Balancer_Group.name {{(pid=88016) autocreate_indices /opt/stack/data/venv/lib/python3.12/site-packages/ovsdbapp/backend/ovs_idl/__init__.py:106}}
Aug 19 17:28:11.392862 np0000007796 devstack@neutron-api.service[88016]: DEBUG ovsdbapp.backend.ovs_idl [None req-692d8d3f-5f58-4d67-bb19-8f9e7cfcd02d None None] Created schema index HA_Chassis_Group.name {{(pid=88016) autocreate_indices /opt/stack/data/venv/lib/python3.12/site-packages/ovsdbapp/backend/ovs_idl/__init__.py:106}}
Aug 19 17:28:11.392862 np0000007796 devstack@neutron-api.service[88016]: DEBUG ovsdbapp.backend.ovs_idl [None req-692d8d3f-5f58-4d67-bb19-8f9e7cfcd02d None None] Created schema index Address_Set.name {{(pid=88016) autocreate_indices /opt/stack/data/venv/lib/python3.12/site-packages/ovsdbapp/backend/ovs_idl/__init__.py:106}}
Aug 19 17:28:11.392862 np0000007796 devstack@neutron-api.service[88016]: DEBUG ovsdbapp.backend.ovs_idl [None req-692d8d3f-5f58-4d67-bb19-8f9e7cfcd02d None None] Created schema index Connection.target {{(pid=88016) autocreate_indices /opt/stack/data/venv/lib/python3.12/site-packages/ovsdbapp/backend/ovs_idl/__init__.py:106}}
Aug 19 17:28:11.392862 np0000007796 devstack@neutron-api.service[88016]: DEBUG ovsdbapp.backend.ovs_idl [None req-692d8d3f-5f58-4d67-bb19-8f9e7cfcd02d None None] Created schema index Gateway_Chassis.name {{(pid=88016) autocreate_indices /opt/stack/data/venv/lib/python3.12/site-packages/ovsdbapp/backend/ovs_idl/__init__.py:106}}
Aug 19 17:28:11.393005 np0000007796 devstack@neutron-api.service[88016]: DEBUG ovsdbapp.backend.ovs_idl [None req-692d8d3f-5f58-4d67-bb19-8f9e7cfcd02d None None] Created schema index Mirror.name {{(pid=88016) autocreate_indices /opt/stack/data/venv/lib/python3.12/site-packages/ovsdbapp/backend/ovs_idl/__init__.py:106}}
Aug 19 17:28:11.393005 np0000007796 devstack@neutron-api.service[88016]: DEBUG ovsdbapp.backend.ovs_idl [None req-692d8d3f-5f58-4d67-bb19-8f9e7cfcd02d None None] Created schema index Chassis_Template_Var.chassis {{(pid=88016) autocreate_indices /opt/stack/data/venv/lib/python3.12/site-packages/ovsdbapp/backend/ovs_idl/__init__.py:106}}
Aug 19 17:28:11.393005 np0000007796 devstack@neutron-api.service[88016]: DEBUG ovsdbapp.backend.ovs_idl [None req-692d8d3f-5f58-4d67-bb19-8f9e7cfcd02d None None] Created schema index Logical_Router_Port.name {{(pid=88016) autocreate_indices /opt/stack/data/venv/lib/python3.12/site-packages/ovsdbapp/backend/ovs_idl/__init__.py:106}}
Aug 19 17:28:11.393005 np0000007796 devstack@neutron-api.service[88016]: DEBUG ovsdbapp.backend.ovs_idl [None req-692d8d3f-5f58-4d67-bb19-8f9e7cfcd02d None None] Created schema index Port_Group.name {{(pid=88016) autocreate_indices /opt/stack/data/venv/lib/python3.12/site-packages/ovsdbapp/backend/ovs_idl/__init__.py:106}}
Aug 19 17:28:11.393090 np0000007796 devstack@neutron-api.service[88016]: DEBUG ovsdbapp.backend.ovs_idl [None req-692d8d3f-5f58-4d67-bb19-8f9e7cfcd02d None None] Created schema index Logical_Switch_Port.name {{(pid=88016) autocreate_indices /opt/stack/data/venv/lib/python3.12/site-packages/ovsdbapp/backend/ovs_idl/__init__.py:106}}
Aug 19 17:28:11.396023 np0000007796 devstack@neutron-api.service[88016]: INFO ovsdbapp.backend.ovs_idl.vlog [None req-692d8d3f-5f58-4d67-bb19-8f9e7cfcd02d None None] ssl:10.4.3.35:6641: connecting...
Aug 19 17:28:11.400374 np0000007796 devstack@neutron-api.service[88016]: INFO ovsdbapp.backend.ovs_idl.vlog [None req-692d8d3f-5f58-4d67-bb19-8f9e7cfcd02d None None] ssl:10.4.3.35:6641: connected
Aug 19 17:28:11.414796 np0000007796 devstack@neutron-api.service[88015]: DEBUG neutron.common.ovn.hash_ring_manager [None req-ee49d099-1b59-47ec-b086-f0ddfb74177e None None] Allow caching, nodes 3>=3 {{(pid=88015) _wait_startup_before_caching /opt/stack/neutron/neutron/common/ovn/hash_ring_manager.py:71}}
Aug 19 17:28:11.420304 np0000007796 devstack@neutron-api.service[88015]: DEBUG neutron.common.ovn.hash_ring_manager [None req-ee49d099-1b59-47ec-b086-f0ddfb74177e None None] Hash Ring loaded. 3 active nodes. 0 offline nodes {{(pid=88015) _load_hash_ring /opt/stack/neutron/neutron/common/ovn/hash_ring_manager.py:110}}
Aug 19 17:28:11.420538 np0000007796 devstack@neutron-api.service[88015]: DEBUG neutron.plugins.ml2.drivers.ovn.mech_driver.ovsdb.ovsdb_monitor [None req-ee49d099-1b59-47ec-b086-f0ddfb74177e None None] Hash Ring: Node e9212f4850d75f46b69385c697255af4 (host: np0000007796) handling event "create" for row 02041b56-0718-4e35-8811-d3390dc8f0ac (table: ACL) {{(pid=88015) notify /opt/stack/neutron/neutron/plugins/ml2/drivers/ovn/mech_driver/ovsdb/ovsdb_monitor.py:1099}}
Aug 19 17:28:11.420867 np0000007796 devstack@neutron-api.service[88015]: DEBUG neutron.plugins.ml2.drivers.ovn.mech_driver.ovsdb.ovsdb_monitor [None req-ee49d099-1b59-47ec-b086-f0ddfb74177e None None] Hash Ring: Node e9212f4850d75f46b69385c697255af4 (host: np0000007796) handling event "create" for row 3bcb3cf8-8910-4af6-88aa-ece6d0b26fbb (table: ACL) {{(pid=88015) notify /opt/stack/neutron/neutron/plugins/ml2/drivers/ovn/mech_driver/ovsdb/ovsdb_monitor.py:1099}}
Aug 19 17:28:11.423749 np0000007796 devstack@neutron-api.service[88015]: INFO neutron.plugins.ml2.drivers.ovn.mech_driver.ovsdb.impl_idl_ovn [None req-ee49d099-1b59-47ec-b086-f0ddfb74177e None None] Getting OvsdbSbOvnIdl for WorkerService with retry
Aug 19 17:28:11.426952 np0000007796 devstack@neutron-api.service[88016]: DEBUG neutron.common.ovn.hash_ring_manager [None req-692d8d3f-5f58-4d67-bb19-8f9e7cfcd02d None None] Allow caching, nodes 3>=3 {{(pid=88016) _wait_startup_before_caching /opt/stack/neutron/neutron/common/ovn/hash_ring_manager.py:71}}
Aug 19 17:28:11.433300 np0000007796 devstack@neutron-api.service[88016]: DEBUG neutron.common.ovn.hash_ring_manager [None req-692d8d3f-5f58-4d67-bb19-8f9e7cfcd02d None None] Hash Ring loaded. 3 active nodes. 0 offline nodes {{(pid=88016) _load_hash_ring /opt/stack/neutron/neutron/common/ovn/hash_ring_manager.py:110}}
Aug 19 17:28:11.433552 np0000007796 devstack@neutron-api.service[88016]: DEBUG neutron.plugins.ml2.drivers.ovn.mech_driver.ovsdb.ovsdb_monitor [None req-692d8d3f-5f58-4d67-bb19-8f9e7cfcd02d None None] Hash Ring: Node d9e6d536b0925545adc2a1877eca6dae (host: np0000007796) handling event "create" for row 14a60d54-cdd0-44cf-95d4-a06c564028b2 (table: ACL) {{(pid=88016) notify /opt/stack/neutron/neutron/plugins/ml2/drivers/ovn/mech_driver/ovsdb/ovsdb_monitor.py:1099}}
Aug 19 17:28:11.433743 np0000007796 devstack@neutron-api.service[88016]: DEBUG neutron.plugins.ml2.drivers.ovn.mech_driver.ovsdb.ovsdb_monitor [None req-692d8d3f-5f58-4d67-bb19-8f9e7cfcd02d None None] Hash Ring: Node d9e6d536b0925545adc2a1877eca6dae (host: np0000007796) handling event "create" for row 22958103-6baa-44ca-9f78-1618e478e8c0 (table: ACL) {{(pid=88016) notify /opt/stack/neutron/neutron/plugins/ml2/drivers/ovn/mech_driver/ovsdb/ovsdb_monitor.py:1099}}
Aug 19 17:28:11.433926 np0000007796 devstack@neutron-api.service[88016]: DEBUG neutron.plugins.ml2.drivers.ovn.mech_driver.ovsdb.ovsdb_monitor [None req-692d8d3f-5f58-4d67-bb19-8f9e7cfcd02d None None] Hash Ring: Node d9e6d536b0925545adc2a1877eca6dae (host: np0000007796) handling event "create" for row 342353ef-5808-4ba6-8bde-99d1421c1361 (table: NB_Global) {{(pid=88016) notify /opt/stack/neutron/neutron/plugins/ml2/drivers/ovn/mech_driver/ovsdb/ovsdb_monitor.py:1099}}
Aug 19 17:28:11.434078 np0000007796 devstack@neutron-api.service[88016]: DEBUG neutron.plugins.ml2.drivers.ovn.mech_driver.ovsdb.ovsdb_monitor [None req-692d8d3f-5f58-4d67-bb19-8f9e7cfcd02d None None] Hash Ring: Node d9e6d536b0925545adc2a1877eca6dae (host: np0000007796) handling event "create" for row 56e217c8-83a8-4bf9-8dda-9c23f9a05f6f (table: Port_Group) {{(pid=88016) notify /opt/stack/neutron/neutron/plugins/ml2/drivers/ovn/mech_driver/ovsdb/ovsdb_monitor.py:1099}}
