Jul 04 22:35:26.730157 np0000004535 devstack@g-api.service[99471]: DEBUG glance.sqlite_migration [-] SQLite caching database not located, skipping migration {{(pid=99471) get_db_path /opt/stack/glance/glance/sqlite_migration.py:68}}
Jul 04 22:35:26.730187 np0000004535 devstack@g-api.service[99470]: DEBUG glance_store.backend [-] Registering store http with schemes ('http', 'https') {{(pid=99470) create_stores /opt/stack/data/venv/lib/python3.12/site-packages/glance_store/backend.py:261}}
Jul 04 22:35:26.730228 np0000004535 devstack@g-api.service[99470]: DEBUG glance_store.driver [-] Late loading location class glance_store._drivers.http.StoreLocation {{(pid=99470) get_store_location_class /opt/stack/data/venv/lib/python3.12/site-packages/glance_store/driver.py:134}}
Jul 04 22:35:26.730315 np0000004535 devstack@g-api.service[99471]: WARNING glance.common.wsgi_app [-] Import methods are enabled but staging directory /tmp/staging/ does not exist; Imports will fail!
Jul 04 22:35:26.730347 np0000004535 devstack@g-api.service[99470]: DEBUG glance_store.location [-] Registering scheme http with {'store': , 'location_class': , 'store_entry': 'http'} {{(pid=99470) register_scheme_map /opt/stack/data/venv/lib/python3.12/site-packages/glance_store/location.py:146}}
Jul 04 22:35:26.730415 np0000004535 devstack@g-api.service[99470]: DEBUG glance_store.location [-] Registering scheme https with {'store': , 'location_class': , 'store_entry': 'http'} {{(pid=99470) register_scheme_map /opt/stack/data/venv/lib/python3.12/site-packages/glance_store/location.py:146}}
Jul 04 22:35:26.730504 np0000004535 devstack@g-api.service[99470]: DEBUG glance_store.backend [-] Attempting to import store file {{(pid=99470) _load_store /opt/stack/data/venv/lib/python3.12/site-packages/glance_store/backend.py:215}}
Jul 04 22:35:26.731156 np0000004535 devstack@g-api.service[99470]: DEBUG glance_store.capabilities [-] Store glance_store._drivers.filesystem.Store doesn't support updating dynamic storage capabilities. Please overwrite 'update_capabilities' method of the store to implement updating logics if needed. {{(pid=99470) update_capabilities /opt/stack/data/venv/lib/python3.12/site-packages/glance_store/capabilities.py:91}}
Jul 04 22:35:26.731240 np0000004535 devstack@g-api.service[99470]: DEBUG glance_store.backend [-] Registering store file with schemes ('file', 'filesystem') {{(pid=99470) create_stores /opt/stack/data/venv/lib/python3.12/site-packages/glance_store/backend.py:261}}
Jul 04 22:35:26.731334 np0000004535 devstack@g-api.service[99470]: DEBUG glance_store.driver [-] Late loading location class glance_store._drivers.filesystem.StoreLocation {{(pid=99470) get_store_location_class /opt/stack/data/venv/lib/python3.12/site-packages/glance_store/driver.py:134}}
Jul 04 22:35:26.731428 np0000004535 devstack@g-api.service[99470]: DEBUG glance_store.location [-] Registering scheme file with {'store': , 'location_class': , 'store_entry': 'file'} {{(pid=99470) register_scheme_map /opt/stack/data/venv/lib/python3.12/site-packages/glance_store/location.py:146}}
Jul 04 22:35:26.731511 np0000004535 devstack@g-api.service[99470]: DEBUG glance_store.location [-] Registering scheme filesystem with {'store': , 'location_class': , 'store_entry': 'file'} {{(pid=99470) register_scheme_map /opt/stack/data/venv/lib/python3.12/site-packages/glance_store/location.py:146}}
Jul 04 22:35:26.731669 np0000004535 devstack@g-api.service[99470]: DEBUG glance_store.backend [-] Attempting to import store swift {{(pid=99470) _load_store /opt/stack/data/venv/lib/python3.12/site-packages/glance_store/backend.py:215}}
Jul 04 22:35:26.733310 np0000004535 devstack@g-api.service[99470]: DEBUG glance_store.capabilities [-] Store glance_store._drivers.swift.store.SingleTenantStore doesn't support updating dynamic storage capabilities. Please overwrite 'update_capabilities' method of the store to implement updating logics if needed. {{(pid=99470) update_capabilities /opt/stack/data/venv/lib/python3.12/site-packages/glance_store/capabilities.py:91}}
Jul 04 22:35:26.733399 np0000004535 devstack@g-api.service[99470]: DEBUG glance_store.driver [-] Late loading location class glance_store._drivers.swift.store.StoreLocation {{(pid=99470) get_store_location_class /opt/stack/data/venv/lib/python3.12/site-packages/glance_store/driver.py:134}}
Jul 04 22:35:26.733497 np0000004535 devstack@g-api.service[99470]: DEBUG glance_store.location [-] Registering scheme swift+https with {'store': , 'location_class': , 'store_entry': 'swift'} {{(pid=99470) register_scheme_map /opt/stack/data/venv/lib/python3.12/site-packages/glance_store/location.py:146}}
Jul 04 22:35:26.733587 np0000004535 devstack@g-api.service[99470]: DEBUG glance_store.location [-] Registering scheme swift+https with {'store': , 'location_class': , 'store_entry': 'swift'} {{(pid=99470) register_scheme_map /opt/stack/data/venv/lib/python3.12/site-packages/glance_store/location.py:146}}
Jul 04 22:35:26.733665 np0000004535 devstack@g-api.service[99470]: DEBUG glance_store.location [-] Registering scheme swift with {'store': , 'location_class': , 'store_entry': 'swift'} {{(pid=99470) register_scheme_map /opt/stack/data/venv/lib/python3.12/site-packages/glance_store/location.py:146}}
Jul 04 22:35:26.733747 np0000004535 devstack@g-api.service[99470]: DEBUG glance_store.location [-] Registering scheme swift+https with {'store': , 'location_class': , 'store_entry': 'swift'} {{(pid=99470) register_scheme_map /opt/stack/data/venv/lib/python3.12/site-packages/glance_store/location.py:146}}
Jul 04 22:35:26.733827 np0000004535 devstack@g-api.service[99470]: DEBUG glance_store.location [-] Registering scheme swift with {'store': , 'location_class': , 'store_entry': 'swift'} {{(pid=99470) register_scheme_map /opt/stack/data/venv/lib/python3.12/site-packages/glance_store/location.py:146}}
Jul 04 22:35:26.733910 np0000004535 devstack@g-api.service[99470]: DEBUG glance_store.location [-] Registering scheme swift+http with {'store': , 'location_class': , 'store_entry': 'swift'} {{(pid=99470) register_scheme_map /opt/stack/data/venv/lib/python3.12/site-packages/glance_store/location.py:146}}
Jul 04 22:35:26.734020 np0000004535 devstack@g-api.service[99470]: DEBUG glance_store.location [-] Registering scheme swift+https with {'store': , 'location_class': , 'store_entry': 'swift'} {{(pid=99470) register_scheme_map /opt/stack/data/venv/lib/python3.12/site-packages/glance_store/location.py:146}}
Jul 04 22:35:26.734104 np0000004535 devstack@g-api.service[99470]: DEBUG glance_store.location [-] Registering scheme swift with {'store': , 'location_class': , 'store_entry': 'swift'} {{(pid=99470) register_scheme_map /opt/stack/data/venv/lib/python3.12/site-packages/glance_store/location.py:146}}
Jul 04 22:35:26.734195 np0000004535 devstack@g-api.service[99470]: DEBUG glance_store.location [-] Registering scheme swift+http with {'store': , 'location_class': , 'store_entry': 'swift'} {{(pid=99470) register_scheme_map /opt/stack/data/venv/lib/python3.12/site-packages/glance_store/location.py:146}}
Jul 04 22:35:26.734271 np0000004535 devstack@g-api.service[99470]: DEBUG glance_store.location [-] Registering scheme swift+config with {'store': , 'location_class': , 'store_entry': 'swift'} {{(pid=99470) register_scheme_map /opt/stack/data/venv/lib/python3.12/site-packages/glance_store/location.py:146}}
Jul 04 22:35:26.734673 np0000004535 devstack@g-api.service[99470]: DEBUG glance.sqlite_migration [-] SQLite caching database not located, skipping migration {{(pid=99470) get_db_path /opt/stack/glance/glance/sqlite_migration.py:68}}
Jul 04 22:35:26.734971 np0000004535 devstack@g-api.service[99470]: WARNING glance.common.wsgi_app [-] Import methods are enabled but staging directory /tmp/staging/ does not exist; Imports will fail!
Jul 04 22:35:26.861369 np0000004535 devstack@g-api.service[99471]: DEBUG glance.common.config [None req-b8df2ddf-7519-4e6a-9f09-98b21bb511bf None None] Loading glance-api-keystone+cachemanagement from /etc/glance/glance-api-paste.ini {{(pid=99471) load_paste_app /opt/stack/glance/glance/common/config.py:765}}
Jul 04 22:35:26.870901 np0000004535 devstack@g-api.service[99472]: DEBUG glance.common.config [None req-c1abe58b-cd90-4f5b-a5c5-dc29fb38ca4d None None] Loading glance-api-keystone+cachemanagement from /etc/glance/glance-api-paste.ini {{(pid=99472) load_paste_app /opt/stack/glance/glance/common/config.py:765}}
Jul 04 22:35:26.883498 np0000004535 devstack@g-api.service[99470]: DEBUG glance.common.config [None req-588d912c-5f45-4962-bc39-d52891311eae None None] Loading glance-api-keystone+cachemanagement from /etc/glance/glance-api-paste.ini {{(pid=99470) load_paste_app /opt/stack/glance/glance/common/config.py:765}}
Jul 04 22:35:27.473095 np0000004535 devstack@g-api.service[99471]: INFO glance.image_cache [None req-b8df2ddf-7519-4e6a-9f09-98b21bb511bf None None] Image cache loaded driver 'centralized_db'.
Jul 04 22:35:27.476924 np0000004535 devstack@g-api.service[99470]: INFO glance.image_cache [None req-588d912c-5f45-4962-bc39-d52891311eae None None] Image cache loaded driver 'centralized_db'.
Jul 04 22:35:27.490607 np0000004535 devstack@g-api.service[99472]: INFO glance.image_cache [None req-c1abe58b-cd90-4f5b-a5c5-dc29fb38ca4d None None] Image cache loaded driver 'centralized_db'.
Jul 04 22:35:27.517475 np0000004535 devstack@g-api.service[99471]: INFO dbcounter [None req-b8df2ddf-7519-4e6a-9f09-98b21bb511bf None None] Registered counter for database glance
Jul 04 22:35:27.535723 np0000004535 devstack@g-api.service[99472]: INFO dbcounter [None req-c1abe58b-cd90-4f5b-a5c5-dc29fb38ca4d None None] Registered counter for database glance
Jul 04 22:35:27.554669 np0000004535 devstack@g-api.service[99470]: INFO dbcounter [None req-588d912c-5f45-4962-bc39-d52891311eae None None] Registered counter for database glance
Jul 04 22:35:27.558675 np0000004535 devstack@g-api.service[99471]: DEBUG oslo_db.sqlalchemy.engines [None req-b8df2ddf-7519-4e6a-9f09-98b21bb511bf None None] MySQL server mode set to STRICT_TRANS_TABLES,STRICT_ALL_TABLES,NO_ZERO_IN_DATE,NO_ZERO_DATE,ERROR_FOR_DIVISION_BY_ZERO,TRADITIONAL,NO_ENGINE_SUBSTITUTION {{(pid=99471) _check_effective_sql_mode /opt/stack/data/venv/lib/python3.12/site-packages/oslo_db/sqlalchemy/engines.py:325}}
Jul 04 22:35:27.580104 np0000004535 devstack@g-api.service[99472]: DEBUG oslo_db.sqlalchemy.engines [None req-c1abe58b-cd90-4f5b-a5c5-dc29fb38ca4d None None] MySQL server mode set to STRICT_TRANS_TABLES,STRICT_ALL_TABLES,NO_ZERO_IN_DATE,NO_ZERO_DATE,ERROR_FOR_DIVISION_BY_ZERO,TRADITIONAL,NO_ENGINE_SUBSTITUTION {{(pid=99472) _check_effective_sql_mode /opt/stack/data/venv/lib/python3.12/site-packages/oslo_db/sqlalchemy/engines.py:325}}
Jul 04 22:35:27.581831 np0000004535 devstack@g-api.service[99471]: DEBUG dbcounter [-] [99471] Writer thread running {{(pid=99471) stat_writer /opt/stack/data/venv/lib/python3.12/site-packages/dbcounter.py:102}}
Jul 04 22:35:27.598511 np0000004535 devstack@g-api.service[99471]: INFO glance.image_cache [None req-b8df2ddf-7519-4e6a-9f09-98b21bb511bf None None] Image cache loaded driver 'centralized_db'.
Jul 04 22:35:27.600193 np0000004535 devstack@g-api.service[99470]: DEBUG oslo_db.sqlalchemy.engines [None req-588d912c-5f45-4962-bc39-d52891311eae None None] MySQL server mode set to STRICT_TRANS_TABLES,STRICT_ALL_TABLES,NO_ZERO_IN_DATE,NO_ZERO_DATE,ERROR_FOR_DIVISION_BY_ZERO,TRADITIONAL,NO_ENGINE_SUBSTITUTION {{(pid=99470) _check_effective_sql_mode /opt/stack/data/venv/lib/python3.12/site-packages/oslo_db/sqlalchemy/engines.py:325}}
Jul 04 22:35:27.605900 np0000004535 devstack@g-api.service[99472]: DEBUG dbcounter [-] [99472] Writer thread running {{(pid=99472) stat_writer /opt/stack/data/venv/lib/python3.12/site-packages/dbcounter.py:102}}
Jul 04 22:35:27.605900 np0000004535 devstack@g-api.service[99472]: DEBUG glance.image_cache.drivers.centralized_db [None req-c1abe58b-cd90-4f5b-a5c5-dc29fb38ca4d None None] Node reference is already recorded, ignoring it {{(pid=99472) configure /opt/stack/glance/glance/image_cache/drivers/centralized_db.py:71}}
Jul 04 22:35:27.618614 np0000004535 devstack@g-api.service[99472]: INFO glance.image_cache [None req-c1abe58b-cd90-4f5b-a5c5-dc29fb38ca4d None None] Image cache loaded driver 'centralized_db'.
Jul 04 22:35:27.622580 np0000004535 devstack@g-api.service[99470]: DEBUG dbcounter [-] [99470] Writer thread running {{(pid=99470) stat_writer /opt/stack/data/venv/lib/python3.12/site-packages/dbcounter.py:102}}
Jul 04 22:35:27.622580 np0000004535 devstack@g-api.service[99470]: DEBUG glance.image_cache.drivers.centralized_db [None req-588d912c-5f45-4962-bc39-d52891311eae None None] Node reference is already recorded, ignoring it {{(pid=99470) configure /opt/stack/glance/glance/image_cache/drivers/centralized_db.py:71}}
Jul 04 22:35:27.630675 np0000004535 devstack@g-api.service[99470]: INFO glance.image_cache [None req-588d912c-5f45-4962-bc39-d52891311eae None None] Image cache loaded driver 'centralized_db'.
Jul 04 22:35:27.711374 np0000004535 devstack@g-api.service[99471]: DEBUG glance.image_cache.drivers.centralized_db [None req-b8df2ddf-7519-4e6a-9f09-98b21bb511bf None None] Node reference is already recorded, ignoring it {{(pid=99471) configure /opt/stack/glance/glance/image_cache/drivers/centralized_db.py:71}}
Jul 04 22:35:27.715998 np0000004535 devstack@g-api.service[99471]: DEBUG glance.api.v2.cached_images [None req-b8df2ddf-7519-4e6a-9f09-98b21bb511bf None None] Started cache worker thread {{(pid=99471) __init__ /opt/stack/glance/glance/api/v2/cached_images.py:71}}
Jul 04 22:35:27.715998 np0000004535 devstack@g-api.service[99471]: INFO glance.image_cache [None req-b8df2ddf-7519-4e6a-9f09-98b21bb511bf None None] Image cache loaded driver 'centralized_db'.
Jul 04 22:35:27.726414 np0000004535 devstack@g-api.service[99472]: DEBUG glance.image_cache.drivers.centralized_db [None req-c1abe58b-cd90-4f5b-a5c5-dc29fb38ca4d None None] Node reference is already recorded, ignoring it {{(pid=99472) configure /opt/stack/glance/glance/image_cache/drivers/centralized_db.py:71}}
Jul 04 22:35:27.728620 np0000004535 devstack@g-api.service[99471]: DEBUG glance.image_cache.drivers.centralized_db [None req-b8df2ddf-7519-4e6a-9f09-98b21bb511bf None None] Node reference is already recorded, ignoring it {{(pid=99471) configure /opt/stack/glance/glance/image_cache/drivers/centralized_db.py:71}}
Jul 04 22:35:27.732542 np0000004535 devstack@g-api.service[99472]: DEBUG glance.api.v2.cached_images [None req-c1abe58b-cd90-4f5b-a5c5-dc29fb38ca4d None None] Started cache worker thread {{(pid=99472) __init__ /opt/stack/glance/glance/api/v2/cached_images.py:71}}
Jul 04 22:35:27.732542 np0000004535 devstack@g-api.service[99472]: INFO glance.image_cache [None req-c1abe58b-cd90-4f5b-a5c5-dc29fb38ca4d None None] Image cache loaded driver 'centralized_db'.
Jul 04 22:35:27.734888 np0000004535 devstack@g-api.service[99471]: INFO glance.api.middleware.cache_manage [None req-b8df2ddf-7519-4e6a-9f09-98b21bb511bf None None] Initialized image cache management middleware
Jul 04 22:35:27.734888 np0000004535 devstack@g-api.service[99471]: INFO glance.image_cache [None req-b8df2ddf-7519-4e6a-9f09-98b21bb511bf None None] Image cache loaded driver 'centralized_db'.
Jul 04 22:35:27.739247 np0000004535 devstack@g-api.service[99472]: DEBUG glance.image_cache.drivers.centralized_db [None req-c1abe58b-cd90-4f5b-a5c5-dc29fb38ca4d None None] Node reference is already recorded, ignoring it {{(pid=99472) configure /opt/stack/glance/glance/image_cache/drivers/centralized_db.py:71}}
Jul 04 22:35:27.741417 np0000004535 devstack@g-api.service[99471]: DEBUG glance.image_cache.drivers.centralized_db [None req-b8df2ddf-7519-4e6a-9f09-98b21bb511bf None None] Node reference is already recorded, ignoring it {{(pid=99471) configure /opt/stack/glance/glance/image_cache/drivers/centralized_db.py:71}}
Jul 04 22:35:27.743356 np0000004535 devstack@g-api.service[99470]: DEBUG glance.image_cache.drivers.centralized_db [None req-588d912c-5f45-4962-bc39-d52891311eae None None] Node reference is already recorded, ignoring it {{(pid=99470) configure /opt/stack/glance/glance/image_cache/drivers/centralized_db.py:71}}
Jul 04 22:35:27.745790 np0000004535 devstack@g-api.service[99471]: INFO glance.api.middleware.cache [None req-b8df2ddf-7519-4e6a-9f09-98b21bb511bf None None] Initialized image cache middleware
Jul 04 22:35:27.747418 np0000004535 devstack@g-api.service[99472]: INFO glance.api.middleware.cache_manage [None req-c1abe58b-cd90-4f5b-a5c5-dc29fb38ca4d None None] Initialized image cache management middleware
Jul 04 22:35:27.747418 np0000004535 devstack@g-api.service[99472]: INFO glance.image_cache [None req-c1abe58b-cd90-4f5b-a5c5-dc29fb38ca4d None None] Image cache loaded driver 'centralized_db'.
Jul 04 22:35:27.748378 np0000004535 devstack@g-api.service[99470]: DEBUG glance.api.v2.cached_images [None req-588d912c-5f45-4962-bc39-d52891311eae None None] Started cache worker thread {{(pid=99470) __init__ /opt/stack/glance/glance/api/v2/cached_images.py:71}}
Jul 04 22:35:27.748378 np0000004535 devstack@g-api.service[99470]: INFO glance.image_cache [None req-588d912c-5f45-4962-bc39-d52891311eae None None] Image cache loaded driver 'centralized_db'.
Jul 04 22:35:27.749234 np0000004535 devstack@g-api.service[99472]: DEBUG glance.image_cache.drivers.centralized_db [None req-c1abe58b-cd90-4f5b-a5c5-dc29fb38ca4d None None] Node reference is already recorded, ignoring it {{(pid=99472) configure /opt/stack/glance/glance/image_cache/drivers/centralized_db.py:71}}
Jul 04 22:35:27.752520 np0000004535 devstack@g-api.service[99470]: DEBUG glance.image_cache.drivers.centralized_db [None req-588d912c-5f45-4962-bc39-d52891311eae None None] Node reference is already recorded, ignoring it {{(pid=99470) configure /opt/stack/glance/glance/image_cache/drivers/centralized_db.py:71}}
Jul 04 22:35:27.753827 np0000004535 devstack@g-api.service[99472]: INFO glance.api.middleware.cache [None req-c1abe58b-cd90-4f5b-a5c5-dc29fb38ca4d None None] Initialized image cache middleware
Jul 04 22:35:27.754789 np0000004535 devstack@g-api.service[99471]: DEBUG glance.common.config [None req-b8df2ddf-7519-4e6a-9f09-98b21bb511bf None None] ******************************************************************************** {{(pid=99471) log_opt_values /opt/stack/data/venv/lib/python3.12/site-packages/oslo_config/cfg.py:3226}}
Jul 04 22:35:27.754789 np0000004535 devstack@g-api.service[99471]: DEBUG glance.common.config [None req-b8df2ddf-7519-4e6a-9f09-98b21bb511bf None None] Configuration options gathered from: {{(pid=99471) log_opt_values /opt/stack/data/venv/lib/python3.12/site-packages/oslo_config/cfg.py:3227}}
Jul 04 22:35:27.754789 np0000004535 devstack@g-api.service[99471]: DEBUG glance.common.config [None req-b8df2ddf-7519-4e6a-9f09-98b21bb511bf None None] command line args: [] {{(pid=99471) log_opt_values /opt/stack/data/venv/lib/python3.12/site-packages/oslo_config/cfg.py:3228}}
Jul 04 22:35:27.754789 np0000004535 devstack@g-api.service[99471]: DEBUG glance.common.config [None req-b8df2ddf-7519-4e6a-9f09-98b21bb511bf None None] config files: ['/etc/glance/glance-image-import.conf', '/etc/glance/glance-api.conf'] {{(pid=99471) log_opt_values /opt/stack/data/venv/lib/python3.12/site-packages/oslo_config/cfg.py:3229}}
Jul 04 22:35:27.754789 np0000004535 devstack@g-api.service[99471]: DEBUG glance.common.config [None req-b8df2ddf-7519-4e6a-9f09-98b21bb511bf None None] ================================================================================ {{(pid=99471) log_opt_values /opt/stack/data/venv/lib/python3.12/site-packages/oslo_config/cfg.py:3234}}
Jul 04 22:35:27.754789 np0000004535 devstack@g-api.service[99471]: DEBUG glance.common.config [None req-b8df2ddf-7519-4e6a-9f09-98b21bb511bf None None] allow_anonymous_access = False {{(pid=99471) log_opt_values /opt/stack/data/venv/lib/python3.12/site-packages/oslo_config/cfg.py:3242}}
Jul 04 22:35:27.754789 np0000004535 devstack@g-api.service[99471]: DEBUG glance.common.config [None req-b8df2ddf-7519-4e6a-9f09-98b21bb511bf None None] api_limit_max = 1000 {{(pid=99471) log_opt_values /opt/stack/data/venv/lib/python3.12/site-packages/oslo_config/cfg.py:3242}}
Jul 04 22:35:27.756335 np0000004535 devstack@g-api.service[99471]: DEBUG glance.common.config [None req-b8df2ddf-7519-4e6a-9f09-98b21bb511bf None None] config_dir = [] {{(pid=99471) log_opt_values /opt/stack/data/venv/lib/python3.12/site-packages/oslo_config/cfg.py:3242}}
Jul 04 22:35:27.756335 np0000004535 devstack@g-api.service[99471]: DEBUG glance.common.config [None req-b8df2ddf-7519-4e6a-9f09-98b21bb511bf None None] config_file = ['/etc/glance/glance-image-import.conf', '/etc/glance/glance-api.conf'] {{(pid=99471) log_opt_values /opt/stack/data/venv/lib/python3.12/site-packages/oslo_config/cfg.py:3242}}
Jul 04 22:35:27.756335 np0000004535 devstack@g-api.service[99471]: DEBUG glance.common.config [None req-b8df2ddf-7519-4e6a-9f09-98b21bb511bf None None] config_source = [] {{(pid=99471) log_opt_values /opt/stack/data/venv/lib/python3.12/site-packages/oslo_config/cfg.py:3242}}
Jul 04 22:35:27.756335 np0000004535 devstack@g-api.service[99471]: DEBUG glance.common.config [None req-b8df2ddf-7519-4e6a-9f09-98b21bb511bf None None] control_exchange = glance {{(pid=99471) log_opt_values /opt/stack/data/venv/lib/python3.12/site-packages/oslo_config/cfg.py:3242}}
Jul 04 22:35:27.756335 np0000004535 devstack@g-api.service[99471]: DEBUG glance.common.config [None req-b8df2ddf-7519-4e6a-9f09-98b21bb511bf None None] debug = True {{(pid=99471) log_opt_values /opt/stack/data/venv/lib/python3.12/site-packages/oslo_config/cfg.py:3242}}
Jul 04 22:35:27.757462 np0000004535 devstack@g-api.service[99471]: DEBUG glance.common.config [None req-b8df2ddf-7519-4e6a-9f09-98b21bb511bf None None] default_log_levels = ['amqp=WARN', 'boto=WARN', 'sqlalchemy=WARN', 'suds=INFO', 'oslo.messaging=INFO', 'oslo_messaging=INFO', 'iso8601=WARN', 'requests.packages.urllib3.connectionpool=WARN', 'urllib3.connectionpool=WARN', 'websocket=WARN', 'requests.packages.urllib3.util.retry=WARN', 'urllib3.util.retry=WARN', 'keystonemiddleware=WARN', 'routes.middleware=WARN', 'stevedore=WARN', 'taskflow=WARN', 'keystoneauth=WARN', 'oslo.cache=INFO', 'oslo_policy=INFO', 'dogpile.core.dogpile=INFO'] {{(pid=99471) log_opt_values /opt/stack/data/venv/lib/python3.12/site-packages/oslo_config/cfg.py:3242}}
Jul 04 22:35:27.757462 np0000004535 devstack@g-api.service[99471]: DEBUG glance.common.config [None req-b8df2ddf-7519-4e6a-9f09-98b21bb511bf None None] default_publisher_id = image.localhost {{(pid=99471) log_opt_values /opt/stack/data/venv/lib/python3.12/site-packages/oslo_config/cfg.py:3242}}
Jul 04 22:35:27.757462 np0000004535 devstack@g-api.service[99471]: DEBUG glance.common.config [None req-b8df2ddf-7519-4e6a-9f09-98b21bb511bf None None] delayed_delete = False {{(pid=99471) log_opt_values /opt/stack/data/venv/lib/python3.12/site-packages/oslo_config/cfg.py:3242}}
Jul 04 22:35:27.757462 np0000004535 devstack@g-api.service[99471]: DEBUG glance.common.config [None req-b8df2ddf-7519-4e6a-9f09-98b21bb511bf None None] digest_algorithm = sha256 {{(pid=99471) log_opt_values /opt/stack/data/venv/lib/python3.12/site-packages/oslo_config/cfg.py:3242}}
Jul 04 22:35:27.757462 np0000004535 devstack@g-api.service[99471]: DEBUG glance.common.config [None req-b8df2ddf-7519-4e6a-9f09-98b21bb511bf None None] disabled_notifications = [] {{(pid=99471) log_opt_values /opt/stack/data/venv/lib/python3.12/site-packages/oslo_config/cfg.py:3242}}
Jul 04 22:35:27.758901 np0000004535 devstack@g-api.service[99471]: DEBUG glance.common.config [None req-b8df2ddf-7519-4e6a-9f09-98b21bb511bf None None] do_secure_hash = True {{(pid=99471) log_opt_values /opt/stack/data/venv/lib/python3.12/site-packages/oslo_config/cfg.py:3242}}
Jul 04 22:35:27.758901 np0000004535 devstack@g-api.service[99471]: DEBUG glance.common.config [None req-b8df2ddf-7519-4e6a-9f09-98b21bb511bf None None] enabled_backends = None {{(pid=99471) log_opt_values /opt/stack/data/venv/lib/python3.12/site-packages/oslo_config/cfg.py:3242}}
Jul 04 22:35:27.758901 np0000004535 devstack@g-api.service[99471]: DEBUG glance.common.config [None req-b8df2ddf-7519-4e6a-9f09-98b21bb511bf None None] enabled_import_methods = ['glance-direct', 'web-download', 'copy-image'] {{(pid=99471) log_opt_values /opt/stack/data/venv/lib/python3.12/site-packages/oslo_config/cfg.py:3242}}
Jul 04 22:35:27.758901 np0000004535 devstack@g-api.service[99471]: DEBUG glance.common.config [None req-b8df2ddf-7519-4e6a-9f09-98b21bb511bf None None] fatal_deprecations = False {{(pid=99471) log_opt_values /opt/stack/data/venv/lib/python3.12/site-packages/oslo_config/cfg.py:3242}}
Jul 04 22:35:27.758901 np0000004535 devstack@g-api.service[99471]: DEBUG glance.common.config [None req-b8df2ddf-7519-4e6a-9f09-98b21bb511bf None None] hashing_algorithm = sha512 {{(pid=99471) log_opt_values /opt/stack/data/venv/lib/python3.12/site-packages/oslo_config/cfg.py:3242}}
Jul 04 22:35:27.758901 np0000004535 devstack@g-api.service[99471]: DEBUG glance.common.config [None req-b8df2ddf-7519-4e6a-9f09-98b21bb511bf None None] http_retries = 3 {{(pid=99471) log_opt_values /opt/stack/data/venv/lib/python3.12/site-packages/oslo_config/cfg.py:3242}}
Jul 04 22:35:27.758901 np0000004535 devstack@g-api.service[99471]: DEBUG glance.common.config [None req-b8df2ddf-7519-4e6a-9f09-98b21bb511bf None None] image_cache_dir = /opt/stack/data/glance/cache/ {{(pid=99471) log_opt_values /opt/stack/data/venv/lib/python3.12/site-packages/oslo_config/cfg.py:3242}}
Jul 04 22:35:27.760026 np0000004535 devstack@g-api.service[99470]: INFO glance.api.middleware.cache_manage [None req-588d912c-5f45-4962-bc39-d52891311eae None None] Initialized image cache management middleware
Jul 04 22:35:27.761447 np0000004535 devstack@g-api.service[99471]: DEBUG glance.common.config [None req-b8df2ddf-7519-4e6a-9f09-98b21bb511bf None None] image_cache_driver = centralized_db {{(pid=99471) log_opt_values /opt/stack/data/venv/lib/python3.12/site-packages/oslo_config/cfg.py:3242}}
Jul 04 22:35:27.761447 np0000004535 devstack@g-api.service[99471]: DEBUG glance.common.config [None req-b8df2ddf-7519-4e6a-9f09-98b21bb511bf None None] image_cache_max_size = 10737418240 {{(pid=99471) log_opt_values /opt/stack/data/venv/lib/python3.12/site-packages/oslo_config/cfg.py:3242}}
Jul 04 22:35:27.762536 np0000004535 devstack@g-api.service[99470]: INFO glance.image_cache [None req-588d912c-5f45-4962-bc39-d52891311eae None None] Image cache loaded driver 'centralized_db'.
Jul 04 22:35:27.763609 np0000004535 devstack@g-api.service[99471]: DEBUG glance.common.config [None req-b8df2ddf-7519-4e6a-9f09-98b21bb511bf None None] image_cache_sqlite_db = cache.db {{(pid=99471) log_opt_values /opt/stack/data/venv/lib/python3.12/site-packages/oslo_config/cfg.py:3242}}
Jul 04 22:35:27.763609 np0000004535 devstack@g-api.service[99471]: DEBUG glance.common.config [None req-b8df2ddf-7519-4e6a-9f09-98b21bb511bf None None] image_cache_stall_time = 86400 {{(pid=99471) log_opt_values /opt/stack/data/venv/lib/python3.12/site-packages/oslo_config/cfg.py:3242}}
Jul 04 22:35:27.763609 np0000004535 devstack@g-api.service[99471]: DEBUG glance.common.config [None req-b8df2ddf-7519-4e6a-9f09-98b21bb511bf None None] image_location_quota = 10 {{(pid=99471) log_opt_values /opt/stack/data/venv/lib/python3.12/site-packages/oslo_config/cfg.py:3242}}
Jul 04 22:35:27.763609 np0000004535 devstack@g-api.service[99471]: DEBUG glance.common.config [None req-b8df2ddf-7519-4e6a-9f09-98b21bb511bf None None] image_member_quota = 128 {{(pid=99471) log_opt_values /opt/stack/data/venv/lib/python3.12/site-packages/oslo_config/cfg.py:3242}}
Jul 04 22:35:27.763609 np0000004535 devstack@g-api.service[99471]: DEBUG glance.common.config [None req-b8df2ddf-7519-4e6a-9f09-98b21bb511bf None None] image_property_quota = 128 {{(pid=99471) log_opt_values /opt/stack/data/venv/lib/python3.12/site-packages/oslo_config/cfg.py:3242}}
Jul 04 22:35:27.763609 np0000004535 devstack@g-api.service[99471]: DEBUG glance.common.config [None req-b8df2ddf-7519-4e6a-9f09-98b21bb511bf None None] image_size_cap = 1099511627776 {{(pid=99471) log_opt_values /opt/stack/data/venv/lib/python3.12/site-packages/oslo_config/cfg.py:3242}}
Jul 04 22:35:27.763609 np0000004535 devstack@g-api.service[99471]: DEBUG glance.common.config [None req-b8df2ddf-7519-4e6a-9f09-98b21bb511bf None None] image_tag_quota = 128 {{(pid=99471) log_opt_values /opt/stack/data/venv/lib/python3.12/site-packages/oslo_config/cfg.py:3242}}
Jul 04 22:35:27.764364 np0000004535 devstack@g-api.service[99471]: DEBUG glance.common.config [None req-b8df2ddf-7519-4e6a-9f09-98b21bb511bf None None] instance_format = [instance: %(uuid)s] {{(pid=99471) log_opt_values /opt/stack/data/venv/lib/python3.12/site-packages/oslo_config/cfg.py:3242}}
Jul 04 22:35:27.764364 np0000004535 devstack@g-api.service[99471]: DEBUG glance.common.config [None req-b8df2ddf-7519-4e6a-9f09-98b21bb511bf None None] instance_uuid_format = [instance: %(uuid)s] {{(pid=99471) log_opt_values /opt/stack/data/venv/lib/python3.12/site-packages/oslo_config/cfg.py:3242}}
Jul 04 22:35:27.764364 np0000004535 devstack@g-api.service[99471]: DEBUG glance.common.config [None req-b8df2ddf-7519-4e6a-9f09-98b21bb511bf None None] limit_param_default = 25 {{(pid=99471) log_opt_values /opt/stack/data/venv/lib/python3.12/site-packages/oslo_config/cfg.py:3242}}
Jul 04 22:35:27.764364 np0000004535 devstack@g-api.service[99471]: DEBUG glance.common.config [None req-b8df2ddf-7519-4e6a-9f09-98b21bb511bf None None] log_color = False {{(pid=99471) log_opt_values /opt/stack/data/venv/lib/python3.12/site-packages/oslo_config/cfg.py:3242}}
Jul 04 22:35:27.764364 np0000004535 devstack@g-api.service[99471]: DEBUG glance.common.config [None req-b8df2ddf-7519-4e6a-9f09-98b21bb511bf None None] log_config_append = None {{(pid=99471) log_opt_values /opt/stack/data/venv/lib/python3.12/site-packages/oslo_config/cfg.py:3242}}
Jul 04 22:35:27.764364 np0000004535 devstack@g-api.service[99471]: DEBUG glance.common.config [None req-b8df2ddf-7519-4e6a-9f09-98b21bb511bf None None] log_date_format = %Y-%m-%d %H:%M:%S {{(pid=99471) log_opt_values /opt/stack/data/venv/lib/python3.12/site-packages/oslo_config/cfg.py:3242}}
Jul 04 22:35:27.764364 np0000004535 devstack@g-api.service[99471]: DEBUG glance.common.config [None req-b8df2ddf-7519-4e6a-9f09-98b21bb511bf None None] log_dir = None {{(pid=99471) log_opt_values /opt/stack/data/venv/lib/python3.12/site-packages/oslo_config/cfg.py:3242}}
Jul 04 22:35:27.765386 np0000004535 devstack@g-api.service[99471]: DEBUG glance.common.config [None req-b8df2ddf-7519-4e6a-9f09-98b21bb511bf None None] log_file = None {{(pid=99471) log_opt_values /opt/stack/data/venv/lib/python3.12/site-packages/oslo_config/cfg.py:3242}}
Jul 04 22:35:27.765386 np0000004535 devstack@g-api.service[99471]: DEBUG glance.common.config [None req-b8df2ddf-7519-4e6a-9f09-98b21bb511bf None None] log_rotate_interval = 1 {{(pid=99471) log_opt_values /opt/stack/data/venv/lib/python3.12/site-packages/oslo_config/cfg.py:3242}}
Jul 04 22:35:27.765386 np0000004535 devstack@g-api.service[99471]: DEBUG glance.common.config [None req-b8df2ddf-7519-4e6a-9f09-98b21bb511bf None None] log_rotate_interval_type = days {{(pid=99471) log_opt_values /opt/stack/data/venv/lib/python3.12/site-packages/oslo_config/cfg.py:3242}}
Jul 04 22:35:27.765386 np0000004535 devstack@g-api.service[99471]: DEBUG glance.common.config [None req-b8df2ddf-7519-4e6a-9f09-98b21bb511bf None None] log_rotation_type = none {{(pid=99471) log_opt_values /opt/stack/data/venv/lib/python3.12/site-packages/oslo_config/cfg.py:3242}}
Jul 04 22:35:27.765386 np0000004535 devstack@g-api.service[99471]: DEBUG glance.common.config [None req-b8df2ddf-7519-4e6a-9f09-98b21bb511bf None None] logging_context_format_string = %(color)s%(levelname)s %(name)s [%(global_request_id)s %(request_id)s %(project_name)s %(user_name)s%(color)s] %(instance)s%(color)s%(message)s {{(pid=99471) log_opt_values /opt/stack/data/venv/lib/python3.12/site-packages/oslo_config/cfg.py:3242}}
Jul 04 22:35:27.765386 np0000004535 devstack@g-api.service[99471]: DEBUG glance.common.config [None req-b8df2ddf-7519-4e6a-9f09-98b21bb511bf None None] logging_debug_format_suffix = {{(pid=%(process)d) %(funcName)s %(pathname)s:%(lineno)d}} {{(pid=99471) log_opt_values /opt/stack/data/venv/lib/python3.12/site-packages/oslo_config/cfg.py:3242}}
Jul 04 22:35:27.766851 np0000004535 devstack@g-api.service[99471]: DEBUG glance.common.config [None req-b8df2ddf-7519-4e6a-9f09-98b21bb511bf None None] logging_default_format_string = %(color)s%(levelname)s %(name)s [-%(color)s] %(instance)s%(color)s%(message)s {{(pid=99471) log_opt_values /opt/stack/data/venv/lib/python3.12/site-packages/oslo_config/cfg.py:3242}}
Jul 04 22:35:27.766851 np0000004535 devstack@g-api.service[99471]: DEBUG glance.common.config [None req-b8df2ddf-7519-4e6a-9f09-98b21bb511bf None None] logging_exception_prefix = ERROR %(name)s %(instance)s {{(pid=99471) log_opt_values /opt/stack/data/venv/lib/python3.12/site-packages/oslo_config/cfg.py:3242}}
Jul 04 22:35:27.766851 np0000004535 devstack@g-api.service[99471]: DEBUG glance.common.config [None req-b8df2ddf-7519-4e6a-9f09-98b21bb511bf None None] logging_user_identity_format = %(user)s %(project)s %(domain)s %(system_scope)s %(user_domain)s %(project_domain)s {{(pid=99471) log_opt_values /opt/stack/data/venv/lib/python3.12/site-packages/oslo_config/cfg.py:3242}}
Jul 04 22:35:27.766851 np0000004535 devstack@g-api.service[99471]: DEBUG glance.common.config [None req-b8df2ddf-7519-4e6a-9f09-98b21bb511bf None None] max_logfile_count = 30 {{(pid=99471) log_opt_values /opt/stack/data/venv/lib/python3.12/site-packages/oslo_config/cfg.py:3242}}
Jul 04 22:35:27.766851 np0000004535 devstack@g-api.service[99471]: DEBUG glance.common.config [None req-b8df2ddf-7519-4e6a-9f09-98b21bb511bf None None] max_logfile_size_mb = 200 {{(pid=99471) log_opt_values /opt/stack/data/venv/lib/python3.12/site-packages/oslo_config/cfg.py:3242}}
Jul 04 22:35:27.766851 np0000004535 devstack@g-api.service[99471]: DEBUG glance.common.config [None req-b8df2ddf-7519-4e6a-9f09-98b21bb511bf None None] max_request_id_length = 64 {{(pid=99471) log_opt_values /opt/stack/data/venv/lib/python3.12/site-packages/oslo_config/cfg.py:3242}}
Jul 04 22:35:27.768170 np0000004535 devstack@g-api.service[99471]: DEBUG glance.common.config [None req-b8df2ddf-7519-4e6a-9f09-98b21bb511bf None None] metadata_encryption_key = **** {{(pid=99471) log_opt_values /opt/stack/data/venv/lib/python3.12/site-packages/oslo_config/cfg.py:3242}}
Jul 04 22:35:27.768170 np0000004535 devstack@g-api.service[99471]: DEBUG glance.common.config [None req-b8df2ddf-7519-4e6a-9f09-98b21bb511bf None None] node_staging_uri = file:///tmp/staging/ {{(pid=99471) log_opt_values /opt/stack/data/venv/lib/python3.12/site-packages/oslo_config/cfg.py:3242}}
Jul 04 22:35:27.768170 np0000004535 devstack@g-api.service[99471]: DEBUG glance.common.config [None req-b8df2ddf-7519-4e6a-9f09-98b21bb511bf None None] property_protection_file = None {{(pid=99471) log_opt_values /opt/stack/data/venv/lib/python3.12/site-packages/oslo_config/cfg.py:3242}}
Jul 04 22:35:27.768170 np0000004535 devstack@g-api.service[99471]: DEBUG glance.common.config [None req-b8df2ddf-7519-4e6a-9f09-98b21bb511bf None None] property_protection_rule_format = roles {{(pid=99471) log_opt_values /opt/stack/data/venv/lib/python3.12/site-packages/oslo_config/cfg.py:3242}}
Jul 04 22:35:27.768170 np0000004535 devstack@g-api.service[99471]: DEBUG glance.common.config [None req-b8df2ddf-7519-4e6a-9f09-98b21bb511bf None None] public_endpoint = https://10.4.3.246/image {{(pid=99471) log_opt_values /opt/stack/data/venv/lib/python3.12/site-packages/oslo_config/cfg.py:3242}}
Jul 04 22:35:27.768170 np0000004535 devstack@g-api.service[99471]: DEBUG glance.common.config [None req-b8df2ddf-7519-4e6a-9f09-98b21bb511bf None None] publish_errors = False {{(pid=99471) log_opt_values /opt/stack/data/venv/lib/python3.12/site-packages/oslo_config/cfg.py:3242}}
Jul 04 22:35:27.768170 np0000004535 devstack@g-api.service[99471]: DEBUG glance.common.config [None req-b8df2ddf-7519-4e6a-9f09-98b21bb511bf None None] pydev_worker_debug_host = None {{(pid=99471) log_opt_values /opt/stack/data/venv/lib/python3.12/site-packages/oslo_config/cfg.py:3242}}
Jul 04 22:35:27.769262 np0000004535 devstack@g-api.service[99471]: DEBUG glance.common.config [None req-b8df2ddf-7519-4e6a-9f09-98b21bb511bf None None] pydev_worker_debug_port = 5678 {{(pid=99471) log_opt_values /opt/stack/data/venv/lib/python3.12/site-packages/oslo_config/cfg.py:3242}}
Jul 04 22:35:27.769262 np0000004535 devstack@g-api.service[99471]: DEBUG glance.common.config [None req-b8df2ddf-7519-4e6a-9f09-98b21bb511bf None None] rate_limit_burst = 0 {{(pid=99471) log_opt_values /opt/stack/data/venv/lib/python3.12/site-packages/oslo_config/cfg.py:3242}}
Jul 04 22:35:27.769262 np0000004535 devstack@g-api.service[99471]: DEBUG glance.common.config [None req-b8df2ddf-7519-4e6a-9f09-98b21bb511bf None None] rate_limit_except_level = CRITICAL {{(pid=99471) log_opt_values /opt/stack/data/venv/lib/python3.12/site-packages/oslo_config/cfg.py:3242}}
Jul 04 22:35:27.769262 np0000004535 devstack@g-api.service[99471]: DEBUG glance.common.config [None req-b8df2ddf-7519-4e6a-9f09-98b21bb511bf None None] rate_limit_interval = 0 {{(pid=99471) log_opt_values /opt/stack/data/venv/lib/python3.12/site-packages/oslo_config/cfg.py:3242}}
Jul 04 22:35:27.769262 np0000004535 devstack@g-api.service[99471]: DEBUG glance.common.config [None req-b8df2ddf-7519-4e6a-9f09-98b21bb511bf None None] scrub_pool_size = 1 {{(pid=99471) log_opt_values /opt/stack/data/venv/lib/python3.12/site-packages/oslo_config/cfg.py:3242}}
Jul 04 22:35:27.769262 np0000004535 devstack@g-api.service[99471]: DEBUG glance.common.config [None req-b8df2ddf-7519-4e6a-9f09-98b21bb511bf None None] scrub_time = 0 {{(pid=99471) log_opt_values /opt/stack/data/venv/lib/python3.12/site-packages/oslo_config/cfg.py:3242}}
Jul 04 22:35:27.769262 np0000004535 devstack@g-api.service[99471]: DEBUG glance.common.config [None req-b8df2ddf-7519-4e6a-9f09-98b21bb511bf None None] shell_completion = None {{(pid=99471) log_opt_values /opt/stack/data/venv/lib/python3.12/site-packages/oslo_config/cfg.py:3242}}
Jul 04 22:35:27.769969 np0000004535 devstack@g-api.service[99471]: DEBUG glance.common.config [None req-b8df2ddf-7519-4e6a-9f09-98b21bb511bf None None] show_image_direct_url = False {{(pid=99471) log_opt_values /opt/stack/data/venv/lib/python3.12/site-packages/oslo_config/cfg.py:3242}}
Jul 04 22:35:27.769969 np0000004535 devstack@g-api.service[99471]: WARNING oslo_config.cfg [None req-b8df2ddf-7519-4e6a-9f09-98b21bb511bf None None] Deprecated: Option "show_multiple_locations" from group "DEFAULT" is deprecated for removal (Use of this option, deprecated since Newton, is a security risk and will be removed once we figure out a way to satisfy those use cases that currently require it. An earlier announcement that the same functionality can be achieved with greater granularity by using policies is incorrect. You cannot work around this option via policy configuration at the present time, though that is the direction we believe the fix will take. Please keep an eye on the Glance release notes to stay up to date on progress in addressing this issue.). Its value may be silently ignored in the future.
Jul 04 22:35:27.769969 np0000004535 devstack@g-api.service[99471]: DEBUG glance.common.config [None req-b8df2ddf-7519-4e6a-9f09-98b21bb511bf None None] show_multiple_locations = False {{(pid=99471) log_opt_values /opt/stack/data/venv/lib/python3.12/site-packages/oslo_config/cfg.py:3242}}
Jul 04 22:35:27.769969 np0000004535 devstack@g-api.service[99471]: DEBUG glance.common.config [None req-b8df2ddf-7519-4e6a-9f09-98b21bb511bf None None] syslog_log_facility = LOG_USER {{(pid=99471) log_opt_values /opt/stack/data/venv/lib/python3.12/site-packages/oslo_config/cfg.py:3242}}
Jul 04 22:35:27.769969 np0000004535 devstack@g-api.service[99471]: DEBUG glance.common.config [None req-b8df2ddf-7519-4e6a-9f09-98b21bb511bf None None] transport_url = **** {{(pid=99471) log_opt_values /opt/stack/data/venv/lib/python3.12/site-packages/oslo_config/cfg.py:3242}}
Jul 04 22:35:27.770913 np0000004535 devstack@g-api.service[99471]: DEBUG glance.common.config [None req-b8df2ddf-7519-4e6a-9f09-98b21bb511bf None None] use_journal = False {{(pid=99471) log_opt_values /opt/stack/data/venv/lib/python3.12/site-packages/oslo_config/cfg.py:3242}}
Jul 04 22:35:27.770913 np0000004535 devstack@g-api.service[99471]: DEBUG glance.common.config [None req-b8df2ddf-7519-4e6a-9f09-98b21bb511bf None None] use_json = False {{(pid=99471) log_opt_values /opt/stack/data/venv/lib/python3.12/site-packages/oslo_config/cfg.py:3242}}
Jul 04 22:35:27.770913 np0000004535 devstack@g-api.service[99471]: DEBUG glance.common.config [None req-b8df2ddf-7519-4e6a-9f09-98b21bb511bf None None] use_keystone_limits = True {{(pid=99471) log_opt_values /opt/stack/data/venv/lib/python3.12/site-packages/oslo_config/cfg.py:3242}}
Jul 04 22:35:27.770913 np0000004535 devstack@g-api.service[99471]: DEBUG glance.common.config [None req-b8df2ddf-7519-4e6a-9f09-98b21bb511bf None None] use_stderr = False {{(pid=99471) log_opt_values /opt/stack/data/venv/lib/python3.12/site-packages/oslo_config/cfg.py:3242}}
Jul 04 22:35:27.770913 np0000004535 devstack@g-api.service[99471]: DEBUG glance.common.config [None req-b8df2ddf-7519-4e6a-9f09-98b21bb511bf None None] use_syslog = False {{(pid=99471) log_opt_values /opt/stack/data/venv/lib/python3.12/site-packages/oslo_config/cfg.py:3242}}
Jul 04 22:35:27.770913 np0000004535 devstack@g-api.service[99471]: DEBUG glance.common.config [None req-b8df2ddf-7519-4e6a-9f09-98b21bb511bf None None] user_storage_quota = 0 {{(pid=99471) log_opt_values /opt/stack/data/venv/lib/python3.12/site-packages/oslo_config/cfg.py:3242}}
Jul 04 22:35:27.770913 np0000004535 devstack@g-api.service[99471]: DEBUG glance.common.config [None req-b8df2ddf-7519-4e6a-9f09-98b21bb511bf None None] worker_self_reference_url = http://127.0.0.1:60999 {{(pid=99471) log_opt_values /opt/stack/data/venv/lib/python3.12/site-packages/oslo_config/cfg.py:3242}}
Jul 04 22:35:27.772660 np0000004535 devstack@g-api.service[99471]: DEBUG glance.common.config [None req-b8df2ddf-7519-4e6a-9f09-98b21bb511bf None None] oslo_concurrency.disable_process_locking = False {{(pid=99471) log_opt_values /opt/stack/data/venv/lib/python3.12/site-packages/oslo_config/cfg.py:3253}}
Jul 04 22:35:27.772660 np0000004535 devstack@g-api.service[99471]: DEBUG glance.common.config [None req-b8df2ddf-7519-4e6a-9f09-98b21bb511bf None None] oslo_concurrency.lock_path = /opt/stack/data/glance/locks {{(pid=99471) log_opt_values /opt/stack/data/venv/lib/python3.12/site-packages/oslo_config/cfg.py:3253}}
Jul 04 22:35:27.772660 np0000004535 devstack@g-api.service[99471]: DEBUG glance.common.config [None req-b8df2ddf-7519-4e6a-9f09-98b21bb511bf None None] oslo_middleware.enable_proxy_headers_parsing = False {{(pid=99471) log_opt_values /opt/stack/data/venv/lib/python3.12/site-packages/oslo_config/cfg.py:3253}}
Jul 04 22:35:27.772660 np0000004535 devstack@g-api.service[99471]: DEBUG glance.common.config [None req-b8df2ddf-7519-4e6a-9f09-98b21bb511bf None None] oslo_middleware.http_basic_auth_user_file = /etc/htpasswd {{(pid=99471) log_opt_values /opt/stack/data/venv/lib/python3.12/site-packages/oslo_config/cfg.py:3253}}
Jul 04 22:35:27.772660 np0000004535 devstack@g-api.service[99471]: DEBUG glance.common.config [None req-b8df2ddf-7519-4e6a-9f09-98b21bb511bf None None] paste_deploy.config_file = None {{(pid=99471) log_opt_values /opt/stack/data/venv/lib/python3.12/site-packages/oslo_config/cfg.py:3253}}
Jul 04 22:35:27.772660 np0000004535 devstack@g-api.service[99471]: DEBUG glance.common.config [None req-b8df2ddf-7519-4e6a-9f09-98b21bb511bf None None] paste_deploy.flavor = keystone+cachemanagement {{(pid=99471) log_opt_values /opt/stack/data/venv/lib/python3.12/site-packages/oslo_config/cfg.py:3253}}
Jul 04 22:35:27.772660 np0000004535 devstack@g-api.service[99471]: DEBUG glance.common.config [None req-b8df2ddf-7519-4e6a-9f09-98b21bb511bf None None] image_format.container_formats = ['ami', 'ari', 'aki', 'bare', 'ovf', 'ova', 'docker', 'compressed'] {{(pid=99471) log_opt_values /opt/stack/data/venv/lib/python3.12/site-packages/oslo_config/cfg.py:3253}}
Jul 04 22:35:27.774201 np0000004535 devstack@g-api.service[99471]: DEBUG glance.common.config [None req-b8df2ddf-7519-4e6a-9f09-98b21bb511bf None None] image_format.disk_formats = ['ami', 'ari', 'aki', 'vhd', 'vhdx', 'vmdk', 'raw', 'qcow2', 'vdi', 'iso', 'ploop'] {{(pid=99471) log_opt_values /opt/stack/data/venv/lib/python3.12/site-packages/oslo_config/cfg.py:3253}}
Jul 04 22:35:27.774201 np0000004535 devstack@g-api.service[99471]: DEBUG glance.common.config [None req-b8df2ddf-7519-4e6a-9f09-98b21bb511bf None None] image_format.gpt_safety_checks_nonfatal = [] {{(pid=99471) log_opt_values /opt/stack/data/venv/lib/python3.12/site-packages/oslo_config/cfg.py:3253}}
Jul 04 22:35:27.774201 np0000004535 devstack@g-api.service[99471]: DEBUG glance.common.config [None req-b8df2ddf-7519-4e6a-9f09-98b21bb511bf None None] image_format.require_image_format_match = True {{(pid=99471) log_opt_values /opt/stack/data/venv/lib/python3.12/site-packages/oslo_config/cfg.py:3253}}
Jul 04 22:35:27.774201 np0000004535 devstack@g-api.service[99471]: DEBUG glance.common.config [None req-b8df2ddf-7519-4e6a-9f09-98b21bb511bf None None] image_format.vmdk_allowed_types = ['streamOptimized', 'monolithicSparse'] {{(pid=99471) log_opt_values /opt/stack/data/venv/lib/python3.12/site-packages/oslo_config/cfg.py:3253}}
Jul 04 22:35:27.774201 np0000004535 devstack@g-api.service[99471]: DEBUG glance.common.config [None req-b8df2ddf-7519-4e6a-9f09-98b21bb511bf None None] task.task_executor = taskflow {{(pid=99471) log_opt_values /opt/stack/data/venv/lib/python3.12/site-packages/oslo_config/cfg.py:3253}}
Jul 04 22:35:27.774201 np0000004535 devstack@g-api.service[99471]: DEBUG glance.common.config [None req-b8df2ddf-7519-4e6a-9f09-98b21bb511bf None None] task.task_time_to_live = 48 {{(pid=99471) log_opt_values /opt/stack/data/venv/lib/python3.12/site-packages/oslo_config/cfg.py:3253}}
Jul 04 22:35:27.774201 np0000004535 devstack@g-api.service[99471]: DEBUG glance.common.config [None req-b8df2ddf-7519-4e6a-9f09-98b21bb511bf None None] task.work_dir = None {{(pid=99471) log_opt_values /opt/stack/data/venv/lib/python3.12/site-packages/oslo_config/cfg.py:3253}}
Jul 04 22:35:27.775317 np0000004535 devstack@g-api.service[99471]: DEBUG glance.common.config [None req-b8df2ddf-7519-4e6a-9f09-98b21bb511bf None None] wsgi.python_interpreter = /opt/stack/data/venv/bin/python3 {{(pid=99471) log_opt_values /opt/stack/data/venv/lib/python3.12/site-packages/oslo_config/cfg.py:3253}}
Jul 04 22:35:27.775317 np0000004535 devstack@g-api.service[99471]: DEBUG glance.common.config [None req-b8df2ddf-7519-4e6a-9f09-98b21bb511bf None None] wsgi.task_pool_threads = 16 {{(pid=99471) log_opt_values /opt/stack/data/venv/lib/python3.12/site-packages/oslo_config/cfg.py:3253}}
Jul 04 22:35:27.775317 np0000004535 devstack@g-api.service[99471]: DEBUG glance.common.config [None req-b8df2ddf-7519-4e6a-9f09-98b21bb511bf None None] import_filtering_opts.allowed_hosts = [] {{(pid=99471) log_opt_values /opt/stack/data/venv/lib/python3.12/site-packages/oslo_config/cfg.py:3253}}
Jul 04 22:35:27.775317 np0000004535 devstack@g-api.service[99471]: DEBUG glance.common.config [None req-b8df2ddf-7519-4e6a-9f09-98b21bb511bf None None] import_filtering_opts.allowed_ports = [80, 443] {{(pid=99471) log_opt_values /opt/stack/data/venv/lib/python3.12/site-packages/oslo_config/cfg.py:3253}}
Jul 04 22:35:27.776123 np0000004535 devstack@g-api.service[99470]: DEBUG glance.image_cache.drivers.centralized_db [None req-588d912c-5f45-4962-bc39-d52891311eae None None] Node reference is already recorded, ignoring it {{(pid=99470) configure /opt/stack/glance/glance/image_cache/drivers/centralized_db.py:71}}
Jul 04 22:35:27.776874 np0000004535 devstack@g-api.service[99471]: DEBUG glance.common.config [None req-b8df2ddf-7519-4e6a-9f09-98b21bb511bf None None] import_filtering_opts.allowed_schemes = ['http', 'https'] {{(pid=99471) log_opt_values /opt/stack/data/venv/lib/python3.12/site-packages/oslo_config/cfg.py:3253}}
Jul 04 22:35:27.776874 np0000004535 devstack@g-api.service[99471]: DEBUG glance.common.config [None req-b8df2ddf-7519-4e6a-9f09-98b21bb511bf None None] import_filtering_opts.disallowed_hosts = [] {{(pid=99471) log_opt_values /opt/stack/data/venv/lib/python3.12/site-packages/oslo_config/cfg.py:3253}}
Jul 04 22:35:27.778275 np0000004535 devstack@g-api.service[99472]: DEBUG glance.common.config [None req-c1abe58b-cd90-4f5b-a5c5-dc29fb38ca4d None None] ******************************************************************************** {{(pid=99472) log_opt_values /opt/stack/data/venv/lib/python3.12/site-packages/oslo_config/cfg.py:3226}}
Jul 04 22:35:27.779789 np0000004535 devstack@g-api.service[99471]: DEBUG glance.common.config [None req-b8df2ddf-7519-4e6a-9f09-98b21bb511bf None None] import_filtering_opts.disallowed_ports = [] {{(pid=99471) log_opt_values /opt/stack/data/venv/lib/python3.12/site-packages/oslo_config/cfg.py:3253}}
Jul 04 22:35:27.781204 np0000004535 devstack@g-api.service[99472]: DEBUG glance.common.config [None req-c1abe58b-cd90-4f5b-a5c5-dc29fb38ca4d None None] Configuration options gathered from: {{(pid=99472) log_opt_values /opt/stack/data/venv/lib/python3.12/site-packages/oslo_config/cfg.py:3227}}
