Jul 04 22:35:05.519775 np0000004535 nova-scheduler[93215]: DEBUG cotyledon.oslo_config_glue [-] oslo_limit.auth_section = None {{(pid=93215) log_opt_values /opt/stack/data/venv/lib/python3.12/site-packages/oslo_config/cfg.py:3253}}
Jul 04 22:35:05.519854 np0000004535 nova-scheduler[93215]: DEBUG cotyledon.oslo_config_glue [-] oslo_limit.auth_type = None {{(pid=93215) log_opt_values /opt/stack/data/venv/lib/python3.12/site-packages/oslo_config/cfg.py:3253}}
Jul 04 22:35:05.519925 np0000004535 nova-scheduler[93215]: DEBUG cotyledon.oslo_config_glue [-] oslo_limit.cafile = None {{(pid=93215) log_opt_values /opt/stack/data/venv/lib/python3.12/site-packages/oslo_config/cfg.py:3253}}
Jul 04 22:35:05.520023 np0000004535 nova-scheduler[93215]: DEBUG cotyledon.oslo_config_glue [-] oslo_limit.certfile = None {{(pid=93215) log_opt_values /opt/stack/data/venv/lib/python3.12/site-packages/oslo_config/cfg.py:3253}}
Jul 04 22:35:05.520117 np0000004535 nova-scheduler[93215]: DEBUG cotyledon.oslo_config_glue [-] oslo_limit.collect_timing = False {{(pid=93215) log_opt_values /opt/stack/data/venv/lib/python3.12/site-packages/oslo_config/cfg.py:3253}}
Jul 04 22:35:05.520220 np0000004535 nova-scheduler[93215]: DEBUG cotyledon.oslo_config_glue [-] oslo_limit.connect_retries = None {{(pid=93215) log_opt_values /opt/stack/data/venv/lib/python3.12/site-packages/oslo_config/cfg.py:3253}}
Jul 04 22:35:05.520220 np0000004535 nova-scheduler[93215]: DEBUG cotyledon.oslo_config_glue [-] oslo_limit.connect_retry_delay = None {{(pid=93215) log_opt_values /opt/stack/data/venv/lib/python3.12/site-packages/oslo_config/cfg.py:3253}}
Jul 04 22:35:05.520327 np0000004535 nova-scheduler[93215]: DEBUG cotyledon.oslo_config_glue [-] oslo_limit.endpoint_id = None {{(pid=93215) log_opt_values /opt/stack/data/venv/lib/python3.12/site-packages/oslo_config/cfg.py:3253}}
Jul 04 22:35:05.520397 np0000004535 nova-scheduler[93215]: DEBUG cotyledon.oslo_config_glue [-] oslo_limit.endpoint_interface = public {{(pid=93215) log_opt_values /opt/stack/data/venv/lib/python3.12/site-packages/oslo_config/cfg.py:3253}}
Jul 04 22:35:05.520470 np0000004535 nova-scheduler[93215]: DEBUG cotyledon.oslo_config_glue [-] oslo_limit.endpoint_override = None {{(pid=93215) log_opt_values /opt/stack/data/venv/lib/python3.12/site-packages/oslo_config/cfg.py:3253}}
Jul 04 22:35:05.520539 np0000004535 nova-scheduler[93215]: DEBUG cotyledon.oslo_config_glue [-] oslo_limit.endpoint_region_name = None {{(pid=93215) log_opt_values /opt/stack/data/venv/lib/python3.12/site-packages/oslo_config/cfg.py:3253}}
Jul 04 22:35:05.520634 np0000004535 nova-scheduler[93215]: DEBUG cotyledon.oslo_config_glue [-] oslo_limit.endpoint_service_name = None {{(pid=93215) log_opt_values /opt/stack/data/venv/lib/python3.12/site-packages/oslo_config/cfg.py:3253}}
Jul 04 22:35:05.520699 np0000004535 nova-scheduler[93215]: DEBUG cotyledon.oslo_config_glue [-] oslo_limit.endpoint_service_type = None {{(pid=93215) log_opt_values /opt/stack/data/venv/lib/python3.12/site-packages/oslo_config/cfg.py:3253}}
Jul 04 22:35:05.520772 np0000004535 nova-scheduler[93215]: DEBUG cotyledon.oslo_config_glue [-] oslo_limit.insecure = False {{(pid=93215) log_opt_values /opt/stack/data/venv/lib/python3.12/site-packages/oslo_config/cfg.py:3253}}
Jul 04 22:35:05.520850 np0000004535 nova-scheduler[93215]: DEBUG cotyledon.oslo_config_glue [-] oslo_limit.keyfile = None {{(pid=93215) log_opt_values /opt/stack/data/venv/lib/python3.12/site-packages/oslo_config/cfg.py:3253}}
Jul 04 22:35:05.520922 np0000004535 nova-scheduler[93215]: DEBUG cotyledon.oslo_config_glue [-] oslo_limit.max_version = None {{(pid=93215) log_opt_values /opt/stack/data/venv/lib/python3.12/site-packages/oslo_config/cfg.py:3253}}
Jul 04 22:35:05.521022 np0000004535 nova-scheduler[93215]: DEBUG cotyledon.oslo_config_glue [-] oslo_limit.min_version = None {{(pid=93215) log_opt_values /opt/stack/data/venv/lib/python3.12/site-packages/oslo_config/cfg.py:3253}}
Jul 04 22:35:05.521113 np0000004535 nova-scheduler[93215]: DEBUG cotyledon.oslo_config_glue [-] oslo_limit.region_name = None {{(pid=93215) log_opt_values /opt/stack/data/venv/lib/python3.12/site-packages/oslo_config/cfg.py:3253}}
Jul 04 22:35:05.521205 np0000004535 nova-scheduler[93215]: DEBUG cotyledon.oslo_config_glue [-] oslo_limit.retriable_status_codes = None {{(pid=93215) log_opt_values /opt/stack/data/venv/lib/python3.12/site-packages/oslo_config/cfg.py:3253}}
Jul 04 22:35:05.521290 np0000004535 nova-scheduler[93215]: DEBUG cotyledon.oslo_config_glue [-] oslo_limit.service_name = None {{(pid=93215) log_opt_values /opt/stack/data/venv/lib/python3.12/site-packages/oslo_config/cfg.py:3253}}
Jul 04 22:35:05.521360 np0000004535 nova-scheduler[93215]: DEBUG cotyledon.oslo_config_glue [-] oslo_limit.service_type = None {{(pid=93215) log_opt_values /opt/stack/data/venv/lib/python3.12/site-packages/oslo_config/cfg.py:3253}}
Jul 04 22:35:05.521431 np0000004535 nova-scheduler[93215]: DEBUG cotyledon.oslo_config_glue [-] oslo_limit.split_loggers = False {{(pid=93215) log_opt_values /opt/stack/data/venv/lib/python3.12/site-packages/oslo_config/cfg.py:3253}}
Jul 04 22:35:05.521500 np0000004535 nova-scheduler[93215]: DEBUG cotyledon.oslo_config_glue [-] oslo_limit.status_code_retries = None {{(pid=93215) log_opt_values /opt/stack/data/venv/lib/python3.12/site-packages/oslo_config/cfg.py:3253}}
Jul 04 22:35:05.521581 np0000004535 nova-scheduler[93215]: DEBUG cotyledon.oslo_config_glue [-] oslo_limit.status_code_retry_delay = None {{(pid=93215) log_opt_values /opt/stack/data/venv/lib/python3.12/site-packages/oslo_config/cfg.py:3253}}
Jul 04 22:35:05.521646 np0000004535 nova-scheduler[93215]: DEBUG cotyledon.oslo_config_glue [-] oslo_limit.timeout = None {{(pid=93215) log_opt_values /opt/stack/data/venv/lib/python3.12/site-packages/oslo_config/cfg.py:3253}}
Jul 04 22:35:05.521716 np0000004535 nova-scheduler[93215]: DEBUG cotyledon.oslo_config_glue [-] oslo_limit.valid_interfaces = None {{(pid=93215) log_opt_values /opt/stack/data/venv/lib/python3.12/site-packages/oslo_config/cfg.py:3253}}
Jul 04 22:35:05.521786 np0000004535 nova-scheduler[93215]: DEBUG cotyledon.oslo_config_glue [-] oslo_limit.version = None {{(pid=93215) log_opt_values /opt/stack/data/venv/lib/python3.12/site-packages/oslo_config/cfg.py:3253}}
Jul 04 22:35:05.521888 np0000004535 nova-scheduler[93215]: DEBUG cotyledon.oslo_config_glue [-] oslo_reports.file_event_handler = None {{(pid=93215) log_opt_values /opt/stack/data/venv/lib/python3.12/site-packages/oslo_config/cfg.py:3253}}
Jul 04 22:35:05.522614 np0000004535 nova-scheduler[93215]: DEBUG cotyledon.oslo_config_glue [-] oslo_reports.file_event_handler_interval = 1 {{(pid=93215) log_opt_values /opt/stack/data/venv/lib/python3.12/site-packages/oslo_config/cfg.py:3253}}
Jul 04 22:35:05.522614 np0000004535 nova-scheduler[93215]: DEBUG cotyledon.oslo_config_glue [-] oslo_reports.log_dir = None {{(pid=93215) log_opt_values /opt/stack/data/venv/lib/python3.12/site-packages/oslo_config/cfg.py:3253}}
Jul 04 22:35:05.522614 np0000004535 nova-scheduler[93215]: DEBUG cotyledon.oslo_config_glue [-] ******************************************************************************** {{(pid=93215) log_opt_values /opt/stack/data/venv/lib/python3.12/site-packages/oslo_config/cfg.py:3260}}
Jul 04 22:35:05.522614 np0000004535 nova-scheduler[93215]: DEBUG cotyledon._service_worker [-] Run service ServiceWrapper(0) [93215] {{(pid=93215) wait_forever /opt/stack/data/venv/lib/python3.12/site-packages/cotyledon/_service_worker.py:218}}
Jul 04 22:35:05.523603 np0000004535 nova-scheduler[93215]: INFO nova.service [-] Starting scheduler node (version 33.1.0)
Jul 04 22:35:05.526054 np0000004535 nova-scheduler[93217]: DEBUG oslo_db.sqlalchemy.engines [None req-c056bea2-7cfd-4136-8103-1ba6ebc528fe None None] MySQL server mode set to STRICT_TRANS_TABLES,STRICT_ALL_TABLES,NO_ZERO_IN_DATE,NO_ZERO_DATE,ERROR_FOR_DIVISION_BY_ZERO,TRADITIONAL,NO_ENGINE_SUBSTITUTION {{(pid=93217) _check_effective_sql_mode /opt/stack/data/venv/lib/python3.12/site-packages/oslo_db/sqlalchemy/engines.py:325}}
Jul 04 22:35:05.528189 np0000004535 nova-scheduler[93215]: INFO dbcounter [None req-d77d63a4-ce04-4be3-8020-ae3d0e92ca96 None None] Registered counter for database nova_cell0
Jul 04 22:35:05.536304 np0000004535 nova-scheduler[93219]: DEBUG oslo_db.sqlalchemy.engines [None req-789b7c61-b763-4966-ae16-20a79bb5e4c6 None None] MySQL server mode set to STRICT_TRANS_TABLES,STRICT_ALL_TABLES,NO_ZERO_IN_DATE,NO_ZERO_DATE,ERROR_FOR_DIVISION_BY_ZERO,TRADITIONAL,NO_ENGINE_SUBSTITUTION {{(pid=93219) _check_effective_sql_mode /opt/stack/data/venv/lib/python3.12/site-packages/oslo_db/sqlalchemy/engines.py:325}}
Jul 04 22:35:05.537775 np0000004535 nova-scheduler[93217]: DEBUG dbcounter [-] [93217] Writer thread running {{(pid=93217) stat_writer /opt/stack/data/venv/lib/python3.12/site-packages/dbcounter.py:102}}
Jul 04 22:35:05.546532 np0000004535 nova-scheduler[93219]: DEBUG dbcounter [-] [93219] Writer thread running {{(pid=93219) stat_writer /opt/stack/data/venv/lib/python3.12/site-packages/dbcounter.py:102}}
Jul 04 22:35:05.554707 np0000004535 nova-scheduler[93217]: DEBUG nova.service [None req-c056bea2-7cfd-4136-8103-1ba6ebc528fe None None] Creating RPC server for service: nova-scheduler on topic: scheduler {{(pid=93217) start /opt/stack/nova/nova/service.py:196}}
Jul 04 22:35:05.561802 np0000004535 nova-scheduler[93219]: DEBUG nova.service [None req-789b7c61-b763-4966-ae16-20a79bb5e4c6 None None] Creating RPC server for service: nova-scheduler on topic: scheduler {{(pid=93219) start /opt/stack/nova/nova/service.py:196}}
Jul 04 22:35:05.574652 np0000004535 nova-scheduler[93215]: DEBUG oslo_db.sqlalchemy.engines [None req-d77d63a4-ce04-4be3-8020-ae3d0e92ca96 None None] MySQL server mode set to STRICT_TRANS_TABLES,STRICT_ALL_TABLES,NO_ZERO_IN_DATE,NO_ZERO_DATE,ERROR_FOR_DIVISION_BY_ZERO,TRADITIONAL,NO_ENGINE_SUBSTITUTION {{(pid=93215) _check_effective_sql_mode /opt/stack/data/venv/lib/python3.12/site-packages/oslo_db/sqlalchemy/engines.py:325}}
Jul 04 22:35:05.579131 np0000004535 nova-scheduler[93217]: DEBUG nova.service [None req-c056bea2-7cfd-4136-8103-1ba6ebc528fe None None] Join ServiceGroup membership for this service scheduler {{(pid=93217) start /opt/stack/nova/nova/service.py:222}}
Jul 04 22:35:05.579296 np0000004535 nova-scheduler[93217]: DEBUG nova.servicegroup.drivers.db [None req-c056bea2-7cfd-4136-8103-1ba6ebc528fe None None] DB_Driver: join new ServiceGroup member np0000004535 to the scheduler group, service = {{(pid=93217) join /opt/stack/nova/nova/servicegroup/drivers/db.py:44}}
Jul 04 22:35:05.586919 np0000004535 nova-scheduler[93215]: DEBUG dbcounter [-] [93215] Writer thread running {{(pid=93215) stat_writer /opt/stack/data/venv/lib/python3.12/site-packages/dbcounter.py:102}}
Jul 04 22:35:05.588634 np0000004535 nova-scheduler[93219]: DEBUG nova.service [None req-789b7c61-b763-4966-ae16-20a79bb5e4c6 None None] Join ServiceGroup membership for this service scheduler {{(pid=93219) start /opt/stack/nova/nova/service.py:222}}
Jul 04 22:35:05.588850 np0000004535 nova-scheduler[93219]: DEBUG nova.servicegroup.drivers.db [None req-789b7c61-b763-4966-ae16-20a79bb5e4c6 None None] DB_Driver: join new ServiceGroup member np0000004535 to the scheduler group, service = {{(pid=93219) join /opt/stack/nova/nova/servicegroup/drivers/db.py:44}}
Jul 04 22:35:05.590385 np0000004535 nova-scheduler[93215]: DEBUG nova.service [None req-d77d63a4-ce04-4be3-8020-ae3d0e92ca96 None None] Creating RPC server for service: nova-scheduler on topic: scheduler {{(pid=93215) start /opt/stack/nova/nova/service.py:196}}
Jul 04 22:35:05.609883 np0000004535 nova-scheduler[93215]: DEBUG nova.service [None req-d77d63a4-ce04-4be3-8020-ae3d0e92ca96 None None] Join ServiceGroup membership for this service scheduler {{(pid=93215) start /opt/stack/nova/nova/service.py:222}}
Jul 04 22:35:05.610078 np0000004535 nova-scheduler[93215]: DEBUG nova.servicegroup.drivers.db [None req-d77d63a4-ce04-4be3-8020-ae3d0e92ca96 None None] DB_Driver: join new ServiceGroup member np0000004535 to the scheduler group, service = {{(pid=93215) join /opt/stack/nova/nova/servicegroup/drivers/db.py:44}}
Jul 04 22:35:10.592510 np0000004535 nova-scheduler[93217]: DEBUG oslo.service.backend._threading.loopingcall [-] Fixed interval looping call 'nova.servicegroup.drivers.db.DbDriver._report_state' sleeping for 119.99 seconds {{(pid=93217) _run_loop /opt/stack/data/venv/lib/python3.12/site-packages/oslo_service/backend/_threading/loopingcall.py:125}}
Jul 04 22:35:10.601053 np0000004535 nova-scheduler[93219]: DEBUG oslo.service.backend._threading.loopingcall [-] Fixed interval looping call 'nova.servicegroup.drivers.db.DbDriver._report_state' sleeping for 119.99 seconds {{(pid=93219) _run_loop /opt/stack/data/venv/lib/python3.12/site-packages/oslo_service/backend/_threading/loopingcall.py:125}}
Jul 04 22:35:10.624174 np0000004535 nova-scheduler[93215]: DEBUG oslo.service.backend._threading.loopingcall [-] Fixed interval looping call 'nova.servicegroup.drivers.db.DbDriver._report_state' sleeping for 119.99 seconds {{(pid=93215) _run_loop /opt/stack/data/venv/lib/python3.12/site-packages/oslo_service/backend/_threading/loopingcall.py:125}}
Jul 04 22:35:14.120780 np0000004535 nova-scheduler[91941]: DEBUG dbcounter [-] [91941] Writing DB stats nova_api:SELECT=3 {{(pid=91941) stat_writer /opt/stack/data/venv/lib/python3.12/site-packages/dbcounter.py:115}}
Jul 04 22:35:14.257214 np0000004535 nova-scheduler[91941]: DEBUG dbcounter [-] [91941] Writing DB stats nova_cell0:SELECT=1 {{(pid=91941) stat_writer /opt/stack/data/venv/lib/python3.12/site-packages/dbcounter.py:115}}
Jul 04 22:35:14.268811 np0000004535 nova-scheduler[91941]: DEBUG dbcounter [-] [91941] Writing DB stats nova_cell1:SELECT=1 {{(pid=91941) stat_writer /opt/stack/data/venv/lib/python3.12/site-packages/dbcounter.py:115}}
Jul 04 22:35:20.588635 np0000004535 nova-scheduler[93217]: DEBUG dbcounter [-] [93217] Writing DB stats nova_cell0:SELECT=4,nova_cell0:INSERT=1,nova_cell0:UPDATE=1 {{(pid=93217) stat_writer /opt/stack/data/venv/lib/python3.12/site-packages/dbcounter.py:115}}
Jul 04 22:35:20.597630 np0000004535 nova-scheduler[93219]: DEBUG dbcounter [-] [93219] Writing DB stats nova_cell0:SELECT=5,nova_cell0:INSERT=1 {{(pid=93219) stat_writer /opt/stack/data/venv/lib/python3.12/site-packages/dbcounter.py:115}}
Jul 04 22:35:20.620750 np0000004535 nova-scheduler[93215]: DEBUG dbcounter [-] [93215] Writing DB stats nova_cell0:SELECT=3 {{(pid=93215) stat_writer /opt/stack/data/venv/lib/python3.12/site-packages/dbcounter.py:115}}
Jul 04 22:35:23.590936 np0000004535 nova-scheduler[93219]: DEBUG oslo.service.backend._threading.loopingcall [None req-70455fb3-998c-49cc-9b86-3855a4529a67 None None] Dynamic interval looping call 'nova.service.Service.periodic_tasks' sleeping for 60.00 seconds {{(pid=93219) _run_loop /opt/stack/data/venv/lib/python3.12/site-packages/oslo_service/backend/_threading/loopingcall.py:125}}
Jul 04 22:35:49.612371 np0000004535 nova-scheduler[93215]: DEBUG oslo.service.backend._threading.loopingcall [None req-3785f683-a1fc-45ea-a5c7-6468b6049613 None None] Dynamic interval looping call 'nova.service.Service.periodic_tasks' sleeping for 60.00 seconds {{(pid=93215) _run_loop /opt/stack/data/venv/lib/python3.12/site-packages/oslo_service/backend/_threading/loopingcall.py:125}}
Jul 04 22:35:51.581393 np0000004535 nova-scheduler[93217]: DEBUG oslo.service.backend._threading.loopingcall [None req-1399b7b1-fbfa-4b69-a9eb-a1a9a1000fa4 None None] Dynamic interval looping call 'nova.service.Service.periodic_tasks' sleeping for 60.00 seconds {{(pid=93217) _run_loop /opt/stack/data/venv/lib/python3.12/site-packages/oslo_service/backend/_threading/loopingcall.py:125}}
Jul 04 22:36:23.591432 np0000004535 nova-scheduler[93219]: DEBUG oslo.service.backend._threading.loopingcall [None req-70455fb3-998c-49cc-9b86-3855a4529a67 None None] Dynamic interval looping call 'nova.service.Service.periodic_tasks' sleeping for 60.00 seconds {{(pid=93219) _run_loop /opt/stack/data/venv/lib/python3.12/site-packages/oslo_service/backend/_threading/loopingcall.py:125}}
Jul 04 22:36:49.612846 np0000004535 nova-scheduler[93215]: DEBUG oslo.service.backend._threading.loopingcall [None req-3785f683-a1fc-45ea-a5c7-6468b6049613 None None] Dynamic interval looping call 'nova.service.Service.periodic_tasks' sleeping for 60.00 seconds {{(pid=93215) _run_loop /opt/stack/data/venv/lib/python3.12/site-packages/oslo_service/backend/_threading/loopingcall.py:125}}
Jul 04 22:36:51.581920 np0000004535 nova-scheduler[93217]: DEBUG oslo.service.backend._threading.loopingcall [None req-1399b7b1-fbfa-4b69-a9eb-a1a9a1000fa4 None None] Dynamic interval looping call 'nova.service.Service.periodic_tasks' sleeping for 60.00 seconds {{(pid=93217) _run_loop /opt/stack/data/venv/lib/python3.12/site-packages/oslo_service/backend/_threading/loopingcall.py:125}}
Jul 04 22:37:10.589695 np0000004535 nova-scheduler[93217]: DEBUG oslo.service.backend._threading.loopingcall [-] Fixed interval looping call 'nova.servicegroup.drivers.db.DbDriver._report_state' sleeping for 119.99 seconds {{(pid=93217) _run_loop /opt/stack/data/venv/lib/python3.12/site-packages/oslo_service/backend/_threading/loopingcall.py:125}}
Jul 04 22:37:10.596400 np0000004535 nova-scheduler[93219]: DEBUG oslo.service.backend._threading.loopingcall [-] Fixed interval looping call 'nova.servicegroup.drivers.db.DbDriver._report_state' sleeping for 120.00 seconds {{(pid=93219) _run_loop /opt/stack/data/venv/lib/python3.12/site-packages/oslo_service/backend/_threading/loopingcall.py:125}}
Jul 04 22:37:10.620522 np0000004535 nova-scheduler[93215]: DEBUG oslo.service.backend._threading.loopingcall [-] Fixed interval looping call 'nova.servicegroup.drivers.db.DbDriver._report_state' sleeping for 119.99 seconds {{(pid=93215) _run_loop /opt/stack/data/venv/lib/python3.12/site-packages/oslo_service/backend/_threading/loopingcall.py:125}}
Jul 04 22:37:20.586096 np0000004535 nova-scheduler[93217]: DEBUG dbcounter [-] [93217] Writing DB stats nova_cell0:SELECT=1,nova_cell0:UPDATE=1 {{(pid=93217) stat_writer /opt/stack/data/venv/lib/python3.12/site-packages/dbcounter.py:115}}
Jul 04 22:37:20.594250 np0000004535 nova-scheduler[93219]: DEBUG dbcounter [-] [93219] Writing DB stats nova_cell0:SELECT=1 {{(pid=93219) stat_writer /opt/stack/data/venv/lib/python3.12/site-packages/dbcounter.py:115}}
Jul 04 22:37:20.617083 np0000004535 nova-scheduler[93215]: DEBUG dbcounter [-] [93215] Writing DB stats nova_cell0:SELECT=1 {{(pid=93215) stat_writer /opt/stack/data/venv/lib/python3.12/site-packages/dbcounter.py:115}}
Jul 04 22:37:23.593029 np0000004535 nova-scheduler[93219]: DEBUG oslo.service.backend._threading.loopingcall [None req-70455fb3-998c-49cc-9b86-3855a4529a67 None None] Dynamic interval looping call 'nova.service.Service.periodic_tasks' sleeping for 60.00 seconds {{(pid=93219) _run_loop /opt/stack/data/venv/lib/python3.12/site-packages/oslo_service/backend/_threading/loopingcall.py:125}}
Jul 04 22:37:29.181889 np0000004535 nova-scheduler[93217]: DEBUG nova.scheduler.manager [None req-4344fa8d-2030-428d-90d3-62f8a89cf5dd tempest-ServerRescueNegativeTestJSON-868903078 tempest-ServerRescueNegativeTestJSON-868903078-project-member] Starting to schedule for instances: ['20478066-06cb-4aa2-8718-9a8012185764'] {{(pid=93217) select_destinations /opt/stack/nova/nova/scheduler/manager.py:209}}
Jul 04 22:37:29.182401 np0000004535 nova-scheduler[93217]: DEBUG nova.scheduler.request_filter [None req-4344fa8d-2030-428d-90d3-62f8a89cf5dd tempest-ServerRescueNegativeTestJSON-868903078 tempest-ServerRescueNegativeTestJSON-868903078-project-member] compute_status_filter request filter added forbidden trait COMPUTE_STATUS_DISABLED {{(pid=93217) compute_status_filter /opt/stack/nova/nova/scheduler/request_filter.py:253}}
Jul 04 22:37:29.182515 np0000004535 nova-scheduler[93217]: DEBUG nova.scheduler.request_filter [None req-4344fa8d-2030-428d-90d3-62f8a89cf5dd tempest-ServerRescueNegativeTestJSON-868903078 tempest-ServerRescueNegativeTestJSON-868903078-project-member] Request filter 'compute_status_filter' took 0.0 seconds {{(pid=93217) wrapper /opt/stack/nova/nova/scheduler/request_filter.py:46}}
Jul 04 22:37:29.182721 np0000004535 nova-scheduler[93217]: DEBUG nova.scheduler.request_filter [None req-4344fa8d-2030-428d-90d3-62f8a89cf5dd tempest-ServerRescueNegativeTestJSON-868903078 tempest-ServerRescueNegativeTestJSON-868903078-project-member] Request filter 'accelerators_filter' took 0.0 seconds {{(pid=93217) wrapper /opt/stack/nova/nova/scheduler/request_filter.py:46}}
Jul 04 22:37:29.182920 np0000004535 nova-scheduler[93217]: DEBUG nova.scheduler.request_filter [None req-4344fa8d-2030-428d-90d3-62f8a89cf5dd tempest-ServerRescueNegativeTestJSON-868903078 tempest-ServerRescueNegativeTestJSON-868903078-project-member] Request filter 'packed_virtqueue_filter' took 0.0 seconds {{(pid=93217) wrapper /opt/stack/nova/nova/scheduler/request_filter.py:46}}
Jul 04 22:37:29.183202 np0000004535 nova-scheduler[93217]: DEBUG nova.scheduler.request_filter [None req-4344fa8d-2030-428d-90d3-62f8a89cf5dd tempest-ServerRescueNegativeTestJSON-868903078 tempest-ServerRescueNegativeTestJSON-868903078-project-member] Request filter 'remote_managed_ports_filter' took 0.0 seconds {{(pid=93217) wrapper /opt/stack/nova/nova/scheduler/request_filter.py:46}}
Jul 04 22:37:29.183351 np0000004535 nova-scheduler[93217]: DEBUG nova.scheduler.request_filter [None req-4344fa8d-2030-428d-90d3-62f8a89cf5dd tempest-ServerRescueNegativeTestJSON-868903078 tempest-ServerRescueNegativeTestJSON-868903078-project-member] ephemeral_encryption_filter skipped {{(pid=93217) ephemeral_encryption_filter /opt/stack/nova/nova/scheduler/request_filter.py:426}}
Jul 04 22:37:29.183513 np0000004535 nova-scheduler[93217]: DEBUG nova.scheduler.request_filter [None req-4344fa8d-2030-428d-90d3-62f8a89cf5dd tempest-ServerRescueNegativeTestJSON-868903078 tempest-ServerRescueNegativeTestJSON-868903078-project-member] virtio_sound_filter skipped {{(pid=93217) virtio_sound_filter /opt/stack/nova/nova/scheduler/request_filter.py:460}}
Jul 04 22:37:29.183661 np0000004535 nova-scheduler[93217]: DEBUG nova.scheduler.request_filter [None req-4344fa8d-2030-428d-90d3-62f8a89cf5dd tempest-ServerRescueNegativeTestJSON-868903078 tempest-ServerRescueNegativeTestJSON-868903078-project-member] tpm_secret_security_filter skipped {{(pid=93217) tpm_secret_security_filter /opt/stack/nova/nova/scheduler/request_filter.py:477}}
Jul 04 22:37:29.676980 np0000004535 nova-scheduler[93217]: INFO nova.utils [None req-4344fa8d-2030-428d-90d3-62f8a89cf5dd tempest-ServerRescueNegativeTestJSON-868903078 tempest-ServerRescueNegativeTestJSON-868903078-project-member] The cell worker thread pool ForkProcess-2.cell_worker is initialized
Jul 04 22:37:29.677283 np0000004535 nova-scheduler[93217]: DEBUG oslo_concurrency.lockutils [None req-4344fa8d-2030-428d-90d3-62f8a89cf5dd tempest-ServerRescueNegativeTestJSON-868903078 tempest-ServerRescueNegativeTestJSON-868903078-project-member] Acquiring lock "b2c3e76f-8907-4c6f-82de-84946d48cb71" by "nova.context.set_target_cell..get_or_set_cached_cell_and_set_connections" {{(pid=93217) inner /opt/stack/data/venv/lib/python3.12/site-packages/oslo_concurrency/lockutils.py:511}}
Jul 04 22:37:29.677442 np0000004535 nova-scheduler[93217]: DEBUG oslo_concurrency.lockutils [None req-4344fa8d-2030-428d-90d3-62f8a89cf5dd tempest-ServerRescueNegativeTestJSON-868903078 tempest-ServerRescueNegativeTestJSON-868903078-project-member] Lock "b2c3e76f-8907-4c6f-82de-84946d48cb71" acquired by "nova.context.set_target_cell..get_or_set_cached_cell_and_set_connections" :: waited 0.000s {{(pid=93217) inner /opt/stack/data/venv/lib/python3.12/site-packages/oslo_concurrency/lockutils.py:524}}
Jul 04 22:37:29.678708 np0000004535 nova-scheduler[93217]: DEBUG oslo_concurrency.lockutils [None req-4344fa8d-2030-428d-90d3-62f8a89cf5dd tempest-ServerRescueNegativeTestJSON-868903078 tempest-ServerRescueNegativeTestJSON-868903078-project-member] Lock "b2c3e76f-8907-4c6f-82de-84946d48cb71" "released" by "nova.context.set_target_cell..get_or_set_cached_cell_and_set_connections" :: held 0.001s {{(pid=93217) inner /opt/stack/data/venv/lib/python3.12/site-packages/oslo_concurrency/lockutils.py:543}}
Jul 04 22:37:29.680837 np0000004535 nova-scheduler[93217]: INFO dbcounter [None req-4344fa8d-2030-428d-90d3-62f8a89cf5dd tempest-ServerRescueNegativeTestJSON-868903078 tempest-ServerRescueNegativeTestJSON-868903078-project-member] Registered counter for database nova_cell1
Jul 04 22:37:29.710067 np0000004535 nova-scheduler[93217]: DEBUG oslo_db.sqlalchemy.engines [None req-4344fa8d-2030-428d-90d3-62f8a89cf5dd tempest-ServerRescueNegativeTestJSON-868903078 tempest-ServerRescueNegativeTestJSON-868903078-project-member] MySQL server mode set to STRICT_TRANS_TABLES,STRICT_ALL_TABLES,NO_ZERO_IN_DATE,NO_ZERO_DATE,ERROR_FOR_DIVISION_BY_ZERO,TRADITIONAL,NO_ENGINE_SUBSTITUTION {{(pid=93217) _check_effective_sql_mode /opt/stack/data/venv/lib/python3.12/site-packages/oslo_db/sqlalchemy/engines.py:325}}
Jul 04 22:37:29.714690 np0000004535 nova-scheduler[93217]: DEBUG dbcounter [-] [93217] Writer thread running {{(pid=93217) stat_writer /opt/stack/data/venv/lib/python3.12/site-packages/dbcounter.py:102}}
Jul 04 22:37:29.725572 np0000004535 nova-scheduler[93217]: DEBUG oslo_db.sqlalchemy.engines [None req-4344fa8d-2030-428d-90d3-62f8a89cf5dd tempest-ServerRescueNegativeTestJSON-868903078 tempest-ServerRescueNegativeTestJSON-868903078-project-member] Parent process 91941 forked (93217) with an open database connection, which is being discarded and recreated. {{(pid=93217) checkout /opt/stack/data/venv/lib/python3.12/site-packages/oslo_db/sqlalchemy/engines.py:402}}
Jul 04 22:37:29.758756 np0000004535 nova-scheduler[93217]: DEBUG dbcounter [-] [93217] Writer thread running {{(pid=93217) stat_writer /opt/stack/data/venv/lib/python3.12/site-packages/dbcounter.py:102}}
Jul 04 22:37:29.761635 np0000004535 nova-scheduler[93217]: DEBUG oslo_concurrency.lockutils [None req-4344fa8d-2030-428d-90d3-62f8a89cf5dd tempest-ServerRescueNegativeTestJSON-868903078 tempest-ServerRescueNegativeTestJSON-868903078-project-member] Acquiring lock "b2c3e76f-8907-4c6f-82de-84946d48cb71" by "nova.context.set_target_cell..get_or_set_cached_cell_and_set_connections" {{(pid=93217) inner /opt/stack/data/venv/lib/python3.12/site-packages/oslo_concurrency/lockutils.py:511}}
Jul 04 22:37:29.761838 np0000004535 nova-scheduler[93217]: DEBUG oslo_concurrency.lockutils [None req-4344fa8d-2030-428d-90d3-62f8a89cf5dd tempest-ServerRescueNegativeTestJSON-868903078 tempest-ServerRescueNegativeTestJSON-868903078-project-member] Lock "b2c3e76f-8907-4c6f-82de-84946d48cb71" acquired by "nova.context.set_target_cell..get_or_set_cached_cell_and_set_connections" :: waited 0.000s {{(pid=93217) inner /opt/stack/data/venv/lib/python3.12/site-packages/oslo_concurrency/lockutils.py:524}}
Jul 04 22:37:29.761933 np0000004535 nova-scheduler[93217]: DEBUG oslo_concurrency.lockutils [None req-4344fa8d-2030-428d-90d3-62f8a89cf5dd tempest-ServerRescueNegativeTestJSON-868903078 tempest-ServerRescueNegativeTestJSON-868903078-project-member] Lock "b2c3e76f-8907-4c6f-82de-84946d48cb71" "released" by "nova.context.set_target_cell..get_or_set_cached_cell_and_set_connections" :: held 0.000s {{(pid=93217) inner /opt/stack/data/venv/lib/python3.12/site-packages/oslo_concurrency/lockutils.py:543}}
Jul 04 22:37:29.765249 np0000004535 nova-scheduler[93217]: DEBUG oslo_concurrency.lockutils [None req-4344fa8d-2030-428d-90d3-62f8a89cf5dd tempest-ServerRescueNegativeTestJSON-868903078 tempest-ServerRescueNegativeTestJSON-868903078-project-member] Acquiring lock "np0000004535-np0000004535" by "nova.scheduler.host_manager.HostState.update.._locked_update" {{(pid=93217) inner /opt/stack/data/venv/lib/python3.12/site-packages/oslo_concurrency/lockutils.py:511}}
Jul 04 22:37:29.765249 np0000004535 nova-scheduler[93217]: DEBUG oslo_concurrency.lockutils [None req-4344fa8d-2030-428d-90d3-62f8a89cf5dd tempest-ServerRescueNegativeTestJSON-868903078 tempest-ServerRescueNegativeTestJSON-868903078-project-member] Lock "np0000004535-np0000004535" acquired by "nova.scheduler.host_manager.HostState.update.._locked_update" :: waited 0.000s {{(pid=93217) inner /opt/stack/data/venv/lib/python3.12/site-packages/oslo_concurrency/lockutils.py:524}}
Jul 04 22:37:29.766791 np0000004535 nova-scheduler[93217]: DEBUG nova.scheduler.host_manager [None req-4344fa8d-2030-428d-90d3-62f8a89cf5dd tempest-ServerRescueNegativeTestJSON-868903078 tempest-ServerRescueNegativeTestJSON-868903078-project-member] Update host state from compute node: ComputeNode(cpu_allocation_ratio=4.0,cpu_info='{"arch": "x86_64", "model": "EPYC-Milan", "vendor": "AMD", "topology": {"cells": 1, "sockets": 16, "cores": 1, "threads": 1}, "maxphysaddr": {"mode": "emulate", "bits": 40}, "features": ["mmxext", "fsgsbase", "fma", "bmi1", "clflushopt", "flushbyasid", "popcnt", "sse2", "vgif", "mca", "apic", "lfence-always-serializing", "fpu", "lbrv", "de", "sse4.2", "rdctl-no", "clzero", "3dnowprefetch", "virt-ssbd", "pschange-mc-no", "misalignsse", "adx", "clwb", "pni", "no-nested-data-bp", "rdtscp", "vpclmulqdq", "rdseed", "mds-no", "perfctr_core", "fxsr_opt", "mce", "lm", "pdpe1gb", "rdrand", "sep", "mmx", "cx8", "pcid", "fsrm", "movbe", "ibpb", "erms", "clflush", "vaes", "wbnoinvd", "avx", "npt", "amd-psfd", "pclmuldq", "xsaveerptr", "stibp-always-on", "rdpid", "abm", "aes", "sse", "fxsr", "lahf_lm", "v-vmsave-vmload", "vmcb-clean", "null-sel-clr-base", "xsaves", "nrip-save", "x2apic", "smep", "smap", "sha-ni", "xsave", "pse36", "gds-no", "pge", "ssbd", "tsc_adjust", "avx2", "stibp", "skip-l1dfl-vmentry", "vme", "xgetbv1", "cmp_legacy", "mtrr", "pause-filter", "osvw", "ibrs", "hypervisor", "spec-ctrl", "xsaveopt", "tsc", "amd-stibp", "tsc-deadline", "cr8legacy", "msr", "xsavec", "arch-capabilities", "topoext", "f16c", "pku", "pae", "sse4.1", "arat", "ssse3", "pse", "umip", "nx", "sse4a", "bmi2", "syscall", "pfthreshold", "tsc-scale", "cx16", "svme-addr-chk", "amd-ssbd", "invpcid", "pat", "svm", "cmov"]}',created_at=2026-07-04T22:35:31Z,current_workload=0,deleted=False,deleted_at=None,disk_allocation_ratio=1.0,disk_available_least=73,free_disk_gb=95,free_ram_mb=62765,host='np0000004535',host_ip=10.4.3.246,hypervisor_hostname='np0000004535',hypervisor_type='QEMU',hypervisor_version=8002002,id=1,local_gb=95,local_gb_used=0,mapped=1,memory_mb=63277,memory_mb_used=512,metrics='[]',numa_topology='{"nova_object.name": "NUMATopology", "nova_object.namespace": "nova", "nova_object.version": "1.2", "nova_object.data": {"cells": [{"nova_object.name": "NUMACell", "nova_object.namespace": "nova", "nova_object.version": "1.5", "nova_object.data": {"id": 0, "cpuset": [0, 1, 2, 3, 4, 5, 6, 7, 8, 9, 10, 11, 12, 13, 14, 15], "pcpuset": [0, 1, 2, 3, 4, 5, 6, 7, 8, 9, 10, 11, 12, 13, 14, 15], "memory": 63277, "cpu_usage": 0, "memory_usage": 0, "pinned_cpus": [], "siblings": [[6], [12], [2], [15], [5], [11], [8], [14], [4], [1], [7], [10], [0], [13], [3], [9]], "mempages": [{"nova_object.name": "NUMAPagesTopology", "nova_object.namespace": "nova", "nova_object.version": "1.1", "nova_object.data": {"size_kb": 4, "total": 16177929, "used": 0, "reserved": 0}, "nova_object.changes": ["used", "total", "size_kb", "reserved"]}, {"nova_object.name": "NUMAPagesTopology", "nova_object.namespace": "nova", "nova_object.version": "1.1", "nova_object.data": {"size_kb": 2048, "total": 41, "used": 0, "reserved": 0}, "nova_object.changes": ["used", "total", "size_kb", "reserved"]}, {"nova_object.name": "NUMAPagesTopology", "nova_object.namespace": "nova", "nova_object.version": "1.1", "nova_object.data": {"size_kb": 1048576, "total": 0, "used": 0, "reserved": 0}, "nova_object.changes": ["used", "total", "size_kb", "reserved"]}], "network_metadata": {"nova_object.name": "NetworkMetadata", "nova_object.namespace": "nova", "nova_object.version": "1.0", "nova_object.data": {"physnets": [], "tunneled": false}, "nova_object.changes": ["tunneled", "physnets"]}, "socket": null}, "nova_object.changes": ["memory", "cpuset", "mempages", "id", "cpu_usage", "socket", "pinned_cpus", "memory_usage", "network_metadata", "pcpuset", "siblings"]}]}, "nova_object.changes": ["cells"]}',pci_device_pools=PciDevicePoolList,ram_allocation_ratio=1.0,running_vms=0,service_id=3,stats={failed_builds='0',uptime=' 22:37:16 up 13 min, 2 users, load average: 2.07, 1.61, 0.91
Jul 04 22:37:29.766791 np0000004535 nova-scheduler[93217]: '},supported_hv_specs=[HVSpec,HVSpec,HVSpec,HVSpec,HVSpec,HVSpec,HVSpec,HVSpec,HVSpec,HVSpec,HVSpec,HVSpec,HVSpec,HVSpec,HVSpec,HVSpec,HVSpec,HVSpec,HVSpec,HVSpec,HVSpec,HVSpec,HVSpec,HVSpec,HVSpec],updated_at=2026-07-04T22:37:18Z,uuid=50b2eed8-cf50-4a96-a7ed-ed3b8440430a,vcpus=16,vcpus_used=0) {{(pid=93217) _locked_update /opt/stack/nova/nova/scheduler/host_manager.py:168}}
Jul 04 22:37:29.768127 np0000004535 nova-scheduler[93217]: DEBUG nova.scheduler.host_manager [None req-4344fa8d-2030-428d-90d3-62f8a89cf5dd tempest-ServerRescueNegativeTestJSON-868903078 tempest-ServerRescueNegativeTestJSON-868903078-project-member] Update host state with aggregates: [] {{(pid=93217) _locked_update /opt/stack/nova/nova/scheduler/host_manager.py:171}}
Jul 04 22:37:29.768127 np0000004535 nova-scheduler[93217]: DEBUG nova.scheduler.host_manager [None req-4344fa8d-2030-428d-90d3-62f8a89cf5dd tempest-ServerRescueNegativeTestJSON-868903078 tempest-ServerRescueNegativeTestJSON-868903078-project-member] Update host state with service dict: {'id': 3, 'uuid': 'c6d62df4-1ae4-435b-8c4b-3e4ae044c22e', 'host': 'np0000004535', 'binary': 'nova-compute', 'topic': 'compute', 'report_count': 1, 'disabled': False, 'disabled_reason': None, 'last_seen_up': datetime.datetime(2026, 7, 4, 22, 35, 40, tzinfo=datetime.timezone.utc), 'forced_down': False, 'version': 72, 'created_at': datetime.datetime(2026, 7, 4, 22, 35, 30, tzinfo=datetime.timezone.utc), 'updated_at': datetime.datetime(2026, 7, 4, 22, 35, 40, tzinfo=datetime.timezone.utc), 'deleted_at': None, 'deleted': False} {{(pid=93217) _locked_update /opt/stack/nova/nova/scheduler/host_manager.py:174}}
Jul 04 22:37:29.768127 np0000004535 nova-scheduler[93217]: DEBUG nova.scheduler.host_manager [None req-4344fa8d-2030-428d-90d3-62f8a89cf5dd tempest-ServerRescueNegativeTestJSON-868903078 tempest-ServerRescueNegativeTestJSON-868903078-project-member] Update host state with instances: [] {{(pid=93217) _locked_update /opt/stack/nova/nova/scheduler/host_manager.py:177}}
Jul 04 22:37:29.768127 np0000004535 nova-scheduler[93217]: DEBUG oslo_concurrency.lockutils [None req-4344fa8d-2030-428d-90d3-62f8a89cf5dd tempest-ServerRescueNegativeTestJSON-868903078 tempest-ServerRescueNegativeTestJSON-868903078-project-member] Lock "np0000004535-np0000004535" "released" by "nova.scheduler.host_manager.HostState.update.._locked_update" :: held 0.002s {{(pid=93217) inner /opt/stack/data/venv/lib/python3.12/site-packages/oslo_concurrency/lockutils.py:543}}
Jul 04 22:37:29.768127 np0000004535 nova-scheduler[93217]: DEBUG nova.filters [None req-4344fa8d-2030-428d-90d3-62f8a89cf5dd tempest-ServerRescueNegativeTestJSON-868903078 tempest-ServerRescueNegativeTestJSON-868903078-project-member] Starting with 1 host(s) {{(pid=93217) get_filtered_objects /opt/stack/nova/nova/filters.py:70}}
Jul 04 22:37:29.768127 np0000004535 nova-scheduler[93217]: DEBUG nova.filters [None req-4344fa8d-2030-428d-90d3-62f8a89cf5dd tempest-ServerRescueNegativeTestJSON-868903078 tempest-ServerRescueNegativeTestJSON-868903078-project-member] Filter ComputeFilter returned 1 host(s) {{(pid=93217) get_filtered_objects /opt/stack/nova/nova/filters.py:102}}
Jul 04 22:37:29.768127 np0000004535 nova-scheduler[93217]: DEBUG nova.filters [None req-4344fa8d-2030-428d-90d3-62f8a89cf5dd tempest-ServerRescueNegativeTestJSON-868903078 tempest-ServerRescueNegativeTestJSON-868903078-project-member] Filter ComputeCapabilitiesFilter returned 1 host(s) {{(pid=93217) get_filtered_objects /opt/stack/nova/nova/filters.py:102}}
Jul 04 22:37:29.769204 np0000004535 nova-scheduler[93217]: DEBUG nova.filters [None req-4344fa8d-2030-428d-90d3-62f8a89cf5dd tempest-ServerRescueNegativeTestJSON-868903078 tempest-ServerRescueNegativeTestJSON-868903078-project-member] Filter ImagePropertiesFilter returned 1 host(s) {{(pid=93217) get_filtered_objects /opt/stack/nova/nova/filters.py:102}}
Jul 04 22:37:29.769204 np0000004535 nova-scheduler[93217]: DEBUG nova.filters [None req-4344fa8d-2030-428d-90d3-62f8a89cf5dd tempest-ServerRescueNegativeTestJSON-868903078 tempest-ServerRescueNegativeTestJSON-868903078-project-member] Filter ServerGroupAntiAffinityFilter returned 1 host(s) {{(pid=93217) get_filtered_objects /opt/stack/nova/nova/filters.py:102}}
Jul 04 22:37:29.769204 np0000004535 nova-scheduler[93217]: DEBUG nova.filters [None req-4344fa8d-2030-428d-90d3-62f8a89cf5dd tempest-ServerRescueNegativeTestJSON-868903078 tempest-ServerRescueNegativeTestJSON-868903078-project-member] Filter ServerGroupAffinityFilter returned 1 host(s) {{(pid=93217) get_filtered_objects /opt/stack/nova/nova/filters.py:102}}
Jul 04 22:37:29.769204 np0000004535 nova-scheduler[93217]: DEBUG nova.filters [None req-4344fa8d-2030-428d-90d3-62f8a89cf5dd tempest-ServerRescueNegativeTestJSON-868903078 tempest-ServerRescueNegativeTestJSON-868903078-project-member] Filter SameHostFilter returned 1 host(s) {{(pid=93217) get_filtered_objects /opt/stack/nova/nova/filters.py:102}}
Jul 04 22:37:29.769204 np0000004535 nova-scheduler[93217]: DEBUG nova.filters [None req-4344fa8d-2030-428d-90d3-62f8a89cf5dd tempest-ServerRescueNegativeTestJSON-868903078 tempest-ServerRescueNegativeTestJSON-868903078-project-member] Filter DifferentHostFilter returned 1 host(s) {{(pid=93217) get_filtered_objects /opt/stack/nova/nova/filters.py:102}}
Jul 04 22:37:29.769204 np0000004535 nova-scheduler[93217]: DEBUG nova.scheduler.manager [None req-4344fa8d-2030-428d-90d3-62f8a89cf5dd tempest-ServerRescueNegativeTestJSON-868903078 tempest-ServerRescueNegativeTestJSON-868903078-project-member] Filtered [(np0000004535, np0000004535) ram: 62765MB disk: 74752MB io_ops: 0 instances: 0, allocation_candidates: 1] {{(pid=93217) _get_sorted_hosts /opt/stack/nova/nova/scheduler/manager.py:742}}
Jul 04 22:37:29.769204 np0000004535 nova-scheduler[93217]: DEBUG nova.scheduler.manager [None req-4344fa8d-2030-428d-90d3-62f8a89cf5dd tempest-ServerRescueNegativeTestJSON-868903078 tempest-ServerRescueNegativeTestJSON-868903078-project-member] Weighed [WeighedHost [host: (np0000004535, np0000004535) ram: 62765MB disk: 74752MB io_ops: 0 instances: 0, allocation_candidates: 1, weight: 0.0]] {{(pid=93217) _get_sorted_hosts /opt/stack/nova/nova/scheduler/manager.py:764}}
Jul 04 22:37:29.769616 np0000004535 nova-scheduler[93217]: DEBUG nova.scheduler.utils [None req-4344fa8d-2030-428d-90d3-62f8a89cf5dd tempest-ServerRescueNegativeTestJSON-868903078 tempest-ServerRescueNegativeTestJSON-868903078-project-member] Attempting to claim resources in the placement API for instance 20478066-06cb-4aa2-8718-9a8012185764 {{(pid=93217) claim_resources /opt/stack/nova/nova/scheduler/utils.py:1345}}
Jul 04 22:37:29.895270 np0000004535 nova-scheduler[93217]: DEBUG nova.scheduler.manager [None req-4344fa8d-2030-428d-90d3-62f8a89cf5dd tempest-ServerRescueNegativeTestJSON-868903078 tempest-ServerRescueNegativeTestJSON-868903078-project-member] [instance: 20478066-06cb-4aa2-8718-9a8012185764] Selected host: (np0000004535, np0000004535) ram: 62765MB disk: 74752MB io_ops: 0 instances: 0, allocation_candidates: 1 {{(pid=93217) _consume_selected_host /opt/stack/nova/nova/scheduler/manager.py:624}}
Jul 04 22:37:29.895475 np0000004535 nova-scheduler[93217]: DEBUG oslo_concurrency.lockutils [None req-4344fa8d-2030-428d-90d3-62f8a89cf5dd tempest-ServerRescueNegativeTestJSON-868903078 tempest-ServerRescueNegativeTestJSON-868903078-project-member] Acquiring lock "np0000004535-np0000004535" by "nova.scheduler.host_manager.HostState.consume_from_request.._locked" {{(pid=93217) inner /opt/stack/data/venv/lib/python3.12/site-packages/oslo_concurrency/lockutils.py:511}}
Jul 04 22:37:29.895534 np0000004535 nova-scheduler[93217]: DEBUG oslo_concurrency.lockutils [None req-4344fa8d-2030-428d-90d3-62f8a89cf5dd tempest-ServerRescueNegativeTestJSON-868903078 tempest-ServerRescueNegativeTestJSON-868903078-project-member] Lock "np0000004535-np0000004535" acquired by "nova.scheduler.host_manager.HostState.consume_from_request.._locked" :: waited 0.000s {{(pid=93217) inner /opt/stack/data/venv/lib/python3.12/site-packages/oslo_concurrency/lockutils.py:524}}
Jul 04 22:37:29.895699 np0000004535 nova-scheduler[93217]: DEBUG oslo_concurrency.lockutils [None req-4344fa8d-2030-428d-90d3-62f8a89cf5dd tempest-ServerRescueNegativeTestJSON-868903078 tempest-ServerRescueNegativeTestJSON-868903078-project-member] Lock "np0000004535-np0000004535" "released" by "nova.scheduler.host_manager.HostState.consume_from_request.._locked" :: held 0.000s {{(pid=93217) inner /opt/stack/data/venv/lib/python3.12/site-packages/oslo_concurrency/lockutils.py:543}}
Jul 04 22:37:34.669208 np0000004535 nova-scheduler[93219]: DEBUG nova.scheduler.manager [None req-4bb09f18-3388-4e2c-993b-8304c0a635f2 tempest-AttachVolumeShelveTestJSON-619293375 tempest-AttachVolumeShelveTestJSON-619293375-project-member] Starting to schedule for instances: ['226305fc-1c84-4f9b-b71b-f2ec3b1bb4f5'] {{(pid=93219) select_destinations /opt/stack/nova/nova/scheduler/manager.py:209}}
Jul 04 22:37:34.669771 np0000004535 nova-scheduler[93219]: DEBUG nova.scheduler.request_filter [None req-4bb09f18-3388-4e2c-993b-8304c0a635f2 tempest-AttachVolumeShelveTestJSON-619293375 tempest-AttachVolumeShelveTestJSON-619293375-project-member] compute_status_filter request filter added forbidden trait COMPUTE_STATUS_DISABLED {{(pid=93219) compute_status_filter /opt/stack/nova/nova/scheduler/request_filter.py:253}}
Jul 04 22:37:34.669869 np0000004535 nova-scheduler[93219]: DEBUG nova.scheduler.request_filter [None req-4bb09f18-3388-4e2c-993b-8304c0a635f2 tempest-AttachVolumeShelveTestJSON-619293375 tempest-AttachVolumeShelveTestJSON-619293375-project-member] Request filter 'compute_status_filter' took 0.0 seconds {{(pid=93219) wrapper /opt/stack/nova/nova/scheduler/request_filter.py:46}}
Jul 04 22:37:34.670084 np0000004535 nova-scheduler[93219]: DEBUG nova.scheduler.request_filter [None req-4bb09f18-3388-4e2c-993b-8304c0a635f2 tempest-AttachVolumeShelveTestJSON-619293375 tempest-AttachVolumeShelveTestJSON-619293375-project-member] Request filter 'accelerators_filter' took 0.0 seconds {{(pid=93219) wrapper /opt/stack/nova/nova/scheduler/request_filter.py:46}}
Jul 04 22:37:34.670247 np0000004535 nova-scheduler[93219]: DEBUG nova.scheduler.request_filter [None req-4bb09f18-3388-4e2c-993b-8304c0a635f2 tempest-AttachVolumeShelveTestJSON-619293375 tempest-AttachVolumeShelveTestJSON-619293375-project-member] Request filter 'packed_virtqueue_filter' took 0.0 seconds {{(pid=93219) wrapper /opt/stack/nova/nova/scheduler/request_filter.py:46}}
Jul 04 22:37:34.670471 np0000004535 nova-scheduler[93219]: DEBUG nova.scheduler.request_filter [None req-4bb09f18-3388-4e2c-993b-8304c0a635f2 tempest-AttachVolumeShelveTestJSON-619293375 tempest-AttachVolumeShelveTestJSON-619293375-project-member] Request filter 'remote_managed_ports_filter' took 0.0 seconds {{(pid=93219) wrapper /opt/stack/nova/nova/scheduler/request_filter.py:46}}
Jul 04 22:37:34.670607 np0000004535 nova-scheduler[93219]: DEBUG nova.scheduler.request_filter [None req-4bb09f18-3388-4e2c-993b-8304c0a635f2 tempest-AttachVolumeShelveTestJSON-619293375 tempest-AttachVolumeShelveTestJSON-619293375-project-member] ephemeral_encryption_filter skipped {{(pid=93219) ephemeral_encryption_filter /opt/stack/nova/nova/scheduler/request_filter.py:426}}
Jul 04 22:37:34.670778 np0000004535 nova-scheduler[93219]: DEBUG nova.scheduler.request_filter [None req-4bb09f18-3388-4e2c-993b-8304c0a635f2 tempest-AttachVolumeShelveTestJSON-619293375 tempest-AttachVolumeShelveTestJSON-619293375-project-member] virtio_sound_filter skipped {{(pid=93219) virtio_sound_filter /opt/stack/nova/nova/scheduler/request_filter.py:460}}
Jul 04 22:37:34.670907 np0000004535 nova-scheduler[93219]: DEBUG nova.scheduler.request_filter [None req-4bb09f18-3388-4e2c-993b-8304c0a635f2 tempest-AttachVolumeShelveTestJSON-619293375 tempest-AttachVolumeShelveTestJSON-619293375-project-member] tpm_secret_security_filter skipped {{(pid=93219) tpm_secret_security_filter /opt/stack/nova/nova/scheduler/request_filter.py:477}}
Jul 04 22:37:34.719843 np0000004535 nova-scheduler[93215]: DEBUG nova.scheduler.manager [None req-d292420d-26ca-4b07-9e3a-c61ca43a1151 tempest-ServerActionsTestOtherA-1343334749 tempest-ServerActionsTestOtherA-1343334749-project-member] Starting to schedule for instances: ['ebf25a45-4287-46aa-a818-0c7c8cde77e5'] {{(pid=93215) select_destinations /opt/stack/nova/nova/scheduler/manager.py:209}}
Jul 04 22:37:34.720816 np0000004535 nova-scheduler[93215]: DEBUG nova.scheduler.request_filter [None req-d292420d-26ca-4b07-9e3a-c61ca43a1151 tempest-ServerActionsTestOtherA-1343334749 tempest-ServerActionsTestOtherA-1343334749-project-member] compute_status_filter request filter added forbidden trait COMPUTE_STATUS_DISABLED {{(pid=93215) compute_status_filter /opt/stack/nova/nova/scheduler/request_filter.py:253}}
Jul 04 22:37:34.720916 np0000004535 nova-scheduler[93215]: DEBUG nova.scheduler.request_filter [None req-d292420d-26ca-4b07-9e3a-c61ca43a1151 tempest-ServerActionsTestOtherA-1343334749 tempest-ServerActionsTestOtherA-1343334749-project-member] Request filter 'compute_status_filter' took 0.0 seconds {{(pid=93215) wrapper /opt/stack/nova/nova/scheduler/request_filter.py:46}}
Jul 04 22:37:34.721154 np0000004535 nova-scheduler[93215]: DEBUG nova.scheduler.request_filter [None req-d292420d-26ca-4b07-9e3a-c61ca43a1151 tempest-ServerActionsTestOtherA-1343334749 tempest-ServerActionsTestOtherA-1343334749-project-member] Request filter 'accelerators_filter' took 0.0 seconds {{(pid=93215) wrapper /opt/stack/nova/nova/scheduler/request_filter.py:46}}
Jul 04 22:37:34.721325 np0000004535 nova-scheduler[93215]: DEBUG nova.scheduler.request_filter [None req-d292420d-26ca-4b07-9e3a-c61ca43a1151 tempest-ServerActionsTestOtherA-1343334749 tempest-ServerActionsTestOtherA-1343334749-project-member] Request filter 'packed_virtqueue_filter' took 0.0 seconds {{(pid=93215) wrapper /opt/stack/nova/nova/scheduler/request_filter.py:46}}
Jul 04 22:37:34.721549 np0000004535 nova-scheduler[93215]: DEBUG nova.scheduler.request_filter [None req-d292420d-26ca-4b07-9e3a-c61ca43a1151 tempest-ServerActionsTestOtherA-1343334749 tempest-ServerActionsTestOtherA-1343334749-project-member] Request filter 'remote_managed_ports_filter' took 0.0 seconds {{(pid=93215) wrapper /opt/stack/nova/nova/scheduler/request_filter.py:46}}
Jul 04 22:37:34.721731 np0000004535 nova-scheduler[93215]: DEBUG nova.scheduler.request_filter [None req-d292420d-26ca-4b07-9e3a-c61ca43a1151 tempest-ServerActionsTestOtherA-1343334749 tempest-ServerActionsTestOtherA-1343334749-project-member] ephemeral_encryption_filter skipped {{(pid=93215) ephemeral_encryption_filter /opt/stack/nova/nova/scheduler/request_filter.py:426}}
Jul 04 22:37:34.721927 np0000004535 nova-scheduler[93215]: DEBUG nova.scheduler.request_filter [None req-d292420d-26ca-4b07-9e3a-c61ca43a1151 tempest-ServerActionsTestOtherA-1343334749 tempest-ServerActionsTestOtherA-1343334749-project-member] virtio_sound_filter skipped {{(pid=93215) virtio_sound_filter /opt/stack/nova/nova/scheduler/request_filter.py:460}}
Jul 04 22:37:34.722089 np0000004535 nova-scheduler[93215]: DEBUG nova.scheduler.request_filter [None req-d292420d-26ca-4b07-9e3a-c61ca43a1151 tempest-ServerActionsTestOtherA-1343334749 tempest-ServerActionsTestOtherA-1343334749-project-member] tpm_secret_security_filter skipped {{(pid=93215) tpm_secret_security_filter /opt/stack/nova/nova/scheduler/request_filter.py:477}}
Jul 04 22:37:34.746078 np0000004535 nova-scheduler[93217]: DEBUG nova.scheduler.manager [None req-6821ea16-7f50-4b30-aa5f-ae3a90e801e2 tempest-ServerActionsTestOtherB-1273237685 tempest-ServerActionsTestOtherB-1273237685-project-member] Starting to schedule for instances: ['e9f5daf6-60c0-4481-85a7-27f4f827929b'] {{(pid=93217) select_destinations /opt/stack/nova/nova/scheduler/manager.py:209}}
Jul 04 22:37:34.746642 np0000004535 nova-scheduler[93217]: DEBUG nova.scheduler.request_filter [None req-6821ea16-7f50-4b30-aa5f-ae3a90e801e2 tempest-ServerActionsTestOtherB-1273237685 tempest-ServerActionsTestOtherB-1273237685-project-member] compute_status_filter request filter added forbidden trait COMPUTE_STATUS_DISABLED {{(pid=93217) compute_status_filter /opt/stack/nova/nova/scheduler/request_filter.py:253}}
Jul 04 22:37:34.746858 np0000004535 nova-scheduler[93217]: DEBUG nova.scheduler.request_filter [None req-6821ea16-7f50-4b30-aa5f-ae3a90e801e2 tempest-ServerActionsTestOtherB-1273237685 tempest-ServerActionsTestOtherB-1273237685-project-member] Request filter 'compute_status_filter' took 0.0 seconds {{(pid=93217) wrapper /opt/stack/nova/nova/scheduler/request_filter.py:46}}
Jul 04 22:37:34.747120 np0000004535 nova-scheduler[93217]: DEBUG nova.scheduler.request_filter [None req-6821ea16-7f50-4b30-aa5f-ae3a90e801e2 tempest-ServerActionsTestOtherB-1273237685 tempest-ServerActionsTestOtherB-1273237685-project-member] Request filter 'accelerators_filter' took 0.0 seconds {{(pid=93217) wrapper /opt/stack/nova/nova/scheduler/request_filter.py:46}}
