Jul 16 14:55:22.914537 np0000005252 devstack@g-api.service[99650]: DEBUG glance_store.driver [-] Late loading location class glance_store._drivers.swift.store.StoreLocation {{(pid=99650) get_store_location_class /opt/stack/data/venv/lib/python3.12/site-packages/glance_store/driver.py:134}}
Jul 16 14:55:22.914585 np0000005252 devstack@g-api.service[99650]: DEBUG glance_store.location [-] Registering scheme swift+https with {'store': , 'location_class': , 'store_entry': 'swift'} {{(pid=99650) register_scheme_map /opt/stack/data/venv/lib/python3.12/site-packages/glance_store/location.py:146}}
Jul 16 14:55:22.914633 np0000005252 devstack@g-api.service[99650]: DEBUG glance_store.location [-] Registering scheme swift+https with {'store': , 'location_class': , 'store_entry': 'swift'} {{(pid=99650) register_scheme_map /opt/stack/data/venv/lib/python3.12/site-packages/glance_store/location.py:146}}
Jul 16 14:55:22.914679 np0000005252 devstack@g-api.service[99650]: DEBUG glance_store.location [-] Registering scheme swift with {'store': , 'location_class': , 'store_entry': 'swift'} {{(pid=99650) register_scheme_map /opt/stack/data/venv/lib/python3.12/site-packages/glance_store/location.py:146}}
Jul 16 14:55:22.914724 np0000005252 devstack@g-api.service[99650]: DEBUG glance_store.location [-] Registering scheme swift+https with {'store': , 'location_class': , 'store_entry': 'swift'} {{(pid=99650) register_scheme_map /opt/stack/data/venv/lib/python3.12/site-packages/glance_store/location.py:146}}
Jul 16 14:55:22.914782 np0000005252 devstack@g-api.service[99650]: DEBUG glance_store.location [-] Registering scheme swift with {'store': , 'location_class': , 'store_entry': 'swift'} {{(pid=99650) register_scheme_map /opt/stack/data/venv/lib/python3.12/site-packages/glance_store/location.py:146}}
Jul 16 14:55:22.914829 np0000005252 devstack@g-api.service[99650]: DEBUG glance_store.location [-] Registering scheme swift+http with {'store': , 'location_class': , 'store_entry': 'swift'} {{(pid=99650) register_scheme_map /opt/stack/data/venv/lib/python3.12/site-packages/glance_store/location.py:146}}
Jul 16 14:55:22.914874 np0000005252 devstack@g-api.service[99650]: DEBUG glance_store.location [-] Registering scheme swift+https with {'store': , 'location_class': , 'store_entry': 'swift'} {{(pid=99650) register_scheme_map /opt/stack/data/venv/lib/python3.12/site-packages/glance_store/location.py:146}}
Jul 16 14:55:22.914874 np0000005252 devstack@g-api.service[99650]: DEBUG glance_store.location [-] Registering scheme swift with {'store': , 'location_class': , 'store_entry': 'swift'} {{(pid=99650) register_scheme_map /opt/stack/data/venv/lib/python3.12/site-packages/glance_store/location.py:146}}
Jul 16 14:55:22.914976 np0000005252 devstack@g-api.service[99650]: DEBUG glance_store.location [-] Registering scheme swift+http with {'store': , 'location_class': , 'store_entry': 'swift'} {{(pid=99650) register_scheme_map /opt/stack/data/venv/lib/python3.12/site-packages/glance_store/location.py:146}}
Jul 16 14:55:22.914976 np0000005252 devstack@g-api.service[99650]: DEBUG glance_store.location [-] Registering scheme swift+config with {'store': , 'location_class': , 'store_entry': 'swift'} {{(pid=99650) register_scheme_map /opt/stack/data/venv/lib/python3.12/site-packages/glance_store/location.py:146}}
Jul 16 14:55:22.915063 np0000005252 devstack@g-api.service[99649]: DEBUG glance_store.capabilities [-] Store glance_store._drivers.swift.store.SingleTenantStore doesn't support updating dynamic storage capabilities. Please overwrite 'update_capabilities' method of the store to implement updating logics if needed. {{(pid=99649) update_capabilities /opt/stack/data/venv/lib/python3.12/site-packages/glance_store/capabilities.py:91}}
Jul 16 14:55:22.915112 np0000005252 devstack@g-api.service[99649]: DEBUG glance_store.driver [-] Late loading location class glance_store._drivers.swift.store.StoreLocation {{(pid=99649) get_store_location_class /opt/stack/data/venv/lib/python3.12/site-packages/glance_store/driver.py:134}}
Jul 16 14:55:22.915199 np0000005252 devstack@g-api.service[99649]: DEBUG glance_store.location [-] Registering scheme swift+https with {'store': , 'location_class': , 'store_entry': 'swift'} {{(pid=99649) register_scheme_map /opt/stack/data/venv/lib/python3.12/site-packages/glance_store/location.py:146}}
Jul 16 14:55:22.915258 np0000005252 devstack@g-api.service[99650]: DEBUG glance.sqlite_migration [-] SQLite caching database not located, skipping migration {{(pid=99650) get_db_path /opt/stack/glance/glance/sqlite_migration.py:68}}
Jul 16 14:55:22.915309 np0000005252 devstack@g-api.service[99649]: DEBUG glance_store.location [-] Registering scheme swift+https with {'store': , 'location_class': , 'store_entry': 'swift'} {{(pid=99649) register_scheme_map /opt/stack/data/venv/lib/python3.12/site-packages/glance_store/location.py:146}}
Jul 16 14:55:22.915356 np0000005252 devstack@g-api.service[99650]: WARNING glance.common.wsgi_app [-] Import methods are enabled but staging directory /tmp/staging/ does not exist; Imports will fail!
Jul 16 14:55:22.915403 np0000005252 devstack@g-api.service[99649]: DEBUG glance_store.location [-] Registering scheme swift with {'store': , 'location_class': , 'store_entry': 'swift'} {{(pid=99649) register_scheme_map /opt/stack/data/venv/lib/python3.12/site-packages/glance_store/location.py:146}}
Jul 16 14:55:22.915493 np0000005252 devstack@g-api.service[99649]: DEBUG glance_store.location [-] Registering scheme swift+https with {'store': , 'location_class': , 'store_entry': 'swift'} {{(pid=99649) register_scheme_map /opt/stack/data/venv/lib/python3.12/site-packages/glance_store/location.py:146}}
Jul 16 14:55:22.915545 np0000005252 devstack@g-api.service[99649]: DEBUG glance_store.location [-] Registering scheme swift with {'store': , 'location_class': , 'store_entry': 'swift'} {{(pid=99649) register_scheme_map /opt/stack/data/venv/lib/python3.12/site-packages/glance_store/location.py:146}}
Jul 16 14:55:22.915634 np0000005252 devstack@g-api.service[99649]: DEBUG glance_store.location [-] Registering scheme swift+http with {'store': , 'location_class': , 'store_entry': 'swift'} {{(pid=99649) register_scheme_map /opt/stack/data/venv/lib/python3.12/site-packages/glance_store/location.py:146}}
Jul 16 14:55:22.915715 np0000005252 devstack@g-api.service[99649]: DEBUG glance_store.location [-] Registering scheme swift+https with {'store': , 'location_class': , 'store_entry': 'swift'} {{(pid=99649) register_scheme_map /opt/stack/data/venv/lib/python3.12/site-packages/glance_store/location.py:146}}
Jul 16 14:55:22.915798 np0000005252 devstack@g-api.service[99649]: DEBUG glance_store.location [-] Registering scheme swift with {'store': , 'location_class': , 'store_entry': 'swift'} {{(pid=99649) register_scheme_map /opt/stack/data/venv/lib/python3.12/site-packages/glance_store/location.py:146}}
Jul 16 14:55:22.915896 np0000005252 devstack@g-api.service[99649]: DEBUG glance_store.location [-] Registering scheme swift+http with {'store': , 'location_class': , 'store_entry': 'swift'} {{(pid=99649) register_scheme_map /opt/stack/data/venv/lib/python3.12/site-packages/glance_store/location.py:146}}
Jul 16 14:55:22.915992 np0000005252 devstack@g-api.service[99649]: DEBUG glance_store.location [-] Registering scheme swift+config with {'store': , 'location_class': , 'store_entry': 'swift'} {{(pid=99649) register_scheme_map /opt/stack/data/venv/lib/python3.12/site-packages/glance_store/location.py:146}}
Jul 16 14:55:22.916277 np0000005252 devstack@g-api.service[99649]: DEBUG glance.sqlite_migration [-] SQLite caching database not located, skipping migration {{(pid=99649) get_db_path /opt/stack/glance/glance/sqlite_migration.py:68}}
Jul 16 14:55:22.916520 np0000005252 devstack@g-api.service[99649]: WARNING glance.common.wsgi_app [-] Import methods are enabled but staging directory /tmp/staging/ does not exist; Imports will fail!
Jul 16 14:55:23.040188 np0000005252 devstack@g-api.service[99648]: DEBUG glance.common.config [None req-4c7b8aed-875a-4cd1-a00e-de394f51990d None None] Loading glance-api-keystone+cachemanagement from /etc/glance/glance-api-paste.ini {{(pid=99648) load_paste_app /opt/stack/glance/glance/common/config.py:765}}
Jul 16 14:55:23.040359 np0000005252 devstack@g-api.service[99650]: DEBUG glance.common.config [None req-84a4cc4b-6e5c-4a16-ad2c-e48a0b494b18 None None] Loading glance-api-keystone+cachemanagement from /etc/glance/glance-api-paste.ini {{(pid=99650) load_paste_app /opt/stack/glance/glance/common/config.py:765}}
Jul 16 14:55:23.049279 np0000005252 devstack@g-api.service[99649]: DEBUG glance.common.config [None req-a74e98f6-04ca-41bb-bcc3-3cacbc284591 None None] Loading glance-api-keystone+cachemanagement from /etc/glance/glance-api-paste.ini {{(pid=99649) load_paste_app /opt/stack/glance/glance/common/config.py:765}}
Jul 16 14:55:23.626763 np0000005252 devstack@g-api.service[99648]: INFO glance.image_cache [None req-4c7b8aed-875a-4cd1-a00e-de394f51990d None None] Image cache loaded driver 'centralized_db'.
Jul 16 14:55:23.633218 np0000005252 devstack@g-api.service[99650]: INFO glance.image_cache [None req-84a4cc4b-6e5c-4a16-ad2c-e48a0b494b18 None None] Image cache loaded driver 'centralized_db'.
Jul 16 14:55:23.643637 np0000005252 devstack@g-api.service[99649]: INFO glance.image_cache [None req-a74e98f6-04ca-41bb-bcc3-3cacbc284591 None None] Image cache loaded driver 'centralized_db'.
Jul 16 14:55:23.673536 np0000005252 devstack@g-api.service[99648]: INFO dbcounter [None req-4c7b8aed-875a-4cd1-a00e-de394f51990d None None] Registered counter for database glance
Jul 16 14:55:23.680299 np0000005252 devstack@g-api.service[99650]: INFO dbcounter [None req-84a4cc4b-6e5c-4a16-ad2c-e48a0b494b18 None None] Registered counter for database glance
Jul 16 14:55:23.688297 np0000005252 devstack@g-api.service[99649]: INFO dbcounter [None req-a74e98f6-04ca-41bb-bcc3-3cacbc284591 None None] Registered counter for database glance
Jul 16 14:55:23.709687 np0000005252 devstack@g-api.service[99648]: DEBUG oslo_db.sqlalchemy.engines [None req-4c7b8aed-875a-4cd1-a00e-de394f51990d None None] MySQL server mode set to STRICT_TRANS_TABLES,STRICT_ALL_TABLES,NO_ZERO_IN_DATE,NO_ZERO_DATE,ERROR_FOR_DIVISION_BY_ZERO,TRADITIONAL,NO_ENGINE_SUBSTITUTION {{(pid=99648) _check_effective_sql_mode /opt/stack/data/venv/lib/python3.12/site-packages/oslo_db/sqlalchemy/engines.py:325}}
Jul 16 14:55:23.720471 np0000005252 devstack@g-api.service[99650]: DEBUG oslo_db.sqlalchemy.engines [None req-84a4cc4b-6e5c-4a16-ad2c-e48a0b494b18 None None] MySQL server mode set to STRICT_TRANS_TABLES,STRICT_ALL_TABLES,NO_ZERO_IN_DATE,NO_ZERO_DATE,ERROR_FOR_DIVISION_BY_ZERO,TRADITIONAL,NO_ENGINE_SUBSTITUTION {{(pid=99650) _check_effective_sql_mode /opt/stack/data/venv/lib/python3.12/site-packages/oslo_db/sqlalchemy/engines.py:325}}
Jul 16 14:55:23.726461 np0000005252 devstack@g-api.service[99649]: DEBUG oslo_db.sqlalchemy.engines [None req-a74e98f6-04ca-41bb-bcc3-3cacbc284591 None None] MySQL server mode set to STRICT_TRANS_TABLES,STRICT_ALL_TABLES,NO_ZERO_IN_DATE,NO_ZERO_DATE,ERROR_FOR_DIVISION_BY_ZERO,TRADITIONAL,NO_ENGINE_SUBSTITUTION {{(pid=99649) _check_effective_sql_mode /opt/stack/data/venv/lib/python3.12/site-packages/oslo_db/sqlalchemy/engines.py:325}}
Jul 16 14:55:23.731034 np0000005252 devstack@g-api.service[99648]: DEBUG dbcounter [-] [99648] Writer thread running {{(pid=99648) stat_writer /opt/stack/data/venv/lib/python3.12/site-packages/dbcounter.py:102}}
Jul 16 14:55:23.741754 np0000005252 devstack@g-api.service[99650]: DEBUG dbcounter [-] [99650] Writer thread running {{(pid=99650) stat_writer /opt/stack/data/venv/lib/python3.12/site-packages/dbcounter.py:102}}
Jul 16 14:55:23.744411 np0000005252 devstack@g-api.service[99650]: DEBUG glance.image_cache.drivers.centralized_db [None req-84a4cc4b-6e5c-4a16-ad2c-e48a0b494b18 None None] Node reference is already recorded, ignoring it {{(pid=99650) configure /opt/stack/glance/glance/image_cache/drivers/centralized_db.py:71}}
Jul 16 14:55:23.746375 np0000005252 devstack@g-api.service[99649]: DEBUG dbcounter [-] [99649] Writer thread running {{(pid=99649) stat_writer /opt/stack/data/venv/lib/python3.12/site-packages/dbcounter.py:102}}
Jul 16 14:55:23.748665 np0000005252 devstack@g-api.service[99649]: DEBUG glance.image_cache.drivers.centralized_db [None req-a74e98f6-04ca-41bb-bcc3-3cacbc284591 None None] Node reference is already recorded, ignoring it {{(pid=99649) configure /opt/stack/glance/glance/image_cache/drivers/centralized_db.py:71}}
Jul 16 14:55:23.827645 np0000005252 devstack@g-api.service[99648]: INFO glance.image_cache [None req-4c7b8aed-875a-4cd1-a00e-de394f51990d None None] Image cache loaded driver 'centralized_db'.
Jul 16 14:55:23.834773 np0000005252 devstack@g-api.service[99648]: DEBUG glance.image_cache.drivers.centralized_db [None req-4c7b8aed-875a-4cd1-a00e-de394f51990d None None] Node reference is already recorded, ignoring it {{(pid=99648) configure /opt/stack/glance/glance/image_cache/drivers/centralized_db.py:71}}
Jul 16 14:55:23.839336 np0000005252 devstack@g-api.service[99648]: DEBUG glance.api.v2.cached_images [None req-4c7b8aed-875a-4cd1-a00e-de394f51990d None None] Started cache worker thread {{(pid=99648) __init__ /opt/stack/glance/glance/api/v2/cached_images.py:71}}
Jul 16 14:55:23.840141 np0000005252 devstack@g-api.service[99648]: INFO glance.image_cache [None req-4c7b8aed-875a-4cd1-a00e-de394f51990d None None] Image cache loaded driver 'centralized_db'.
Jul 16 14:55:23.842763 np0000005252 devstack@g-api.service[99650]: INFO glance.image_cache [None req-84a4cc4b-6e5c-4a16-ad2c-e48a0b494b18 None None] Image cache loaded driver 'centralized_db'.
Jul 16 14:55:23.843915 np0000005252 devstack@g-api.service[99649]: INFO glance.image_cache [None req-a74e98f6-04ca-41bb-bcc3-3cacbc284591 None None] Image cache loaded driver 'centralized_db'.
Jul 16 14:55:23.846403 np0000005252 devstack@g-api.service[99648]: DEBUG glance.image_cache.drivers.centralized_db [None req-4c7b8aed-875a-4cd1-a00e-de394f51990d None None] Node reference is already recorded, ignoring it {{(pid=99648) configure /opt/stack/glance/glance/image_cache/drivers/centralized_db.py:71}}
Jul 16 14:55:23.850518 np0000005252 devstack@g-api.service[99648]: INFO glance.api.middleware.cache_manage [None req-4c7b8aed-875a-4cd1-a00e-de394f51990d None None] Initialized image cache management middleware
Jul 16 14:55:23.850701 np0000005252 devstack@g-api.service[99648]: INFO glance.image_cache [None req-4c7b8aed-875a-4cd1-a00e-de394f51990d None None] Image cache loaded driver 'centralized_db'.
Jul 16 14:55:23.851270 np0000005252 devstack@g-api.service[99649]: DEBUG glance.image_cache.drivers.centralized_db [None req-a74e98f6-04ca-41bb-bcc3-3cacbc284591 None None] Node reference is already recorded, ignoring it {{(pid=99649) configure /opt/stack/glance/glance/image_cache/drivers/centralized_db.py:71}}
Jul 16 14:55:23.852081 np0000005252 devstack@g-api.service[99650]: DEBUG glance.image_cache.drivers.centralized_db [None req-84a4cc4b-6e5c-4a16-ad2c-e48a0b494b18 None None] Node reference is already recorded, ignoring it {{(pid=99650) configure /opt/stack/glance/glance/image_cache/drivers/centralized_db.py:71}}
Jul 16 14:55:23.855675 np0000005252 devstack@g-api.service[99649]: DEBUG glance.api.v2.cached_images [None req-a74e98f6-04ca-41bb-bcc3-3cacbc284591 None None] Started cache worker thread {{(pid=99649) __init__ /opt/stack/glance/glance/api/v2/cached_images.py:71}}
Jul 16 14:55:23.856409 np0000005252 devstack@g-api.service[99649]: INFO glance.image_cache [None req-a74e98f6-04ca-41bb-bcc3-3cacbc284591 None None] Image cache loaded driver 'centralized_db'.
Jul 16 14:55:23.856608 np0000005252 devstack@g-api.service[99650]: DEBUG glance.api.v2.cached_images [None req-84a4cc4b-6e5c-4a16-ad2c-e48a0b494b18 None None] Started cache worker thread {{(pid=99650) __init__ /opt/stack/glance/glance/api/v2/cached_images.py:71}}
Jul 16 14:55:23.857128 np0000005252 devstack@g-api.service[99648]: DEBUG glance.image_cache.drivers.centralized_db [None req-4c7b8aed-875a-4cd1-a00e-de394f51990d None None] Node reference is already recorded, ignoring it {{(pid=99648) configure /opt/stack/glance/glance/image_cache/drivers/centralized_db.py:71}}
Jul 16 14:55:23.857293 np0000005252 devstack@g-api.service[99650]: INFO glance.image_cache [None req-84a4cc4b-6e5c-4a16-ad2c-e48a0b494b18 None None] Image cache loaded driver 'centralized_db'.
Jul 16 14:55:23.861439 np0000005252 devstack@g-api.service[99648]: INFO glance.api.middleware.cache [None req-4c7b8aed-875a-4cd1-a00e-de394f51990d None None] Initialized image cache middleware
Jul 16 14:55:23.863305 np0000005252 devstack@g-api.service[99649]: DEBUG glance.image_cache.drivers.centralized_db [None req-a74e98f6-04ca-41bb-bcc3-3cacbc284591 None None] Node reference is already recorded, ignoring it {{(pid=99649) configure /opt/stack/glance/glance/image_cache/drivers/centralized_db.py:71}}
Jul 16 14:55:23.863362 np0000005252 devstack@g-api.service[99650]: DEBUG glance.image_cache.drivers.centralized_db [None req-84a4cc4b-6e5c-4a16-ad2c-e48a0b494b18 None None] Node reference is already recorded, ignoring it {{(pid=99650) configure /opt/stack/glance/glance/image_cache/drivers/centralized_db.py:71}}
Jul 16 14:55:23.867389 np0000005252 devstack@g-api.service[99649]: INFO glance.api.middleware.cache_manage [None req-a74e98f6-04ca-41bb-bcc3-3cacbc284591 None None] Initialized image cache management middleware
Jul 16 14:55:23.867475 np0000005252 devstack@g-api.service[99650]: INFO glance.api.middleware.cache_manage [None req-84a4cc4b-6e5c-4a16-ad2c-e48a0b494b18 None None] Initialized image cache management middleware
Jul 16 14:55:23.867521 np0000005252 devstack@g-api.service[99649]: INFO glance.image_cache [None req-a74e98f6-04ca-41bb-bcc3-3cacbc284591 None None] Image cache loaded driver 'centralized_db'.
Jul 16 14:55:23.867629 np0000005252 devstack@g-api.service[99650]: INFO glance.image_cache [None req-84a4cc4b-6e5c-4a16-ad2c-e48a0b494b18 None None] Image cache loaded driver 'centralized_db'.
Jul 16 14:55:23.872102 np0000005252 devstack@g-api.service[99648]: DEBUG glance.common.config [None req-4c7b8aed-875a-4cd1-a00e-de394f51990d None None] ******************************************************************************** {{(pid=99648) log_opt_values /opt/stack/data/venv/lib/python3.12/site-packages/oslo_config/cfg.py:3226}}
Jul 16 14:55:23.872191 np0000005252 devstack@g-api.service[99648]: DEBUG glance.common.config [None req-4c7b8aed-875a-4cd1-a00e-de394f51990d None None] Configuration options gathered from: {{(pid=99648) log_opt_values /opt/stack/data/venv/lib/python3.12/site-packages/oslo_config/cfg.py:3227}}
Jul 16 14:55:23.872501 np0000005252 devstack@g-api.service[99648]: DEBUG glance.common.config [None req-4c7b8aed-875a-4cd1-a00e-de394f51990d None None] command line args: [] {{(pid=99648) log_opt_values /opt/stack/data/venv/lib/python3.12/site-packages/oslo_config/cfg.py:3228}}
Jul 16 14:55:23.872630 np0000005252 devstack@g-api.service[99648]: DEBUG glance.common.config [None req-4c7b8aed-875a-4cd1-a00e-de394f51990d None None] config files: ['/etc/glance/glance-image-import.conf', '/etc/glance/glance-api.conf'] {{(pid=99648) log_opt_values /opt/stack/data/venv/lib/python3.12/site-packages/oslo_config/cfg.py:3229}}
Jul 16 14:55:23.872706 np0000005252 devstack@g-api.service[99648]: DEBUG glance.common.config [None req-4c7b8aed-875a-4cd1-a00e-de394f51990d None None] ================================================================================ {{(pid=99648) log_opt_values /opt/stack/data/venv/lib/python3.12/site-packages/oslo_config/cfg.py:3234}}
Jul 16 14:55:23.872822 np0000005252 devstack@g-api.service[99648]: DEBUG glance.common.config [None req-4c7b8aed-875a-4cd1-a00e-de394f51990d None None] allow_anonymous_access = False {{(pid=99648) log_opt_values /opt/stack/data/venv/lib/python3.12/site-packages/oslo_config/cfg.py:3242}}
Jul 16 14:55:23.872962 np0000005252 devstack@g-api.service[99648]: DEBUG glance.common.config [None req-4c7b8aed-875a-4cd1-a00e-de394f51990d None None] api_limit_max = 1000 {{(pid=99648) log_opt_values /opt/stack/data/venv/lib/python3.12/site-packages/oslo_config/cfg.py:3242}}
Jul 16 14:55:23.873066 np0000005252 devstack@g-api.service[99648]: DEBUG glance.common.config [None req-4c7b8aed-875a-4cd1-a00e-de394f51990d None None] config_dir = [] {{(pid=99648) log_opt_values /opt/stack/data/venv/lib/python3.12/site-packages/oslo_config/cfg.py:3242}}
Jul 16 14:55:23.873153 np0000005252 devstack@g-api.service[99648]: DEBUG glance.common.config [None req-4c7b8aed-875a-4cd1-a00e-de394f51990d None None] config_file = ['/etc/glance/glance-image-import.conf', '/etc/glance/glance-api.conf'] {{(pid=99648) log_opt_values /opt/stack/data/venv/lib/python3.12/site-packages/oslo_config/cfg.py:3242}}
Jul 16 14:55:23.873193 np0000005252 devstack@g-api.service[99649]: DEBUG glance.image_cache.drivers.centralized_db [None req-a74e98f6-04ca-41bb-bcc3-3cacbc284591 None None] Node reference is already recorded, ignoring it {{(pid=99649) configure /opt/stack/glance/glance/image_cache/drivers/centralized_db.py:71}}
Jul 16 14:55:23.873246 np0000005252 devstack@g-api.service[99648]: DEBUG glance.common.config [None req-4c7b8aed-875a-4cd1-a00e-de394f51990d None None] config_source = [] {{(pid=99648) log_opt_values /opt/stack/data/venv/lib/python3.12/site-packages/oslo_config/cfg.py:3242}}
Jul 16 14:55:23.873336 np0000005252 devstack@g-api.service[99650]: DEBUG glance.image_cache.drivers.centralized_db [None req-84a4cc4b-6e5c-4a16-ad2c-e48a0b494b18 None None] Node reference is already recorded, ignoring it {{(pid=99650) configure /opt/stack/glance/glance/image_cache/drivers/centralized_db.py:71}}
Jul 16 14:55:23.873378 np0000005252 devstack@g-api.service[99648]: DEBUG glance.common.config [None req-4c7b8aed-875a-4cd1-a00e-de394f51990d None None] control_exchange = glance {{(pid=99648) log_opt_values /opt/stack/data/venv/lib/python3.12/site-packages/oslo_config/cfg.py:3242}}
Jul 16 14:55:23.873467 np0000005252 devstack@g-api.service[99648]: DEBUG glance.common.config [None req-4c7b8aed-875a-4cd1-a00e-de394f51990d None None] debug = True {{(pid=99648) log_opt_values /opt/stack/data/venv/lib/python3.12/site-packages/oslo_config/cfg.py:3242}}
Jul 16 14:55:23.873632 np0000005252 devstack@g-api.service[99648]: DEBUG glance.common.config [None req-4c7b8aed-875a-4cd1-a00e-de394f51990d None None] default_log_levels = ['amqp=WARN', 'boto=WARN', 'sqlalchemy=WARN', 'suds=INFO', 'oslo.messaging=INFO', 'oslo_messaging=INFO', 'iso8601=WARN', 'requests.packages.urllib3.connectionpool=WARN', 'urllib3.connectionpool=WARN', 'websocket=WARN', 'requests.packages.urllib3.util.retry=WARN', 'urllib3.util.retry=WARN', 'keystonemiddleware=WARN', 'routes.middleware=WARN', 'stevedore=WARN', 'taskflow=WARN', 'keystoneauth=WARN', 'oslo.cache=INFO', 'oslo_policy=INFO', 'dogpile.core.dogpile=INFO'] {{(pid=99648) log_opt_values /opt/stack/data/venv/lib/python3.12/site-packages/oslo_config/cfg.py:3242}}
Jul 16 14:55:23.873724 np0000005252 devstack@g-api.service[99648]: DEBUG glance.common.config [None req-4c7b8aed-875a-4cd1-a00e-de394f51990d None None] default_publisher_id = image.localhost {{(pid=99648) log_opt_values /opt/stack/data/venv/lib/python3.12/site-packages/oslo_config/cfg.py:3242}}
Jul 16 14:55:23.873811 np0000005252 devstack@g-api.service[99648]: DEBUG glance.common.config [None req-4c7b8aed-875a-4cd1-a00e-de394f51990d None None] delayed_delete = False {{(pid=99648) log_opt_values /opt/stack/data/venv/lib/python3.12/site-packages/oslo_config/cfg.py:3242}}
Jul 16 14:55:23.873903 np0000005252 devstack@g-api.service[99648]: DEBUG glance.common.config [None req-4c7b8aed-875a-4cd1-a00e-de394f51990d None None] digest_algorithm = sha256 {{(pid=99648) log_opt_values /opt/stack/data/venv/lib/python3.12/site-packages/oslo_config/cfg.py:3242}}
Jul 16 14:55:23.874042 np0000005252 devstack@g-api.service[99648]: DEBUG glance.common.config [None req-4c7b8aed-875a-4cd1-a00e-de394f51990d None None] disabled_notifications = [] {{(pid=99648) log_opt_values /opt/stack/data/venv/lib/python3.12/site-packages/oslo_config/cfg.py:3242}}
Jul 16 14:55:23.874153 np0000005252 devstack@g-api.service[99648]: DEBUG glance.common.config [None req-4c7b8aed-875a-4cd1-a00e-de394f51990d None None] do_secure_hash = True {{(pid=99648) log_opt_values /opt/stack/data/venv/lib/python3.12/site-packages/oslo_config/cfg.py:3242}}
Jul 16 14:55:23.874244 np0000005252 devstack@g-api.service[99648]: DEBUG glance.common.config [None req-4c7b8aed-875a-4cd1-a00e-de394f51990d None None] enabled_backends = None {{(pid=99648) log_opt_values /opt/stack/data/venv/lib/python3.12/site-packages/oslo_config/cfg.py:3242}}
Jul 16 14:55:23.874350 np0000005252 devstack@g-api.service[99648]: DEBUG glance.common.config [None req-4c7b8aed-875a-4cd1-a00e-de394f51990d None None] enabled_import_methods = ['glance-direct', 'web-download', 'copy-image'] {{(pid=99648) log_opt_values /opt/stack/data/venv/lib/python3.12/site-packages/oslo_config/cfg.py:3242}}
Jul 16 14:55:23.874468 np0000005252 devstack@g-api.service[99648]: DEBUG glance.common.config [None req-4c7b8aed-875a-4cd1-a00e-de394f51990d None None] fatal_deprecations = False {{(pid=99648) log_opt_values /opt/stack/data/venv/lib/python3.12/site-packages/oslo_config/cfg.py:3242}}
Jul 16 14:55:23.874593 np0000005252 devstack@g-api.service[99648]: DEBUG glance.common.config [None req-4c7b8aed-875a-4cd1-a00e-de394f51990d None None] hashing_algorithm = sha512 {{(pid=99648) log_opt_values /opt/stack/data/venv/lib/python3.12/site-packages/oslo_config/cfg.py:3242}}
Jul 16 14:55:23.874728 np0000005252 devstack@g-api.service[99648]: DEBUG glance.common.config [None req-4c7b8aed-875a-4cd1-a00e-de394f51990d None None] http_retries = 3 {{(pid=99648) log_opt_values /opt/stack/data/venv/lib/python3.12/site-packages/oslo_config/cfg.py:3242}}
Jul 16 14:55:23.874831 np0000005252 devstack@g-api.service[99648]: DEBUG glance.common.config [None req-4c7b8aed-875a-4cd1-a00e-de394f51990d None None] image_cache_dir = /opt/stack/data/glance/cache/ {{(pid=99648) log_opt_values /opt/stack/data/venv/lib/python3.12/site-packages/oslo_config/cfg.py:3242}}
Jul 16 14:55:23.874945 np0000005252 devstack@g-api.service[99648]: DEBUG glance.common.config [None req-4c7b8aed-875a-4cd1-a00e-de394f51990d None None] image_cache_driver = centralized_db {{(pid=99648) log_opt_values /opt/stack/data/venv/lib/python3.12/site-packages/oslo_config/cfg.py:3242}}
Jul 16 14:55:23.875048 np0000005252 devstack@g-api.service[99648]: DEBUG glance.common.config [None req-4c7b8aed-875a-4cd1-a00e-de394f51990d None None] image_cache_max_size = 10737418240 {{(pid=99648) log_opt_values /opt/stack/data/venv/lib/python3.12/site-packages/oslo_config/cfg.py:3242}}
Jul 16 14:55:23.875176 np0000005252 devstack@g-api.service[99648]: DEBUG glance.common.config [None req-4c7b8aed-875a-4cd1-a00e-de394f51990d None None] image_cache_sqlite_db = cache.db {{(pid=99648) log_opt_values /opt/stack/data/venv/lib/python3.12/site-packages/oslo_config/cfg.py:3242}}
Jul 16 14:55:23.875268 np0000005252 devstack@g-api.service[99648]: DEBUG glance.common.config [None req-4c7b8aed-875a-4cd1-a00e-de394f51990d None None] image_cache_stall_time = 86400 {{(pid=99648) log_opt_values /opt/stack/data/venv/lib/python3.12/site-packages/oslo_config/cfg.py:3242}}
Jul 16 14:55:23.875355 np0000005252 devstack@g-api.service[99648]: DEBUG glance.common.config [None req-4c7b8aed-875a-4cd1-a00e-de394f51990d None None] image_location_quota = 10 {{(pid=99648) log_opt_values /opt/stack/data/venv/lib/python3.12/site-packages/oslo_config/cfg.py:3242}}
Jul 16 14:55:23.875452 np0000005252 devstack@g-api.service[99648]: DEBUG glance.common.config [None req-4c7b8aed-875a-4cd1-a00e-de394f51990d None None] image_member_quota = 128 {{(pid=99648) log_opt_values /opt/stack/data/venv/lib/python3.12/site-packages/oslo_config/cfg.py:3242}}
Jul 16 14:55:23.875562 np0000005252 devstack@g-api.service[99648]: DEBUG glance.common.config [None req-4c7b8aed-875a-4cd1-a00e-de394f51990d None None] image_property_quota = 128 {{(pid=99648) log_opt_values /opt/stack/data/venv/lib/python3.12/site-packages/oslo_config/cfg.py:3242}}
Jul 16 14:55:23.875658 np0000005252 devstack@g-api.service[99648]: DEBUG glance.common.config [None req-4c7b8aed-875a-4cd1-a00e-de394f51990d None None] image_size_cap = 1099511627776 {{(pid=99648) log_opt_values /opt/stack/data/venv/lib/python3.12/site-packages/oslo_config/cfg.py:3242}}
Jul 16 14:55:23.875744 np0000005252 devstack@g-api.service[99648]: DEBUG glance.common.config [None req-4c7b8aed-875a-4cd1-a00e-de394f51990d None None] image_tag_quota = 128 {{(pid=99648) log_opt_values /opt/stack/data/venv/lib/python3.12/site-packages/oslo_config/cfg.py:3242}}
Jul 16 14:55:23.875836 np0000005252 devstack@g-api.service[99648]: DEBUG glance.common.config [None req-4c7b8aed-875a-4cd1-a00e-de394f51990d None None] instance_format = [instance: %(uuid)s] {{(pid=99648) log_opt_values /opt/stack/data/venv/lib/python3.12/site-packages/oslo_config/cfg.py:3242}}
Jul 16 14:55:23.875958 np0000005252 devstack@g-api.service[99648]: DEBUG glance.common.config [None req-4c7b8aed-875a-4cd1-a00e-de394f51990d None None] instance_uuid_format = [instance: %(uuid)s] {{(pid=99648) log_opt_values /opt/stack/data/venv/lib/python3.12/site-packages/oslo_config/cfg.py:3242}}
Jul 16 14:55:23.876069 np0000005252 devstack@g-api.service[99648]: DEBUG glance.common.config [None req-4c7b8aed-875a-4cd1-a00e-de394f51990d None None] limit_param_default = 25 {{(pid=99648) log_opt_values /opt/stack/data/venv/lib/python3.12/site-packages/oslo_config/cfg.py:3242}}
Jul 16 14:55:23.876182 np0000005252 devstack@g-api.service[99648]: DEBUG glance.common.config [None req-4c7b8aed-875a-4cd1-a00e-de394f51990d None None] log_color = False {{(pid=99648) log_opt_values /opt/stack/data/venv/lib/python3.12/site-packages/oslo_config/cfg.py:3242}}
Jul 16 14:55:23.876277 np0000005252 devstack@g-api.service[99648]: DEBUG glance.common.config [None req-4c7b8aed-875a-4cd1-a00e-de394f51990d None None] log_config_append = None {{(pid=99648) log_opt_values /opt/stack/data/venv/lib/python3.12/site-packages/oslo_config/cfg.py:3242}}
Jul 16 14:55:23.876370 np0000005252 devstack@g-api.service[99648]: DEBUG glance.common.config [None req-4c7b8aed-875a-4cd1-a00e-de394f51990d None None] log_date_format = %Y-%m-%d %H:%M:%S {{(pid=99648) log_opt_values /opt/stack/data/venv/lib/python3.12/site-packages/oslo_config/cfg.py:3242}}
Jul 16 14:55:23.876523 np0000005252 devstack@g-api.service[99648]: DEBUG glance.common.config [None req-4c7b8aed-875a-4cd1-a00e-de394f51990d None None] log_dir = None {{(pid=99648) log_opt_values /opt/stack/data/venv/lib/python3.12/site-packages/oslo_config/cfg.py:3242}}
Jul 16 14:55:23.876625 np0000005252 devstack@g-api.service[99648]: DEBUG glance.common.config [None req-4c7b8aed-875a-4cd1-a00e-de394f51990d None None] log_file = None {{(pid=99648) log_opt_values /opt/stack/data/venv/lib/python3.12/site-packages/oslo_config/cfg.py:3242}}
Jul 16 14:55:23.876712 np0000005252 devstack@g-api.service[99648]: DEBUG glance.common.config [None req-4c7b8aed-875a-4cd1-a00e-de394f51990d None None] log_rotate_interval = 1 {{(pid=99648) log_opt_values /opt/stack/data/venv/lib/python3.12/site-packages/oslo_config/cfg.py:3242}}
Jul 16 14:55:23.876804 np0000005252 devstack@g-api.service[99648]: DEBUG glance.common.config [None req-4c7b8aed-875a-4cd1-a00e-de394f51990d None None] log_rotate_interval_type = days {{(pid=99648) log_opt_values /opt/stack/data/venv/lib/python3.12/site-packages/oslo_config/cfg.py:3242}}
Jul 16 14:55:23.876894 np0000005252 devstack@g-api.service[99648]: DEBUG glance.common.config [None req-4c7b8aed-875a-4cd1-a00e-de394f51990d None None] log_rotation_type = none {{(pid=99648) log_opt_values /opt/stack/data/venv/lib/python3.12/site-packages/oslo_config/cfg.py:3242}}
Jul 16 14:55:23.877000 np0000005252 devstack@g-api.service[99648]: DEBUG glance.common.config [None req-4c7b8aed-875a-4cd1-a00e-de394f51990d None None] logging_context_format_string = %(color)s%(levelname)s %(name)s [%(global_request_id)s %(request_id)s %(project_name)s %(user_name)s%(color)s] %(instance)s%(color)s%(message)s {{(pid=99648) log_opt_values /opt/stack/data/venv/lib/python3.12/site-packages/oslo_config/cfg.py:3242}}
Jul 16 14:55:23.877094 np0000005252 devstack@g-api.service[99648]: DEBUG glance.common.config [None req-4c7b8aed-875a-4cd1-a00e-de394f51990d None None] logging_debug_format_suffix = {{(pid=%(process)d) %(funcName)s %(pathname)s:%(lineno)d}} {{(pid=99648) log_opt_values /opt/stack/data/venv/lib/python3.12/site-packages/oslo_config/cfg.py:3242}}
Jul 16 14:55:23.877210 np0000005252 devstack@g-api.service[99648]: DEBUG glance.common.config [None req-4c7b8aed-875a-4cd1-a00e-de394f51990d None None] logging_default_format_string = %(color)s%(levelname)s %(name)s [-%(color)s] %(instance)s%(color)s%(message)s {{(pid=99648) log_opt_values /opt/stack/data/venv/lib/python3.12/site-packages/oslo_config/cfg.py:3242}}
Jul 16 14:55:23.877304 np0000005252 devstack@g-api.service[99648]: DEBUG glance.common.config [None req-4c7b8aed-875a-4cd1-a00e-de394f51990d None None] logging_exception_prefix = ERROR %(name)s %(instance)s {{(pid=99648) log_opt_values /opt/stack/data/venv/lib/python3.12/site-packages/oslo_config/cfg.py:3242}}
Jul 16 14:55:23.877369 np0000005252 devstack@g-api.service[99648]: DEBUG glance.common.config [None req-4c7b8aed-875a-4cd1-a00e-de394f51990d None None] logging_user_identity_format = %(user)s %(project)s %(domain)s %(system_scope)s %(user_domain)s %(project_domain)s {{(pid=99648) log_opt_values /opt/stack/data/venv/lib/python3.12/site-packages/oslo_config/cfg.py:3242}}
Jul 16 14:55:23.877415 np0000005252 devstack@g-api.service[99649]: INFO glance.api.middleware.cache [None req-a74e98f6-04ca-41bb-bcc3-3cacbc284591 None None] Initialized image cache middleware
Jul 16 14:55:23.877493 np0000005252 devstack@g-api.service[99648]: DEBUG glance.common.config [None req-4c7b8aed-875a-4cd1-a00e-de394f51990d None None] max_logfile_count = 30 {{(pid=99648) log_opt_values /opt/stack/data/venv/lib/python3.12/site-packages/oslo_config/cfg.py:3242}}
Jul 16 14:55:23.877600 np0000005252 devstack@g-api.service[99648]: DEBUG glance.common.config [None req-4c7b8aed-875a-4cd1-a00e-de394f51990d None None] max_logfile_size_mb = 200 {{(pid=99648) log_opt_values /opt/stack/data/venv/lib/python3.12/site-packages/oslo_config/cfg.py:3242}}
Jul 16 14:55:23.877639 np0000005252 devstack@g-api.service[99650]: INFO glance.api.middleware.cache [None req-84a4cc4b-6e5c-4a16-ad2c-e48a0b494b18 None None] Initialized image cache middleware
Jul 16 14:55:23.877678 np0000005252 devstack@g-api.service[99648]: DEBUG glance.common.config [None req-4c7b8aed-875a-4cd1-a00e-de394f51990d None None] max_request_id_length = 64 {{(pid=99648) log_opt_values /opt/stack/data/venv/lib/python3.12/site-packages/oslo_config/cfg.py:3242}}
Jul 16 14:55:23.877769 np0000005252 devstack@g-api.service[99648]: DEBUG glance.common.config [None req-4c7b8aed-875a-4cd1-a00e-de394f51990d None None] metadata_encryption_key = **** {{(pid=99648) log_opt_values /opt/stack/data/venv/lib/python3.12/site-packages/oslo_config/cfg.py:3242}}
Jul 16 14:55:23.877859 np0000005252 devstack@g-api.service[99648]: DEBUG glance.common.config [None req-4c7b8aed-875a-4cd1-a00e-de394f51990d None None] node_staging_uri = file:///tmp/staging/ {{(pid=99648) log_opt_values /opt/stack/data/venv/lib/python3.12/site-packages/oslo_config/cfg.py:3242}}
Jul 16 14:55:23.877955 np0000005252 devstack@g-api.service[99648]: DEBUG glance.common.config [None req-4c7b8aed-875a-4cd1-a00e-de394f51990d None None] property_protection_file = None {{(pid=99648) log_opt_values /opt/stack/data/venv/lib/python3.12/site-packages/oslo_config/cfg.py:3242}}
Jul 16 14:55:23.878048 np0000005252 devstack@g-api.service[99648]: DEBUG glance.common.config [None req-4c7b8aed-875a-4cd1-a00e-de394f51990d None None] property_protection_rule_format = roles {{(pid=99648) log_opt_values /opt/stack/data/venv/lib/python3.12/site-packages/oslo_config/cfg.py:3242}}
Jul 16 14:55:23.878138 np0000005252 devstack@g-api.service[99648]: DEBUG glance.common.config [None req-4c7b8aed-875a-4cd1-a00e-de394f51990d None None] public_endpoint = https://10.4.3.246/image {{(pid=99648) log_opt_values /opt/stack/data/venv/lib/python3.12/site-packages/oslo_config/cfg.py:3242}}
Jul 16 14:55:23.878265 np0000005252 devstack@g-api.service[99648]: DEBUG glance.common.config [None req-4c7b8aed-875a-4cd1-a00e-de394f51990d None None] publish_errors = False {{(pid=99648) log_opt_values /opt/stack/data/venv/lib/python3.12/site-packages/oslo_config/cfg.py:3242}}
Jul 16 14:55:23.878361 np0000005252 devstack@g-api.service[99648]: DEBUG glance.common.config [None req-4c7b8aed-875a-4cd1-a00e-de394f51990d None None] pydev_worker_debug_host = None {{(pid=99648) log_opt_values /opt/stack/data/venv/lib/python3.12/site-packages/oslo_config/cfg.py:3242}}
Jul 16 14:55:23.878488 np0000005252 devstack@g-api.service[99648]: DEBUG glance.common.config [None req-4c7b8aed-875a-4cd1-a00e-de394f51990d None None] pydev_worker_debug_port = 5678 {{(pid=99648) log_opt_values /opt/stack/data/venv/lib/python3.12/site-packages/oslo_config/cfg.py:3242}}
Jul 16 14:55:23.878593 np0000005252 devstack@g-api.service[99648]: DEBUG glance.common.config [None req-4c7b8aed-875a-4cd1-a00e-de394f51990d None None] rate_limit_burst = 0 {{(pid=99648) log_opt_values /opt/stack/data/venv/lib/python3.12/site-packages/oslo_config/cfg.py:3242}}
Jul 16 14:55:23.878687 np0000005252 devstack@g-api.service[99648]: DEBUG glance.common.config [None req-4c7b8aed-875a-4cd1-a00e-de394f51990d None None] rate_limit_except_level = CRITICAL {{(pid=99648) log_opt_values /opt/stack/data/venv/lib/python3.12/site-packages/oslo_config/cfg.py:3242}}
Jul 16 14:55:23.878773 np0000005252 devstack@g-api.service[99648]: DEBUG glance.common.config [None req-4c7b8aed-875a-4cd1-a00e-de394f51990d None None] rate_limit_interval = 0 {{(pid=99648) log_opt_values /opt/stack/data/venv/lib/python3.12/site-packages/oslo_config/cfg.py:3242}}
Jul 16 14:55:23.878856 np0000005252 devstack@g-api.service[99648]: DEBUG glance.common.config [None req-4c7b8aed-875a-4cd1-a00e-de394f51990d None None] scrub_pool_size = 1 {{(pid=99648) log_opt_values /opt/stack/data/venv/lib/python3.12/site-packages/oslo_config/cfg.py:3242}}
Jul 16 14:55:23.878953 np0000005252 devstack@g-api.service[99648]: DEBUG glance.common.config [None req-4c7b8aed-875a-4cd1-a00e-de394f51990d None None] scrub_time = 0 {{(pid=99648) log_opt_values /opt/stack/data/venv/lib/python3.12/site-packages/oslo_config/cfg.py:3242}}
Jul 16 14:55:23.879051 np0000005252 devstack@g-api.service[99648]: DEBUG glance.common.config [None req-4c7b8aed-875a-4cd1-a00e-de394f51990d None None] shell_completion = None {{(pid=99648) log_opt_values /opt/stack/data/venv/lib/python3.12/site-packages/oslo_config/cfg.py:3242}}
Jul 16 14:55:23.879181 np0000005252 devstack@g-api.service[99648]: DEBUG glance.common.config [None req-4c7b8aed-875a-4cd1-a00e-de394f51990d None None] show_image_direct_url = False {{(pid=99648) log_opt_values /opt/stack/data/venv/lib/python3.12/site-packages/oslo_config/cfg.py:3242}}
Jul 16 14:55:23.879387 np0000005252 devstack@g-api.service[99648]: WARNING oslo_config.cfg [None req-4c7b8aed-875a-4cd1-a00e-de394f51990d None None] Deprecated: Option "show_multiple_locations" from group "DEFAULT" is deprecated for removal (Use of this option, deprecated since Newton, is a security risk and will be removed once we figure out a way to satisfy those use cases that currently require it. An earlier announcement that the same functionality can be achieved with greater granularity by using policies is incorrect. You cannot work around this option via policy configuration at the present time, though that is the direction we believe the fix will take. Please keep an eye on the Glance release notes to stay up to date on progress in addressing this issue.). Its value may be silently ignored in the future.
Jul 16 14:55:23.879530 np0000005252 devstack@g-api.service[99648]: DEBUG glance.common.config [None req-4c7b8aed-875a-4cd1-a00e-de394f51990d None None] show_multiple_locations = False {{(pid=99648) log_opt_values /opt/stack/data/venv/lib/python3.12/site-packages/oslo_config/cfg.py:3242}}
Jul 16 14:55:23.879631 np0000005252 devstack@g-api.service[99648]: DEBUG glance.common.config [None req-4c7b8aed-875a-4cd1-a00e-de394f51990d None None] syslog_log_facility = LOG_USER {{(pid=99648) log_opt_values /opt/stack/data/venv/lib/python3.12/site-packages/oslo_config/cfg.py:3242}}
Jul 16 14:55:23.879723 np0000005252 devstack@g-api.service[99648]: DEBUG glance.common.config [None req-4c7b8aed-875a-4cd1-a00e-de394f51990d None None] transport_url = **** {{(pid=99648) log_opt_values /opt/stack/data/venv/lib/python3.12/site-packages/oslo_config/cfg.py:3242}}
Jul 16 14:55:23.879810 np0000005252 devstack@g-api.service[99648]: DEBUG glance.common.config [None req-4c7b8aed-875a-4cd1-a00e-de394f51990d None None] use_journal = False {{(pid=99648) log_opt_values /opt/stack/data/venv/lib/python3.12/site-packages/oslo_config/cfg.py:3242}}
Jul 16 14:55:23.879895 np0000005252 devstack@g-api.service[99648]: DEBUG glance.common.config [None req-4c7b8aed-875a-4cd1-a00e-de394f51990d None None] use_json = False {{(pid=99648) log_opt_values /opt/stack/data/venv/lib/python3.12/site-packages/oslo_config/cfg.py:3242}}
Jul 16 14:55:23.880014 np0000005252 devstack@g-api.service[99648]: DEBUG glance.common.config [None req-4c7b8aed-875a-4cd1-a00e-de394f51990d None None] use_keystone_limits = True {{(pid=99648) log_opt_values /opt/stack/data/venv/lib/python3.12/site-packages/oslo_config/cfg.py:3242}}
Jul 16 14:55:23.880109 np0000005252 devstack@g-api.service[99648]: DEBUG glance.common.config [None req-4c7b8aed-875a-4cd1-a00e-de394f51990d None None] use_stderr = False {{(pid=99648) log_opt_values /opt/stack/data/venv/lib/python3.12/site-packages/oslo_config/cfg.py:3242}}
Jul 16 14:55:23.880215 np0000005252 devstack@g-api.service[99648]: DEBUG glance.common.config [None req-4c7b8aed-875a-4cd1-a00e-de394f51990d None None] use_syslog = False {{(pid=99648) log_opt_values /opt/stack/data/venv/lib/python3.12/site-packages/oslo_config/cfg.py:3242}}
Jul 16 14:55:23.880338 np0000005252 devstack@g-api.service[99648]: DEBUG glance.common.config [None req-4c7b8aed-875a-4cd1-a00e-de394f51990d None None] user_storage_quota = 0 {{(pid=99648) log_opt_values /opt/stack/data/venv/lib/python3.12/site-packages/oslo_config/cfg.py:3242}}
Jul 16 14:55:23.880437 np0000005252 devstack@g-api.service[99648]: DEBUG glance.common.config [None req-4c7b8aed-875a-4cd1-a00e-de394f51990d None None] worker_self_reference_url = http://127.0.0.1:60999 {{(pid=99648) log_opt_values /opt/stack/data/venv/lib/python3.12/site-packages/oslo_config/cfg.py:3242}}
Jul 16 14:55:23.880587 np0000005252 devstack@g-api.service[99648]: DEBUG glance.common.config [None req-4c7b8aed-875a-4cd1-a00e-de394f51990d None None] oslo_concurrency.disable_process_locking = False {{(pid=99648) log_opt_values /opt/stack/data/venv/lib/python3.12/site-packages/oslo_config/cfg.py:3253}}
Jul 16 14:55:23.880734 np0000005252 devstack@g-api.service[99648]: DEBUG glance.common.config [None req-4c7b8aed-875a-4cd1-a00e-de394f51990d None None] oslo_concurrency.lock_path = /opt/stack/data/glance/locks {{(pid=99648) log_opt_values /opt/stack/data/venv/lib/python3.12/site-packages/oslo_config/cfg.py:3253}}
Jul 16 14:55:23.880873 np0000005252 devstack@g-api.service[99648]: DEBUG glance.common.config [None req-4c7b8aed-875a-4cd1-a00e-de394f51990d None None] oslo_middleware.enable_proxy_headers_parsing = False {{(pid=99648) log_opt_values /opt/stack/data/venv/lib/python3.12/site-packages/oslo_config/cfg.py:3253}}
Jul 16 14:55:23.881015 np0000005252 devstack@g-api.service[99648]: DEBUG glance.common.config [None req-4c7b8aed-875a-4cd1-a00e-de394f51990d None None] oslo_middleware.http_basic_auth_user_file = /etc/htpasswd {{(pid=99648) log_opt_values /opt/stack/data/venv/lib/python3.12/site-packages/oslo_config/cfg.py:3253}}
Jul 16 14:55:23.881127 np0000005252 devstack@g-api.service[99648]: DEBUG glance.common.config [None req-4c7b8aed-875a-4cd1-a00e-de394f51990d None None] paste_deploy.config_file = None {{(pid=99648) log_opt_values /opt/stack/data/venv/lib/python3.12/site-packages/oslo_config/cfg.py:3253}}
Jul 16 14:55:23.881242 np0000005252 devstack@g-api.service[99648]: DEBUG glance.common.config [None req-4c7b8aed-875a-4cd1-a00e-de394f51990d None None] paste_deploy.flavor = keystone+cachemanagement {{(pid=99648) log_opt_values /opt/stack/data/venv/lib/python3.12/site-packages/oslo_config/cfg.py:3253}}
Jul 16 14:55:23.881375 np0000005252 devstack@g-api.service[99648]: DEBUG glance.common.config [None req-4c7b8aed-875a-4cd1-a00e-de394f51990d None None] image_format.container_formats = ['ami', 'ari', 'aki', 'bare', 'ovf', 'ova', 'docker', 'compressed'] {{(pid=99648) log_opt_values /opt/stack/data/venv/lib/python3.12/site-packages/oslo_config/cfg.py:3253}}
Jul 16 14:55:23.881543 np0000005252 devstack@g-api.service[99648]: DEBUG glance.common.config [None req-4c7b8aed-875a-4cd1-a00e-de394f51990d None None] image_format.disk_formats = ['ami', 'ari', 'aki', 'vhd', 'vhdx', 'vmdk', 'raw', 'qcow2', 'vdi', 'iso', 'ploop'] {{(pid=99648) log_opt_values /opt/stack/data/venv/lib/python3.12/site-packages/oslo_config/cfg.py:3253}}
Jul 16 14:55:23.881654 np0000005252 devstack@g-api.service[99648]: DEBUG glance.common.config [None req-4c7b8aed-875a-4cd1-a00e-de394f51990d None None] image_format.gpt_safety_checks_nonfatal = [] {{(pid=99648) log_opt_values /opt/stack/data/venv/lib/python3.12/site-packages/oslo_config/cfg.py:3253}}
Jul 16 14:55:23.881751 np0000005252 devstack@g-api.service[99648]: DEBUG glance.common.config [None req-4c7b8aed-875a-4cd1-a00e-de394f51990d None None] image_format.require_image_format_match = True {{(pid=99648) log_opt_values /opt/stack/data/venv/lib/python3.12/site-packages/oslo_config/cfg.py:3253}}
Jul 16 14:55:23.881858 np0000005252 devstack@g-api.service[99648]: DEBUG glance.common.config [None req-4c7b8aed-875a-4cd1-a00e-de394f51990d None None] image_format.vmdk_allowed_types = ['streamOptimized', 'monolithicSparse'] {{(pid=99648) log_opt_values /opt/stack/data/venv/lib/python3.12/site-packages/oslo_config/cfg.py:3253}}
Jul 16 14:55:23.881978 np0000005252 devstack@g-api.service[99648]: DEBUG glance.common.config [None req-4c7b8aed-875a-4cd1-a00e-de394f51990d None None] task.task_executor = taskflow {{(pid=99648) log_opt_values /opt/stack/data/venv/lib/python3.12/site-packages/oslo_config/cfg.py:3253}}
Jul 16 14:55:23.882072 np0000005252 devstack@g-api.service[99648]: DEBUG glance.common.config [None req-4c7b8aed-875a-4cd1-a00e-de394f51990d None None] task.task_time_to_live = 48 {{(pid=99648) log_opt_values /opt/stack/data/venv/lib/python3.12/site-packages/oslo_config/cfg.py:3253}}
Jul 16 14:55:23.882175 np0000005252 devstack@g-api.service[99648]: DEBUG glance.common.config [None req-4c7b8aed-875a-4cd1-a00e-de394f51990d None None] task.work_dir = None {{(pid=99648) log_opt_values /opt/stack/data/venv/lib/python3.12/site-packages/oslo_config/cfg.py:3253}}
Jul 16 14:55:23.882288 np0000005252 devstack@g-api.service[99648]: DEBUG glance.common.config [None req-4c7b8aed-875a-4cd1-a00e-de394f51990d None None] wsgi.python_interpreter = /opt/stack/data/venv/bin/python3 {{(pid=99648) log_opt_values /opt/stack/data/venv/lib/python3.12/site-packages/oslo_config/cfg.py:3253}}
Jul 16 14:55:23.882390 np0000005252 devstack@g-api.service[99648]: DEBUG glance.common.config [None req-4c7b8aed-875a-4cd1-a00e-de394f51990d None None] wsgi.task_pool_threads = 16 {{(pid=99648) log_opt_values /opt/stack/data/venv/lib/python3.12/site-packages/oslo_config/cfg.py:3253}}
Jul 16 14:55:23.882544 np0000005252 devstack@g-api.service[99648]: DEBUG glance.common.config [None req-4c7b8aed-875a-4cd1-a00e-de394f51990d None None] import_filtering_opts.allowed_hosts = [] {{(pid=99648) log_opt_values /opt/stack/data/venv/lib/python3.12/site-packages/oslo_config/cfg.py:3253}}
Jul 16 14:55:23.882648 np0000005252 devstack@g-api.service[99648]: DEBUG glance.common.config [None req-4c7b8aed-875a-4cd1-a00e-de394f51990d None None] import_filtering_opts.allowed_ports = [80, 443] {{(pid=99648) log_opt_values /opt/stack/data/venv/lib/python3.12/site-packages/oslo_config/cfg.py:3253}}
Jul 16 14:55:23.882750 np0000005252 devstack@g-api.service[99648]: DEBUG glance.common.config [None req-4c7b8aed-875a-4cd1-a00e-de394f51990d None None] import_filtering_opts.allowed_schemes = ['http', 'https'] {{(pid=99648) log_opt_values /opt/stack/data/venv/lib/python3.12/site-packages/oslo_config/cfg.py:3253}}
Jul 16 14:55:23.882837 np0000005252 devstack@g-api.service[99648]: DEBUG glance.common.config [None req-4c7b8aed-875a-4cd1-a00e-de394f51990d None None] import_filtering_opts.disallowed_hosts = [] {{(pid=99648) log_opt_values /opt/stack/data/venv/lib/python3.12/site-packages/oslo_config/cfg.py:3253}}
Jul 16 14:55:23.882934 np0000005252 devstack@g-api.service[99648]: DEBUG glance.common.config [None req-4c7b8aed-875a-4cd1-a00e-de394f51990d None None] import_filtering_opts.disallowed_ports = [] {{(pid=99648) log_opt_values /opt/stack/data/venv/lib/python3.12/site-packages/oslo_config/cfg.py:3253}}
Jul 16 14:55:23.883027 np0000005252 devstack@g-api.service[99648]: DEBUG glance.common.config [None req-4c7b8aed-875a-4cd1-a00e-de394f51990d None None] import_filtering_opts.disallowed_schemes = [] {{(pid=99648) log_opt_values /opt/stack/data/venv/lib/python3.12/site-packages/oslo_config/cfg.py:3253}}
