Jul 16 14:59:46.621923 np0000005252 devstack@g-api.service[99650]: DEBUG glance.api.middleware.version_negotiation [None req-b9914611-9fd8-47c7-8355-8deed827add3 tempest-ServerStableDeviceRescueTest-1833521864 tempest-ServerStableDeviceRescueTest-1833521864-project-member] Matched version: v2 {{(pid=99650) process_request /opt/stack/glance/glance/api/middleware/version_negotiation.py:69}}
Jul 16 14:59:46.621923 np0000005252 devstack@g-api.service[99650]: DEBUG glance.api.middleware.version_negotiation [None req-b9914611-9fd8-47c7-8355-8deed827add3 tempest-ServerStableDeviceRescueTest-1833521864 tempest-ServerStableDeviceRescueTest-1833521864-project-member] new path /v2/schemas/image {{(pid=99650) process_request /opt/stack/glance/glance/api/middleware/version_negotiation.py:70}}
Jul 16 14:59:46.626871 np0000005252 devstack@g-api.service[99650]: [pid: 99650|app: 0|req: 47/133] 127.0.0.1 () {44 vars in 1055 bytes} [Thu Jul 16 14:59:46 2026] GET /v2/schemas/image => generated 6083 bytes in 5 msecs (HTTP/1.1 200) 4 headers in 158 bytes (1 switches on core 0)
Jul 16 14:59:46.658908 np0000005252 devstack@g-api.service[99649]: DEBUG glance.api.middleware.version_negotiation [None req-b9914611-9fd8-47c7-8355-8deed827add3 tempest-ServerStableDeviceRescueTest-1833521864 tempest-ServerStableDeviceRescueTest-1833521864-project-member] Determining version of request: GET /v2/images/1308a0d7-c729-4c67-b9f5-3397979f927d Accept: */* {{(pid=99649) process_request /opt/stack/glance/glance/api/middleware/version_negotiation.py:44}}
Jul 16 14:59:46.659324 np0000005252 devstack@g-api.service[99649]: DEBUG glance.api.middleware.version_negotiation [None req-b9914611-9fd8-47c7-8355-8deed827add3 tempest-ServerStableDeviceRescueTest-1833521864 tempest-ServerStableDeviceRescueTest-1833521864-project-member] Using url versioning {{(pid=99649) process_request /opt/stack/glance/glance/api/middleware/version_negotiation.py:57}}
Jul 16 14:59:46.659324 np0000005252 devstack@g-api.service[99649]: DEBUG glance.api.middleware.version_negotiation [None req-b9914611-9fd8-47c7-8355-8deed827add3 tempest-ServerStableDeviceRescueTest-1833521864 tempest-ServerStableDeviceRescueTest-1833521864-project-member] Matched version: v2 {{(pid=99649) process_request /opt/stack/glance/glance/api/middleware/version_negotiation.py:69}}
Jul 16 14:59:46.659324 np0000005252 devstack@g-api.service[99649]: DEBUG glance.api.middleware.version_negotiation [None req-b9914611-9fd8-47c7-8355-8deed827add3 tempest-ServerStableDeviceRescueTest-1833521864 tempest-ServerStableDeviceRescueTest-1833521864-project-member] new path /v2/images/1308a0d7-c729-4c67-b9f5-3397979f927d {{(pid=99649) process_request /opt/stack/glance/glance/api/middleware/version_negotiation.py:70}}
Jul 16 14:59:46.669544 np0000005252 devstack@g-api.service[99649]: [pid: 99649|app: 0|req: 39/134] 127.0.0.1 () {44 vars in 1115 bytes} [Thu Jul 16 14:59:46 2026] GET /v2/images/1308a0d7-c729-4c67-b9f5-3397979f927d => generated 1336 bytes in 11 msecs (HTTP/1.1 200) 4 headers in 158 bytes (1 switches on core 0)
Jul 16 14:59:46.697559 np0000005252 devstack@g-api.service[99648]: DEBUG glance.api.middleware.version_negotiation [None req-63c0bc92-b34c-46bb-a62b-a00d3cd9a06d tempest-AttachVolumeTestJSON-1133233468 tempest-AttachVolumeTestJSON-1133233468-project-member] Determining version of request: GET /v2/schemas/image Accept: */* {{(pid=99648) process_request /opt/stack/glance/glance/api/middleware/version_negotiation.py:44}}
Jul 16 14:59:46.697739 np0000005252 devstack@g-api.service[99648]: DEBUG glance.api.middleware.version_negotiation [None req-63c0bc92-b34c-46bb-a62b-a00d3cd9a06d tempest-AttachVolumeTestJSON-1133233468 tempest-AttachVolumeTestJSON-1133233468-project-member] Using url versioning {{(pid=99648) process_request /opt/stack/glance/glance/api/middleware/version_negotiation.py:57}}
Jul 16 14:59:46.697890 np0000005252 devstack@g-api.service[99648]: DEBUG glance.api.middleware.version_negotiation [None req-63c0bc92-b34c-46bb-a62b-a00d3cd9a06d tempest-AttachVolumeTestJSON-1133233468 tempest-AttachVolumeTestJSON-1133233468-project-member] Matched version: v2 {{(pid=99648) process_request /opt/stack/glance/glance/api/middleware/version_negotiation.py:69}}
Jul 16 14:59:46.698103 np0000005252 devstack@g-api.service[99648]: DEBUG glance.api.middleware.version_negotiation [None req-63c0bc92-b34c-46bb-a62b-a00d3cd9a06d tempest-AttachVolumeTestJSON-1133233468 tempest-AttachVolumeTestJSON-1133233468-project-member] new path /v2/schemas/image {{(pid=99648) process_request /opt/stack/glance/glance/api/middleware/version_negotiation.py:70}}
Jul 16 14:59:46.701111 np0000005252 devstack@g-api.service[99648]: [pid: 99648|app: 0|req: 49/135] 127.0.0.1 () {44 vars in 1055 bytes} [Thu Jul 16 14:59:46 2026] GET /v2/schemas/image => generated 6083 bytes in 4 msecs (HTTP/1.1 200) 4 headers in 158 bytes (1 switches on core 0)
Jul 16 14:59:47.312272 np0000005252 devstack@g-api.service[99650]: DEBUG glance.api.middleware.version_negotiation [None req-63c0bc92-b34c-46bb-a62b-a00d3cd9a06d tempest-AttachVolumeTestJSON-1133233468 tempest-AttachVolumeTestJSON-1133233468-project-member] Determining version of request: GET /v2/images/1308a0d7-c729-4c67-b9f5-3397979f927d Accept: */* {{(pid=99650) process_request /opt/stack/glance/glance/api/middleware/version_negotiation.py:44}}
Jul 16 14:59:47.312386 np0000005252 devstack@g-api.service[99650]: DEBUG glance.api.middleware.version_negotiation [None req-63c0bc92-b34c-46bb-a62b-a00d3cd9a06d tempest-AttachVolumeTestJSON-1133233468 tempest-AttachVolumeTestJSON-1133233468-project-member] Using url versioning {{(pid=99650) process_request /opt/stack/glance/glance/api/middleware/version_negotiation.py:57}}
Jul 16 14:59:47.312544 np0000005252 devstack@g-api.service[99650]: DEBUG glance.api.middleware.version_negotiation [None req-63c0bc92-b34c-46bb-a62b-a00d3cd9a06d tempest-AttachVolumeTestJSON-1133233468 tempest-AttachVolumeTestJSON-1133233468-project-member] Matched version: v2 {{(pid=99650) process_request /opt/stack/glance/glance/api/middleware/version_negotiation.py:69}}
Jul 16 14:59:47.312738 np0000005252 devstack@g-api.service[99650]: DEBUG glance.api.middleware.version_negotiation [None req-63c0bc92-b34c-46bb-a62b-a00d3cd9a06d tempest-AttachVolumeTestJSON-1133233468 tempest-AttachVolumeTestJSON-1133233468-project-member] new path /v2/images/1308a0d7-c729-4c67-b9f5-3397979f927d {{(pid=99650) process_request /opt/stack/glance/glance/api/middleware/version_negotiation.py:70}}
Jul 16 14:59:47.325252 np0000005252 devstack@g-api.service[99650]: [pid: 99650|app: 0|req: 48/136] 127.0.0.1 () {44 vars in 1115 bytes} [Thu Jul 16 14:59:47 2026] GET /v2/images/1308a0d7-c729-4c67-b9f5-3397979f927d => generated 1336 bytes in 12 msecs (HTTP/1.1 200) 4 headers in 158 bytes (1 switches on core 0)
Jul 16 14:59:47.363922 np0000005252 devstack@g-api.service[99649]: DEBUG glance.api.middleware.version_negotiation [None req-a2c7cd55-446d-426e-a249-12515b2303b9 tempest-ServerStableDeviceRescueTest-1833521864 tempest-ServerStableDeviceRescueTest-1833521864-project-member] Determining version of request: GET /v2/schemas/image Accept: */* {{(pid=99649) process_request /opt/stack/glance/glance/api/middleware/version_negotiation.py:44}}
Jul 16 14:59:47.364085 np0000005252 devstack@g-api.service[99649]: DEBUG glance.api.middleware.version_negotiation [None req-a2c7cd55-446d-426e-a249-12515b2303b9 tempest-ServerStableDeviceRescueTest-1833521864 tempest-ServerStableDeviceRescueTest-1833521864-project-member] Using url versioning {{(pid=99649) process_request /opt/stack/glance/glance/api/middleware/version_negotiation.py:57}}
Jul 16 14:59:47.364210 np0000005252 devstack@g-api.service[99649]: DEBUG glance.api.middleware.version_negotiation [None req-a2c7cd55-446d-426e-a249-12515b2303b9 tempest-ServerStableDeviceRescueTest-1833521864 tempest-ServerStableDeviceRescueTest-1833521864-project-member] Matched version: v2 {{(pid=99649) process_request /opt/stack/glance/glance/api/middleware/version_negotiation.py:69}}
Jul 16 14:59:47.364323 np0000005252 devstack@g-api.service[99649]: DEBUG glance.api.middleware.version_negotiation [None req-a2c7cd55-446d-426e-a249-12515b2303b9 tempest-ServerStableDeviceRescueTest-1833521864 tempest-ServerStableDeviceRescueTest-1833521864-project-member] new path /v2/schemas/image {{(pid=99649) process_request /opt/stack/glance/glance/api/middleware/version_negotiation.py:70}}
Jul 16 14:59:47.368862 np0000005252 devstack@g-api.service[99649]: [pid: 99649|app: 0|req: 40/137] 127.0.0.1 () {44 vars in 1055 bytes} [Thu Jul 16 14:59:47 2026] GET /v2/schemas/image => generated 6083 bytes in 5 msecs (HTTP/1.1 200) 4 headers in 158 bytes (1 switches on core 0)
Jul 16 14:59:47.398049 np0000005252 devstack@g-api.service[99648]: DEBUG glance.api.middleware.version_negotiation [None req-a2c7cd55-446d-426e-a249-12515b2303b9 tempest-ServerStableDeviceRescueTest-1833521864 tempest-ServerStableDeviceRescueTest-1833521864-project-member] Determining version of request: GET /v2/schemas/image Accept: */* {{(pid=99648) process_request /opt/stack/glance/glance/api/middleware/version_negotiation.py:44}}
Jul 16 14:59:47.398276 np0000005252 devstack@g-api.service[99648]: DEBUG glance.api.middleware.version_negotiation [None req-a2c7cd55-446d-426e-a249-12515b2303b9 tempest-ServerStableDeviceRescueTest-1833521864 tempest-ServerStableDeviceRescueTest-1833521864-project-member] Using url versioning {{(pid=99648) process_request /opt/stack/glance/glance/api/middleware/version_negotiation.py:57}}
Jul 16 14:59:47.398492 np0000005252 devstack@g-api.service[99648]: DEBUG glance.api.middleware.version_negotiation [None req-a2c7cd55-446d-426e-a249-12515b2303b9 tempest-ServerStableDeviceRescueTest-1833521864 tempest-ServerStableDeviceRescueTest-1833521864-project-member] Matched version: v2 {{(pid=99648) process_request /opt/stack/glance/glance/api/middleware/version_negotiation.py:69}}
Jul 16 14:59:47.398654 np0000005252 devstack@g-api.service[99648]: DEBUG glance.api.middleware.version_negotiation [None req-a2c7cd55-446d-426e-a249-12515b2303b9 tempest-ServerStableDeviceRescueTest-1833521864 tempest-ServerStableDeviceRescueTest-1833521864-project-member] new path /v2/schemas/image {{(pid=99648) process_request /opt/stack/glance/glance/api/middleware/version_negotiation.py:70}}
Jul 16 14:59:47.401944 np0000005252 devstack@g-api.service[99648]: [pid: 99648|app: 0|req: 50/138] 127.0.0.1 () {44 vars in 1055 bytes} [Thu Jul 16 14:59:47 2026] GET /v2/schemas/image => generated 6083 bytes in 4 msecs (HTTP/1.1 200) 4 headers in 158 bytes (1 switches on core 0)
Jul 16 14:59:47.445801 np0000005252 devstack@g-api.service[99650]: DEBUG glance.api.middleware.version_negotiation [None req-b9914611-9fd8-47c7-8355-8deed827add3 tempest-ServerStableDeviceRescueTest-1833521864 tempest-ServerStableDeviceRescueTest-1833521864-project-member] Determining version of request: PATCH /v2/images/1308a0d7-c729-4c67-b9f5-3397979f927d Accept: */* {{(pid=99650) process_request /opt/stack/glance/glance/api/middleware/version_negotiation.py:44}}
Jul 16 14:59:47.445952 np0000005252 devstack@g-api.service[99650]: DEBUG glance.api.middleware.version_negotiation [None req-b9914611-9fd8-47c7-8355-8deed827add3 tempest-ServerStableDeviceRescueTest-1833521864 tempest-ServerStableDeviceRescueTest-1833521864-project-member] Using url versioning {{(pid=99650) process_request /opt/stack/glance/glance/api/middleware/version_negotiation.py:57}}
Jul 16 14:59:47.446074 np0000005252 devstack@g-api.service[99650]: DEBUG glance.api.middleware.version_negotiation [None req-b9914611-9fd8-47c7-8355-8deed827add3 tempest-ServerStableDeviceRescueTest-1833521864 tempest-ServerStableDeviceRescueTest-1833521864-project-member] Matched version: v2 {{(pid=99650) process_request /opt/stack/glance/glance/api/middleware/version_negotiation.py:69}}
Jul 16 14:59:47.446160 np0000005252 devstack@g-api.service[99650]: DEBUG glance.api.middleware.version_negotiation [None req-b9914611-9fd8-47c7-8355-8deed827add3 tempest-ServerStableDeviceRescueTest-1833521864 tempest-ServerStableDeviceRescueTest-1833521864-project-member] new path /v2/images/1308a0d7-c729-4c67-b9f5-3397979f927d {{(pid=99650) process_request /opt/stack/glance/glance/api/middleware/version_negotiation.py:70}}
Jul 16 14:59:47.587745 np0000005252 devstack@g-api.service[99650]: [pid: 99650|app: 0|req: 49/139] 127.0.0.1 () {46 vars in 1158 bytes} [Thu Jul 16 14:59:47 2026] PATCH /v2/images/1308a0d7-c729-4c67-b9f5-3397979f927d => generated 1447 bytes in 142 msecs (HTTP/1.1 200) 4 headers in 158 bytes (1 switches on core 0)
Jul 16 14:59:47.639563 np0000005252 devstack@g-api.service[99649]: DEBUG glance.api.middleware.version_negotiation [None req-b9914611-9fd8-47c7-8355-8deed827add3 tempest-ServerStableDeviceRescueTest-1833521864 tempest-ServerStableDeviceRescueTest-1833521864-project-member] Determining version of request: GET /v2/images/1308a0d7-c729-4c67-b9f5-3397979f927d Accept: */* {{(pid=99649) process_request /opt/stack/glance/glance/api/middleware/version_negotiation.py:44}}
Jul 16 14:59:47.639790 np0000005252 devstack@g-api.service[99649]: DEBUG glance.api.middleware.version_negotiation [None req-b9914611-9fd8-47c7-8355-8deed827add3 tempest-ServerStableDeviceRescueTest-1833521864 tempest-ServerStableDeviceRescueTest-1833521864-project-member] Using url versioning {{(pid=99649) process_request /opt/stack/glance/glance/api/middleware/version_negotiation.py:57}}
Jul 16 14:59:47.639997 np0000005252 devstack@g-api.service[99649]: DEBUG glance.api.middleware.version_negotiation [None req-b9914611-9fd8-47c7-8355-8deed827add3 tempest-ServerStableDeviceRescueTest-1833521864 tempest-ServerStableDeviceRescueTest-1833521864-project-member] Matched version: v2 {{(pid=99649) process_request /opt/stack/glance/glance/api/middleware/version_negotiation.py:69}}
Jul 16 14:59:47.640148 np0000005252 devstack@g-api.service[99649]: DEBUG glance.api.middleware.version_negotiation [None req-b9914611-9fd8-47c7-8355-8deed827add3 tempest-ServerStableDeviceRescueTest-1833521864 tempest-ServerStableDeviceRescueTest-1833521864-project-member] new path /v2/images/1308a0d7-c729-4c67-b9f5-3397979f927d {{(pid=99649) process_request /opt/stack/glance/glance/api/middleware/version_negotiation.py:70}}
Jul 16 14:59:47.653295 np0000005252 devstack@g-api.service[99649]: [pid: 99649|app: 0|req: 41/140] 127.0.0.1 () {44 vars in 1115 bytes} [Thu Jul 16 14:59:47 2026] GET /v2/images/1308a0d7-c729-4c67-b9f5-3397979f927d => generated 1447 bytes in 14 msecs (HTTP/1.1 200) 4 headers in 158 bytes (1 switches on core 0)
Jul 16 14:59:47.691781 np0000005252 devstack@g-api.service[99648]: DEBUG glance.api.middleware.version_negotiation [None req-b9914611-9fd8-47c7-8355-8deed827add3 tempest-ServerStableDeviceRescueTest-1833521864 tempest-ServerStableDeviceRescueTest-1833521864-project-member] Determining version of request: PUT /v2/images/1308a0d7-c729-4c67-b9f5-3397979f927d/file Accept: */* {{(pid=99648) process_request /opt/stack/glance/glance/api/middleware/version_negotiation.py:44}}
Jul 16 14:59:47.692190 np0000005252 devstack@g-api.service[99648]: DEBUG glance.api.middleware.version_negotiation [None req-b9914611-9fd8-47c7-8355-8deed827add3 tempest-ServerStableDeviceRescueTest-1833521864 tempest-ServerStableDeviceRescueTest-1833521864-project-member] Using url versioning {{(pid=99648) process_request /opt/stack/glance/glance/api/middleware/version_negotiation.py:57}}
Jul 16 14:59:47.692190 np0000005252 devstack@g-api.service[99648]: DEBUG glance.api.middleware.version_negotiation [None req-b9914611-9fd8-47c7-8355-8deed827add3 tempest-ServerStableDeviceRescueTest-1833521864 tempest-ServerStableDeviceRescueTest-1833521864-project-member] Matched version: v2 {{(pid=99648) process_request /opt/stack/glance/glance/api/middleware/version_negotiation.py:69}}
Jul 16 14:59:47.692190 np0000005252 devstack@g-api.service[99648]: DEBUG glance.api.middleware.version_negotiation [None req-b9914611-9fd8-47c7-8355-8deed827add3 tempest-ServerStableDeviceRescueTest-1833521864 tempest-ServerStableDeviceRescueTest-1833521864-project-member] new path /v2/images/1308a0d7-c729-4c67-b9f5-3397979f927d/file {{(pid=99648) process_request /opt/stack/glance/glance/api/middleware/version_negotiation.py:70}}
Jul 16 14:59:47.762427 np0000005252 devstack@g-api.service[99650]: DEBUG glance.api.middleware.version_negotiation [None req-b9914611-9fd8-47c7-8355-8deed827add3 tempest-ServerStableDeviceRescueTest-1833521864 tempest-ServerStableDeviceRescueTest-1833521864-project-member] Determining version of request: GET /v2/images/1308a0d7-c729-4c67-b9f5-3397979f927d Accept: */* {{(pid=99650) process_request /opt/stack/glance/glance/api/middleware/version_negotiation.py:44}}
Jul 16 14:59:47.762842 np0000005252 devstack@g-api.service[99650]: DEBUG glance.api.middleware.version_negotiation [None req-b9914611-9fd8-47c7-8355-8deed827add3 tempest-ServerStableDeviceRescueTest-1833521864 tempest-ServerStableDeviceRescueTest-1833521864-project-member] Using url versioning {{(pid=99650) process_request /opt/stack/glance/glance/api/middleware/version_negotiation.py:57}}
Jul 16 14:59:47.762842 np0000005252 devstack@g-api.service[99650]: DEBUG glance.api.middleware.version_negotiation [None req-b9914611-9fd8-47c7-8355-8deed827add3 tempest-ServerStableDeviceRescueTest-1833521864 tempest-ServerStableDeviceRescueTest-1833521864-project-member] Matched version: v2 {{(pid=99650) process_request /opt/stack/glance/glance/api/middleware/version_negotiation.py:69}}
Jul 16 14:59:47.762903 np0000005252 devstack@g-api.service[99650]: DEBUG glance.api.middleware.version_negotiation [None req-b9914611-9fd8-47c7-8355-8deed827add3 tempest-ServerStableDeviceRescueTest-1833521864 tempest-ServerStableDeviceRescueTest-1833521864-project-member] new path /v2/images/1308a0d7-c729-4c67-b9f5-3397979f927d {{(pid=99650) process_request /opt/stack/glance/glance/api/middleware/version_negotiation.py:70}}
Jul 16 14:59:47.775239 np0000005252 devstack@g-api.service[99650]: [pid: 99650|app: 0|req: 50/141] 127.0.0.1 () {44 vars in 1115 bytes} [Thu Jul 16 14:59:47 2026] GET /v2/images/1308a0d7-c729-4c67-b9f5-3397979f927d => generated 1447 bytes in 13 msecs (HTTP/1.1 200) 4 headers in 158 bytes (1 switches on core 0)
Jul 16 14:59:47.808813 np0000005252 devstack@g-api.service[99649]: DEBUG glance.api.middleware.version_negotiation [None req-b9914611-9fd8-47c7-8355-8deed827add3 tempest-ServerStableDeviceRescueTest-1833521864 tempest-ServerStableDeviceRescueTest-1833521864-project-member] Determining version of request: GET /v2/schemas/image Accept: */* {{(pid=99649) process_request /opt/stack/glance/glance/api/middleware/version_negotiation.py:44}}
Jul 16 14:59:47.809200 np0000005252 devstack@g-api.service[99649]: DEBUG glance.api.middleware.version_negotiation [None req-b9914611-9fd8-47c7-8355-8deed827add3 tempest-ServerStableDeviceRescueTest-1833521864 tempest-ServerStableDeviceRescueTest-1833521864-project-member] Using url versioning {{(pid=99649) process_request /opt/stack/glance/glance/api/middleware/version_negotiation.py:57}}
Jul 16 14:59:47.809200 np0000005252 devstack@g-api.service[99649]: DEBUG glance.api.middleware.version_negotiation [None req-b9914611-9fd8-47c7-8355-8deed827add3 tempest-ServerStableDeviceRescueTest-1833521864 tempest-ServerStableDeviceRescueTest-1833521864-project-member] Matched version: v2 {{(pid=99649) process_request /opt/stack/glance/glance/api/middleware/version_negotiation.py:69}}
Jul 16 14:59:47.809401 np0000005252 devstack@g-api.service[99649]: DEBUG glance.api.middleware.version_negotiation [None req-b9914611-9fd8-47c7-8355-8deed827add3 tempest-ServerStableDeviceRescueTest-1833521864 tempest-ServerStableDeviceRescueTest-1833521864-project-member] new path /v2/schemas/image {{(pid=99649) process_request /opt/stack/glance/glance/api/middleware/version_negotiation.py:70}}
Jul 16 14:59:47.814213 np0000005252 devstack@g-api.service[99649]: [pid: 99649|app: 0|req: 42/142] 127.0.0.1 () {44 vars in 1055 bytes} [Thu Jul 16 14:59:47 2026] GET /v2/schemas/image => generated 6083 bytes in 5 msecs (HTTP/1.1 200) 4 headers in 158 bytes (1 switches on core 0)
Jul 16 14:59:48.212022 np0000005252 devstack@g-api.service[99648]: INFO glance.api.v2.image_data [None req-b9914611-9fd8-47c7-8355-8deed827add3 tempest-ServerStableDeviceRescueTest-1833521864 tempest-ServerStableDeviceRescueTest-1833521864-project-member] Unable to create trust: no such option collect_timing in group [keystone_authtoken] Use the existing user token.
Jul 16 14:59:48.691543 np0000005252 devstack@g-api.service[99648]: DEBUG glance.location [None req-b9914611-9fd8-47c7-8355-8deed827add3 tempest-ServerStableDeviceRescueTest-1833521864 tempest-ServerStableDeviceRescueTest-1833521864-project-member] Enabling in-flight format inspection for qcow2 {{(pid=99648) set_data /opt/stack/glance/glance/location.py:596}}
Jul 16 14:59:48.691991 np0000005252 devstack@g-api.service[99648]: DEBUG glance_store.backend [None req-b9914611-9fd8-47c7-8355-8deed827add3 tempest-ServerStableDeviceRescueTest-1833521864 tempest-ServerStableDeviceRescueTest-1833521864-project-member] Attempting to import store swift {{(pid=99648) _load_store /opt/stack/data/venv/lib/python3.12/site-packages/glance_store/backend.py:215}}
Jul 16 14:59:48.693732 np0000005252 devstack@g-api.service[99648]: DEBUG glance_store.capabilities [None req-b9914611-9fd8-47c7-8355-8deed827add3 tempest-ServerStableDeviceRescueTest-1833521864 tempest-ServerStableDeviceRescueTest-1833521864-project-member] Store glance_store._drivers.swift.store.SingleTenantStore doesn't support updating dynamic storage capabilities. Please overwrite 'update_capabilities' method of the store to implement updating logics if needed. {{(pid=99648) update_capabilities /opt/stack/data/venv/lib/python3.12/site-packages/glance_store/capabilities.py:91}}
Jul 16 14:59:48.693843 np0000005252 devstack@g-api.service[99648]: DEBUG glance_store.driver [None req-b9914611-9fd8-47c7-8355-8deed827add3 tempest-ServerStableDeviceRescueTest-1833521864 tempest-ServerStableDeviceRescueTest-1833521864-project-member] Late loading location class glance_store._drivers.swift.store.StoreLocation {{(pid=99648) get_store_location_class /opt/stack/data/venv/lib/python3.12/site-packages/glance_store/driver.py:134}}
Jul 16 14:59:48.693986 np0000005252 devstack@g-api.service[99648]: DEBUG glance_store.location [None req-b9914611-9fd8-47c7-8355-8deed827add3 tempest-ServerStableDeviceRescueTest-1833521864 tempest-ServerStableDeviceRescueTest-1833521864-project-member] Registering scheme swift+https with {'store': , 'location_class': , 'store_entry': 'swift'} {{(pid=99648) register_scheme_map /opt/stack/data/venv/lib/python3.12/site-packages/glance_store/location.py:146}}
Jul 16 14:59:48.694108 np0000005252 devstack@g-api.service[99648]: DEBUG glance_store.location [None req-b9914611-9fd8-47c7-8355-8deed827add3 tempest-ServerStableDeviceRescueTest-1833521864 tempest-ServerStableDeviceRescueTest-1833521864-project-member] Registering scheme swift+https with {'store': , 'location_class': , 'store_entry': 'swift'} {{(pid=99648) register_scheme_map /opt/stack/data/venv/lib/python3.12/site-packages/glance_store/location.py:146}}
Jul 16 14:59:48.694175 np0000005252 devstack@g-api.service[99648]: DEBUG glance_store.location [None req-b9914611-9fd8-47c7-8355-8deed827add3 tempest-ServerStableDeviceRescueTest-1833521864 tempest-ServerStableDeviceRescueTest-1833521864-project-member] Registering scheme swift with {'store': , 'location_class': , 'store_entry': 'swift'} {{(pid=99648) register_scheme_map /opt/stack/data/venv/lib/python3.12/site-packages/glance_store/location.py:146}}
Jul 16 14:59:48.694314 np0000005252 devstack@g-api.service[99648]: DEBUG glance_store.location [None req-b9914611-9fd8-47c7-8355-8deed827add3 tempest-ServerStableDeviceRescueTest-1833521864 tempest-ServerStableDeviceRescueTest-1833521864-project-member] Registering scheme swift+https with {'store': , 'location_class': , 'store_entry': 'swift'} {{(pid=99648) register_scheme_map /opt/stack/data/venv/lib/python3.12/site-packages/glance_store/location.py:146}}
Jul 16 14:59:48.694426 np0000005252 devstack@g-api.service[99648]: DEBUG glance_store.location [None req-b9914611-9fd8-47c7-8355-8deed827add3 tempest-ServerStableDeviceRescueTest-1833521864 tempest-ServerStableDeviceRescueTest-1833521864-project-member] Registering scheme swift with {'store': , 'location_class': , 'store_entry': 'swift'} {{(pid=99648) register_scheme_map /opt/stack/data/venv/lib/python3.12/site-packages/glance_store/location.py:146}}
Jul 16 14:59:48.694426 np0000005252 devstack@g-api.service[99648]: DEBUG glance_store.location [None req-b9914611-9fd8-47c7-8355-8deed827add3 tempest-ServerStableDeviceRescueTest-1833521864 tempest-ServerStableDeviceRescueTest-1833521864-project-member] Registering scheme swift+http with {'store': , 'location_class': , 'store_entry': 'swift'} {{(pid=99648) register_scheme_map /opt/stack/data/venv/lib/python3.12/site-packages/glance_store/location.py:146}}
Jul 16 14:59:48.694602 np0000005252 devstack@g-api.service[99648]: DEBUG glance_store.location [None req-b9914611-9fd8-47c7-8355-8deed827add3 tempest-ServerStableDeviceRescueTest-1833521864 tempest-ServerStableDeviceRescueTest-1833521864-project-member] Registering scheme swift+https with {'store': , 'location_class': , 'store_entry': 'swift'} {{(pid=99648) register_scheme_map /opt/stack/data/venv/lib/python3.12/site-packages/glance_store/location.py:146}}
Jul 16 14:59:48.694654 np0000005252 devstack@g-api.service[99648]: DEBUG glance_store.location [None req-b9914611-9fd8-47c7-8355-8deed827add3 tempest-ServerStableDeviceRescueTest-1833521864 tempest-ServerStableDeviceRescueTest-1833521864-project-member] Registering scheme swift with {'store': , 'location_class': , 'store_entry': 'swift'} {{(pid=99648) register_scheme_map /opt/stack/data/venv/lib/python3.12/site-packages/glance_store/location.py:146}}
Jul 16 14:59:48.694760 np0000005252 devstack@g-api.service[99648]: DEBUG glance_store.location [None req-b9914611-9fd8-47c7-8355-8deed827add3 tempest-ServerStableDeviceRescueTest-1833521864 tempest-ServerStableDeviceRescueTest-1833521864-project-member] Registering scheme swift+http with {'store': , 'location_class': , 'store_entry': 'swift'} {{(pid=99648) register_scheme_map /opt/stack/data/venv/lib/python3.12/site-packages/glance_store/location.py:146}}
Jul 16 14:59:48.694851 np0000005252 devstack@g-api.service[99648]: DEBUG glance_store.location [None req-b9914611-9fd8-47c7-8355-8deed827add3 tempest-ServerStableDeviceRescueTest-1833521864 tempest-ServerStableDeviceRescueTest-1833521864-project-member] Registering scheme swift+config with {'store': , 'location_class': , 'store_entry': 'swift'} {{(pid=99648) register_scheme_map /opt/stack/data/venv/lib/python3.12/site-packages/glance_store/location.py:146}}
Jul 16 14:59:48.894915 np0000005252 devstack@g-api.service[99650]: DEBUG glance.api.middleware.version_negotiation [None req-6dae0d41-8d2e-4686-a969-4cf0e3ae24f5 tempest-ServerStableDeviceRescueTest-1833521864 tempest-ServerStableDeviceRescueTest-1833521864-project-member] Determining version of request: GET /v2/images/1308a0d7-c729-4c67-b9f5-3397979f927d Accept: */* {{(pid=99650) process_request /opt/stack/glance/glance/api/middleware/version_negotiation.py:44}}
Jul 16 14:59:48.895339 np0000005252 devstack@g-api.service[99650]: DEBUG glance.api.middleware.version_negotiation [None req-6dae0d41-8d2e-4686-a969-4cf0e3ae24f5 tempest-ServerStableDeviceRescueTest-1833521864 tempest-ServerStableDeviceRescueTest-1833521864-project-member] Using url versioning {{(pid=99650) process_request /opt/stack/glance/glance/api/middleware/version_negotiation.py:57}}
Jul 16 14:59:48.895339 np0000005252 devstack@g-api.service[99650]: DEBUG glance.api.middleware.version_negotiation [None req-6dae0d41-8d2e-4686-a969-4cf0e3ae24f5 tempest-ServerStableDeviceRescueTest-1833521864 tempest-ServerStableDeviceRescueTest-1833521864-project-member] Matched version: v2 {{(pid=99650) process_request /opt/stack/glance/glance/api/middleware/version_negotiation.py:69}}
Jul 16 14:59:48.895339 np0000005252 devstack@g-api.service[99650]: DEBUG glance.api.middleware.version_negotiation [None req-6dae0d41-8d2e-4686-a969-4cf0e3ae24f5 tempest-ServerStableDeviceRescueTest-1833521864 tempest-ServerStableDeviceRescueTest-1833521864-project-member] new path /v2/images/1308a0d7-c729-4c67-b9f5-3397979f927d {{(pid=99650) process_request /opt/stack/glance/glance/api/middleware/version_negotiation.py:70}}
Jul 16 14:59:48.916032 np0000005252 devstack@g-api.service[99650]: [pid: 99650|app: 0|req: 51/143] 127.0.0.1 () {44 vars in 1115 bytes} [Thu Jul 16 14:59:48 2026] GET /v2/images/1308a0d7-c729-4c67-b9f5-3397979f927d => generated 1447 bytes in 21 msecs (HTTP/1.1 200) 4 headers in 158 bytes (1 switches on core 0)
Jul 16 14:59:48.951361 np0000005252 devstack@g-api.service[99649]: DEBUG glance.api.middleware.version_negotiation [None req-6dae0d41-8d2e-4686-a969-4cf0e3ae24f5 tempest-ServerStableDeviceRescueTest-1833521864 tempest-ServerStableDeviceRescueTest-1833521864-project-member] Determining version of request: GET /v2/schemas/image Accept: */* {{(pid=99649) process_request /opt/stack/glance/glance/api/middleware/version_negotiation.py:44}}
Jul 16 14:59:48.951361 np0000005252 devstack@g-api.service[99649]: DEBUG glance.api.middleware.version_negotiation [None req-6dae0d41-8d2e-4686-a969-4cf0e3ae24f5 tempest-ServerStableDeviceRescueTest-1833521864 tempest-ServerStableDeviceRescueTest-1833521864-project-member] Using url versioning {{(pid=99649) process_request /opt/stack/glance/glance/api/middleware/version_negotiation.py:57}}
Jul 16 14:59:48.951361 np0000005252 devstack@g-api.service[99649]: DEBUG glance.api.middleware.version_negotiation [None req-6dae0d41-8d2e-4686-a969-4cf0e3ae24f5 tempest-ServerStableDeviceRescueTest-1833521864 tempest-ServerStableDeviceRescueTest-1833521864-project-member] Matched version: v2 {{(pid=99649) process_request /opt/stack/glance/glance/api/middleware/version_negotiation.py:69}}
Jul 16 14:59:48.951361 np0000005252 devstack@g-api.service[99649]: DEBUG glance.api.middleware.version_negotiation [None req-6dae0d41-8d2e-4686-a969-4cf0e3ae24f5 tempest-ServerStableDeviceRescueTest-1833521864 tempest-ServerStableDeviceRescueTest-1833521864-project-member] new path /v2/schemas/image {{(pid=99649) process_request /opt/stack/glance/glance/api/middleware/version_negotiation.py:70}}
Jul 16 14:59:48.952963 np0000005252 devstack@g-api.service[99649]: [pid: 99649|app: 0|req: 43/144] 127.0.0.1 () {44 vars in 1055 bytes} [Thu Jul 16 14:59:48 2026] GET /v2/schemas/image => generated 6083 bytes in 3 msecs (HTTP/1.1 200) 4 headers in 158 bytes (1 switches on core 0)
Jul 16 14:59:48.957343 np0000005252 devstack@g-api.service[99648]: DEBUG swiftclient [None req-b9914611-9fd8-47c7-8355-8deed827add3 tempest-ServerStableDeviceRescueTest-1833521864 tempest-ServerStableDeviceRescueTest-1833521864-project-member] REQ: curl -i https://10.4.3.246:8080/v1/AUTH_ec3b293a53024525a94d55c84da263e0/glance -I -H "X-Auth-Token: gAAAAABqWPHkDbBR..." {{(pid=99648) http_log /opt/stack/data/venv/lib/python3.12/site-packages/swiftclient/client.py:160}}
Jul 16 14:59:48.957343 np0000005252 devstack@g-api.service[99648]: DEBUG swiftclient [None req-b9914611-9fd8-47c7-8355-8deed827add3 tempest-ServerStableDeviceRescueTest-1833521864 tempest-ServerStableDeviceRescueTest-1833521864-project-member] RESP STATUS: 204 No Content {{(pid=99648) http_log /opt/stack/data/venv/lib/python3.12/site-packages/swiftclient/client.py:161}}
Jul 16 14:59:48.957343 np0000005252 devstack@g-api.service[99648]: DEBUG swiftclient [None req-b9914611-9fd8-47c7-8355-8deed827add3 tempest-ServerStableDeviceRescueTest-1833521864 tempest-ServerStableDeviceRescueTest-1833521864-project-member] RESP HEADERS: {'Date': 'Thu, 16 Jul 2026 14:59:48 GMT', 'Server': 'Apache/2.4.58 (Ubuntu)', 'Content-Type': 'text/plain; charset=utf-8', 'X-Container-Object-Count': '3', 'X-Container-Bytes-Used': '64356352', 'X-Timestamp': '1784213729.57197', 'Last-Modified': 'Thu, 16 Jul 2026 14:55:30 GMT', 'Accept-Ranges': 'bytes', 'X-Storage-Policy': 'Policy-0', 'X-Container-Sharding': 'False', 'Vary': 'Accept', 'X-Trans-Id': 'txdf1f9538a316480da39b1-006a58f1e4', 'X-Openstack-Request-Id': 'txdf1f9538a316480da39b1-006a58f1e4', 'Connection': 'close'} {{(pid=99648) http_log /opt/stack/data/venv/lib/python3.12/site-packages/swiftclient/client.py:162}}
Jul 16 14:59:48.957343 np0000005252 devstack@g-api.service[99648]: DEBUG glance_store._drivers.swift.store [None req-b9914611-9fd8-47c7-8355-8deed827add3 tempest-ServerStableDeviceRescueTest-1833521864 tempest-ServerStableDeviceRescueTest-1833521864-project-member] Adding image object '1308a0d7-c729-4c67-b9f5-3397979f927d' to Swift {{(pid=99648) add /opt/stack/data/venv/lib/python3.12/site-packages/glance_store/_drivers/swift/store.py:970}}
Jul 16 14:59:48.957343 np0000005252 devstack@g-api.service[99648]: DEBUG glance_store._drivers.swift.store [None req-b9914611-9fd8-47c7-8355-8deed827add3 tempest-ServerStableDeviceRescueTest-1833521864 tempest-ServerStableDeviceRescueTest-1833521864-project-member] Cannot determine image size because it is either not provided in the request or chunked-transfer encoding is used. Adding image as a segmented object to Swift. {{(pid=99648) add /opt/stack/data/venv/lib/python3.12/site-packages/glance_store/_drivers/swift/store.py:994}}
Jul 16 14:59:48.962834 np0000005252 devstack@g-api.service[99648]: DEBUG oslo_utils.imageutils.format_inspector [None req-b9914611-9fd8-47c7-8355-8deed827add3 tempest-ServerStableDeviceRescueTest-1833521864 tempest-ServerStableDeviceRescueTest-1833521864-project-member] Format inspector for vmdk does not match, excluding from consideration (Signature KDMV not found: b'QFI\xfb') {{(pid=99648) _process_chunk /opt/stack/data/venv/lib/python3.12/site-packages/oslo_utils/imageutils/format_inspector.py:1758}}
Jul 16 14:59:48.967864 np0000005252 devstack@g-api.service[99648]: DEBUG oslo_utils.imageutils.format_inspector [None req-b9914611-9fd8-47c7-8355-8deed827add3 tempest-ServerStableDeviceRescueTest-1833521864 tempest-ServerStableDeviceRescueTest-1833521864-project-member] Format inspector for vhdx does not match, excluding from consideration (Region signature not found at 30000) {{(pid=99648) _process_chunk /opt/stack/data/venv/lib/python3.12/site-packages/oslo_utils/imageutils/format_inspector.py:1758}}
Jul 16 14:59:49.459912 np0000005252 devstack@g-api.service[99650]: DEBUG glance.api.middleware.version_negotiation [None req-e583ba05-c73c-4222-bd51-bce7c84f1b17 tempest-ServerStableDeviceRescueTest-1833521864 tempest-ServerStableDeviceRescueTest-1833521864-project-member] Determining version of request: GET /v2/images/37dfa257-4413-4eb8-8f66-d4a6916274f5 Accept: */* {{(pid=99650) process_request /opt/stack/glance/glance/api/middleware/version_negotiation.py:44}}
Jul 16 14:59:49.461791 np0000005252 devstack@g-api.service[99650]: DEBUG glance.api.middleware.version_negotiation [None req-e583ba05-c73c-4222-bd51-bce7c84f1b17 tempest-ServerStableDeviceRescueTest-1833521864 tempest-ServerStableDeviceRescueTest-1833521864-project-member] Using url versioning {{(pid=99650) process_request /opt/stack/glance/glance/api/middleware/version_negotiation.py:57}}
Jul 16 14:59:49.462082 np0000005252 devstack@g-api.service[99650]: DEBUG glance.api.middleware.version_negotiation [None req-e583ba05-c73c-4222-bd51-bce7c84f1b17 tempest-ServerStableDeviceRescueTest-1833521864 tempest-ServerStableDeviceRescueTest-1833521864-project-member] Matched version: v2 {{(pid=99650) process_request /opt/stack/glance/glance/api/middleware/version_negotiation.py:69}}
Jul 16 14:59:49.462167 np0000005252 devstack@g-api.service[99650]: DEBUG glance.api.middleware.version_negotiation [None req-e583ba05-c73c-4222-bd51-bce7c84f1b17 tempest-ServerStableDeviceRescueTest-1833521864 tempest-ServerStableDeviceRescueTest-1833521864-project-member] new path /v2/images/37dfa257-4413-4eb8-8f66-d4a6916274f5 {{(pid=99650) process_request /opt/stack/glance/glance/api/middleware/version_negotiation.py:70}}
Jul 16 14:59:49.483203 np0000005252 devstack@g-api.service[99650]: [pid: 99650|app: 0|req: 52/145] 127.0.0.1 () {44 vars in 1115 bytes} [Thu Jul 16 14:59:49 2026] GET /v2/images/37dfa257-4413-4eb8-8f66-d4a6916274f5 => generated 1044 bytes in 23 msecs (HTTP/1.1 200) 4 headers in 158 bytes (1 switches on core 0)
Jul 16 14:59:49.501813 np0000005252 devstack@g-api.service[99648]: DEBUG swiftclient [None req-b9914611-9fd8-47c7-8355-8deed827add3 tempest-ServerStableDeviceRescueTest-1833521864 tempest-ServerStableDeviceRescueTest-1833521864-project-member] REQ: curl -i https://10.4.3.246:8080/v1/AUTH_ec3b293a53024525a94d55c84da263e0/glance/1308a0d7-c729-4c67-b9f5-3397979f927d-00001 -X PUT -H "X-Auth-Token: gAAAAABqWPHkDbBR..." {{(pid=99648) http_log /opt/stack/data/venv/lib/python3.12/site-packages/swiftclient/client.py:160}}
Jul 16 14:59:49.501889 np0000005252 devstack@g-api.service[99648]: DEBUG swiftclient [None req-b9914611-9fd8-47c7-8355-8deed827add3 tempest-ServerStableDeviceRescueTest-1833521864 tempest-ServerStableDeviceRescueTest-1833521864-project-member] RESP STATUS: 201 Created {{(pid=99648) http_log /opt/stack/data/venv/lib/python3.12/site-packages/swiftclient/client.py:161}}
Jul 16 14:59:49.502719 np0000005252 devstack@g-api.service[99648]: DEBUG swiftclient [None req-b9914611-9fd8-47c7-8355-8deed827add3 tempest-ServerStableDeviceRescueTest-1833521864 tempest-ServerStableDeviceRescueTest-1833521864-project-member] RESP HEADERS: {'Date': 'Thu, 16 Jul 2026 14:59:49 GMT', 'Server': 'Apache/2.4.58 (Ubuntu)', 'Content-Type': 'text/html; charset=UTF-8', 'Content-Length': '0', 'Etag': 'ede1634f643268b3a8eea3155049f07a', 'Last-Modified': 'Thu, 16 Jul 2026 14:59:49 GMT', 'X-Trans-Id': 'tx86582e4cdd674e8e8febd-006a58f1e4', 'X-Openstack-Request-Id': 'tx86582e4cdd674e8e8febd-006a58f1e4', 'Connection': 'close'} {{(pid=99648) http_log /opt/stack/data/venv/lib/python3.12/site-packages/swiftclient/client.py:162}}
Jul 16 14:59:49.502719 np0000005252 devstack@g-api.service[99648]: DEBUG glance_store._drivers.swift.store [None req-b9914611-9fd8-47c7-8355-8deed827add3 tempest-ServerStableDeviceRescueTest-1833521864 tempest-ServerStableDeviceRescueTest-1833521864-project-member] Wrote chunk 1308a0d7-c729-4c67-b9f5-3397979f927d-00001 (1/?) of length 53673984 to Swift returning MD5 of content: ede1634f643268b3a8eea3155049f07a {{(pid=99648) add /opt/stack/data/venv/lib/python3.12/site-packages/glance_store/_drivers/swift/store.py:1059}}
Jul 16 14:59:49.502719 np0000005252 devstack@g-api.service[99648]: DEBUG glance_store._drivers.swift.store [None req-b9914611-9fd8-47c7-8355-8deed827add3 tempest-ServerStableDeviceRescueTest-1833521864 tempest-ServerStableDeviceRescueTest-1833521864-project-member] Not writing zero-length chunk. {{(pid=99648) add /opt/stack/data/venv/lib/python3.12/site-packages/glance_store/_drivers/swift/store.py:1028}}
Jul 16 14:59:49.532382 np0000005252 devstack@g-api.service[99649]: DEBUG glance.api.middleware.version_negotiation [None req-e583ba05-c73c-4222-bd51-bce7c84f1b17 tempest-ServerStableDeviceRescueTest-1833521864 tempest-ServerStableDeviceRescueTest-1833521864-project-member] Determining version of request: GET /v2/schemas/image Accept: */* {{(pid=99649) process_request /opt/stack/glance/glance/api/middleware/version_negotiation.py:44}}
Jul 16 14:59:49.532480 np0000005252 devstack@g-api.service[99648]: DEBUG swiftclient [None req-b9914611-9fd8-47c7-8355-8deed827add3 tempest-ServerStableDeviceRescueTest-1833521864 tempest-ServerStableDeviceRescueTest-1833521864-project-member] REQ: curl -i https://10.4.3.246:8080/v1/AUTH_ec3b293a53024525a94d55c84da263e0/glance/1308a0d7-c729-4c67-b9f5-3397979f927d -X PUT -H "X-Object-Manifest: glance/1308a0d7-c729-4c67-b9f5-3397979f927d-" -H "X-Auth-Token: gAAAAABqWPHkDbBR..." -H "Content-Length: 0" {{(pid=99648) http_log /opt/stack/data/venv/lib/python3.12/site-packages/swiftclient/client.py:160}}
Jul 16 14:59:49.532568 np0000005252 devstack@g-api.service[99648]: DEBUG swiftclient [None req-b9914611-9fd8-47c7-8355-8deed827add3 tempest-ServerStableDeviceRescueTest-1833521864 tempest-ServerStableDeviceRescueTest-1833521864-project-member] RESP STATUS: 201 Created {{(pid=99648) http_log /opt/stack/data/venv/lib/python3.12/site-packages/swiftclient/client.py:161}}
Jul 16 14:59:49.532615 np0000005252 devstack@g-api.service[99649]: DEBUG glance.api.middleware.version_negotiation [None req-e583ba05-c73c-4222-bd51-bce7c84f1b17 tempest-ServerStableDeviceRescueTest-1833521864 tempest-ServerStableDeviceRescueTest-1833521864-project-member] Using url versioning {{(pid=99649) process_request /opt/stack/glance/glance/api/middleware/version_negotiation.py:57}}
Jul 16 14:59:49.532992 np0000005252 devstack@g-api.service[99649]: DEBUG glance.api.middleware.version_negotiation [None req-e583ba05-c73c-4222-bd51-bce7c84f1b17 tempest-ServerStableDeviceRescueTest-1833521864 tempest-ServerStableDeviceRescueTest-1833521864-project-member] Matched version: v2 {{(pid=99649) process_request /opt/stack/glance/glance/api/middleware/version_negotiation.py:69}}
Jul 16 14:59:49.532992 np0000005252 devstack@g-api.service[99649]: DEBUG glance.api.middleware.version_negotiation [None req-e583ba05-c73c-4222-bd51-bce7c84f1b17 tempest-ServerStableDeviceRescueTest-1833521864 tempest-ServerStableDeviceRescueTest-1833521864-project-member] new path /v2/schemas/image {{(pid=99649) process_request /opt/stack/glance/glance/api/middleware/version_negotiation.py:70}}
Jul 16 14:59:49.533500 np0000005252 devstack@g-api.service[99648]: DEBUG swiftclient [None req-b9914611-9fd8-47c7-8355-8deed827add3 tempest-ServerStableDeviceRescueTest-1833521864 tempest-ServerStableDeviceRescueTest-1833521864-project-member] RESP HEADERS: {'Date': 'Thu, 16 Jul 2026 14:59:49 GMT', 'Server': 'Apache/2.4.58 (Ubuntu)', 'Content-Type': 'text/html; charset=UTF-8', 'Content-Length': '0', 'Etag': 'd41d8cd98f00b204e9800998ecf8427e', 'Last-Modified': 'Thu, 16 Jul 2026 14:59:50 GMT', 'X-Trans-Id': 'txad54a7d112c049cfbe13e-006a58f1e5', 'X-Openstack-Request-Id': 'txad54a7d112c049cfbe13e-006a58f1e5', 'Connection': 'close'} {{(pid=99648) http_log /opt/stack/data/venv/lib/python3.12/site-packages/swiftclient/client.py:162}}
Jul 16 14:59:49.534095 np0000005252 devstack@g-api.service[99648]: INFO glance.location [None req-b9914611-9fd8-47c7-8355-8deed827add3 tempest-ServerStableDeviceRescueTest-1833521864 tempest-ServerStableDeviceRescueTest-1833521864-project-member] Image format matched and virtual size computed: 1073741824
Jul 16 14:59:49.535925 np0000005252 devstack@g-api.service[99649]: [pid: 99649|app: 0|req: 44/146] 127.0.0.1 () {44 vars in 1055 bytes} [Thu Jul 16 14:59:49 2026] GET /v2/schemas/image => generated 6083 bytes in 3 msecs (HTTP/1.1 200) 4 headers in 158 bytes (1 switches on core 0)
Jul 16 14:59:49.591892 np0000005252 devstack@g-api.service[99648]: DEBUG glance_store.backend [None req-b9914611-9fd8-47c7-8355-8deed827add3 tempest-ServerStableDeviceRescueTest-1833521864 tempest-ServerStableDeviceRescueTest-1833521864-project-member] Attempting to import store swift {{(pid=99648) _load_store /opt/stack/data/venv/lib/python3.12/site-packages/glance_store/backend.py:215}}
Jul 16 14:59:49.593100 np0000005252 devstack@g-api.service[99648]: DEBUG glance_store.capabilities [None req-b9914611-9fd8-47c7-8355-8deed827add3 tempest-ServerStableDeviceRescueTest-1833521864 tempest-ServerStableDeviceRescueTest-1833521864-project-member] Store glance_store._drivers.swift.store.SingleTenantStore doesn't support updating dynamic storage capabilities. Please overwrite 'update_capabilities' method of the store to implement updating logics if needed. {{(pid=99648) update_capabilities /opt/stack/data/venv/lib/python3.12/site-packages/glance_store/capabilities.py:91}}
Jul 16 14:59:49.593213 np0000005252 devstack@g-api.service[99648]: DEBUG glance_store.driver [None req-b9914611-9fd8-47c7-8355-8deed827add3 tempest-ServerStableDeviceRescueTest-1833521864 tempest-ServerStableDeviceRescueTest-1833521864-project-member] Late loading location class glance_store._drivers.swift.store.StoreLocation {{(pid=99648) get_store_location_class /opt/stack/data/venv/lib/python3.12/site-packages/glance_store/driver.py:134}}
Jul 16 14:59:49.593269 np0000005252 devstack@g-api.service[99648]: DEBUG glance_store.location [None req-b9914611-9fd8-47c7-8355-8deed827add3 tempest-ServerStableDeviceRescueTest-1833521864 tempest-ServerStableDeviceRescueTest-1833521864-project-member] Registering scheme swift+https with {'store': , 'location_class': , 'store_entry': 'swift'} {{(pid=99648) register_scheme_map /opt/stack/data/venv/lib/python3.12/site-packages/glance_store/location.py:146}}
Jul 16 14:59:49.593353 np0000005252 devstack@g-api.service[99648]: DEBUG glance_store.location [None req-b9914611-9fd8-47c7-8355-8deed827add3 tempest-ServerStableDeviceRescueTest-1833521864 tempest-ServerStableDeviceRescueTest-1833521864-project-member] Registering scheme swift+https with {'store': , 'location_class': , 'store_entry': 'swift'} {{(pid=99648) register_scheme_map /opt/stack/data/venv/lib/python3.12/site-packages/glance_store/location.py:146}}
Jul 16 14:59:49.593411 np0000005252 devstack@g-api.service[99648]: DEBUG glance_store.location [None req-b9914611-9fd8-47c7-8355-8deed827add3 tempest-ServerStableDeviceRescueTest-1833521864 tempest-ServerStableDeviceRescueTest-1833521864-project-member] Registering scheme swift with {'store': , 'location_class': , 'store_entry': 'swift'} {{(pid=99648) register_scheme_map /opt/stack/data/venv/lib/python3.12/site-packages/glance_store/location.py:146}}
Jul 16 14:59:49.593549 np0000005252 devstack@g-api.service[99648]: DEBUG glance_store.location [None req-b9914611-9fd8-47c7-8355-8deed827add3 tempest-ServerStableDeviceRescueTest-1833521864 tempest-ServerStableDeviceRescueTest-1833521864-project-member] Registering scheme swift+https with {'store': , 'location_class': , 'store_entry': 'swift'} {{(pid=99648) register_scheme_map /opt/stack/data/venv/lib/python3.12/site-packages/glance_store/location.py:146}}
Jul 16 14:59:49.593603 np0000005252 devstack@g-api.service[99648]: DEBUG glance_store.location [None req-b9914611-9fd8-47c7-8355-8deed827add3 tempest-ServerStableDeviceRescueTest-1833521864 tempest-ServerStableDeviceRescueTest-1833521864-project-member] Registering scheme swift with {'store': , 'location_class': , 'store_entry': 'swift'} {{(pid=99648) register_scheme_map /opt/stack/data/venv/lib/python3.12/site-packages/glance_store/location.py:146}}
Jul 16 14:59:49.593655 np0000005252 devstack@g-api.service[99648]: DEBUG glance_store.location [None req-b9914611-9fd8-47c7-8355-8deed827add3 tempest-ServerStableDeviceRescueTest-1833521864 tempest-ServerStableDeviceRescueTest-1833521864-project-member] Registering scheme swift+http with {'store': , 'location_class': , 'store_entry': 'swift'} {{(pid=99648) register_scheme_map /opt/stack/data/venv/lib/python3.12/site-packages/glance_store/location.py:146}}
Jul 16 14:59:49.593718 np0000005252 devstack@g-api.service[99648]: DEBUG glance_store.location [None req-b9914611-9fd8-47c7-8355-8deed827add3 tempest-ServerStableDeviceRescueTest-1833521864 tempest-ServerStableDeviceRescueTest-1833521864-project-member] Registering scheme swift+https with {'store': , 'location_class': , 'store_entry': 'swift'} {{(pid=99648) register_scheme_map /opt/stack/data/venv/lib/python3.12/site-packages/glance_store/location.py:146}}
Jul 16 14:59:49.593839 np0000005252 devstack@g-api.service[99648]: DEBUG glance_store.location [None req-b9914611-9fd8-47c7-8355-8deed827add3 tempest-ServerStableDeviceRescueTest-1833521864 tempest-ServerStableDeviceRescueTest-1833521864-project-member] Registering scheme swift with {'store': , 'location_class': , 'store_entry': 'swift'} {{(pid=99648) register_scheme_map /opt/stack/data/venv/lib/python3.12/site-packages/glance_store/location.py:146}}
Jul 16 14:59:49.593893 np0000005252 devstack@g-api.service[99648]: DEBUG glance_store.location [None req-b9914611-9fd8-47c7-8355-8deed827add3 tempest-ServerStableDeviceRescueTest-1833521864 tempest-ServerStableDeviceRescueTest-1833521864-project-member] Registering scheme swift+http with {'store': , 'location_class': , 'store_entry': 'swift'} {{(pid=99648) register_scheme_map /opt/stack/data/venv/lib/python3.12/site-packages/glance_store/location.py:146}}
Jul 16 14:59:49.594130 np0000005252 devstack@g-api.service[99648]: DEBUG glance_store.location [None req-b9914611-9fd8-47c7-8355-8deed827add3 tempest-ServerStableDeviceRescueTest-1833521864 tempest-ServerStableDeviceRescueTest-1833521864-project-member] Registering scheme swift+config with {'store': , 'location_class': , 'store_entry': 'swift'} {{(pid=99648) register_scheme_map /opt/stack/data/venv/lib/python3.12/site-packages/glance_store/location.py:146}}
Jul 16 14:59:49.594130 np0000005252 devstack@g-api.service[99648]: DEBUG glance_store.backend [None req-b9914611-9fd8-47c7-8355-8deed827add3 tempest-ServerStableDeviceRescueTest-1833521864 tempest-ServerStableDeviceRescueTest-1833521864-project-member] Skipping store.set_acls... not implemented. {{(pid=99648) set_acls /opt/stack/data/venv/lib/python3.12/site-packages/glance_store/backend.py:507}}
Jul 16 14:59:49.601146 np0000005252 devstack@g-api.service[99648]: [pid: 99648|app: 0|req: 51/147] 127.0.0.1 () {46 vars in 1158 bytes} [Thu Jul 16 14:59:47 2026] PUT /v2/images/1308a0d7-c729-4c67-b9f5-3397979f927d/file => generated 0 bytes in 1907 msecs (HTTP/1.1 204) 4 headers in 171 bytes (1 switches on core 0)
