Jul 16 14:57:32.743581 np0000005252 devstack@g-api.service[99649]: DEBUG glance.api.middleware.version_negotiation [None req-3ca914a1-fa82-4242-a71a-5faffca13ec6 tempest-AttachSCSIVolumeTestJSON-1790508709 tempest-AttachSCSIVolumeTestJSON-1790508709-project-admin] Using url versioning {{(pid=99649) process_request /opt/stack/glance/glance/api/middleware/version_negotiation.py:57}}
Jul 16 14:57:32.743767 np0000005252 devstack@g-api.service[99649]: DEBUG glance.api.middleware.version_negotiation [None req-3ca914a1-fa82-4242-a71a-5faffca13ec6 tempest-AttachSCSIVolumeTestJSON-1790508709 tempest-AttachSCSIVolumeTestJSON-1790508709-project-admin] Matched version: v2 {{(pid=99649) process_request /opt/stack/glance/glance/api/middleware/version_negotiation.py:69}}
Jul 16 14:57:32.746489 np0000005252 devstack@g-api.service[99649]: DEBUG glance.api.middleware.version_negotiation [None req-3ca914a1-fa82-4242-a71a-5faffca13ec6 tempest-AttachSCSIVolumeTestJSON-1790508709 tempest-AttachSCSIVolumeTestJSON-1790508709-project-admin] new path /v2/images/5f04c802-432e-4546-b07c-368cc2d01cfc/file {{(pid=99649) process_request /opt/stack/glance/glance/api/middleware/version_negotiation.py:70}}
Jul 16 14:57:32.777684 np0000005252 devstack@g-api.service[99648]: DEBUG glance.image_cache.drivers.centralized_db [None req-0ed82498-1b63-4a4a-acd9-258599ebd32b tempest-AttachSCSIVolumeTestJSON-1790508709 tempest-AttachSCSIVolumeTestJSON-1790508709-project-admin] Fetch finished, moving '/opt/stack/data/glance/cache/incomplete/b01d1735-e8ea-4277-9b63-341d7c4bf722' to '/opt/stack/data/glance/cache/b01d1735-e8ea-4277-9b63-341d7c4bf722' {{(pid=99648) commit /opt/stack/glance/glance/image_cache/drivers/centralized_db.py:243}}
Jul 16 14:57:32.794120 np0000005252 devstack@g-api.service[99648]: DEBUG glance.image_cache.drivers.centralized_db [None req-0ed82498-1b63-4a4a-acd9-258599ebd32b tempest-AttachSCSIVolumeTestJSON-1790508709 tempest-AttachSCSIVolumeTestJSON-1790508709-project-admin] Image cached successfully. {{(pid=99648) commit /opt/stack/glance/glance/image_cache/drivers/centralized_db.py:258}}
Jul 16 14:57:32.794246 np0000005252 devstack@g-api.service[99648]: [pid: 99648|app: 0|req: 10/27] 127.0.0.1 () {40 vars in 848 bytes} [Thu Jul 16 14:57:31 2026] GET /v2/images/b01d1735-e8ea-4277-9b63-341d7c4bf722/file => generated 21692416 bytes in 1223 msecs (HTTP/1.1 200) 4 headers in 191 bytes (334 switches on core 0)
Jul 16 14:57:32.845107 np0000005252 devstack@g-api.service[99650]: [pid: 99650|app: 0|req: 9/28] 127.0.0.1 () {44 vars in 1115 bytes} [Thu Jul 16 14:57:32 2026] GET /v2/images/b01d1735-e8ea-4277-9b63-341d7c4bf722 => generated 1044 bytes in 266 msecs (HTTP/1.1 200) 4 headers in 158 bytes (1 switches on core 0)
Jul 16 14:57:32.852263 np0000005252 devstack@g-api.service[99648]: DEBUG glance.api.middleware.version_negotiation [None req-0ed82498-1b63-4a4a-acd9-258599ebd32b tempest-AttachSCSIVolumeTestJSON-1790508709 tempest-AttachSCSIVolumeTestJSON-1790508709-project-admin] Determining version of request: GET /v2/schemas/image Accept: */* {{(pid=99648) process_request /opt/stack/glance/glance/api/middleware/version_negotiation.py:44}}
Jul 16 14:57:32.853261 np0000005252 devstack@g-api.service[99648]: DEBUG glance.api.middleware.version_negotiation [None req-0ed82498-1b63-4a4a-acd9-258599ebd32b tempest-AttachSCSIVolumeTestJSON-1790508709 tempest-AttachSCSIVolumeTestJSON-1790508709-project-admin] Using url versioning {{(pid=99648) process_request /opt/stack/glance/glance/api/middleware/version_negotiation.py:57}}
Jul 16 14:57:32.853261 np0000005252 devstack@g-api.service[99648]: DEBUG glance.api.middleware.version_negotiation [None req-0ed82498-1b63-4a4a-acd9-258599ebd32b tempest-AttachSCSIVolumeTestJSON-1790508709 tempest-AttachSCSIVolumeTestJSON-1790508709-project-admin] Matched version: v2 {{(pid=99648) process_request /opt/stack/glance/glance/api/middleware/version_negotiation.py:69}}
Jul 16 14:57:32.853261 np0000005252 devstack@g-api.service[99648]: DEBUG glance.api.middleware.version_negotiation [None req-0ed82498-1b63-4a4a-acd9-258599ebd32b tempest-AttachSCSIVolumeTestJSON-1790508709 tempest-AttachSCSIVolumeTestJSON-1790508709-project-admin] new path /v2/schemas/image {{(pid=99648) process_request /opt/stack/glance/glance/api/middleware/version_negotiation.py:70}}
Jul 16 14:57:32.855752 np0000005252 devstack@g-api.service[99648]: [pid: 99648|app: 0|req: 11/29] 127.0.0.1 () {44 vars in 1055 bytes} [Thu Jul 16 14:57:32 2026] GET /v2/schemas/image => generated 6083 bytes in 4 msecs (HTTP/1.1 200) 4 headers in 158 bytes (1 switches on core 0)
Jul 16 14:57:32.862668 np0000005252 devstack@g-api.service[99650]: DEBUG glance.api.middleware.version_negotiation [None req-75faab19-89d6-4675-9b34-5bdcb5eaffb8 tempest-TaggedBootDevicesTest-1274740356 tempest-TaggedBootDevicesTest-1274740356-project-member] Determining version of request: GET /v2/schemas/image Accept: */* {{(pid=99650) process_request /opt/stack/glance/glance/api/middleware/version_negotiation.py:44}}
Jul 16 14:57:32.863648 np0000005252 devstack@g-api.service[99650]: DEBUG glance.api.middleware.version_negotiation [None req-75faab19-89d6-4675-9b34-5bdcb5eaffb8 tempest-TaggedBootDevicesTest-1274740356 tempest-TaggedBootDevicesTest-1274740356-project-member] Using url versioning {{(pid=99650) process_request /opt/stack/glance/glance/api/middleware/version_negotiation.py:57}}
Jul 16 14:57:32.863648 np0000005252 devstack@g-api.service[99650]: DEBUG glance.api.middleware.version_negotiation [None req-75faab19-89d6-4675-9b34-5bdcb5eaffb8 tempest-TaggedBootDevicesTest-1274740356 tempest-TaggedBootDevicesTest-1274740356-project-member] Matched version: v2 {{(pid=99650) process_request /opt/stack/glance/glance/api/middleware/version_negotiation.py:69}}
Jul 16 14:57:32.863648 np0000005252 devstack@g-api.service[99650]: DEBUG glance.api.middleware.version_negotiation [None req-75faab19-89d6-4675-9b34-5bdcb5eaffb8 tempest-TaggedBootDevicesTest-1274740356 tempest-TaggedBootDevicesTest-1274740356-project-member] new path /v2/schemas/image {{(pid=99650) process_request /opt/stack/glance/glance/api/middleware/version_negotiation.py:70}}
Jul 16 14:57:32.866553 np0000005252 devstack@g-api.service[99650]: [pid: 99650|app: 0|req: 10/30] 127.0.0.1 () {44 vars in 1055 bytes} [Thu Jul 16 14:57:32 2026] GET /v2/schemas/image => generated 6083 bytes in 4 msecs (HTTP/1.1 200) 4 headers in 158 bytes (1 switches on core 0)
Jul 16 14:57:32.876536 np0000005252 devstack@g-api.service[99648]: DEBUG glance.api.middleware.version_negotiation [None req-75faab19-89d6-4675-9b34-5bdcb5eaffb8 tempest-TaggedBootDevicesTest-1274740356 tempest-TaggedBootDevicesTest-1274740356-project-member] Determining version of request: GET /v2/images/b01d1735-e8ea-4277-9b63-341d7c4bf722 Accept: */* {{(pid=99648) process_request /opt/stack/glance/glance/api/middleware/version_negotiation.py:44}}
Jul 16 14:57:32.876735 np0000005252 devstack@g-api.service[99648]: DEBUG glance.api.middleware.version_negotiation [None req-75faab19-89d6-4675-9b34-5bdcb5eaffb8 tempest-TaggedBootDevicesTest-1274740356 tempest-TaggedBootDevicesTest-1274740356-project-member] Using url versioning {{(pid=99648) process_request /opt/stack/glance/glance/api/middleware/version_negotiation.py:57}}
Jul 16 14:57:32.877287 np0000005252 devstack@g-api.service[99648]: DEBUG glance.api.middleware.version_negotiation [None req-75faab19-89d6-4675-9b34-5bdcb5eaffb8 tempest-TaggedBootDevicesTest-1274740356 tempest-TaggedBootDevicesTest-1274740356-project-member] Matched version: v2 {{(pid=99648) process_request /opt/stack/glance/glance/api/middleware/version_negotiation.py:69}}
Jul 16 14:57:32.877287 np0000005252 devstack@g-api.service[99648]: DEBUG glance.api.middleware.version_negotiation [None req-75faab19-89d6-4675-9b34-5bdcb5eaffb8 tempest-TaggedBootDevicesTest-1274740356 tempest-TaggedBootDevicesTest-1274740356-project-member] new path /v2/images/b01d1735-e8ea-4277-9b63-341d7c4bf722 {{(pid=99648) process_request /opt/stack/glance/glance/api/middleware/version_negotiation.py:70}}
Jul 16 14:57:32.889309 np0000005252 devstack@g-api.service[99648]: [pid: 99648|app: 0|req: 12/31] 127.0.0.1 () {44 vars in 1115 bytes} [Thu Jul 16 14:57:32 2026] GET /v2/images/b01d1735-e8ea-4277-9b63-341d7c4bf722 => generated 1044 bytes in 13 msecs (HTTP/1.1 200) 4 headers in 158 bytes (1 switches on core 0)
Jul 16 14:57:32.896244 np0000005252 devstack@g-api.service[99650]: DEBUG glance.api.middleware.version_negotiation [None req-75faab19-89d6-4675-9b34-5bdcb5eaffb8 tempest-TaggedBootDevicesTest-1274740356 tempest-TaggedBootDevicesTest-1274740356-project-member] Determining version of request: GET /v2/schemas/image Accept: */* {{(pid=99650) process_request /opt/stack/glance/glance/api/middleware/version_negotiation.py:44}}
Jul 16 14:57:32.896422 np0000005252 devstack@g-api.service[99650]: DEBUG glance.api.middleware.version_negotiation [None req-75faab19-89d6-4675-9b34-5bdcb5eaffb8 tempest-TaggedBootDevicesTest-1274740356 tempest-TaggedBootDevicesTest-1274740356-project-member] Using url versioning {{(pid=99650) process_request /opt/stack/glance/glance/api/middleware/version_negotiation.py:57}}
Jul 16 14:57:32.896581 np0000005252 devstack@g-api.service[99650]: DEBUG glance.api.middleware.version_negotiation [None req-75faab19-89d6-4675-9b34-5bdcb5eaffb8 tempest-TaggedBootDevicesTest-1274740356 tempest-TaggedBootDevicesTest-1274740356-project-member] Matched version: v2 {{(pid=99650) process_request /opt/stack/glance/glance/api/middleware/version_negotiation.py:69}}
Jul 16 14:57:32.896677 np0000005252 devstack@g-api.service[99650]: DEBUG glance.api.middleware.version_negotiation [None req-75faab19-89d6-4675-9b34-5bdcb5eaffb8 tempest-TaggedBootDevicesTest-1274740356 tempest-TaggedBootDevicesTest-1274740356-project-member] new path /v2/schemas/image {{(pid=99650) process_request /opt/stack/glance/glance/api/middleware/version_negotiation.py:70}}
Jul 16 14:57:32.898964 np0000005252 devstack@g-api.service[99650]: [pid: 99650|app: 0|req: 11/32] 127.0.0.1 () {44 vars in 1055 bytes} [Thu Jul 16 14:57:32 2026] GET /v2/schemas/image => generated 6083 bytes in 3 msecs (HTTP/1.1 200) 4 headers in 158 bytes (1 switches on core 0)
Jul 16 14:57:32.910067 np0000005252 devstack@g-api.service[99648]: DEBUG glance.api.middleware.version_negotiation [None req-75faab19-89d6-4675-9b34-5bdcb5eaffb8 tempest-TaggedBootDevicesTest-1274740356 tempest-TaggedBootDevicesTest-1274740356-project-member] Determining version of request: GET /v2/schemas/image Accept: */* {{(pid=99648) process_request /opt/stack/glance/glance/api/middleware/version_negotiation.py:44}}
Jul 16 14:57:32.910217 np0000005252 devstack@g-api.service[99648]: DEBUG glance.api.middleware.version_negotiation [None req-75faab19-89d6-4675-9b34-5bdcb5eaffb8 tempest-TaggedBootDevicesTest-1274740356 tempest-TaggedBootDevicesTest-1274740356-project-member] Using url versioning {{(pid=99648) process_request /opt/stack/glance/glance/api/middleware/version_negotiation.py:57}}
Jul 16 14:57:32.910330 np0000005252 devstack@g-api.service[99648]: DEBUG glance.api.middleware.version_negotiation [None req-75faab19-89d6-4675-9b34-5bdcb5eaffb8 tempest-TaggedBootDevicesTest-1274740356 tempest-TaggedBootDevicesTest-1274740356-project-member] Matched version: v2 {{(pid=99648) process_request /opt/stack/glance/glance/api/middleware/version_negotiation.py:69}}
Jul 16 14:57:32.910422 np0000005252 devstack@g-api.service[99648]: DEBUG glance.api.middleware.version_negotiation [None req-75faab19-89d6-4675-9b34-5bdcb5eaffb8 tempest-TaggedBootDevicesTest-1274740356 tempest-TaggedBootDevicesTest-1274740356-project-member] new path /v2/schemas/image {{(pid=99648) process_request /opt/stack/glance/glance/api/middleware/version_negotiation.py:70}}
Jul 16 14:57:32.912342 np0000005252 devstack@g-api.service[99648]: [pid: 99648|app: 0|req: 13/33] 127.0.0.1 () {44 vars in 1055 bytes} [Thu Jul 16 14:57:32 2026] GET /v2/schemas/image => generated 6083 bytes in 2 msecs (HTTP/1.1 200) 4 headers in 158 bytes (1 switches on core 0)
Jul 16 14:57:32.972784 np0000005252 devstack@g-api.service[99650]: DEBUG glance.api.middleware.version_negotiation [None req-75faab19-89d6-4675-9b34-5bdcb5eaffb8 tempest-TaggedBootDevicesTest-1274740356 tempest-TaggedBootDevicesTest-1274740356-project-member] Determining version of request: GET /v2/images/b01d1735-e8ea-4277-9b63-341d7c4bf722 Accept: */* {{(pid=99650) process_request /opt/stack/glance/glance/api/middleware/version_negotiation.py:44}}
Jul 16 14:57:32.973168 np0000005252 devstack@g-api.service[99650]: DEBUG glance.api.middleware.version_negotiation [None req-75faab19-89d6-4675-9b34-5bdcb5eaffb8 tempest-TaggedBootDevicesTest-1274740356 tempest-TaggedBootDevicesTest-1274740356-project-member] Using url versioning {{(pid=99650) process_request /opt/stack/glance/glance/api/middleware/version_negotiation.py:57}}
Jul 16 14:57:32.973168 np0000005252 devstack@g-api.service[99650]: DEBUG glance.api.middleware.version_negotiation [None req-75faab19-89d6-4675-9b34-5bdcb5eaffb8 tempest-TaggedBootDevicesTest-1274740356 tempest-TaggedBootDevicesTest-1274740356-project-member] Matched version: v2 {{(pid=99650) process_request /opt/stack/glance/glance/api/middleware/version_negotiation.py:69}}
Jul 16 14:57:32.973296 np0000005252 devstack@g-api.service[99650]: DEBUG glance.api.middleware.version_negotiation [None req-75faab19-89d6-4675-9b34-5bdcb5eaffb8 tempest-TaggedBootDevicesTest-1274740356 tempest-TaggedBootDevicesTest-1274740356-project-member] new path /v2/images/b01d1735-e8ea-4277-9b63-341d7c4bf722 {{(pid=99650) process_request /opt/stack/glance/glance/api/middleware/version_negotiation.py:70}}
Jul 16 14:57:32.986922 np0000005252 devstack@g-api.service[99650]: [pid: 99650|app: 0|req: 12/34] 127.0.0.1 () {44 vars in 1115 bytes} [Thu Jul 16 14:57:32 2026] GET /v2/images/b01d1735-e8ea-4277-9b63-341d7c4bf722 => generated 1044 bytes in 14 msecs (HTTP/1.1 200) 4 headers in 158 bytes (1 switches on core 0)
Jul 16 14:57:32.995593 np0000005252 devstack@g-api.service[99648]: DEBUG glance.api.middleware.version_negotiation [None req-75faab19-89d6-4675-9b34-5bdcb5eaffb8 tempest-TaggedBootDevicesTest-1274740356 tempest-TaggedBootDevicesTest-1274740356-project-member] Determining version of request: GET /v2/schemas/image Accept: */* {{(pid=99648) process_request /opt/stack/glance/glance/api/middleware/version_negotiation.py:44}}
Jul 16 14:57:32.995765 np0000005252 devstack@g-api.service[99648]: DEBUG glance.api.middleware.version_negotiation [None req-75faab19-89d6-4675-9b34-5bdcb5eaffb8 tempest-TaggedBootDevicesTest-1274740356 tempest-TaggedBootDevicesTest-1274740356-project-member] Using url versioning {{(pid=99648) process_request /opt/stack/glance/glance/api/middleware/version_negotiation.py:57}}
Jul 16 14:57:32.995975 np0000005252 devstack@g-api.service[99648]: DEBUG glance.api.middleware.version_negotiation [None req-75faab19-89d6-4675-9b34-5bdcb5eaffb8 tempest-TaggedBootDevicesTest-1274740356 tempest-TaggedBootDevicesTest-1274740356-project-member] Matched version: v2 {{(pid=99648) process_request /opt/stack/glance/glance/api/middleware/version_negotiation.py:69}}
Jul 16 14:57:32.996019 np0000005252 devstack@g-api.service[99648]: DEBUG glance.api.middleware.version_negotiation [None req-75faab19-89d6-4675-9b34-5bdcb5eaffb8 tempest-TaggedBootDevicesTest-1274740356 tempest-TaggedBootDevicesTest-1274740356-project-member] new path /v2/schemas/image {{(pid=99648) process_request /opt/stack/glance/glance/api/middleware/version_negotiation.py:70}}
Jul 16 14:57:33.004326 np0000005252 devstack@g-api.service[99648]: [pid: 99648|app: 0|req: 14/35] 127.0.0.1 () {44 vars in 1055 bytes} [Thu Jul 16 14:57:32 2026] GET /v2/schemas/image => generated 6083 bytes in 9 msecs (HTTP/1.1 200) 4 headers in 158 bytes (1 switches on core 0)
Jul 16 14:57:33.014618 np0000005252 devstack@g-api.service[99650]: DEBUG glance.api.middleware.version_negotiation [None req-75faab19-89d6-4675-9b34-5bdcb5eaffb8 tempest-TaggedBootDevicesTest-1274740356 tempest-TaggedBootDevicesTest-1274740356-project-member] Determining version of request: GET /v2/schemas/image Accept: */* {{(pid=99650) process_request /opt/stack/glance/glance/api/middleware/version_negotiation.py:44}}
Jul 16 14:57:33.014765 np0000005252 devstack@g-api.service[99650]: DEBUG glance.api.middleware.version_negotiation [None req-75faab19-89d6-4675-9b34-5bdcb5eaffb8 tempest-TaggedBootDevicesTest-1274740356 tempest-TaggedBootDevicesTest-1274740356-project-member] Using url versioning {{(pid=99650) process_request /opt/stack/glance/glance/api/middleware/version_negotiation.py:57}}
Jul 16 14:57:33.014895 np0000005252 devstack@g-api.service[99650]: DEBUG glance.api.middleware.version_negotiation [None req-75faab19-89d6-4675-9b34-5bdcb5eaffb8 tempest-TaggedBootDevicesTest-1274740356 tempest-TaggedBootDevicesTest-1274740356-project-member] Matched version: v2 {{(pid=99650) process_request /opt/stack/glance/glance/api/middleware/version_negotiation.py:69}}
Jul 16 14:57:33.015004 np0000005252 devstack@g-api.service[99650]: DEBUG glance.api.middleware.version_negotiation [None req-75faab19-89d6-4675-9b34-5bdcb5eaffb8 tempest-TaggedBootDevicesTest-1274740356 tempest-TaggedBootDevicesTest-1274740356-project-member] new path /v2/schemas/image {{(pid=99650) process_request /opt/stack/glance/glance/api/middleware/version_negotiation.py:70}}
Jul 16 14:57:33.017568 np0000005252 devstack@g-api.service[99650]: [pid: 99650|app: 0|req: 13/36] 127.0.0.1 () {44 vars in 1055 bytes} [Thu Jul 16 14:57:33 2026] GET /v2/schemas/image => generated 6083 bytes in 3 msecs (HTTP/1.1 200) 4 headers in 158 bytes (1 switches on core 0)
Jul 16 14:57:33.323796 np0000005252 devstack@g-api.service[99649]: INFO glance.api.v2.image_data [None req-1f642a3a-759d-47a4-a6c0-09749a223aff tempest-AttachSCSIVolumeTestJSON-1790508709 tempest-AttachSCSIVolumeTestJSON-1790508709-project-admin] Unable to create trust: no such option collect_timing in group [keystone_authtoken] Use the existing user token.
Jul 16 14:57:33.973566 np0000005252 devstack@g-api.service[99648]: DEBUG glance.api.middleware.version_negotiation [None req-75faab19-89d6-4675-9b34-5bdcb5eaffb8 tempest-TaggedBootDevicesTest-1274740356 tempest-TaggedBootDevicesTest-1274740356-project-member] Determining version of request: GET /versions Accept: */* {{(pid=99648) process_request /opt/stack/glance/glance/api/middleware/version_negotiation.py:44}}
Jul 16 14:57:33.974199 np0000005252 devstack@g-api.service[99648]: [pid: 99648|app: 0|req: 15/37] 127.0.0.1 () {44 vars in 1039 bytes} [Thu Jul 16 14:57:33 2026] GET /versions => generated 1515 bytes in 1 msecs (HTTP/1.1 200) 3 headers in 92 bytes (1 switches on core 0)
Jul 16 14:57:33.985723 np0000005252 devstack@g-api.service[99650]: DEBUG glance.api.middleware.version_negotiation [None req-75faab19-89d6-4675-9b34-5bdcb5eaffb8 tempest-TaggedBootDevicesTest-1274740356 tempest-TaggedBootDevicesTest-1274740356-project-member] Determining version of request: GET /v2/images/b01d1735-e8ea-4277-9b63-341d7c4bf722/locations Accept: */* {{(pid=99650) process_request /opt/stack/glance/glance/api/middleware/version_negotiation.py:44}}
Jul 16 14:57:33.986080 np0000005252 devstack@g-api.service[99650]: DEBUG glance.api.middleware.version_negotiation [None req-75faab19-89d6-4675-9b34-5bdcb5eaffb8 tempest-TaggedBootDevicesTest-1274740356 tempest-TaggedBootDevicesTest-1274740356-project-member] Using url versioning {{(pid=99650) process_request /opt/stack/glance/glance/api/middleware/version_negotiation.py:57}}
Jul 16 14:57:33.986080 np0000005252 devstack@g-api.service[99650]: DEBUG glance.api.middleware.version_negotiation [None req-75faab19-89d6-4675-9b34-5bdcb5eaffb8 tempest-TaggedBootDevicesTest-1274740356 tempest-TaggedBootDevicesTest-1274740356-project-member] Matched version: v2 {{(pid=99650) process_request /opt/stack/glance/glance/api/middleware/version_negotiation.py:69}}
Jul 16 14:57:33.986169 np0000005252 devstack@g-api.service[99650]: DEBUG glance.api.middleware.version_negotiation [None req-75faab19-89d6-4675-9b34-5bdcb5eaffb8 tempest-TaggedBootDevicesTest-1274740356 tempest-TaggedBootDevicesTest-1274740356-project-member] new path /v2/images/b01d1735-e8ea-4277-9b63-341d7c4bf722/locations {{(pid=99650) process_request /opt/stack/glance/glance/api/middleware/version_negotiation.py:70}}
Jul 16 14:57:34.072909 np0000005252 devstack@g-api.service[99649]: DEBUG glance.location [None req-1f642a3a-759d-47a4-a6c0-09749a223aff tempest-AttachSCSIVolumeTestJSON-1790508709 tempest-AttachSCSIVolumeTestJSON-1790508709-project-admin] Enabling in-flight format inspection for qcow2 {{(pid=99649) set_data /opt/stack/glance/glance/location.py:596}}
Jul 16 14:57:34.073930 np0000005252 devstack@g-api.service[99649]: DEBUG glance_store.backend [None req-1f642a3a-759d-47a4-a6c0-09749a223aff tempest-AttachSCSIVolumeTestJSON-1790508709 tempest-AttachSCSIVolumeTestJSON-1790508709-project-admin] Attempting to import store swift {{(pid=99649) _load_store /opt/stack/data/venv/lib/python3.12/site-packages/glance_store/backend.py:215}}
Jul 16 14:57:34.077112 np0000005252 devstack@g-api.service[99649]: DEBUG glance_store.capabilities [None req-1f642a3a-759d-47a4-a6c0-09749a223aff tempest-AttachSCSIVolumeTestJSON-1790508709 tempest-AttachSCSIVolumeTestJSON-1790508709-project-admin] Store glance_store._drivers.swift.store.SingleTenantStore doesn't support updating dynamic storage capabilities. Please overwrite 'update_capabilities' method of the store to implement updating logics if needed. {{(pid=99649) update_capabilities /opt/stack/data/venv/lib/python3.12/site-packages/glance_store/capabilities.py:91}}
Jul 16 14:57:34.077112 np0000005252 devstack@g-api.service[99649]: DEBUG glance_store.driver [None req-1f642a3a-759d-47a4-a6c0-09749a223aff tempest-AttachSCSIVolumeTestJSON-1790508709 tempest-AttachSCSIVolumeTestJSON-1790508709-project-admin] Late loading location class glance_store._drivers.swift.store.StoreLocation {{(pid=99649) get_store_location_class /opt/stack/data/venv/lib/python3.12/site-packages/glance_store/driver.py:134}}
Jul 16 14:57:34.077112 np0000005252 devstack@g-api.service[99649]: DEBUG glance_store.location [None req-1f642a3a-759d-47a4-a6c0-09749a223aff tempest-AttachSCSIVolumeTestJSON-1790508709 tempest-AttachSCSIVolumeTestJSON-1790508709-project-admin] Registering scheme swift+https with {'store': , 'location_class': , 'store_entry': 'swift'} {{(pid=99649) register_scheme_map /opt/stack/data/venv/lib/python3.12/site-packages/glance_store/location.py:146}}
Jul 16 14:57:34.077341 np0000005252 devstack@g-api.service[99649]: DEBUG glance_store.location [None req-1f642a3a-759d-47a4-a6c0-09749a223aff tempest-AttachSCSIVolumeTestJSON-1790508709 tempest-AttachSCSIVolumeTestJSON-1790508709-project-admin] Registering scheme swift+https with {'store': , 'location_class': , 'store_entry': 'swift'} {{(pid=99649) register_scheme_map /opt/stack/data/venv/lib/python3.12/site-packages/glance_store/location.py:146}}
Jul 16 14:57:34.077341 np0000005252 devstack@g-api.service[99649]: DEBUG glance_store.location [None req-1f642a3a-759d-47a4-a6c0-09749a223aff tempest-AttachSCSIVolumeTestJSON-1790508709 tempest-AttachSCSIVolumeTestJSON-1790508709-project-admin] Registering scheme swift with {'store': , 'location_class': , 'store_entry': 'swift'} {{(pid=99649) register_scheme_map /opt/stack/data/venv/lib/python3.12/site-packages/glance_store/location.py:146}}
Jul 16 14:57:34.077341 np0000005252 devstack@g-api.service[99649]: DEBUG glance_store.location [None req-1f642a3a-759d-47a4-a6c0-09749a223aff tempest-AttachSCSIVolumeTestJSON-1790508709 tempest-AttachSCSIVolumeTestJSON-1790508709-project-admin] Registering scheme swift+https with {'store': , 'location_class': , 'store_entry': 'swift'} {{(pid=99649) register_scheme_map /opt/stack/data/venv/lib/python3.12/site-packages/glance_store/location.py:146}}
Jul 16 14:57:34.077587 np0000005252 devstack@g-api.service[99649]: DEBUG glance_store.location [None req-1f642a3a-759d-47a4-a6c0-09749a223aff tempest-AttachSCSIVolumeTestJSON-1790508709 tempest-AttachSCSIVolumeTestJSON-1790508709-project-admin] Registering scheme swift with {'store': , 'location_class': , 'store_entry': 'swift'} {{(pid=99649) register_scheme_map /opt/stack/data/venv/lib/python3.12/site-packages/glance_store/location.py:146}}
Jul 16 14:57:34.077587 np0000005252 devstack@g-api.service[99649]: DEBUG glance_store.location [None req-1f642a3a-759d-47a4-a6c0-09749a223aff tempest-AttachSCSIVolumeTestJSON-1790508709 tempest-AttachSCSIVolumeTestJSON-1790508709-project-admin] Registering scheme swift+http with {'store': , 'location_class': , 'store_entry': 'swift'} {{(pid=99649) register_scheme_map /opt/stack/data/venv/lib/python3.12/site-packages/glance_store/location.py:146}}
Jul 16 14:57:34.077587 np0000005252 devstack@g-api.service[99649]: DEBUG glance_store.location [None req-1f642a3a-759d-47a4-a6c0-09749a223aff tempest-AttachSCSIVolumeTestJSON-1790508709 tempest-AttachSCSIVolumeTestJSON-1790508709-project-admin] Registering scheme swift+https with {'store': , 'location_class': , 'store_entry': 'swift'} {{(pid=99649) register_scheme_map /opt/stack/data/venv/lib/python3.12/site-packages/glance_store/location.py:146}}
Jul 16 14:57:34.077702 np0000005252 devstack@g-api.service[99649]: DEBUG glance_store.location [None req-1f642a3a-759d-47a4-a6c0-09749a223aff tempest-AttachSCSIVolumeTestJSON-1790508709 tempest-AttachSCSIVolumeTestJSON-1790508709-project-admin] Registering scheme swift with {'store': , 'location_class': , 'store_entry': 'swift'} {{(pid=99649) register_scheme_map /opt/stack/data/venv/lib/python3.12/site-packages/glance_store/location.py:146}}
Jul 16 14:57:34.077702 np0000005252 devstack@g-api.service[99649]: DEBUG glance_store.location [None req-1f642a3a-759d-47a4-a6c0-09749a223aff tempest-AttachSCSIVolumeTestJSON-1790508709 tempest-AttachSCSIVolumeTestJSON-1790508709-project-admin] Registering scheme swift+http with {'store': , 'location_class': , 'store_entry': 'swift'} {{(pid=99649) register_scheme_map /opt/stack/data/venv/lib/python3.12/site-packages/glance_store/location.py:146}}
Jul 16 14:57:34.077702 np0000005252 devstack@g-api.service[99649]: DEBUG glance_store.location [None req-1f642a3a-759d-47a4-a6c0-09749a223aff tempest-AttachSCSIVolumeTestJSON-1790508709 tempest-AttachSCSIVolumeTestJSON-1790508709-project-admin] Registering scheme swift+config with {'store': , 'location_class': , 'store_entry': 'swift'} {{(pid=99649) register_scheme_map /opt/stack/data/venv/lib/python3.12/site-packages/glance_store/location.py:146}}
Jul 16 14:57:34.399130 np0000005252 devstack@g-api.service[99650]: [pid: 99650|app: 0|req: 14/38] 127.0.0.1 () {44 vars in 1135 bytes} [Thu Jul 16 14:57:33 2026] GET /v2/images/b01d1735-e8ea-4277-9b63-341d7c4bf722/locations => generated 92 bytes in 413 msecs (HTTP/1.1 200) 4 headers in 156 bytes (1 switches on core 0)
Jul 16 14:57:34.409208 np0000005252 devstack@g-api.service[99648]: DEBUG glance.api.middleware.version_negotiation [None req-75faab19-89d6-4675-9b34-5bdcb5eaffb8 tempest-TaggedBootDevicesTest-1274740356 tempest-TaggedBootDevicesTest-1274740356-project-member] Determining version of request: GET /v2/images/b01d1735-e8ea-4277-9b63-341d7c4bf722 Accept: */* {{(pid=99648) process_request /opt/stack/glance/glance/api/middleware/version_negotiation.py:44}}
Jul 16 14:57:34.410060 np0000005252 devstack@g-api.service[99648]: DEBUG glance.api.middleware.version_negotiation [None req-75faab19-89d6-4675-9b34-5bdcb5eaffb8 tempest-TaggedBootDevicesTest-1274740356 tempest-TaggedBootDevicesTest-1274740356-project-member] Using url versioning {{(pid=99648) process_request /opt/stack/glance/glance/api/middleware/version_negotiation.py:57}}
Jul 16 14:57:34.410207 np0000005252 devstack@g-api.service[99648]: DEBUG glance.api.middleware.version_negotiation [None req-75faab19-89d6-4675-9b34-5bdcb5eaffb8 tempest-TaggedBootDevicesTest-1274740356 tempest-TaggedBootDevicesTest-1274740356-project-member] Matched version: v2 {{(pid=99648) process_request /opt/stack/glance/glance/api/middleware/version_negotiation.py:69}}
Jul 16 14:57:34.410320 np0000005252 devstack@g-api.service[99648]: DEBUG glance.api.middleware.version_negotiation [None req-75faab19-89d6-4675-9b34-5bdcb5eaffb8 tempest-TaggedBootDevicesTest-1274740356 tempest-TaggedBootDevicesTest-1274740356-project-member] new path /v2/images/b01d1735-e8ea-4277-9b63-341d7c4bf722 {{(pid=99648) process_request /opt/stack/glance/glance/api/middleware/version_negotiation.py:70}}
Jul 16 14:57:34.428944 np0000005252 devstack@g-api.service[99648]: [pid: 99648|app: 0|req: 16/39] 127.0.0.1 () {44 vars in 1115 bytes} [Thu Jul 16 14:57:34 2026] GET /v2/images/b01d1735-e8ea-4277-9b63-341d7c4bf722 => generated 1044 bytes in 20 msecs (HTTP/1.1 200) 4 headers in 158 bytes (1 switches on core 0)
Jul 16 14:57:34.441659 np0000005252 devstack@g-api.service[99650]: DEBUG glance.api.middleware.version_negotiation [None req-75faab19-89d6-4675-9b34-5bdcb5eaffb8 service glance] Determining version of request: GET /v2/schemas/image Accept: */* {{(pid=99650) process_request /opt/stack/glance/glance/api/middleware/version_negotiation.py:44}}
Jul 16 14:57:34.441832 np0000005252 devstack@g-api.service[99650]: DEBUG glance.api.middleware.version_negotiation [None req-75faab19-89d6-4675-9b34-5bdcb5eaffb8 service glance] Using url versioning {{(pid=99650) process_request /opt/stack/glance/glance/api/middleware/version_negotiation.py:57}}
Jul 16 14:57:34.441951 np0000005252 devstack@g-api.service[99650]: DEBUG glance.api.middleware.version_negotiation [None req-75faab19-89d6-4675-9b34-5bdcb5eaffb8 service glance] Matched version: v2 {{(pid=99650) process_request /opt/stack/glance/glance/api/middleware/version_negotiation.py:69}}
Jul 16 14:57:34.442041 np0000005252 devstack@g-api.service[99650]: DEBUG glance.api.middleware.version_negotiation [None req-75faab19-89d6-4675-9b34-5bdcb5eaffb8 service glance] new path /v2/schemas/image {{(pid=99650) process_request /opt/stack/glance/glance/api/middleware/version_negotiation.py:70}}
Jul 16 14:57:34.448266 np0000005252 devstack@g-api.service[99650]: [pid: 99650|app: 0|req: 15/40] 127.0.0.1 () {44 vars in 1055 bytes} [Thu Jul 16 14:57:34 2026] GET /v2/schemas/image => generated 6083 bytes in 7 msecs (HTTP/1.1 200) 4 headers in 158 bytes (1 switches on core 0)
Jul 16 14:57:34.452166 np0000005252 devstack@g-api.service[99649]: DEBUG swiftclient [None req-1f642a3a-759d-47a4-a6c0-09749a223aff tempest-AttachSCSIVolumeTestJSON-1790508709 tempest-AttachSCSIVolumeTestJSON-1790508709-project-admin] REQ: curl -i https://10.4.3.246:8080/v1/AUTH_ec3b293a53024525a94d55c84da263e0/glance -I -H "X-Auth-Token: gAAAAABqWPFe4v4j..." {{(pid=99649) http_log /opt/stack/data/venv/lib/python3.12/site-packages/swiftclient/client.py:160}}
Jul 16 14:57:34.452166 np0000005252 devstack@g-api.service[99649]: DEBUG swiftclient [None req-1f642a3a-759d-47a4-a6c0-09749a223aff tempest-AttachSCSIVolumeTestJSON-1790508709 tempest-AttachSCSIVolumeTestJSON-1790508709-project-admin] RESP STATUS: 204 No Content {{(pid=99649) http_log /opt/stack/data/venv/lib/python3.12/site-packages/swiftclient/client.py:161}}
Jul 16 14:57:34.452750 np0000005252 devstack@g-api.service[99649]: DEBUG swiftclient [None req-1f642a3a-759d-47a4-a6c0-09749a223aff tempest-AttachSCSIVolumeTestJSON-1790508709 tempest-AttachSCSIVolumeTestJSON-1790508709-project-admin] RESP HEADERS: {'Date': 'Thu, 16 Jul 2026 14:57:34 GMT', 'Server': 'Apache/2.4.58 (Ubuntu)', 'Content-Type': 'text/plain; charset=utf-8', 'X-Container-Object-Count': '3', 'X-Container-Bytes-Used': '64356352', 'X-Timestamp': '1784213729.57197', 'Last-Modified': 'Thu, 16 Jul 2026 14:55:30 GMT', 'Accept-Ranges': 'bytes', 'X-Storage-Policy': 'Policy-0', 'X-Container-Sharding': 'False', 'Vary': 'Accept', 'X-Trans-Id': 'txa35e65284a394f3e849db-006a58f15e', 'X-Openstack-Request-Id': 'txa35e65284a394f3e849db-006a58f15e', 'Connection': 'close'} {{(pid=99649) http_log /opt/stack/data/venv/lib/python3.12/site-packages/swiftclient/client.py:162}}
Jul 16 14:57:34.452750 np0000005252 devstack@g-api.service[99649]: DEBUG glance_store._drivers.swift.store [None req-1f642a3a-759d-47a4-a6c0-09749a223aff tempest-AttachSCSIVolumeTestJSON-1790508709 tempest-AttachSCSIVolumeTestJSON-1790508709-project-admin] Adding image object '5f04c802-432e-4546-b07c-368cc2d01cfc' to Swift {{(pid=99649) add /opt/stack/data/venv/lib/python3.12/site-packages/glance_store/_drivers/swift/store.py:970}}
Jul 16 14:57:34.452750 np0000005252 devstack@g-api.service[99649]: DEBUG glance_store._drivers.swift.store [None req-1f642a3a-759d-47a4-a6c0-09749a223aff tempest-AttachSCSIVolumeTestJSON-1790508709 tempest-AttachSCSIVolumeTestJSON-1790508709-project-admin] Cannot determine image size because it is either not provided in the request or chunked-transfer encoding is used. Adding image as a segmented object to Swift. {{(pid=99649) add /opt/stack/data/venv/lib/python3.12/site-packages/glance_store/_drivers/swift/store.py:994}}
Jul 16 14:57:34.459536 np0000005252 devstack@g-api.service[99649]: DEBUG oslo_utils.imageutils.format_inspector [None req-1f642a3a-759d-47a4-a6c0-09749a223aff tempest-AttachSCSIVolumeTestJSON-1790508709 tempest-AttachSCSIVolumeTestJSON-1790508709-project-admin] Format inspector for vmdk does not match, excluding from consideration (Signature KDMV not found: b'QFI\xfb') {{(pid=99649) _process_chunk /opt/stack/data/venv/lib/python3.12/site-packages/oslo_utils/imageutils/format_inspector.py:1758}}
Jul 16 14:57:34.461794 np0000005252 devstack@g-api.service[99648]: DEBUG glance.api.middleware.version_negotiation [None req-75faab19-89d6-4675-9b34-5bdcb5eaffb8 tempest-TaggedBootDevicesTest-1274740356 tempest-TaggedBootDevicesTest-1274740356-project-member] Determining version of request: GET /v2/schemas/image Accept: */* {{(pid=99648) process_request /opt/stack/glance/glance/api/middleware/version_negotiation.py:44}}
Jul 16 14:57:34.461794 np0000005252 devstack@g-api.service[99648]: DEBUG glance.api.middleware.version_negotiation [None req-75faab19-89d6-4675-9b34-5bdcb5eaffb8 tempest-TaggedBootDevicesTest-1274740356 tempest-TaggedBootDevicesTest-1274740356-project-member] Using url versioning {{(pid=99648) process_request /opt/stack/glance/glance/api/middleware/version_negotiation.py:57}}
Jul 16 14:57:34.462273 np0000005252 devstack@g-api.service[99648]: DEBUG glance.api.middleware.version_negotiation [None req-75faab19-89d6-4675-9b34-5bdcb5eaffb8 tempest-TaggedBootDevicesTest-1274740356 tempest-TaggedBootDevicesTest-1274740356-project-member] Matched version: v2 {{(pid=99648) process_request /opt/stack/glance/glance/api/middleware/version_negotiation.py:69}}
Jul 16 14:57:34.462273 np0000005252 devstack@g-api.service[99648]: DEBUG glance.api.middleware.version_negotiation [None req-75faab19-89d6-4675-9b34-5bdcb5eaffb8 tempest-TaggedBootDevicesTest-1274740356 tempest-TaggedBootDevicesTest-1274740356-project-member] new path /v2/schemas/image {{(pid=99648) process_request /opt/stack/glance/glance/api/middleware/version_negotiation.py:70}}
Jul 16 14:57:34.463178 np0000005252 devstack@g-api.service[99649]: DEBUG oslo_utils.imageutils.format_inspector [None req-1f642a3a-759d-47a4-a6c0-09749a223aff tempest-AttachSCSIVolumeTestJSON-1790508709 tempest-AttachSCSIVolumeTestJSON-1790508709-project-admin] Format inspector for vhdx does not match, excluding from consideration (Region signature not found at 30000) {{(pid=99649) _process_chunk /opt/stack/data/venv/lib/python3.12/site-packages/oslo_utils/imageutils/format_inspector.py:1758}}
Jul 16 14:57:34.464116 np0000005252 devstack@g-api.service[99648]: [pid: 99648|app: 0|req: 17/41] 127.0.0.1 () {44 vars in 1055 bytes} [Thu Jul 16 14:57:34 2026] GET /v2/schemas/image => generated 6083 bytes in 3 msecs (HTTP/1.1 200) 4 headers in 158 bytes (1 switches on core 0)
Jul 16 14:57:34.514343 np0000005252 devstack@g-api.service[99650]: DEBUG glance.api.middleware.version_negotiation [None req-75faab19-89d6-4675-9b34-5bdcb5eaffb8 tempest-TaggedBootDevicesTest-1274740356 tempest-TaggedBootDevicesTest-1274740356-project-member] Determining version of request: GET /v2/images/b01d1735-e8ea-4277-9b63-341d7c4bf722 Accept: */* {{(pid=99650) process_request /opt/stack/glance/glance/api/middleware/version_negotiation.py:44}}
Jul 16 14:57:34.514541 np0000005252 devstack@g-api.service[99650]: DEBUG glance.api.middleware.version_negotiation [None req-75faab19-89d6-4675-9b34-5bdcb5eaffb8 tempest-TaggedBootDevicesTest-1274740356 tempest-TaggedBootDevicesTest-1274740356-project-member] Using url versioning {{(pid=99650) process_request /opt/stack/glance/glance/api/middleware/version_negotiation.py:57}}
Jul 16 14:57:34.514690 np0000005252 devstack@g-api.service[99650]: DEBUG glance.api.middleware.version_negotiation [None req-75faab19-89d6-4675-9b34-5bdcb5eaffb8 tempest-TaggedBootDevicesTest-1274740356 tempest-TaggedBootDevicesTest-1274740356-project-member] Matched version: v2 {{(pid=99650) process_request /opt/stack/glance/glance/api/middleware/version_negotiation.py:69}}
Jul 16 14:57:34.514789 np0000005252 devstack@g-api.service[99650]: DEBUG glance.api.middleware.version_negotiation [None req-75faab19-89d6-4675-9b34-5bdcb5eaffb8 tempest-TaggedBootDevicesTest-1274740356 tempest-TaggedBootDevicesTest-1274740356-project-member] new path /v2/images/b01d1735-e8ea-4277-9b63-341d7c4bf722 {{(pid=99650) process_request /opt/stack/glance/glance/api/middleware/version_negotiation.py:70}}
Jul 16 14:57:34.531972 np0000005252 devstack@g-api.service[99650]: [pid: 99650|app: 0|req: 16/42] 127.0.0.1 () {44 vars in 1115 bytes} [Thu Jul 16 14:57:34 2026] GET /v2/images/b01d1735-e8ea-4277-9b63-341d7c4bf722 => generated 1044 bytes in 17 msecs (HTTP/1.1 200) 4 headers in 158 bytes (1 switches on core 0)
Jul 16 14:57:34.540783 np0000005252 devstack@g-api.service[99648]: DEBUG glance.api.middleware.version_negotiation [None req-75faab19-89d6-4675-9b34-5bdcb5eaffb8 tempest-TaggedBootDevicesTest-1274740356 tempest-TaggedBootDevicesTest-1274740356-project-member] Determining version of request: GET /v2/images/b01d1735-e8ea-4277-9b63-341d7c4bf722/file Accept: */* {{(pid=99648) process_request /opt/stack/glance/glance/api/middleware/version_negotiation.py:44}}
Jul 16 14:57:34.540974 np0000005252 devstack@g-api.service[99648]: DEBUG glance.api.middleware.version_negotiation [None req-75faab19-89d6-4675-9b34-5bdcb5eaffb8 tempest-TaggedBootDevicesTest-1274740356 tempest-TaggedBootDevicesTest-1274740356-project-member] Using url versioning {{(pid=99648) process_request /opt/stack/glance/glance/api/middleware/version_negotiation.py:57}}
Jul 16 14:57:34.541321 np0000005252 devstack@g-api.service[99648]: DEBUG glance.api.middleware.version_negotiation [None req-75faab19-89d6-4675-9b34-5bdcb5eaffb8 tempest-TaggedBootDevicesTest-1274740356 tempest-TaggedBootDevicesTest-1274740356-project-member] Matched version: v2 {{(pid=99648) process_request /opt/stack/glance/glance/api/middleware/version_negotiation.py:69}}
Jul 16 14:57:34.541321 np0000005252 devstack@g-api.service[99648]: DEBUG glance.api.middleware.version_negotiation [None req-75faab19-89d6-4675-9b34-5bdcb5eaffb8 tempest-TaggedBootDevicesTest-1274740356 tempest-TaggedBootDevicesTest-1274740356-project-member] new path /v2/images/b01d1735-e8ea-4277-9b63-341d7c4bf722/file {{(pid=99648) process_request /opt/stack/glance/glance/api/middleware/version_negotiation.py:70}}
Jul 16 14:57:34.555772 np0000005252 devstack@g-api.service[99648]: DEBUG glance.api.middleware.cache [None req-75faab19-89d6-4675-9b34-5bdcb5eaffb8 tempest-TaggedBootDevicesTest-1274740356 tempest-TaggedBootDevicesTest-1274740356-project-member] Cache hit for image 'b01d1735-e8ea-4277-9b63-341d7c4bf722' {{(pid=99648) process_request /opt/stack/glance/glance/api/middleware/cache.py:160}}
Jul 16 14:57:34.652369 np0000005252 devstack@g-api.service[99648]: [pid: 99648|app: 0|req: 18/43] 127.0.0.1 () {44 vars in 1125 bytes} [Thu Jul 16 14:57:34 2026] GET /v2/images/b01d1735-e8ea-4277-9b63-341d7c4bf722/file => generated 21692416 bytes in 109 msecs (HTTP/1.1 200) 5 headers in 217 bytes (337 switches on core 0)
Jul 16 14:57:34.759772 np0000005252 devstack@g-api.service[99650]: DEBUG glance.api.middleware.version_negotiation [None req-75faab19-89d6-4675-9b34-5bdcb5eaffb8 tempest-TaggedBootDevicesTest-1274740356 tempest-TaggedBootDevicesTest-1274740356-project-member] Determining version of request: GET /v2/images/b01d1735-e8ea-4277-9b63-341d7c4bf722 Accept: */* {{(pid=99650) process_request /opt/stack/glance/glance/api/middleware/version_negotiation.py:44}}
Jul 16 14:57:34.759772 np0000005252 devstack@g-api.service[99650]: DEBUG glance.api.middleware.version_negotiation [None req-75faab19-89d6-4675-9b34-5bdcb5eaffb8 tempest-TaggedBootDevicesTest-1274740356 tempest-TaggedBootDevicesTest-1274740356-project-member] Using url versioning {{(pid=99650) process_request /opt/stack/glance/glance/api/middleware/version_negotiation.py:57}}
Jul 16 14:57:34.759922 np0000005252 devstack@g-api.service[99650]: DEBUG glance.api.middleware.version_negotiation [None req-75faab19-89d6-4675-9b34-5bdcb5eaffb8 tempest-TaggedBootDevicesTest-1274740356 tempest-TaggedBootDevicesTest-1274740356-project-member] Matched version: v2 {{(pid=99650) process_request /opt/stack/glance/glance/api/middleware/version_negotiation.py:69}}
Jul 16 14:57:34.760056 np0000005252 devstack@g-api.service[99650]: DEBUG glance.api.middleware.version_negotiation [None req-75faab19-89d6-4675-9b34-5bdcb5eaffb8 tempest-TaggedBootDevicesTest-1274740356 tempest-TaggedBootDevicesTest-1274740356-project-member] new path /v2/images/b01d1735-e8ea-4277-9b63-341d7c4bf722 {{(pid=99650) process_request /opt/stack/glance/glance/api/middleware/version_negotiation.py:70}}
Jul 16 14:57:34.773262 np0000005252 devstack@g-api.service[99650]: [pid: 99650|app: 0|req: 17/44] 127.0.0.1 () {44 vars in 1115 bytes} [Thu Jul 16 14:57:34 2026] GET /v2/images/b01d1735-e8ea-4277-9b63-341d7c4bf722 => generated 1044 bytes in 14 msecs (HTTP/1.1 200) 4 headers in 158 bytes (1 switches on core 0)
Jul 16 14:57:34.780108 np0000005252 devstack@g-api.service[99648]: DEBUG glance.api.middleware.version_negotiation [None req-75faab19-89d6-4675-9b34-5bdcb5eaffb8 tempest-TaggedBootDevicesTest-1274740356 tempest-TaggedBootDevicesTest-1274740356-project-member] Determining version of request: GET /v2/schemas/image Accept: */* {{(pid=99648) process_request /opt/stack/glance/glance/api/middleware/version_negotiation.py:44}}
Jul 16 14:57:34.780262 np0000005252 devstack@g-api.service[99648]: DEBUG glance.api.middleware.version_negotiation [None req-75faab19-89d6-4675-9b34-5bdcb5eaffb8 tempest-TaggedBootDevicesTest-1274740356 tempest-TaggedBootDevicesTest-1274740356-project-member] Using url versioning {{(pid=99648) process_request /opt/stack/glance/glance/api/middleware/version_negotiation.py:57}}
Jul 16 14:57:34.780401 np0000005252 devstack@g-api.service[99648]: DEBUG glance.api.middleware.version_negotiation [None req-75faab19-89d6-4675-9b34-5bdcb5eaffb8 tempest-TaggedBootDevicesTest-1274740356 tempest-TaggedBootDevicesTest-1274740356-project-member] Matched version: v2 {{(pid=99648) process_request /opt/stack/glance/glance/api/middleware/version_negotiation.py:69}}
Jul 16 14:57:34.780527 np0000005252 devstack@g-api.service[99648]: DEBUG glance.api.middleware.version_negotiation [None req-75faab19-89d6-4675-9b34-5bdcb5eaffb8 tempest-TaggedBootDevicesTest-1274740356 tempest-TaggedBootDevicesTest-1274740356-project-member] new path /v2/schemas/image {{(pid=99648) process_request /opt/stack/glance/glance/api/middleware/version_negotiation.py:70}}
Jul 16 14:57:34.782716 np0000005252 devstack@g-api.service[99648]: [pid: 99648|app: 0|req: 19/45] 127.0.0.1 () {44 vars in 1055 bytes} [Thu Jul 16 14:57:34 2026] GET /v2/schemas/image => generated 6083 bytes in 3 msecs (HTTP/1.1 200) 4 headers in 158 bytes (1 switches on core 0)
Jul 16 14:57:34.877684 np0000005252 devstack@g-api.service[99649]: DEBUG swiftclient [None req-1f642a3a-759d-47a4-a6c0-09749a223aff tempest-AttachSCSIVolumeTestJSON-1790508709 tempest-AttachSCSIVolumeTestJSON-1790508709-project-admin] REQ: curl -i https://10.4.3.246:8080/v1/AUTH_ec3b293a53024525a94d55c84da263e0/glance/5f04c802-432e-4546-b07c-368cc2d01cfc-00001 -X PUT -H "X-Auth-Token: gAAAAABqWPFe4v4j..." {{(pid=99649) http_log /opt/stack/data/venv/lib/python3.12/site-packages/swiftclient/client.py:160}}
Jul 16 14:57:34.877813 np0000005252 devstack@g-api.service[99649]: DEBUG swiftclient [None req-1f642a3a-759d-47a4-a6c0-09749a223aff tempest-AttachSCSIVolumeTestJSON-1790508709 tempest-AttachSCSIVolumeTestJSON-1790508709-project-admin] RESP STATUS: 201 Created {{(pid=99649) http_log /opt/stack/data/venv/lib/python3.12/site-packages/swiftclient/client.py:161}}
Jul 16 14:57:34.877951 np0000005252 devstack@g-api.service[99649]: DEBUG swiftclient [None req-1f642a3a-759d-47a4-a6c0-09749a223aff tempest-AttachSCSIVolumeTestJSON-1790508709 tempest-AttachSCSIVolumeTestJSON-1790508709-project-admin] RESP HEADERS: {'Date': 'Thu, 16 Jul 2026 14:57:34 GMT', 'Server': 'Apache/2.4.58 (Ubuntu)', 'Content-Type': 'text/html; charset=UTF-8', 'Content-Length': '0', 'Etag': '87617e24a5e30cb3b87fda8c0764838f', 'Last-Modified': 'Thu, 16 Jul 2026 14:57:35 GMT', 'X-Trans-Id': 'tx9e52409a8a5740e9a00d4-006a58f15e', 'X-Openstack-Request-Id': 'tx9e52409a8a5740e9a00d4-006a58f15e', 'Connection': 'close'} {{(pid=99649) http_log /opt/stack/data/venv/lib/python3.12/site-packages/swiftclient/client.py:162}}
Jul 16 14:57:34.878019 np0000005252 devstack@g-api.service[99649]: DEBUG glance_store._drivers.swift.store [None req-1f642a3a-759d-47a4-a6c0-09749a223aff tempest-AttachSCSIVolumeTestJSON-1790508709 tempest-AttachSCSIVolumeTestJSON-1790508709-project-admin] Wrote chunk 5f04c802-432e-4546-b07c-368cc2d01cfc-00001 (1/?) of length 21692416 to Swift returning MD5 of content: 87617e24a5e30cb3b87fda8c0764838f {{(pid=99649) add /opt/stack/data/venv/lib/python3.12/site-packages/glance_store/_drivers/swift/store.py:1059}}
Jul 16 14:57:34.878259 np0000005252 devstack@g-api.service[99649]: DEBUG glance_store._drivers.swift.store [None req-1f642a3a-759d-47a4-a6c0-09749a223aff tempest-AttachSCSIVolumeTestJSON-1790508709 tempest-AttachSCSIVolumeTestJSON-1790508709-project-admin] Not writing zero-length chunk. {{(pid=99649) add /opt/stack/data/venv/lib/python3.12/site-packages/glance_store/_drivers/swift/store.py:1028}}
Jul 16 14:57:34.910482 np0000005252 devstack@g-api.service[99649]: DEBUG swiftclient [None req-1f642a3a-759d-47a4-a6c0-09749a223aff tempest-AttachSCSIVolumeTestJSON-1790508709 tempest-AttachSCSIVolumeTestJSON-1790508709-project-admin] REQ: curl -i https://10.4.3.246:8080/v1/AUTH_ec3b293a53024525a94d55c84da263e0/glance/5f04c802-432e-4546-b07c-368cc2d01cfc -X PUT -H "X-Object-Manifest: glance/5f04c802-432e-4546-b07c-368cc2d01cfc-" -H "X-Auth-Token: gAAAAABqWPFe4v4j..." -H "Content-Length: 0" {{(pid=99649) http_log /opt/stack/data/venv/lib/python3.12/site-packages/swiftclient/client.py:160}}
Jul 16 14:57:34.910482 np0000005252 devstack@g-api.service[99649]: DEBUG swiftclient [None req-1f642a3a-759d-47a4-a6c0-09749a223aff tempest-AttachSCSIVolumeTestJSON-1790508709 tempest-AttachSCSIVolumeTestJSON-1790508709-project-admin] RESP STATUS: 201 Created {{(pid=99649) http_log /opt/stack/data/venv/lib/python3.12/site-packages/swiftclient/client.py:161}}
Jul 16 14:57:34.910617 np0000005252 devstack@g-api.service[99649]: DEBUG swiftclient [None req-1f642a3a-759d-47a4-a6c0-09749a223aff tempest-AttachSCSIVolumeTestJSON-1790508709 tempest-AttachSCSIVolumeTestJSON-1790508709-project-admin] RESP HEADERS: {'Date': 'Thu, 16 Jul 2026 14:57:34 GMT', 'Server': 'Apache/2.4.58 (Ubuntu)', 'Content-Type': 'text/html; charset=UTF-8', 'Content-Length': '0', 'Etag': 'd41d8cd98f00b204e9800998ecf8427e', 'Last-Modified': 'Thu, 16 Jul 2026 14:57:35 GMT', 'X-Trans-Id': 'tx2b817d5a46ec45e6a0db9-006a58f15e', 'X-Openstack-Request-Id': 'tx2b817d5a46ec45e6a0db9-006a58f15e', 'Connection': 'close'} {{(pid=99649) http_log /opt/stack/data/venv/lib/python3.12/site-packages/swiftclient/client.py:162}}
Jul 16 14:57:34.911028 np0000005252 devstack@g-api.service[99649]: INFO glance.location [None req-1f642a3a-759d-47a4-a6c0-09749a223aff tempest-AttachSCSIVolumeTestJSON-1790508709 tempest-AttachSCSIVolumeTestJSON-1790508709-project-admin] Image format matched and virtual size computed: 117440512
Jul 16 14:57:34.932123 np0000005252 devstack@g-api.service[99649]: DEBUG glance_store.backend [None req-1f642a3a-759d-47a4-a6c0-09749a223aff tempest-AttachSCSIVolumeTestJSON-1790508709 tempest-AttachSCSIVolumeTestJSON-1790508709-project-admin] Attempting to import store swift {{(pid=99649) _load_store /opt/stack/data/venv/lib/python3.12/site-packages/glance_store/backend.py:215}}
Jul 16 14:57:34.934000 np0000005252 devstack@g-api.service[99649]: DEBUG glance_store.capabilities [None req-1f642a3a-759d-47a4-a6c0-09749a223aff tempest-AttachSCSIVolumeTestJSON-1790508709 tempest-AttachSCSIVolumeTestJSON-1790508709-project-admin] Store glance_store._drivers.swift.store.SingleTenantStore doesn't support updating dynamic storage capabilities. Please overwrite 'update_capabilities' method of the store to implement updating logics if needed. {{(pid=99649) update_capabilities /opt/stack/data/venv/lib/python3.12/site-packages/glance_store/capabilities.py:91}}
Jul 16 14:57:34.934124 np0000005252 devstack@g-api.service[99649]: DEBUG glance_store.driver [None req-1f642a3a-759d-47a4-a6c0-09749a223aff tempest-AttachSCSIVolumeTestJSON-1790508709 tempest-AttachSCSIVolumeTestJSON-1790508709-project-admin] Late loading location class glance_store._drivers.swift.store.StoreLocation {{(pid=99649) get_store_location_class /opt/stack/data/venv/lib/python3.12/site-packages/glance_store/driver.py:134}}
