Aug 07 14:39:53.901703 np0000006716 devstack@neutron-api.service[87767]: DEBUG ovsdbapp.backend.ovs_idl.transaction [None req-c07513cb-80a0-42db-be3d-e871f49f7e61 None None] Running txn n=1 command(idx=1): SetLSwitchPortCommand(_result=None, lport=8ccca165-075b-466f-a519-a08f80e169f5, external_ids_update=None, columns={'external_ids': {'neutron:port_name': '', 'neutron:device_id': '0bd08d08-ca6e-494c-adf1-eada938fa2f4', 'neutron:project_id': '', 'neutron:cidrs': '172.24.5.43/24 2001:db8::1/64', 'neutron:device_owner': 'network:router_gateway', 'neutron:subnet_pool_addr_scope4': '', 'neutron:subnet_pool_addr_scope6': '', 'neutron:network_name': 'neutron-a3be6cb5-3b1f-4615-a3c6-83f03c12a622', 'neutron:security_group_ids': '', 'neutron:revision_number': '6', 'neutron:vnic_type': 'normal', 'neutron:port_capabilities': '', 'neutron:mtu': '', 'neutron:host_id': 'np0000006716'}, 'parent_name': [], 'options': {'requested-chassis': 'np0000006716', 'exclude-lb-vips-from-garp': 'true', 'nat-addresses': 'router', 'router-port': 'lrp-8ccca165-075b-466f-a519-a08f80e169f5'}, 'enabled': True, 'port_security': [], 'dhcpv4_options': [], 'dhcpv6_options': [], 'type': 'router', 'ha_chassis_group': [], 'tag_request': []}, if_exists=False) {{(pid=87767) do_commit /opt/stack/data/venv/lib/python3.12/site-packages/ovsdbapp/backend/ovs_idl/transaction.py:89}}
Aug 07 14:39:53.902305 np0000006716 devstack@neutron-api.service[87767]: DEBUG ovsdbapp.backend.ovs_idl.transaction [None req-c07513cb-80a0-42db-be3d-e871f49f7e61 None None] Running txn n=1 command(idx=2): PgDelPortCommand(_result=None, port_group=neutron_pg_drop, lsp=['8ccca165-075b-466f-a519-a08f80e169f5'], if_exists=False) {{(pid=87767) do_commit /opt/stack/data/venv/lib/python3.12/site-packages/ovsdbapp/backend/ovs_idl/transaction.py:89}}
Aug 07 14:39:53.922996 np0000006716 devstack@neutron-api.service[87767]: DEBUG ovsdbapp.backend.ovs_idl.transaction [None req-c07513cb-80a0-42db-be3d-e871f49f7e61 None None] Running txn n=1 command(idx=0): DbSetCommand(_result=None, table=Logical_Switch_Port, record=8ccca165-075b-466f-a519-a08f80e169f5, col_values=(('external_ids', {'neutron:host_id': 'np0000006716'}),), if_exists=True) {{(pid=87767) do_commit /opt/stack/data/venv/lib/python3.12/site-packages/ovsdbapp/backend/ovs_idl/transaction.py:89}}
Aug 07 14:39:53.923422 np0000006716 devstack@neutron-api.service[87767]: DEBUG ovsdbapp.backend.ovs_idl.transaction [None req-c07513cb-80a0-42db-be3d-e871f49f7e61 None None] Transaction caused no change {{(pid=87767) do_commit /opt/stack/data/venv/lib/python3.12/site-packages/ovsdbapp/backend/ovs_idl/transaction.py:129}}
Aug 07 14:39:54.036667 np0000006716 devstack@neutron-api.service[87767]: DEBUG neutron.api.wsgi [None req-c42d1239-a634-438d-98be-e014a0a6c4b1 admin admin] Missing Content-Type {{(pid=87767) get_content_type /opt/stack/neutron/neutron/api/wsgi.py:80}}
Aug 07 14:39:54.080360 np0000006716 devstack@neutron-api.service[87767]: [pid: 87767|app: 0|req: 12/32] 10.4.3.239 () {64 vars in 1381 bytes} [Fri Aug 7 14:39:54 2026] GET /networking/v2.0/routers/0bd08d08-ca6e-494c-adf1-eada938fa2f4 => generated 1108 bytes in 45 msecs (HTTP/1.1 200) 4 headers in 158 bytes (1 switches on core 0)
Aug 07 14:39:54.135409 np0000006716 devstack@neutron-api.service[87768]: DEBUG neutron.pecan_wsgi.hooks.policy_enforcement [None req-aba7472d-33be-46dd-8d6f-075a5c62c657 admin admin] Attributes excluded by policy engine: ['standard_attr_id'] {{(pid=87768) _exclude_attributes_by_policy /opt/stack/neutron/neutron/pecan_wsgi/hooks/policy_enforcement.py:259}}
Aug 07 14:39:54.137330 np0000006716 devstack@neutron-api.service[87768]: [pid: 87768|app: 0|req: 11/33] 10.4.3.239 () {64 vars in 1370 bytes} [Fri Aug 7 14:39:54 2026] GET /networking/v2.0/ports?device_id=0bd08d08-ca6e-494c-adf1-eada938fa2f4 => generated 2593 bytes in 50 msecs (HTTP/1.1 200) 4 headers in 158 bytes (1 switches on core 0)
Aug 07 14:39:56.273817 np0000006716 devstack@neutron-api.service[87767]: DEBUG neutron.plugins.ml2.drivers.ovn.mech_driver.ovsdb.ovsdb_monitor [None req-c07513cb-80a0-42db-be3d-e871f49f7e61 None None] Touching Hash Ring node "ded54ef9d407549fbd62fadc961a4bc9" from IDL notify handler {{(pid=87767) notify /opt/stack/neutron/neutron/plugins/ml2/drivers/ovn/mech_driver/ovsdb/ovsdb_monitor.py:1091}}
Aug 07 14:39:56.279315 np0000006716 devstack@neutron-api.service[87767]: DEBUG neutron.plugins.ml2.drivers.ovn.mech_driver.ovsdb.ovsdb_monitor [None req-c07513cb-80a0-42db-be3d-e871f49f7e61 None None] Hash Ring: Node ded54ef9d407549fbd62fadc961a4bc9 (host: np0000006716) handling event "update" for row 6f580329-27a3-4356-80d3-967f6ea6d5cf (table: NB_Global) {{(pid=87767) notify /opt/stack/neutron/neutron/plugins/ml2/drivers/ovn/mech_driver/ovsdb/ovsdb_monitor.py:1099}}
Aug 07 14:39:56.807877 np0000006716 devstack@neutron-api.service[87767]: DEBUG neutron.plugins.ml2.drivers.ovn.mech_driver.ovsdb.ovsdb_monitor [None req-c07513cb-80a0-42db-be3d-e871f49f7e61 None None] Touching Hash Ring node "ded54ef9d407549fbd62fadc961a4bc9" from IDL notify handler {{(pid=87767) notify /opt/stack/neutron/neutron/plugins/ml2/drivers/ovn/mech_driver/ovsdb/ovsdb_monitor.py:1091}}
Aug 07 14:39:56.813534 np0000006716 devstack@neutron-api.service[87767]: DEBUG neutron.plugins.ml2.drivers.ovn.mech_driver.ovsdb.ovsdb_monitor [None req-c07513cb-80a0-42db-be3d-e871f49f7e61 None None] Hash Ring: Node ded54ef9d407549fbd62fadc961a4bc9 (host: np0000006716) handling event "update" for row 6f580329-27a3-4356-80d3-967f6ea6d5cf (table: NB_Global) {{(pid=87767) notify /opt/stack/neutron/neutron/plugins/ml2/drivers/ovn/mech_driver/ovsdb/ovsdb_monitor.py:1099}}
Aug 07 14:39:56.814769 np0000006716 devstack@neutron-api.service[87767]: DEBUG neutron.plugins.ml2.drivers.ovn.mech_driver.ovsdb.ovsdb_monitor [None req-c07513cb-80a0-42db-be3d-e871f49f7e61 None None] Touching Hash Ring node "ded54ef9d407549fbd62fadc961a4bc9" from IDL notify handler {{(pid=87767) notify /opt/stack/neutron/neutron/plugins/ml2/drivers/ovn/mech_driver/ovsdb/ovsdb_monitor.py:1091}}
Aug 07 14:39:56.818121 np0000006716 devstack@neutron-api.service[87767]: DEBUG neutron.plugins.ml2.drivers.ovn.mech_driver.ovsdb.ovsdb_monitor [None req-c07513cb-80a0-42db-be3d-e871f49f7e61 None None] Hash Ring: Node ded54ef9d407549fbd62fadc961a4bc9 (host: np0000006716) handling event "update" for row 6f580329-27a3-4356-80d3-967f6ea6d5cf (table: NB_Global) {{(pid=87767) notify /opt/stack/neutron/neutron/plugins/ml2/drivers/ovn/mech_driver/ovsdb/ovsdb_monitor.py:1099}}
Aug 07 14:39:56.823861 np0000006716 devstack@neutron-api.service[87767]: DEBUG neutron.plugins.ml2.drivers.ovn.mech_driver.ovsdb.ovsdb_monitor [None req-c07513cb-80a0-42db-be3d-e871f49f7e61 None None] Touching Hash Ring node "ded54ef9d407549fbd62fadc961a4bc9" from IDL notify handler {{(pid=87767) notify /opt/stack/neutron/neutron/plugins/ml2/drivers/ovn/mech_driver/ovsdb/ovsdb_monitor.py:1091}}
Aug 07 14:39:56.827852 np0000006716 devstack@neutron-api.service[87767]: DEBUG neutron.plugins.ml2.drivers.ovn.mech_driver.ovsdb.ovsdb_monitor [None req-c07513cb-80a0-42db-be3d-e871f49f7e61 None None] Hash Ring: Node ded54ef9d407549fbd62fadc961a4bc9 (host: np0000006716) handling event "update" for row 6f580329-27a3-4356-80d3-967f6ea6d5cf (table: NB_Global) {{(pid=87767) notify /opt/stack/neutron/neutron/plugins/ml2/drivers/ovn/mech_driver/ovsdb/ovsdb_monitor.py:1099}}
Aug 07 14:40:03.455521 np0000006716 devstack@neutron-api.service[87767]: DEBUG futurist.periodics [-] Submitting periodic callback 'neutron.plugins.ml2.drivers.ovn.mech_driver.ovsdb.maintenance.HashRingHealthCheckPeriodics.touch_hash_ring_node' {{(pid=87767) _process_scheduled /opt/stack/data/venv/lib/python3.12/site-packages/futurist/periodics.py:784}}
Aug 07 14:40:03.455986 np0000006716 devstack@neutron-api.service[87767]: DEBUG neutron.plugins.ml2.drivers.ovn.mech_driver.ovsdb.maintenance [-] Touching Hash Ring node "ded54ef9d407549fbd62fadc961a4bc9" from periodic health check thread {{(pid=87767) touch_hash_ring_node /opt/stack/neutron/neutron/plugins/ml2/drivers/ovn/mech_driver/ovsdb/maintenance.py:1453}}
Aug 07 14:40:03.697459 np0000006716 devstack@neutron-api.service[87766]: DEBUG dbcounter [-] [87766] Writing DB stats neutron:SELECT=1713,neutron:INSERT=55,neutron:DELETE=9,neutron:UPDATE=36 {{(pid=87766) stat_writer /opt/stack/data/venv/lib/python3.12/site-packages/dbcounter.py:115}}
Aug 07 14:40:04.132075 np0000006716 devstack@neutron-api.service[87768]: DEBUG dbcounter [-] [87768] Writing DB stats neutron:SELECT=1035,neutron:INSERT=20,neutron:DELETE=6,neutron:UPDATE=37 {{(pid=87768) stat_writer /opt/stack/data/venv/lib/python3.12/site-packages/dbcounter.py:115}}
Aug 07 14:40:04.272112 np0000006716 devstack@neutron-api.service[87768]: DEBUG futurist.periodics [-] Submitting periodic callback 'neutron.plugins.ml2.drivers.ovn.mech_driver.ovsdb.maintenance.HashRingHealthCheckPeriodics.touch_hash_ring_node' {{(pid=87768) _process_scheduled /opt/stack/data/venv/lib/python3.12/site-packages/futurist/periodics.py:784}}
Aug 07 14:40:04.273851 np0000006716 devstack@neutron-api.service[87768]: DEBUG neutron.plugins.ml2.drivers.ovn.mech_driver.ovsdb.maintenance [-] Touching Hash Ring node "f1a9f2ea6c4e503483b595e4cc7cc12e" from periodic health check thread {{(pid=87768) touch_hash_ring_node /opt/stack/neutron/neutron/plugins/ml2/drivers/ovn/mech_driver/ovsdb/maintenance.py:1453}}
Aug 07 14:40:04.367092 np0000006716 devstack@neutron-api.service[87766]: DEBUG futurist.periodics [-] Submitting periodic callback 'neutron.plugins.ml2.drivers.ovn.mech_driver.ovsdb.maintenance.HashRingHealthCheckPeriodics.touch_hash_ring_node' {{(pid=87766) _process_scheduled /opt/stack/data/venv/lib/python3.12/site-packages/futurist/periodics.py:784}}
Aug 07 14:40:04.367378 np0000006716 devstack@neutron-api.service[87766]: DEBUG neutron.plugins.ml2.drivers.ovn.mech_driver.ovsdb.maintenance [-] Touching Hash Ring node "f4a3cc1e81075266a9d8342f2e364848" from periodic health check thread {{(pid=87766) touch_hash_ring_node /opt/stack/neutron/neutron/plugins/ml2/drivers/ovn/mech_driver/ovsdb/maintenance.py:1453}}
Aug 07 14:40:13.462310 np0000006716 devstack@neutron-api.service[87767]: DEBUG dbcounter [-] [87767] Writing DB stats neutron:SELECT=2570,neutron:INSERT=729,neutron:DELETE=12,neutron:UPDATE=106 {{(pid=87767) stat_writer /opt/stack/data/venv/lib/python3.12/site-packages/dbcounter.py:115}}
Aug 07 14:40:14.286044 np0000006716 devstack@neutron-api.service[87768]: DEBUG dbcounter [-] [87768] Writing DB stats neutron:UPDATE=1,neutron:SELECT=1 {{(pid=87768) stat_writer /opt/stack/data/venv/lib/python3.12/site-packages/dbcounter.py:115}}
Aug 07 14:40:14.375332 np0000006716 devstack@neutron-api.service[87766]: DEBUG dbcounter [-] [87766] Writing DB stats neutron:UPDATE=1,neutron:SELECT=1 {{(pid=87766) stat_writer /opt/stack/data/venv/lib/python3.12/site-packages/dbcounter.py:115}}
Aug 07 14:40:18.455958 np0000006716 devstack@neutron-api.service[87767]: DEBUG futurist.periodics [-] Submitting periodic callback 'neutron.plugins.ml2.drivers.ovn.mech_driver.ovsdb.maintenance.HashRingHealthCheckPeriodics.touch_hash_ring_node' {{(pid=87767) _process_scheduled /opt/stack/data/venv/lib/python3.12/site-packages/futurist/periodics.py:784}}
Aug 07 14:40:18.456221 np0000006716 devstack@neutron-api.service[87767]: DEBUG neutron.plugins.ml2.drivers.ovn.mech_driver.ovsdb.maintenance [-] Touching Hash Ring node "ded54ef9d407549fbd62fadc961a4bc9" from periodic health check thread {{(pid=87767) touch_hash_ring_node /opt/stack/neutron/neutron/plugins/ml2/drivers/ovn/mech_driver/ovsdb/maintenance.py:1453}}
Aug 07 14:40:19.273880 np0000006716 devstack@neutron-api.service[87768]: DEBUG futurist.periodics [-] Submitting periodic callback 'neutron.plugins.ml2.drivers.ovn.mech_driver.ovsdb.maintenance.HashRingHealthCheckPeriodics.touch_hash_ring_node' {{(pid=87768) _process_scheduled /opt/stack/data/venv/lib/python3.12/site-packages/futurist/periodics.py:784}}
Aug 07 14:40:19.274612 np0000006716 devstack@neutron-api.service[87768]: DEBUG neutron.plugins.ml2.drivers.ovn.mech_driver.ovsdb.maintenance [-] Touching Hash Ring node "f1a9f2ea6c4e503483b595e4cc7cc12e" from periodic health check thread {{(pid=87768) touch_hash_ring_node /opt/stack/neutron/neutron/plugins/ml2/drivers/ovn/mech_driver/ovsdb/maintenance.py:1453}}
Aug 07 14:40:19.367612 np0000006716 devstack@neutron-api.service[87766]: DEBUG futurist.periodics [-] Submitting periodic callback 'neutron.plugins.ml2.drivers.ovn.mech_driver.ovsdb.maintenance.HashRingHealthCheckPeriodics.touch_hash_ring_node' {{(pid=87766) _process_scheduled /opt/stack/data/venv/lib/python3.12/site-packages/futurist/periodics.py:784}}
Aug 07 14:40:19.368043 np0000006716 devstack@neutron-api.service[87766]: DEBUG neutron.plugins.ml2.drivers.ovn.mech_driver.ovsdb.maintenance [-] Touching Hash Ring node "f4a3cc1e81075266a9d8342f2e364848" from periodic health check thread {{(pid=87766) touch_hash_ring_node /opt/stack/neutron/neutron/plugins/ml2/drivers/ovn/mech_driver/ovsdb/maintenance.py:1453}}
Aug 07 14:40:28.461535 np0000006716 devstack@neutron-api.service[87767]: DEBUG dbcounter [-] [87767] Writing DB stats neutron:UPDATE=1,neutron:SELECT=1 {{(pid=87767) stat_writer /opt/stack/data/venv/lib/python3.12/site-packages/dbcounter.py:115}}
Aug 07 14:40:29.281959 np0000006716 devstack@neutron-api.service[87768]: DEBUG dbcounter [-] [87768] Writing DB stats neutron:UPDATE=1,neutron:SELECT=1 {{(pid=87768) stat_writer /opt/stack/data/venv/lib/python3.12/site-packages/dbcounter.py:115}}
Aug 07 14:40:29.373811 np0000006716 devstack@neutron-api.service[87766]: DEBUG dbcounter [-] [87766] Writing DB stats neutron:UPDATE=1,neutron:SELECT=1 {{(pid=87766) stat_writer /opt/stack/data/venv/lib/python3.12/site-packages/dbcounter.py:115}}
Aug 07 14:40:33.456541 np0000006716 devstack@neutron-api.service[87767]: DEBUG futurist.periodics [-] Submitting periodic callback 'neutron.plugins.ml2.drivers.ovn.mech_driver.ovsdb.maintenance.HashRingHealthCheckPeriodics.touch_hash_ring_node' {{(pid=87767) _process_scheduled /opt/stack/data/venv/lib/python3.12/site-packages/futurist/periodics.py:784}}
Aug 07 14:40:33.456941 np0000006716 devstack@neutron-api.service[87767]: DEBUG neutron.plugins.ml2.drivers.ovn.mech_driver.ovsdb.maintenance [-] Touching Hash Ring node "ded54ef9d407549fbd62fadc961a4bc9" from periodic health check thread {{(pid=87767) touch_hash_ring_node /opt/stack/neutron/neutron/plugins/ml2/drivers/ovn/mech_driver/ovsdb/maintenance.py:1453}}
Aug 07 14:40:34.274713 np0000006716 devstack@neutron-api.service[87768]: DEBUG futurist.periodics [-] Submitting periodic callback 'neutron.plugins.ml2.drivers.ovn.mech_driver.ovsdb.maintenance.HashRingHealthCheckPeriodics.touch_hash_ring_node' {{(pid=87768) _process_scheduled /opt/stack/data/venv/lib/python3.12/site-packages/futurist/periodics.py:784}}
Aug 07 14:40:34.275157 np0000006716 devstack@neutron-api.service[87768]: DEBUG neutron.plugins.ml2.drivers.ovn.mech_driver.ovsdb.maintenance [-] Touching Hash Ring node "f1a9f2ea6c4e503483b595e4cc7cc12e" from periodic health check thread {{(pid=87768) touch_hash_ring_node /opt/stack/neutron/neutron/plugins/ml2/drivers/ovn/mech_driver/ovsdb/maintenance.py:1453}}
Aug 07 14:40:34.368190 np0000006716 devstack@neutron-api.service[87766]: DEBUG futurist.periodics [-] Submitting periodic callback 'neutron.plugins.ml2.drivers.ovn.mech_driver.ovsdb.maintenance.HashRingHealthCheckPeriodics.touch_hash_ring_node' {{(pid=87766) _process_scheduled /opt/stack/data/venv/lib/python3.12/site-packages/futurist/periodics.py:784}}
Aug 07 14:40:34.368547 np0000006716 devstack@neutron-api.service[87766]: DEBUG neutron.plugins.ml2.drivers.ovn.mech_driver.ovsdb.maintenance [-] Touching Hash Ring node "f4a3cc1e81075266a9d8342f2e364848" from periodic health check thread {{(pid=87766) touch_hash_ring_node /opt/stack/neutron/neutron/plugins/ml2/drivers/ovn/mech_driver/ovsdb/maintenance.py:1453}}
Aug 07 14:40:43.465547 np0000006716 devstack@neutron-api.service[87767]: DEBUG dbcounter [-] [87767] Writing DB stats neutron:UPDATE=1,neutron:SELECT=1 {{(pid=87767) stat_writer /opt/stack/data/venv/lib/python3.12/site-packages/dbcounter.py:115}}
Aug 07 14:40:44.282388 np0000006716 devstack@neutron-api.service[87768]: DEBUG dbcounter [-] [87768] Writing DB stats neutron:UPDATE=1,neutron:SELECT=1 {{(pid=87768) stat_writer /opt/stack/data/venv/lib/python3.12/site-packages/dbcounter.py:115}}
Aug 07 14:40:44.376568 np0000006716 devstack@neutron-api.service[87766]: DEBUG dbcounter [-] [87766] Writing DB stats neutron:UPDATE=1,neutron:SELECT=1 {{(pid=87766) stat_writer /opt/stack/data/venv/lib/python3.12/site-packages/dbcounter.py:115}}
Aug 07 14:40:48.457091 np0000006716 devstack@neutron-api.service[87767]: DEBUG futurist.periodics [-] Submitting periodic callback 'neutron.plugins.ml2.drivers.ovn.mech_driver.ovsdb.maintenance.HashRingHealthCheckPeriodics.touch_hash_ring_node' {{(pid=87767) _process_scheduled /opt/stack/data/venv/lib/python3.12/site-packages/futurist/periodics.py:784}}
Aug 07 14:40:48.458787 np0000006716 devstack@neutron-api.service[87767]: DEBUG neutron.plugins.ml2.drivers.ovn.mech_driver.ovsdb.maintenance [-] Touching Hash Ring node "ded54ef9d407549fbd62fadc961a4bc9" from periodic health check thread {{(pid=87767) touch_hash_ring_node /opt/stack/neutron/neutron/plugins/ml2/drivers/ovn/mech_driver/ovsdb/maintenance.py:1453}}
Aug 07 14:40:49.275253 np0000006716 devstack@neutron-api.service[87768]: DEBUG futurist.periodics [-] Submitting periodic callback 'neutron.plugins.ml2.drivers.ovn.mech_driver.ovsdb.maintenance.HashRingHealthCheckPeriodics.touch_hash_ring_node' {{(pid=87768) _process_scheduled /opt/stack/data/venv/lib/python3.12/site-packages/futurist/periodics.py:784}}
Aug 07 14:40:49.275794 np0000006716 devstack@neutron-api.service[87768]: DEBUG neutron.plugins.ml2.drivers.ovn.mech_driver.ovsdb.maintenance [-] Touching Hash Ring node "f1a9f2ea6c4e503483b595e4cc7cc12e" from periodic health check thread {{(pid=87768) touch_hash_ring_node /opt/stack/neutron/neutron/plugins/ml2/drivers/ovn/mech_driver/ovsdb/maintenance.py:1453}}
Aug 07 14:40:49.368619 np0000006716 devstack@neutron-api.service[87766]: DEBUG futurist.periodics [-] Submitting periodic callback 'neutron.plugins.ml2.drivers.ovn.mech_driver.ovsdb.maintenance.HashRingHealthCheckPeriodics.touch_hash_ring_node' {{(pid=87766) _process_scheduled /opt/stack/data/venv/lib/python3.12/site-packages/futurist/periodics.py:784}}
Aug 07 14:40:49.369046 np0000006716 devstack@neutron-api.service[87766]: DEBUG neutron.plugins.ml2.drivers.ovn.mech_driver.ovsdb.maintenance [-] Touching Hash Ring node "f4a3cc1e81075266a9d8342f2e364848" from periodic health check thread {{(pid=87766) touch_hash_ring_node /opt/stack/neutron/neutron/plugins/ml2/drivers/ovn/mech_driver/ovsdb/maintenance.py:1453}}
Aug 07 14:40:51.976382 np0000006716 devstack@neutron-api.service[87766]: DEBUG neutron.api.wsgi [None req-1ff19b0b-65a3-4b4f-a87d-8c8e96763d3f admin admin] Missing Content-Type {{(pid=87766) get_content_type /opt/stack/neutron/neutron/api/wsgi.py:80}}
Aug 07 14:40:51.976866 np0000006716 devstack@neutron-api.service[87766]: DEBUG neutron.api.wsgi [None req-1ff19b0b-65a3-4b4f-a87d-8c8e96763d3f admin admin] https://10.4.3.239/networking/v2.0/extensions returned with HTTP 200 {{(pid=87766) __call__ /opt/stack/neutron/neutron/api/wsgi.py:540}}
Aug 07 14:40:51.977059 np0000006716 devstack@neutron-api.service[87766]: [pid: 87766|app: 0|req: 11/34] 10.4.3.239 () {64 vars in 1292 bytes} [Fri Aug 7 14:40:51 2026] GET /networking/v2.0/extensions => generated 16171 bytes in 3 msecs (HTTP/1.1 200) 4 headers in 159 bytes (1 switches on core 0)
Aug 07 14:40:52.233478 np0000006716 devstack@neutron-api.service[87767]: INFO neutron.pecan_wsgi.hooks.translation [None req-ddb2f00a-7cd9-45f4-a813-e07fc3ca58a9 admin admin] GET failed (client error): The resource could not be found.
Aug 07 14:40:52.234147 np0000006716 devstack@neutron-api.service[87767]: [pid: 87767|app: 0|req: 13/35] 10.4.3.239 () {64 vars in 1294 bytes} [Fri Aug 7 14:40:52 2026] GET /networking/v2.0/networks/public => generated 108 bytes in 8 msecs (HTTP/1.1 404) 4 headers in 164 bytes (1 switches on core 0)
Aug 07 14:40:52.274732 np0000006716 devstack@neutron-api.service[87768]: DEBUG neutron.pecan_wsgi.hooks.policy_enforcement [None req-ac2424e8-f405-4b6a-8d72-da3b9a175880 admin admin] Attributes excluded by policy engine: ['standard_attr_id'] {{(pid=87768) _exclude_attributes_by_policy /opt/stack/neutron/neutron/pecan_wsgi/hooks/policy_enforcement.py:259}}
Aug 07 14:40:52.275814 np0000006716 devstack@neutron-api.service[87768]: [pid: 87768|app: 0|req: 12/36] 10.4.3.239 () {64 vars in 1309 bytes} [Fri Aug 7 14:40:52 2026] GET /networking/v2.0/networks?name=public => generated 759 bytes in 36 msecs (HTTP/1.1 200) 4 headers in 157 bytes (1 switches on core 0)
Aug 07 14:40:52.461889 np0000006716 devstack@neutron-api.service[87766]: DEBUG neutron.api.v2.base [None req-4876e67e-7690-40ee-973f-8967a92c05e8 admin admin] Request body: {'network': {'admin_state_up': True, 'name': 'shared', 'shared': True}} {{(pid=87766) prepare_request_body /opt/stack/neutron/neutron/api/v2/base.py:727}}
Aug 07 14:40:52.473423 np0000006716 devstack@neutron-api.service[87766]: DEBUG neutron.pecan_wsgi.hooks.quota_enforcement [None req-4876e67e-7690-40ee-973f-8967a92c05e8 admin admin] Made reservation on behalf of 85ff748435e04d568c64a0d96527487b for: {'network': 1} {{(pid=87766) before /opt/stack/neutron/neutron/pecan_wsgi/hooks/quota_enforcement.py:66}}
Aug 07 14:40:52.475728 np0000006716 devstack@neutron-api.service[87766]: DEBUG neutron_lib.callbacks.manager [None req-4876e67e-7690-40ee-973f-8967a92c05e8 admin admin] Publish callbacks ['neutron.plugins.ml2.plugin.SecurityGroupDbMixin._ensure_default_security_group_handler-4139559'] for network (None), before_create {{(pid=87766) _notify_loop /opt/stack/data/venv/lib/python3.12/site-packages/neutron_lib/callbacks/manager.py:184}}
Aug 07 14:40:52.500006 np0000006716 devstack@neutron-api.service[87766]: WARNING neutron.services.revisions.revision_plugin [None req-4876e67e-7690-40ee-973f-8967a92c05e8 admin admin] Could not find related network for resource to bump revision.
Aug 07 14:40:52.525032 np0000006716 devstack@neutron-api.service[87766]: DEBUG neutron.plugins.ml2.drivers.helpers [None req-4876e67e-7690-40ee-973f-8967a92c05e8 admin admin] geneve segment allocate from pool success with {'geneve_vni': 29818} {{(pid=87766) allocate_partially_specified_segment /opt/stack/neutron/neutron/plugins/ml2/drivers/helpers.py:142}}
Aug 07 14:40:52.531540 np0000006716 devstack@neutron-api.service[87766]: DEBUG neutron_lib.callbacks.manager [None req-4876e67e-7690-40ee-973f-8967a92c05e8 admin admin] Publish callbacks ['neutron.plugins.ml2.plugin.Ml2Plugin._handle_segment_change-3884053'] for segment (6abd93f1-7b97-4d7e-a1b7-1adae43f9f84), precommit_create {{(pid=87766) _notify_loop /opt/stack/data/venv/lib/python3.12/site-packages/neutron_lib/callbacks/manager.py:184}}
Aug 07 14:40:52.531683 np0000006716 devstack@neutron-api.service[87766]: INFO neutron.db.segments_db [None req-4876e67e-7690-40ee-973f-8967a92c05e8 admin admin] Added segment 6abd93f1-7b97-4d7e-a1b7-1adae43f9f84 of type geneve for network 89d1316f-9ed2-42f8-a28e-eda9ef498edb
Aug 07 14:40:52.542813 np0000006716 devstack@neutron-api.service[87766]: DEBUG neutron_lib.callbacks.manager [None req-4876e67e-7690-40ee-973f-8967a92c05e8 admin admin] Publish callbacks ['neutron.services.auto_allocate.db._ensure_external_network_default_value_callback-8585807773606'] for network (89d1316f-9ed2-42f8-a28e-eda9ef498edb), precommit_create {{(pid=87766) _notify_loop /opt/stack/data/venv/lib/python3.12/site-packages/neutron_lib/callbacks/manager.py:184}}
Aug 07 14:40:52.551583 np0000006716 devstack@neutron-api.service[87766]: DEBUG neutron.plugins.ml2.drivers.ovn.mech_driver.mech_driver [None req-4876e67e-7690-40ee-973f-8967a92c05e8 admin admin] Validating network segment with type geneve, segmentation ID 29818, physical network None {{(pid=87766) _validate_network_segments /opt/stack/neutron/neutron/plugins/ml2/drivers/ovn/mech_driver/mech_driver.py:646}}
Aug 07 14:40:52.551710 np0000006716 devstack@neutron-api.service[87766]: DEBUG neutron.db.ovn_revision_numbers_db [None req-4876e67e-7690-40ee-973f-8967a92c05e8 admin admin] create_initial_revision uuid=89d1316f-9ed2-42f8-a28e-eda9ef498edb, type=networks, rev=-1 {{(pid=87766) create_initial_revision /opt/stack/neutron/neutron/db/ovn_revision_numbers_db.py:98}}
Aug 07 14:40:52.557956 np0000006716 devstack@neutron-api.service[87766]: DEBUG neutron_lib.callbacks.manager [None req-4876e67e-7690-40ee-973f-8967a92c05e8 admin admin] Publish callbacks ['neutron.plugins.ml2.ovo_rpc._ObjectChangeHandler.handle_event-1819930'] for network (89d1316f-9ed2-42f8-a28e-eda9ef498edb), after_create {{(pid=87766) _notify_loop /opt/stack/data/venv/lib/python3.12/site-packages/neutron_lib/callbacks/manager.py:184}}
Aug 07 14:40:52.571696 np0000006716 devstack@neutron-api.service[87766]: DEBUG neutron.api.rpc.handlers.resources_rpc [None req-4876e67e-7690-40ee-973f-8967a92c05e8 admin admin] Pushing event updated for resources: {'Network': ['ID=89d1316f-9ed2-42f8-a28e-eda9ef498edb,revision_number=1']} {{(pid=87766) push /opt/stack/neutron/neutron/api/rpc/handlers/resources_rpc.py:237}}
Aug 07 14:40:52.575455 np0000006716 devstack@neutron-api.service[87766]: DEBUG ovsdbapp.backend.ovs_idl.transaction [None req-36d3153b-36ae-4c18-bd8f-2d30db8a7c4b None None] Running txn n=1 command(idx=0): CheckLivenessCommand(_result=None) {{(pid=87766) do_commit /opt/stack/data/venv/lib/python3.12/site-packages/ovsdbapp/backend/ovs_idl/transaction.py:89}}
Aug 07 14:40:52.583466 np0000006716 devstack@neutron-api.service[87767]: DEBUG ovsdbapp.backend.ovs_idl.event [None req-c967dc9b-b792-4fa3-8cbc-658332139a96 None None] Matched UPDATE: ChassisAgentWriteEvent(events=('create', 'update'), table='Chassis_Private', conditions=None, old_conditions=None), priority=20 to row=Chassis_Private(uuid=887eba98-9156-4cdb-9c84-38ebf29405ea, chassis=72fcf5e2-3c02-4379-87dc-90a57f846c9c, external_ids={'neutron:ovn-bridge': 'br-int', 'neutron:ovn-neutron-agent-id': 'f4d20b76-2276-55f6-88e1-369b763ea3c3', 'neutron:ovn-neutron-agent-sb-cfg': '1'}, name='b9ea8289-0b2e-4135-b668-400afb5d7ac2', nb_cfg=2, nb_cfg_timestamp=1786113652579) old=Chassis_Private(uuid=887eba98-9156-4cdb-9c84-38ebf29405ea, nb_cfg=1, nb_cfg_timestamp=1786113580492) {{(pid=87767) matches /opt/stack/data/venv/lib/python3.12/site-packages/ovsdbapp/backend/ovs_idl/event.py:55}}
Aug 07 14:40:52.583946 np0000006716 devstack@neutron-api.service[87768]: DEBUG ovsdbapp.backend.ovs_idl.event [None req-b05d27cf-134c-46af-84b4-d495e817a457 None None] Matched UPDATE: ChassisAgentWriteEvent(events=('create', 'update'), table='Chassis_Private', conditions=None, old_conditions=None), priority=20 to row=Chassis_Private(uuid=887eba98-9156-4cdb-9c84-38ebf29405ea, chassis=72fcf5e2-3c02-4379-87dc-90a57f846c9c, external_ids={'neutron:ovn-bridge': 'br-int', 'neutron:ovn-neutron-agent-id': 'f4d20b76-2276-55f6-88e1-369b763ea3c3', 'neutron:ovn-neutron-agent-sb-cfg': '1'}, name='b9ea8289-0b2e-4135-b668-400afb5d7ac2', nb_cfg=2, nb_cfg_timestamp=1786113652579) old=Chassis_Private(uuid=887eba98-9156-4cdb-9c84-38ebf29405ea, nb_cfg=1, nb_cfg_timestamp=1786113580492) {{(pid=87768) matches /opt/stack/data/venv/lib/python3.12/site-packages/ovsdbapp/backend/ovs_idl/event.py:55}}
Aug 07 14:40:52.585152 np0000006716 devstack@neutron-api.service[87766]: DEBUG ovsdbapp.backend.ovs_idl.event [-] Matched UPDATE: ChassisAgentWriteEvent(events=('create', 'update'), table='Chassis_Private', conditions=None, old_conditions=None), priority=20 to row=Chassis_Private(uuid=887eba98-9156-4cdb-9c84-38ebf29405ea, chassis=72fcf5e2-3c02-4379-87dc-90a57f846c9c, external_ids={'neutron:ovn-bridge': 'br-int', 'neutron:ovn-neutron-agent-id': 'f4d20b76-2276-55f6-88e1-369b763ea3c3', 'neutron:ovn-neutron-agent-sb-cfg': '1'}, name='b9ea8289-0b2e-4135-b668-400afb5d7ac2', nb_cfg=2, nb_cfg_timestamp=1786113652579) old=Chassis_Private(uuid=887eba98-9156-4cdb-9c84-38ebf29405ea, nb_cfg=1, nb_cfg_timestamp=1786113580492) {{(pid=87766) matches /opt/stack/data/venv/lib/python3.12/site-packages/ovsdbapp/backend/ovs_idl/event.py:55}}
Aug 07 14:40:52.591021 np0000006716 devstack@neutron-api.service[87767]: DEBUG neutron.common.ovn.hash_ring_manager [None req-c07513cb-80a0-42db-be3d-e871f49f7e61 None None] Hash Ring loaded. 3 active nodes. 0 offline nodes {{(pid=87767) _load_hash_ring /opt/stack/neutron/neutron/common/ovn/hash_ring_manager.py:110}}
Aug 07 14:40:52.591464 np0000006716 devstack@neutron-api.service[87767]: DEBUG neutron.plugins.ml2.drivers.ovn.mech_driver.ovsdb.ovsdb_monitor [None req-c07513cb-80a0-42db-be3d-e871f49f7e61 None None] Hash Ring: Node ded54ef9d407549fbd62fadc961a4bc9 (host: np0000006716) handling event "update" for row 6f580329-27a3-4356-80d3-967f6ea6d5cf (table: NB_Global) {{(pid=87767) notify /opt/stack/neutron/neutron/plugins/ml2/drivers/ovn/mech_driver/ovsdb/ovsdb_monitor.py:1099}}
Aug 07 14:40:52.592153 np0000006716 devstack@neutron-api.service[87767]: DEBUG neutron.plugins.ml2.drivers.ovn.mech_driver.ovsdb.ovsdb_monitor [None req-c07513cb-80a0-42db-be3d-e871f49f7e61 None None] Hash Ring: Node ded54ef9d407549fbd62fadc961a4bc9 (host: np0000006716) handling event "update" for row 6f580329-27a3-4356-80d3-967f6ea6d5cf (table: NB_Global) {{(pid=87767) notify /opt/stack/neutron/neutron/plugins/ml2/drivers/ovn/mech_driver/ovsdb/ovsdb_monitor.py:1099}}
Aug 07 14:40:52.592639 np0000006716 devstack@neutron-api.service[87767]: DEBUG neutron.common.ovn.hash_ring_manager [None req-c967dc9b-b792-4fa3-8cbc-658332139a96 None None] Hash Ring loaded. 3 active nodes. 0 offline nodes {{(pid=87767) _load_hash_ring /opt/stack/neutron/neutron/common/ovn/hash_ring_manager.py:110}}
Aug 07 14:40:52.593174 np0000006716 devstack@neutron-api.service[87767]: DEBUG neutron.plugins.ml2.drivers.ovn.mech_driver.ovsdb.ovsdb_monitor [None req-c07513cb-80a0-42db-be3d-e871f49f7e61 None None] Hash Ring: Node ded54ef9d407549fbd62fadc961a4bc9 (host: np0000006716) handling event "update" for row 6f580329-27a3-4356-80d3-967f6ea6d5cf (table: NB_Global) {{(pid=87767) notify /opt/stack/neutron/neutron/plugins/ml2/drivers/ovn/mech_driver/ovsdb/ovsdb_monitor.py:1099}}
Aug 07 14:40:52.593326 np0000006716 devstack@neutron-api.service[87766]: DEBUG neutron.common.ovn.hash_ring_manager [None req-36d3153b-36ae-4c18-bd8f-2d30db8a7c4b None None] Hash Ring loaded. 3 active nodes. 0 offline nodes {{(pid=87766) _load_hash_ring /opt/stack/neutron/neutron/common/ovn/hash_ring_manager.py:110}}
Aug 07 14:40:52.593490 np0000006716 devstack@neutron-api.service[87767]: DEBUG neutron.plugins.ml2.drivers.ovn.mech_driver.ovsdb.ovsdb_monitor [None req-c967dc9b-b792-4fa3-8cbc-658332139a96 None None] Hash Ring: Node ded54ef9d407549fbd62fadc961a4bc9 (host: np0000006716) handling event "update" for row 887eba98-9156-4cdb-9c84-38ebf29405ea (table: Chassis_Private) {{(pid=87767) notify /opt/stack/neutron/neutron/plugins/ml2/drivers/ovn/mech_driver/ovsdb/ovsdb_monitor.py:1099}}
Aug 07 14:40:52.593834 np0000006716 devstack@neutron-api.service[87768]: DEBUG neutron.common.ovn.hash_ring_manager [None req-46354212-488b-4725-aca7-271f23fb4aa4 None None] Hash Ring loaded. 3 active nodes. 0 offline nodes {{(pid=87768) _load_hash_ring /opt/stack/neutron/neutron/common/ovn/hash_ring_manager.py:110}}
Aug 07 14:40:52.594007 np0000006716 devstack@neutron-api.service[87767]: DEBUG neutron.plugins.ml2.drivers.ovn.mech_driver.ovsdb.ovsdb_monitor [None req-c07513cb-80a0-42db-be3d-e871f49f7e61 None None] Hash Ring: Node ded54ef9d407549fbd62fadc961a4bc9 (host: np0000006716) handling event "update" for row 6f580329-27a3-4356-80d3-967f6ea6d5cf (table: NB_Global) {{(pid=87767) notify /opt/stack/neutron/neutron/plugins/ml2/drivers/ovn/mech_driver/ovsdb/ovsdb_monitor.py:1099}}
Aug 07 14:40:52.594163 np0000006716 devstack@neutron-api.service[87766]: DEBUG neutron.common.ovn.hash_ring_manager [-] Hash Ring loaded. 3 active nodes. 0 offline nodes {{(pid=87766) _load_hash_ring /opt/stack/neutron/neutron/common/ovn/hash_ring_manager.py:110}}
Aug 07 14:40:52.594746 np0000006716 devstack@neutron-api.service[87768]: DEBUG neutron.common.ovn.hash_ring_manager [None req-b05d27cf-134c-46af-84b4-d495e817a457 None None] Hash Ring loaded. 3 active nodes. 0 offline nodes {{(pid=87768) _load_hash_ring /opt/stack/neutron/neutron/common/ovn/hash_ring_manager.py:110}}
Aug 07 14:40:52.597334 np0000006716 devstack@neutron-api.service[87766]: DEBUG neutron.api.rpc.callbacks.version_manager [None req-4876e67e-7690-40ee-973f-8967a92c05e8 admin admin] Tracked resource versions report:
Aug 07 14:40:52.597334 np0000006716 devstack@neutron-api.service[87766]: pushed versions:
Aug 07 14:40:52.597334 np0000006716 devstack@neutron-api.service[87766]: { 'AddressGroup': {'1.2'},
Aug 07 14:40:52.597334 np0000006716 devstack@neutron-api.service[87766]: 'Agent': {'1.1'},
Aug 07 14:40:52.597334 np0000006716 devstack@neutron-api.service[87766]: 'ConntrackHelper': {'1.0'},
Aug 07 14:40:52.597334 np0000006716 devstack@neutron-api.service[87766]: 'LocalIPAssociation': {'1.0'},
Aug 07 14:40:52.597334 np0000006716 devstack@neutron-api.service[87766]: 'Log': {'1.0'},
Aug 07 14:40:52.597334 np0000006716 devstack@neutron-api.service[87766]: 'NDPProxy': {'1.0'},
Aug 07 14:40:52.597334 np0000006716 devstack@neutron-api.service[87766]: 'Network': {'1.3'},
Aug 07 14:40:52.597334 np0000006716 devstack@neutron-api.service[87766]: 'Port': {'1.11'},
Aug 07 14:40:52.597334 np0000006716 devstack@neutron-api.service[87766]: 'PortForwarding': {'1.3'},
Aug 07 14:40:52.597334 np0000006716 devstack@neutron-api.service[87766]: 'QosPolicy': {'1.10'},
Aug 07 14:40:52.597334 np0000006716 devstack@neutron-api.service[87766]: 'SecurityGroup': {'1.6'},
Aug 07 14:40:52.597334 np0000006716 devstack@neutron-api.service[87766]: 'SecurityGroupRule': {'1.3'},
Aug 07 14:40:52.597334 np0000006716 devstack@neutron-api.service[87766]: 'SubPort': {'1.0'},
Aug 07 14:40:52.597334 np0000006716 devstack@neutron-api.service[87766]: 'Subnet': {'1.2'},
Aug 07 14:40:52.597334 np0000006716 devstack@neutron-api.service[87766]: 'Trunk': {'1.1'}}
Aug 07 14:40:52.597334 np0000006716 devstack@neutron-api.service[87766]: consumer versions:
Aug 07 14:40:52.597334 np0000006716 devstack@neutron-api.service[87766]: { OVN Neutron agent@np0000006716: {},
Aug 07 14:40:52.597334 np0000006716 devstack@neutron-api.service[87766]: OVN Controller Gateway agent@np0000006716: {}}
Aug 07 14:40:52.597334 np0000006716 devstack@neutron-api.service[87766]: {{(pid=87766) report /opt/stack/neutron/neutron/api/rpc/callbacks/version_manager.py:183}}
Aug 07 14:40:52.606081 np0000006716 devstack@neutron-api.service[87766]: DEBUG ovsdbapp.backend.ovs_idl.transaction [None req-36d3153b-36ae-4c18-bd8f-2d30db8a7c4b None None] Running txn n=1 command(idx=0): AddNetworkCommand(_result=None, network_uuid=89d1316f-9ed2-42f8-a28e-eda9ef498edb, may_exist=True, columns={'external_ids': {'neutron:network_name': 'shared', 'neutron:mtu': '1372', 'neutron:revision_number': '1', 'neutron:availability_zone_hints': '', 'neutron:provnet-network-type': 'geneve'}, 'other_config': {'mcast_snoop': 'false', 'mcast_flood_unregistered': 'false', 'vlan-passthru': 'false'}}) {{(pid=87766) do_commit /opt/stack/data/venv/lib/python3.12/site-packages/ovsdbapp/backend/ovs_idl/transaction.py:89}}
Aug 07 14:40:52.611698 np0000006716 devstack@neutron-api.service[87768]: DEBUG neutron.plugins.ml2.drivers.ovn.mech_driver.ovsdb.ovsdb_monitor [None req-46354212-488b-4725-aca7-271f23fb4aa4 None None] Hash Ring: Node f1a9f2ea6c4e503483b595e4cc7cc12e (host: np0000006716) handling event "create" for row 89d1316f-9ed2-42f8-a28e-eda9ef498edb (table: Logical_Switch) {{(pid=87768) notify /opt/stack/neutron/neutron/plugins/ml2/drivers/ovn/mech_driver/ovsdb/ovsdb_monitor.py:1099}}
Aug 07 14:40:52.613246 np0000006716 devstack@neutron-api.service[87767]: DEBUG neutron.plugins.ml2.drivers.ovn.mech_driver.ovsdb.ovsdb_monitor [None req-c967dc9b-b792-4fa3-8cbc-658332139a96 None None] Hash Ring: Node ded54ef9d407549fbd62fadc961a4bc9 (host: np0000006716) handling event "create" for row 82b0d15b-8228-432d-b709-5e90e6f12590 (table: Datapath_Binding) {{(pid=87767) notify /opt/stack/neutron/neutron/plugins/ml2/drivers/ovn/mech_driver/ovsdb/ovsdb_monitor.py:1099}}
Aug 07 14:40:52.630245 np0000006716 devstack@neutron-api.service[87766]: INFO neutron.db.ovn_revision_numbers_db [None req-4876e67e-7690-40ee-973f-8967a92c05e8 admin admin] Successfully bumped revision number for resource 89d1316f-9ed2-42f8-a28e-eda9ef498edb (type: networks) to 1
Aug 07 14:40:52.641954 np0000006716 devstack@neutron-api.service[87766]: DEBUG neutron_lib.callbacks.manager [None req-4876e67e-7690-40ee-973f-8967a92c05e8 admin admin] Publish callbacks ['neutron.plugins.ml2.plugin.SecurityGroupDbMixin._ensure_default_security_group_handler-4139559'] for port (None), before_create {{(pid=87766) _notify_loop /opt/stack/data/venv/lib/python3.12/site-packages/neutron_lib/callbacks/manager.py:184}}
Aug 07 14:40:52.705605 np0000006716 devstack@neutron-api.service[87766]: DEBUG neutron_lib.callbacks.manager [None req-4876e67e-7690-40ee-973f-8967a92c05e8 admin admin] Publish callbacks ['neutron.plugins.ml2.drivers.ovn.mech_driver.mech_driver.OVNMechanismDriver._validate_allowed_address_pairs-258226'] for allowed_address_pair (8f48c80d-708b-4734-bf72-d0549df782bf), before_create {{(pid=87766) _notify_loop /opt/stack/data/venv/lib/python3.12/site-packages/neutron_lib/callbacks/manager.py:184}}
Aug 07 14:40:52.706241 np0000006716 devstack@neutron-api.service[87766]: DEBUG neutron_lib.callbacks.manager [None req-4876e67e-7690-40ee-973f-8967a92c05e8 admin admin] Publish callbacks [] for port (8f48c80d-708b-4734-bf72-d0549df782bf), precommit_create {{(pid=87766) _notify_loop /opt/stack/data/venv/lib/python3.12/site-packages/neutron_lib/callbacks/manager.py:184}}
Aug 07 14:40:52.706390 np0000006716 devstack@neutron-api.service[87766]: DEBUG neutron.plugins.ml2.drivers.ovn.mech_driver.mech_driver [None req-4876e67e-7690-40ee-973f-8967a92c05e8 admin admin] No provisioning block for port 8f48c80d-708b-4734-bf72-d0549df782bf since it does not have a host {{(pid=87766) _is_port_provisioning_required /opt/stack/neutron/neutron/plugins/ml2/drivers/ovn/mech_driver/mech_driver.py:899}}
Aug 07 14:40:52.706500 np0000006716 devstack@neutron-api.service[87766]: DEBUG neutron.db.ovn_revision_numbers_db [None req-4876e67e-7690-40ee-973f-8967a92c05e8 admin admin] create_initial_revision uuid=8f48c80d-708b-4734-bf72-d0549df782bf, type=ports, rev=-1 {{(pid=87766) create_initial_revision /opt/stack/neutron/neutron/db/ovn_revision_numbers_db.py:98}}
Aug 07 14:40:52.734007 np0000006716 devstack@neutron-api.service[87766]: DEBUG neutron_lib.callbacks.manager [None req-4876e67e-7690-40ee-973f-8967a92c05e8 admin admin] Publish callbacks ['neutron.plugins.ml2.ovo_rpc._ObjectChangeHandler.handle_event-1819881'] for port (8f48c80d-708b-4734-bf72-d0549df782bf), after_create {{(pid=87766) _notify_loop /opt/stack/data/venv/lib/python3.12/site-packages/neutron_lib/callbacks/manager.py:184}}
Aug 07 14:40:52.762075 np0000006716 devstack@neutron-api.service[87766]: DEBUG neutron.api.rpc.handlers.resources_rpc [None req-4876e67e-7690-40ee-973f-8967a92c05e8 admin admin] Pushing event updated for resources: {'Port': ['ID=8f48c80d-708b-4734-bf72-d0549df782bf,revision_number=1']} {{(pid=87766) push /opt/stack/neutron/neutron/api/rpc/handlers/resources_rpc.py:237}}
Aug 07 14:40:52.767206 np0000006716 devstack@neutron-api.service[87766]: DEBUG neutron.plugins.ml2.drivers.ovn.mech_driver.ovsdb.commands [None req-4876e67e-7690-40ee-973f-8967a92c05e8 admin admin] Converting tag [] to a tag_request {{(pid=87766) _tag_column_to_tag_request /opt/stack/neutron/neutron/plugins/ml2/drivers/ovn/mech_driver/ovsdb/commands.py:227}}
Aug 07 14:40:52.767936 np0000006716 devstack@neutron-api.service[87766]: DEBUG ovsdbapp.backend.ovs_idl.transaction [None req-36d3153b-36ae-4c18-bd8f-2d30db8a7c4b None None] Running txn n=1 command(idx=0): AddLSwitchPortCommand(_result=None, lport=8f48c80d-708b-4734-bf72-d0549df782bf, lswitch=neutron-89d1316f-9ed2-42f8-a28e-eda9ef498edb, may_exist=True, network_uuid=89d1316f-9ed2-42f8-a28e-eda9ef498edb, columns={'addresses': ['fa:16:3e:e3:45:f1'], 'external_ids': {'neutron:port_name': '', 'neutron:device_id': 'ovnmeta-89d1316f-9ed2-42f8-a28e-eda9ef498edb', 'neutron:project_id': '85ff748435e04d568c64a0d96527487b', 'neutron:cidrs': '', 'neutron:device_owner': 'network:distributed', 'neutron:subnet_pool_addr_scope4': '', 'neutron:subnet_pool_addr_scope6': '', 'neutron:network_name': 'neutron-89d1316f-9ed2-42f8-a28e-eda9ef498edb', 'neutron:security_group_ids': '', 'neutron:revision_number': '1', 'neutron:vnic_type': 'normal', 'neutron:port_capabilities': '', 'neutron:mtu': '1372'}, 'parent_name': [], 'enabled': True, 'options': {}, 'type': 'localport', 'port_security': [], 'dhcpv4_options': [], 'dhcpv6_options': [], 'tag_request': []}) {{(pid=87766) do_commit /opt/stack/data/venv/lib/python3.12/site-packages/ovsdbapp/backend/ovs_idl/transaction.py:89}}
Aug 07 14:40:52.768440 np0000006716 devstack@neutron-api.service[87766]: DEBUG ovsdbapp.backend.ovs_idl.transaction [None req-36d3153b-36ae-4c18-bd8f-2d30db8a7c4b None None] Running txn n=1 command(idx=1): QoSDelCommand(_result=None, switch=neutron-89d1316f-9ed2-42f8-a28e-eda9ef498edb, conditions=[('direction', '=', 'to-lport'), ('priority', '=', 2002), ('match', '=', 'outport == "8f48c80d-708b-4734-bf72-d0549df782bf"')], if_exists=True) {{(pid=87766) do_commit /opt/stack/data/venv/lib/python3.12/site-packages/ovsdbapp/backend/ovs_idl/transaction.py:89}}
Aug 07 14:40:52.768619 np0000006716 devstack@neutron-api.service[87766]: DEBUG ovsdbapp.backend.ovs_idl.transaction [None req-36d3153b-36ae-4c18-bd8f-2d30db8a7c4b None None] Running txn n=1 command(idx=2): QoSDelCommand(_result=None, switch=neutron-89d1316f-9ed2-42f8-a28e-eda9ef498edb, conditions=[('direction', '=', 'from-lport'), ('priority', '=', 2002), ('match', '=', 'inport == "8f48c80d-708b-4734-bf72-d0549df782bf"')], if_exists=True) {{(pid=87766) do_commit /opt/stack/data/venv/lib/python3.12/site-packages/ovsdbapp/backend/ovs_idl/transaction.py:89}}
Aug 07 14:40:52.770864 np0000006716 devstack@neutron-api.service[87766]: DEBUG neutron.plugins.ml2.drivers.ovn.mech_driver.ovsdb.ovsdb_monitor [None req-36d3153b-36ae-4c18-bd8f-2d30db8a7c4b None None] Hash Ring: Node f4a3cc1e81075266a9d8342f2e364848 (host: np0000006716) handling event "create" for row 4686ead3-8df8-472d-a266-1d50d54def58 (table: Logical_Switch_Port) {{(pid=87766) notify /opt/stack/neutron/neutron/plugins/ml2/drivers/ovn/mech_driver/ovsdb/ovsdb_monitor.py:1099}}
Aug 07 14:40:52.771739 np0000006716 devstack@neutron-api.service[87766]: DEBUG ovsdbapp.backend.ovs_idl.event [None req-36d3153b-36ae-4c18-bd8f-2d30db8a7c4b None None] Matched CREATE: LogicalSwitchPortCreateEvent(events=('create',), table='Logical_Switch_Port', conditions=[], old_conditions=None), priority=20 to row=Logical_Switch_Port(uuid=4686ead3-8df8-472d-a266-1d50d54def58, addresses=['fa:16:3e:e3:45:f1'], dhcpv4_options=[], dhcpv6_options=[], dynamic_addresses=[], enabled=True, external_ids={'neutron:cidrs': '', 'neutron:device_id': 'ovnmeta-89d1316f-9ed2-42f8-a28e-eda9ef498edb', 'neutron:device_owner': 'network:distributed', 'neutron:mtu': '1372', 'neutron:network_name': 'neutron-89d1316f-9ed2-42f8-a28e-eda9ef498edb', 'neutron:port_capabilities': '', 'neutron:port_name': '', 'neutron:project_id': '85ff748435e04d568c64a0d96527487b', 'neutron:revision_number': '1', 'neutron:security_group_ids': '', 'neutron:subnet_pool_addr_scope4': '', 'neutron:subnet_pool_addr_scope6': '', 'neutron:vnic_type': 'normal'}, ha_chassis_group=[], mirror_rules=[], name='8f48c80d-708b-4734-bf72-d0549df782bf', options={}, parent_name=[], port_security=[], tag=[], tag_request=[], type='localport', up=[]) old= {{(pid=87766) matches /opt/stack/data/venv/lib/python3.12/site-packages/ovsdbapp/backend/ovs_idl/event.py:55}}
Aug 07 14:40:52.772497 np0000006716 devstack@neutron-api.service[87766]: INFO neutron.plugins.ml2.drivers.ovn.mech_driver.mech_driver [-] OVN reports status down for port: 8f48c80d-708b-4734-bf72-d0549df782bf
Aug 07 14:40:52.773348 np0000006716 devstack@neutron-api.service[87766]: DEBUG neutron.plugins.ml2.drivers.ovn.mech_driver.ovsdb.ovsdb_monitor [None req-36d3153b-36ae-4c18-bd8f-2d30db8a7c4b None None] Hash Ring: Node f4a3cc1e81075266a9d8342f2e364848 (host: np0000006716) handling event "update" for row 4686ead3-8df8-472d-a266-1d50d54def58 (table: Logical_Switch_Port) {{(pid=87766) notify /opt/stack/neutron/neutron/plugins/ml2/drivers/ovn/mech_driver/ovsdb/ovsdb_monitor.py:1099}}
Aug 07 14:40:52.774028 np0000006716 devstack@neutron-api.service[87768]: DEBUG neutron.plugins.ml2.drivers.ovn.mech_driver.ovsdb.ovsdb_monitor [None req-46354212-488b-4725-aca7-271f23fb4aa4 None None] Hash Ring: Node f1a9f2ea6c4e503483b595e4cc7cc12e (host: np0000006716) handling event "update" for row 89d1316f-9ed2-42f8-a28e-eda9ef498edb (table: Logical_Switch) {{(pid=87768) notify /opt/stack/neutron/neutron/plugins/ml2/drivers/ovn/mech_driver/ovsdb/ovsdb_monitor.py:1099}}
Aug 07 14:40:52.776279 np0000006716 devstack@neutron-api.service[87768]: DEBUG neutron.plugins.ml2.drivers.ovn.mech_driver.ovsdb.ovsdb_monitor [None req-b05d27cf-134c-46af-84b4-d495e817a457 None None] Hash Ring: Node f1a9f2ea6c4e503483b595e4cc7cc12e (host: np0000006716) handling event "create" for row 0b1efdfe-5ec6-4f51-8021-78ae3d6401eb (table: Port_Binding) {{(pid=87768) notify /opt/stack/neutron/neutron/plugins/ml2/drivers/ovn/mech_driver/ovsdb/ovsdb_monitor.py:1099}}
Aug 07 14:40:52.837297 np0000006716 devstack@neutron-api.service[87766]: INFO neutron.db.ovn_revision_numbers_db [None req-4876e67e-7690-40ee-973f-8967a92c05e8 admin admin] Successfully bumped revision number for resource 8f48c80d-708b-4734-bf72-d0549df782bf (type: ports) to 1
Aug 07 14:40:52.845502 np0000006716 devstack@neutron-api.service[87766]: DEBUG neutron.db.provisioning_blocks [None req-7f871670-e14d-4a67-aba3-e898f8a09d21 None None] Transition to ACTIVE for port object 8f48c80d-708b-4734-bf72-d0549df782bf will not be triggered until provisioned by entity L2. {{(pid=87766) add_provisioning_component /opt/stack/neutron/neutron/db/provisioning_blocks.py:74}}
Aug 07 14:40:52.848763 np0000006716 devstack@neutron-api.service[87766]: DEBUG neutron.pecan_wsgi.hooks.policy_enforcement [None req-4876e67e-7690-40ee-973f-8967a92c05e8 admin admin] Attributes excluded by policy engine: ['standard_attr_id'] {{(pid=87766) _exclude_attributes_by_policy /opt/stack/neutron/neutron/pecan_wsgi/hooks/policy_enforcement.py:259}}
Aug 07 14:40:52.849098 np0000006716 devstack@neutron-api.service[87766]: DEBUG neutron_lib.callbacks.manager [None req-4876e67e-7690-40ee-973f-8967a92c05e8 admin admin] Publish callbacks [] for network (None), before_response {{(pid=87766) _notify_loop /opt/stack/data/venv/lib/python3.12/site-packages/neutron_lib/callbacks/manager.py:184}}
Aug 07 14:40:52.872518 np0000006716 devstack@neutron-api.service[87766]: [pid: 87766|app: 0|req: 12/37] 10.4.3.239 () {68 vars in 1326 bytes} [Fri Aug 7 14:40:52 2026] POST /networking/v2.0/networks => generated 679 bytes in 413 msecs (HTTP/1.1 201) 4 headers in 162 bytes (1 switches on core 0)
Aug 07 14:40:52.889534 np0000006716 devstack@neutron-api.service[87766]: DEBUG neutron.plugins.ml2.plugin [None req-7f871670-e14d-4a67-aba3-e898f8a09d21 None None] Current status of the port 8f48c80d-708b-4734-bf72-d0549df782bf is: DOWN; New status is: DOWN {{(pid=87766) _update_individual_port_db_status /opt/stack/neutron/neutron/plugins/ml2/plugin.py:2473}}
Aug 07 14:40:52.890704 np0000006716 devstack@neutron-api.service[87766]: DEBUG ovsdbapp.backend.ovs_idl.transaction [None req-36d3153b-36ae-4c18-bd8f-2d30db8a7c4b None None] Running txn n=1 command(idx=0): DbRemoveCommand(_result=None, table=Logical_Switch_Port, record=8f48c80d-708b-4734-bf72-d0549df782bf, column=external_ids, values=('neutron:host_id',), keyvalues={}, if_exists=True) {{(pid=87766) do_commit /opt/stack/data/venv/lib/python3.12/site-packages/ovsdbapp/backend/ovs_idl/transaction.py:89}}
Aug 07 14:40:53.056477 np0000006716 devstack@neutron-api.service[87767]: INFO neutron.pecan_wsgi.hooks.translation [None req-0808d5c3-161f-431c-9035-f708891a01d2 admin admin] GET failed (client error): The resource could not be found.
Aug 07 14:40:53.057024 np0000006716 devstack@neutron-api.service[87767]: [pid: 87767|app: 0|req: 14/38] 10.4.3.239 () {64 vars in 1294 bytes} [Fri Aug 7 14:40:53 2026] GET /networking/v2.0/networks/shared => generated 108 bytes in 7 msecs (HTTP/1.1 404) 4 headers in 164 bytes (1 switches on core 0)
Aug 07 14:40:53.083877 np0000006716 devstack@neutron-api.service[87768]: DEBUG neutron.pecan_wsgi.hooks.policy_enforcement [None req-9078e0e4-9ceb-4ba4-85e1-5966c9f2d9c7 admin admin] Attributes excluded by policy engine: ['standard_attr_id'] {{(pid=87768) _exclude_attributes_by_policy /opt/stack/neutron/neutron/pecan_wsgi/hooks/policy_enforcement.py:259}}
Aug 07 14:40:53.084993 np0000006716 devstack@neutron-api.service[87768]: [pid: 87768|app: 0|req: 13/39] 10.4.3.239 () {64 vars in 1309 bytes} [Fri Aug 7 14:40:53 2026] GET /networking/v2.0/networks?name=shared => generated 663 bytes in 22 msecs (HTTP/1.1 200) 4 headers in 157 bytes (1 switches on core 0)
