Aug 16 15:53:34.827211 np0000007373 devstack@g-api.service[99911]: DEBUG glance.api.middleware.version_negotiation [None req-ce23b35a-00cd-4cb3-9bb6-57aa401abd5e tempest-TaggedBootDevicesTest-2018266848 tempest-TaggedBootDevicesTest-2018266848-project-member] Matched version: v2 {{(pid=99911) process_request /opt/stack/glance/glance/api/middleware/version_negotiation.py:69}}
Aug 16 15:53:34.827583 np0000007373 devstack@g-api.service[99911]: DEBUG glance.api.middleware.version_negotiation [None req-ce23b35a-00cd-4cb3-9bb6-57aa401abd5e tempest-TaggedBootDevicesTest-2018266848 tempest-TaggedBootDevicesTest-2018266848-project-member] new path /v2/images/798d1a7c-bdcb-4d89-b114-470998b9da0f {{(pid=99911) process_request /opt/stack/glance/glance/api/middleware/version_negotiation.py:70}}
Aug 16 15:53:34.856038 np0000007373 devstack@g-api.service[99911]: [pid: 99911|app: 0|req: 10/25] 127.0.0.1 () {44 vars in 1111 bytes} [Sun Aug 16 15:53:34 2026] GET /v2/images/798d1a7c-bdcb-4d89-b114-470998b9da0f => generated 1044 bytes in 31 msecs (HTTP/1.1 200) 4 headers in 158 bytes (1 switches on core 0)
Aug 16 15:53:34.872379 np0000007373 devstack@g-api.service[99910]: DEBUG glance.api.middleware.version_negotiation [None req-ce23b35a-00cd-4cb3-9bb6-57aa401abd5e tempest-TaggedBootDevicesTest-2018266848 tempest-TaggedBootDevicesTest-2018266848-project-member] Determining version of request: GET /v2/schemas/image Accept: */* {{(pid=99910) process_request /opt/stack/glance/glance/api/middleware/version_negotiation.py:44}}
Aug 16 15:53:34.872678 np0000007373 devstack@g-api.service[99910]: DEBUG glance.api.middleware.version_negotiation [None req-ce23b35a-00cd-4cb3-9bb6-57aa401abd5e tempest-TaggedBootDevicesTest-2018266848 tempest-TaggedBootDevicesTest-2018266848-project-member] Using url versioning {{(pid=99910) process_request /opt/stack/glance/glance/api/middleware/version_negotiation.py:57}}
Aug 16 15:53:34.872877 np0000007373 devstack@g-api.service[99910]: DEBUG glance.api.middleware.version_negotiation [None req-ce23b35a-00cd-4cb3-9bb6-57aa401abd5e tempest-TaggedBootDevicesTest-2018266848 tempest-TaggedBootDevicesTest-2018266848-project-member] Matched version: v2 {{(pid=99910) process_request /opt/stack/glance/glance/api/middleware/version_negotiation.py:69}}
Aug 16 15:53:34.873112 np0000007373 devstack@g-api.service[99910]: DEBUG glance.api.middleware.version_negotiation [None req-ce23b35a-00cd-4cb3-9bb6-57aa401abd5e tempest-TaggedBootDevicesTest-2018266848 tempest-TaggedBootDevicesTest-2018266848-project-member] new path /v2/schemas/image {{(pid=99910) process_request /opt/stack/glance/glance/api/middleware/version_negotiation.py:70}}
Aug 16 15:53:34.879103 np0000007373 devstack@g-api.service[99910]: [pid: 99910|app: 0|req: 9/26] 127.0.0.1 () {44 vars in 1051 bytes} [Sun Aug 16 15:53:34 2026] GET /v2/schemas/image => generated 6083 bytes in 7 msecs (HTTP/1.1 200) 4 headers in 158 bytes (1 switches on core 0)
Aug 16 15:53:34.894630 np0000007373 devstack@g-api.service[99911]: DEBUG glance.api.middleware.version_negotiation [None req-ce23b35a-00cd-4cb3-9bb6-57aa401abd5e tempest-TaggedBootDevicesTest-2018266848 tempest-TaggedBootDevicesTest-2018266848-project-member] Determining version of request: GET /v2/schemas/image Accept: */* {{(pid=99911) process_request /opt/stack/glance/glance/api/middleware/version_negotiation.py:44}}
Aug 16 15:53:34.894630 np0000007373 devstack@g-api.service[99911]: DEBUG glance.api.middleware.version_negotiation [None req-ce23b35a-00cd-4cb3-9bb6-57aa401abd5e tempest-TaggedBootDevicesTest-2018266848 tempest-TaggedBootDevicesTest-2018266848-project-member] Using url versioning {{(pid=99911) process_request /opt/stack/glance/glance/api/middleware/version_negotiation.py:57}}
Aug 16 15:53:34.894630 np0000007373 devstack@g-api.service[99911]: DEBUG glance.api.middleware.version_negotiation [None req-ce23b35a-00cd-4cb3-9bb6-57aa401abd5e tempest-TaggedBootDevicesTest-2018266848 tempest-TaggedBootDevicesTest-2018266848-project-member] Matched version: v2 {{(pid=99911) process_request /opt/stack/glance/glance/api/middleware/version_negotiation.py:69}}
Aug 16 15:53:34.894630 np0000007373 devstack@g-api.service[99911]: DEBUG glance.api.middleware.version_negotiation [None req-ce23b35a-00cd-4cb3-9bb6-57aa401abd5e tempest-TaggedBootDevicesTest-2018266848 tempest-TaggedBootDevicesTest-2018266848-project-member] new path /v2/schemas/image {{(pid=99911) process_request /opt/stack/glance/glance/api/middleware/version_negotiation.py:70}}
Aug 16 15:53:34.897362 np0000007373 devstack@g-api.service[99911]: [pid: 99911|app: 0|req: 11/27] 127.0.0.1 () {44 vars in 1051 bytes} [Sun Aug 16 15:53:34 2026] GET /v2/schemas/image => generated 6083 bytes in 5 msecs (HTTP/1.1 200) 4 headers in 158 bytes (1 switches on core 0)
Aug 16 15:53:34.932233 np0000007373 devstack@g-api.service[99910]: DEBUG glance.api.middleware.version_negotiation [None req-ce23b35a-00cd-4cb3-9bb6-57aa401abd5e tempest-TaggedBootDevicesTest-2018266848 tempest-TaggedBootDevicesTest-2018266848-project-member] Determining version of request: GET /v2/images/798d1a7c-bdcb-4d89-b114-470998b9da0f Accept: */* {{(pid=99910) process_request /opt/stack/glance/glance/api/middleware/version_negotiation.py:44}}
Aug 16 15:53:34.932602 np0000007373 devstack@g-api.service[99910]: DEBUG glance.api.middleware.version_negotiation [None req-ce23b35a-00cd-4cb3-9bb6-57aa401abd5e tempest-TaggedBootDevicesTest-2018266848 tempest-TaggedBootDevicesTest-2018266848-project-member] Using url versioning {{(pid=99910) process_request /opt/stack/glance/glance/api/middleware/version_negotiation.py:57}}
Aug 16 15:53:34.932961 np0000007373 devstack@g-api.service[99910]: DEBUG glance.api.middleware.version_negotiation [None req-ce23b35a-00cd-4cb3-9bb6-57aa401abd5e tempest-TaggedBootDevicesTest-2018266848 tempest-TaggedBootDevicesTest-2018266848-project-member] Matched version: v2 {{(pid=99910) process_request /opt/stack/glance/glance/api/middleware/version_negotiation.py:69}}
Aug 16 15:53:34.933092 np0000007373 devstack@g-api.service[99910]: DEBUG glance.api.middleware.version_negotiation [None req-ce23b35a-00cd-4cb3-9bb6-57aa401abd5e tempest-TaggedBootDevicesTest-2018266848 tempest-TaggedBootDevicesTest-2018266848-project-member] new path /v2/images/798d1a7c-bdcb-4d89-b114-470998b9da0f {{(pid=99910) process_request /opt/stack/glance/glance/api/middleware/version_negotiation.py:70}}
Aug 16 15:53:34.954057 np0000007373 devstack@g-api.service[99910]: [pid: 99910|app: 0|req: 10/28] 127.0.0.1 () {44 vars in 1111 bytes} [Sun Aug 16 15:53:34 2026] GET /v2/images/798d1a7c-bdcb-4d89-b114-470998b9da0f => generated 1044 bytes in 22 msecs (HTTP/1.1 200) 4 headers in 158 bytes (1 switches on core 0)
Aug 16 15:53:34.966387 np0000007373 devstack@g-api.service[99911]: DEBUG glance.api.middleware.version_negotiation [None req-ce23b35a-00cd-4cb3-9bb6-57aa401abd5e tempest-TaggedBootDevicesTest-2018266848 tempest-TaggedBootDevicesTest-2018266848-project-member] Determining version of request: GET /v2/schemas/image Accept: */* {{(pid=99911) process_request /opt/stack/glance/glance/api/middleware/version_negotiation.py:44}}
Aug 16 15:53:34.966496 np0000007373 devstack@g-api.service[99911]: DEBUG glance.api.middleware.version_negotiation [None req-ce23b35a-00cd-4cb3-9bb6-57aa401abd5e tempest-TaggedBootDevicesTest-2018266848 tempest-TaggedBootDevicesTest-2018266848-project-member] Using url versioning {{(pid=99911) process_request /opt/stack/glance/glance/api/middleware/version_negotiation.py:57}}
Aug 16 15:53:34.967497 np0000007373 devstack@g-api.service[99911]: DEBUG glance.api.middleware.version_negotiation [None req-ce23b35a-00cd-4cb3-9bb6-57aa401abd5e tempest-TaggedBootDevicesTest-2018266848 tempest-TaggedBootDevicesTest-2018266848-project-member] Matched version: v2 {{(pid=99911) process_request /opt/stack/glance/glance/api/middleware/version_negotiation.py:69}}
Aug 16 15:53:34.967497 np0000007373 devstack@g-api.service[99911]: DEBUG glance.api.middleware.version_negotiation [None req-ce23b35a-00cd-4cb3-9bb6-57aa401abd5e tempest-TaggedBootDevicesTest-2018266848 tempest-TaggedBootDevicesTest-2018266848-project-member] new path /v2/schemas/image {{(pid=99911) process_request /opt/stack/glance/glance/api/middleware/version_negotiation.py:70}}
Aug 16 15:53:34.970154 np0000007373 devstack@g-api.service[99911]: [pid: 99911|app: 0|req: 12/29] 127.0.0.1 () {44 vars in 1051 bytes} [Sun Aug 16 15:53:34 2026] GET /v2/schemas/image => generated 6083 bytes in 4 msecs (HTTP/1.1 200) 4 headers in 158 bytes (1 switches on core 0)
Aug 16 15:53:34.986395 np0000007373 devstack@g-api.service[99910]: DEBUG glance.api.middleware.version_negotiation [None req-ce23b35a-00cd-4cb3-9bb6-57aa401abd5e tempest-TaggedBootDevicesTest-2018266848 tempest-TaggedBootDevicesTest-2018266848-project-member] Determining version of request: GET /v2/schemas/image Accept: */* {{(pid=99910) process_request /opt/stack/glance/glance/api/middleware/version_negotiation.py:44}}
Aug 16 15:53:34.986731 np0000007373 devstack@g-api.service[99910]: DEBUG glance.api.middleware.version_negotiation [None req-ce23b35a-00cd-4cb3-9bb6-57aa401abd5e tempest-TaggedBootDevicesTest-2018266848 tempest-TaggedBootDevicesTest-2018266848-project-member] Using url versioning {{(pid=99910) process_request /opt/stack/glance/glance/api/middleware/version_negotiation.py:57}}
Aug 16 15:53:34.986950 np0000007373 devstack@g-api.service[99910]: DEBUG glance.api.middleware.version_negotiation [None req-ce23b35a-00cd-4cb3-9bb6-57aa401abd5e tempest-TaggedBootDevicesTest-2018266848 tempest-TaggedBootDevicesTest-2018266848-project-member] Matched version: v2 {{(pid=99910) process_request /opt/stack/glance/glance/api/middleware/version_negotiation.py:69}}
Aug 16 15:53:34.987833 np0000007373 devstack@g-api.service[99910]: DEBUG glance.api.middleware.version_negotiation [None req-ce23b35a-00cd-4cb3-9bb6-57aa401abd5e tempest-TaggedBootDevicesTest-2018266848 tempest-TaggedBootDevicesTest-2018266848-project-member] new path /v2/schemas/image {{(pid=99910) process_request /opt/stack/glance/glance/api/middleware/version_negotiation.py:70}}
Aug 16 15:53:34.995155 np0000007373 devstack@g-api.service[99910]: [pid: 99910|app: 0|req: 11/30] 127.0.0.1 () {44 vars in 1051 bytes} [Sun Aug 16 15:53:34 2026] GET /v2/schemas/image => generated 6083 bytes in 7 msecs (HTTP/1.1 200) 4 headers in 158 bytes (1 switches on core 0)
Aug 16 15:53:35.262834 np0000007373 devstack@g-api.service[99911]: DEBUG glance.api.middleware.version_negotiation [None req-ce23b35a-00cd-4cb3-9bb6-57aa401abd5e tempest-TaggedBootDevicesTest-2018266848 tempest-TaggedBootDevicesTest-2018266848-project-member] Determining version of request: GET / Accept: application/json {{(pid=99911) process_request /opt/stack/glance/glance/api/middleware/version_negotiation.py:44}}
Aug 16 15:53:35.263024 np0000007373 devstack@g-api.service[99911]: DEBUG glance.api.middleware.version_negotiation [None req-ce23b35a-00cd-4cb3-9bb6-57aa401abd5e tempest-TaggedBootDevicesTest-2018266848 tempest-TaggedBootDevicesTest-2018266848-project-member] Using url versioning {{(pid=99911) process_request /opt/stack/glance/glance/api/middleware/version_negotiation.py:57}}
Aug 16 15:53:35.263142 np0000007373 devstack@g-api.service[99911]: DEBUG glance.api.middleware.version_negotiation [None req-ce23b35a-00cd-4cb3-9bb6-57aa401abd5e tempest-TaggedBootDevicesTest-2018266848 tempest-TaggedBootDevicesTest-2018266848-project-member] Unknown version. Returning version choices. {{(pid=99911) process_request /opt/stack/glance/glance/api/middleware/version_negotiation.py:64}}
Aug 16 15:53:35.263919 np0000007373 devstack@g-api.service[99911]: [pid: 99911|app: 0|req: 13/31] 127.0.0.1 () {36 vars in 555 bytes} [Sun Aug 16 15:53:35 2026] GET / => generated 1501 bytes in 1 msecs (HTTP/1.1 300) 3 headers in 106 bytes (1 switches on core 0)
Aug 16 15:53:35.303110 np0000007373 devstack@g-api.service[99910]: DEBUG glance.api.middleware.version_negotiation [None req-ce23b35a-00cd-4cb3-9bb6-57aa401abd5e tempest-TaggedBootDevicesTest-2018266848 tempest-TaggedBootDevicesTest-2018266848-project-member] Determining version of request: GET /v2/images/798d1a7c-bdcb-4d89-b114-470998b9da0f Accept: */* {{(pid=99910) process_request /opt/stack/glance/glance/api/middleware/version_negotiation.py:44}}
Aug 16 15:53:35.303234 np0000007373 devstack@g-api.service[99910]: DEBUG glance.api.middleware.version_negotiation [None req-ce23b35a-00cd-4cb3-9bb6-57aa401abd5e tempest-TaggedBootDevicesTest-2018266848 tempest-TaggedBootDevicesTest-2018266848-project-member] Using url versioning {{(pid=99910) process_request /opt/stack/glance/glance/api/middleware/version_negotiation.py:57}}
Aug 16 15:53:35.303295 np0000007373 devstack@g-api.service[99910]: DEBUG glance.api.middleware.version_negotiation [None req-ce23b35a-00cd-4cb3-9bb6-57aa401abd5e tempest-TaggedBootDevicesTest-2018266848 tempest-TaggedBootDevicesTest-2018266848-project-member] Matched version: v2 {{(pid=99910) process_request /opt/stack/glance/glance/api/middleware/version_negotiation.py:69}}
Aug 16 15:53:35.303656 np0000007373 devstack@g-api.service[99910]: DEBUG glance.api.middleware.version_negotiation [None req-ce23b35a-00cd-4cb3-9bb6-57aa401abd5e tempest-TaggedBootDevicesTest-2018266848 tempest-TaggedBootDevicesTest-2018266848-project-member] new path /v2/images/798d1a7c-bdcb-4d89-b114-470998b9da0f {{(pid=99910) process_request /opt/stack/glance/glance/api/middleware/version_negotiation.py:70}}
Aug 16 15:53:35.314254 np0000007373 devstack@g-api.service[99910]: [pid: 99910|app: 0|req: 12/32] 127.0.0.1 () {44 vars in 1111 bytes} [Sun Aug 16 15:53:35 2026] GET /v2/images/798d1a7c-bdcb-4d89-b114-470998b9da0f => generated 1044 bytes in 11 msecs (HTTP/1.1 200) 4 headers in 158 bytes (1 switches on core 0)
Aug 16 15:53:35.355078 np0000007373 devstack@g-api.service[99911]: DEBUG glance.api.middleware.version_negotiation [None req-ce23b35a-00cd-4cb3-9bb6-57aa401abd5e tempest-TaggedBootDevicesTest-2018266848 tempest-TaggedBootDevicesTest-2018266848-project-member] Determining version of request: GET /v2/schemas/image Accept: */* {{(pid=99911) process_request /opt/stack/glance/glance/api/middleware/version_negotiation.py:44}}
Aug 16 15:53:35.355267 np0000007373 devstack@g-api.service[99911]: DEBUG glance.api.middleware.version_negotiation [None req-ce23b35a-00cd-4cb3-9bb6-57aa401abd5e tempest-TaggedBootDevicesTest-2018266848 tempest-TaggedBootDevicesTest-2018266848-project-member] Using url versioning {{(pid=99911) process_request /opt/stack/glance/glance/api/middleware/version_negotiation.py:57}}
Aug 16 15:53:35.356072 np0000007373 devstack@g-api.service[99911]: DEBUG glance.api.middleware.version_negotiation [None req-ce23b35a-00cd-4cb3-9bb6-57aa401abd5e tempest-TaggedBootDevicesTest-2018266848 tempest-TaggedBootDevicesTest-2018266848-project-member] Matched version: v2 {{(pid=99911) process_request /opt/stack/glance/glance/api/middleware/version_negotiation.py:69}}
Aug 16 15:53:35.356072 np0000007373 devstack@g-api.service[99911]: DEBUG glance.api.middleware.version_negotiation [None req-ce23b35a-00cd-4cb3-9bb6-57aa401abd5e tempest-TaggedBootDevicesTest-2018266848 tempest-TaggedBootDevicesTest-2018266848-project-member] new path /v2/schemas/image {{(pid=99911) process_request /opt/stack/glance/glance/api/middleware/version_negotiation.py:70}}
Aug 16 15:53:35.357815 np0000007373 devstack@g-api.service[99911]: [pid: 99911|app: 0|req: 14/33] 127.0.0.1 () {44 vars in 1051 bytes} [Sun Aug 16 15:53:35 2026] GET /v2/schemas/image => generated 6083 bytes in 3 msecs (HTTP/1.1 200) 4 headers in 158 bytes (1 switches on core 0)
Aug 16 15:53:35.416588 np0000007373 devstack@g-api.service[99909]: INFO glance.api.v2.image_data [None req-630d615c-1150-4ed1-9986-7a851c2f8028 tempest-AttachSCSIVolumeTestJSON-572509795 tempest-AttachSCSIVolumeTestJSON-572509795-project-admin] Unable to create trust: no such option collect_timing in group [keystone_authtoken] Use the existing user token.
Aug 16 15:53:35.776636 np0000007373 devstack@g-api.service[99910]: DEBUG glance.api.middleware.version_negotiation [None req-1d64ef1d-2b31-45a8-a1fa-0e55f8faa33e tempest-AttachVolumeTestJSON-502666946 tempest-AttachVolumeTestJSON-502666946-project-member] Determining version of request: GET /versions Accept: */* {{(pid=99910) process_request /opt/stack/glance/glance/api/middleware/version_negotiation.py:44}}
Aug 16 15:53:35.777578 np0000007373 devstack@g-api.service[99910]: [pid: 99910|app: 0|req: 13/34] 127.0.0.1 () {44 vars in 1035 bytes} [Sun Aug 16 15:53:35 2026] GET /versions => generated 1501 bytes in 1 msecs (HTTP/1.1 200) 3 headers in 92 bytes (1 switches on core 0)
Aug 16 15:53:35.786910 np0000007373 devstack@g-api.service[99911]: DEBUG glance.api.middleware.version_negotiation [None req-1d64ef1d-2b31-45a8-a1fa-0e55f8faa33e tempest-AttachVolumeTestJSON-502666946 tempest-AttachVolumeTestJSON-502666946-project-member] Determining version of request: GET /v2/images/798d1a7c-bdcb-4d89-b114-470998b9da0f/locations Accept: */* {{(pid=99911) process_request /opt/stack/glance/glance/api/middleware/version_negotiation.py:44}}
Aug 16 15:53:35.787809 np0000007373 devstack@g-api.service[99911]: DEBUG glance.api.middleware.version_negotiation [None req-1d64ef1d-2b31-45a8-a1fa-0e55f8faa33e tempest-AttachVolumeTestJSON-502666946 tempest-AttachVolumeTestJSON-502666946-project-member] Using url versioning {{(pid=99911) process_request /opt/stack/glance/glance/api/middleware/version_negotiation.py:57}}
Aug 16 15:53:35.787809 np0000007373 devstack@g-api.service[99911]: DEBUG glance.api.middleware.version_negotiation [None req-1d64ef1d-2b31-45a8-a1fa-0e55f8faa33e tempest-AttachVolumeTestJSON-502666946 tempest-AttachVolumeTestJSON-502666946-project-member] Matched version: v2 {{(pid=99911) process_request /opt/stack/glance/glance/api/middleware/version_negotiation.py:69}}
Aug 16 15:53:35.787809 np0000007373 devstack@g-api.service[99911]: DEBUG glance.api.middleware.version_negotiation [None req-1d64ef1d-2b31-45a8-a1fa-0e55f8faa33e tempest-AttachVolumeTestJSON-502666946 tempest-AttachVolumeTestJSON-502666946-project-member] new path /v2/images/798d1a7c-bdcb-4d89-b114-470998b9da0f/locations {{(pid=99911) process_request /opt/stack/glance/glance/api/middleware/version_negotiation.py:70}}
Aug 16 15:53:36.160058 np0000007373 devstack@g-api.service[99909]: DEBUG glance.location [None req-630d615c-1150-4ed1-9986-7a851c2f8028 tempest-AttachSCSIVolumeTestJSON-572509795 tempest-AttachSCSIVolumeTestJSON-572509795-project-admin] Enabling in-flight format inspection for qcow2 {{(pid=99909) set_data /opt/stack/glance/glance/location.py:596}}
Aug 16 15:53:36.160559 np0000007373 devstack@g-api.service[99909]: DEBUG glance_store.backend [None req-630d615c-1150-4ed1-9986-7a851c2f8028 tempest-AttachSCSIVolumeTestJSON-572509795 tempest-AttachSCSIVolumeTestJSON-572509795-project-admin] Attempting to import store swift {{(pid=99909) _load_store /opt/stack/data/venv/lib/python3.12/site-packages/glance_store/backend.py:215}}
Aug 16 15:53:36.161885 np0000007373 devstack@g-api.service[99909]: DEBUG glance_store.capabilities [None req-630d615c-1150-4ed1-9986-7a851c2f8028 tempest-AttachSCSIVolumeTestJSON-572509795 tempest-AttachSCSIVolumeTestJSON-572509795-project-admin] Store glance_store._drivers.swift.store.SingleTenantStore doesn't support updating dynamic storage capabilities. Please overwrite 'update_capabilities' method of the store to implement updating logics if needed. {{(pid=99909) update_capabilities /opt/stack/data/venv/lib/python3.12/site-packages/glance_store/capabilities.py:91}}
Aug 16 15:53:36.162051 np0000007373 devstack@g-api.service[99909]: DEBUG glance_store.driver [None req-630d615c-1150-4ed1-9986-7a851c2f8028 tempest-AttachSCSIVolumeTestJSON-572509795 tempest-AttachSCSIVolumeTestJSON-572509795-project-admin] Late loading location class glance_store._drivers.swift.store.StoreLocation {{(pid=99909) get_store_location_class /opt/stack/data/venv/lib/python3.12/site-packages/glance_store/driver.py:134}}
Aug 16 15:53:36.162051 np0000007373 devstack@g-api.service[99909]: DEBUG glance_store.location [None req-630d615c-1150-4ed1-9986-7a851c2f8028 tempest-AttachSCSIVolumeTestJSON-572509795 tempest-AttachSCSIVolumeTestJSON-572509795-project-admin] Registering scheme swift+https with {'store': , 'location_class': , 'store_entry': 'swift'} {{(pid=99909) register_scheme_map /opt/stack/data/venv/lib/python3.12/site-packages/glance_store/location.py:146}}
Aug 16 15:53:36.162195 np0000007373 devstack@g-api.service[99909]: DEBUG glance_store.location [None req-630d615c-1150-4ed1-9986-7a851c2f8028 tempest-AttachSCSIVolumeTestJSON-572509795 tempest-AttachSCSIVolumeTestJSON-572509795-project-admin] Registering scheme swift+https with {'store': , 'location_class': , 'store_entry': 'swift'} {{(pid=99909) register_scheme_map /opt/stack/data/venv/lib/python3.12/site-packages/glance_store/location.py:146}}
Aug 16 15:53:36.162195 np0000007373 devstack@g-api.service[99909]: DEBUG glance_store.location [None req-630d615c-1150-4ed1-9986-7a851c2f8028 tempest-AttachSCSIVolumeTestJSON-572509795 tempest-AttachSCSIVolumeTestJSON-572509795-project-admin] Registering scheme swift with {'store': , 'location_class': , 'store_entry': 'swift'} {{(pid=99909) register_scheme_map /opt/stack/data/venv/lib/python3.12/site-packages/glance_store/location.py:146}}
Aug 16 15:53:36.162344 np0000007373 devstack@g-api.service[99909]: DEBUG glance_store.location [None req-630d615c-1150-4ed1-9986-7a851c2f8028 tempest-AttachSCSIVolumeTestJSON-572509795 tempest-AttachSCSIVolumeTestJSON-572509795-project-admin] Registering scheme swift+https with {'store': , 'location_class': , 'store_entry': 'swift'} {{(pid=99909) register_scheme_map /opt/stack/data/venv/lib/python3.12/site-packages/glance_store/location.py:146}}
Aug 16 15:53:36.162344 np0000007373 devstack@g-api.service[99909]: DEBUG glance_store.location [None req-630d615c-1150-4ed1-9986-7a851c2f8028 tempest-AttachSCSIVolumeTestJSON-572509795 tempest-AttachSCSIVolumeTestJSON-572509795-project-admin] Registering scheme swift with {'store': , 'location_class': , 'store_entry': 'swift'} {{(pid=99909) register_scheme_map /opt/stack/data/venv/lib/python3.12/site-packages/glance_store/location.py:146}}
Aug 16 15:53:36.162474 np0000007373 devstack@g-api.service[99909]: DEBUG glance_store.location [None req-630d615c-1150-4ed1-9986-7a851c2f8028 tempest-AttachSCSIVolumeTestJSON-572509795 tempest-AttachSCSIVolumeTestJSON-572509795-project-admin] Registering scheme swift+http with {'store': , 'location_class': , 'store_entry': 'swift'} {{(pid=99909) register_scheme_map /opt/stack/data/venv/lib/python3.12/site-packages/glance_store/location.py:146}}
Aug 16 15:53:36.162618 np0000007373 devstack@g-api.service[99909]: DEBUG glance_store.location [None req-630d615c-1150-4ed1-9986-7a851c2f8028 tempest-AttachSCSIVolumeTestJSON-572509795 tempest-AttachSCSIVolumeTestJSON-572509795-project-admin] Registering scheme swift+https with {'store': , 'location_class': , 'store_entry': 'swift'} {{(pid=99909) register_scheme_map /opt/stack/data/venv/lib/python3.12/site-packages/glance_store/location.py:146}}
Aug 16 15:53:36.162755 np0000007373 devstack@g-api.service[99909]: DEBUG glance_store.location [None req-630d615c-1150-4ed1-9986-7a851c2f8028 tempest-AttachSCSIVolumeTestJSON-572509795 tempest-AttachSCSIVolumeTestJSON-572509795-project-admin] Registering scheme swift with {'store': , 'location_class': , 'store_entry': 'swift'} {{(pid=99909) register_scheme_map /opt/stack/data/venv/lib/python3.12/site-packages/glance_store/location.py:146}}
Aug 16 15:53:36.162896 np0000007373 devstack@g-api.service[99909]: DEBUG glance_store.location [None req-630d615c-1150-4ed1-9986-7a851c2f8028 tempest-AttachSCSIVolumeTestJSON-572509795 tempest-AttachSCSIVolumeTestJSON-572509795-project-admin] Registering scheme swift+http with {'store': , 'location_class': , 'store_entry': 'swift'} {{(pid=99909) register_scheme_map /opt/stack/data/venv/lib/python3.12/site-packages/glance_store/location.py:146}}
Aug 16 15:53:36.163016 np0000007373 devstack@g-api.service[99909]: DEBUG glance_store.location [None req-630d615c-1150-4ed1-9986-7a851c2f8028 tempest-AttachSCSIVolumeTestJSON-572509795 tempest-AttachSCSIVolumeTestJSON-572509795-project-admin] Registering scheme swift+config with {'store': , 'location_class': , 'store_entry': 'swift'} {{(pid=99909) register_scheme_map /opt/stack/data/venv/lib/python3.12/site-packages/glance_store/location.py:146}}
Aug 16 15:53:36.365483 np0000007373 devstack@g-api.service[99911]: [pid: 99911|app: 0|req: 15/35] 127.0.0.1 () {44 vars in 1131 bytes} [Sun Aug 16 15:53:35 2026] GET /v2/images/798d1a7c-bdcb-4d89-b114-470998b9da0f/locations => generated 92 bytes in 579 msecs (HTTP/1.1 200) 4 headers in 156 bytes (1 switches on core 0)
Aug 16 15:53:36.376983 np0000007373 devstack@g-api.service[99910]: DEBUG glance.api.middleware.version_negotiation [None req-1d64ef1d-2b31-45a8-a1fa-0e55f8faa33e tempest-AttachVolumeTestJSON-502666946 tempest-AttachVolumeTestJSON-502666946-project-member] Determining version of request: GET /v2/images/798d1a7c-bdcb-4d89-b114-470998b9da0f Accept: */* {{(pid=99910) process_request /opt/stack/glance/glance/api/middleware/version_negotiation.py:44}}
Aug 16 15:53:36.377242 np0000007373 devstack@g-api.service[99910]: DEBUG glance.api.middleware.version_negotiation [None req-1d64ef1d-2b31-45a8-a1fa-0e55f8faa33e tempest-AttachVolumeTestJSON-502666946 tempest-AttachVolumeTestJSON-502666946-project-member] Using url versioning {{(pid=99910) process_request /opt/stack/glance/glance/api/middleware/version_negotiation.py:57}}
Aug 16 15:53:36.377453 np0000007373 devstack@g-api.service[99910]: DEBUG glance.api.middleware.version_negotiation [None req-1d64ef1d-2b31-45a8-a1fa-0e55f8faa33e tempest-AttachVolumeTestJSON-502666946 tempest-AttachVolumeTestJSON-502666946-project-member] Matched version: v2 {{(pid=99910) process_request /opt/stack/glance/glance/api/middleware/version_negotiation.py:69}}
Aug 16 15:53:36.377613 np0000007373 devstack@g-api.service[99910]: DEBUG glance.api.middleware.version_negotiation [None req-1d64ef1d-2b31-45a8-a1fa-0e55f8faa33e tempest-AttachVolumeTestJSON-502666946 tempest-AttachVolumeTestJSON-502666946-project-member] new path /v2/images/798d1a7c-bdcb-4d89-b114-470998b9da0f {{(pid=99910) process_request /opt/stack/glance/glance/api/middleware/version_negotiation.py:70}}
Aug 16 15:53:36.393261 np0000007373 devstack@g-api.service[99910]: [pid: 99910|app: 0|req: 14/36] 127.0.0.1 () {44 vars in 1111 bytes} [Sun Aug 16 15:53:36 2026] GET /v2/images/798d1a7c-bdcb-4d89-b114-470998b9da0f => generated 1044 bytes in 16 msecs (HTTP/1.1 200) 4 headers in 158 bytes (1 switches on core 0)
Aug 16 15:53:36.408249 np0000007373 devstack@g-api.service[99911]: DEBUG glance.api.middleware.version_negotiation [None req-ce23b35a-00cd-4cb3-9bb6-57aa401abd5e service glance] Determining version of request: GET /v2/schemas/image Accept: */* {{(pid=99911) process_request /opt/stack/glance/glance/api/middleware/version_negotiation.py:44}}
Aug 16 15:53:36.408249 np0000007373 devstack@g-api.service[99911]: DEBUG glance.api.middleware.version_negotiation [None req-ce23b35a-00cd-4cb3-9bb6-57aa401abd5e service glance] Using url versioning {{(pid=99911) process_request /opt/stack/glance/glance/api/middleware/version_negotiation.py:57}}
Aug 16 15:53:36.408249 np0000007373 devstack@g-api.service[99911]: DEBUG glance.api.middleware.version_negotiation [None req-ce23b35a-00cd-4cb3-9bb6-57aa401abd5e service glance] Matched version: v2 {{(pid=99911) process_request /opt/stack/glance/glance/api/middleware/version_negotiation.py:69}}
Aug 16 15:53:36.408249 np0000007373 devstack@g-api.service[99911]: DEBUG glance.api.middleware.version_negotiation [None req-ce23b35a-00cd-4cb3-9bb6-57aa401abd5e service glance] new path /v2/schemas/image {{(pid=99911) process_request /opt/stack/glance/glance/api/middleware/version_negotiation.py:70}}
Aug 16 15:53:36.412158 np0000007373 devstack@g-api.service[99911]: [pid: 99911|app: 0|req: 16/37] 127.0.0.1 () {44 vars in 1051 bytes} [Sun Aug 16 15:53:36 2026] GET /v2/schemas/image => generated 6083 bytes in 5 msecs (HTTP/1.1 200) 4 headers in 158 bytes (1 switches on core 0)
Aug 16 15:53:36.422964 np0000007373 devstack@g-api.service[99910]: DEBUG glance.api.middleware.version_negotiation [None req-ce23b35a-00cd-4cb3-9bb6-57aa401abd5e tempest-TaggedBootDevicesTest-2018266848 tempest-TaggedBootDevicesTest-2018266848-project-member] Determining version of request: GET /v2/schemas/image Accept: */* {{(pid=99910) process_request /opt/stack/glance/glance/api/middleware/version_negotiation.py:44}}
Aug 16 15:53:36.423483 np0000007373 devstack@g-api.service[99910]: DEBUG glance.api.middleware.version_negotiation [None req-ce23b35a-00cd-4cb3-9bb6-57aa401abd5e tempest-TaggedBootDevicesTest-2018266848 tempest-TaggedBootDevicesTest-2018266848-project-member] Using url versioning {{(pid=99910) process_request /opt/stack/glance/glance/api/middleware/version_negotiation.py:57}}
Aug 16 15:53:36.423919 np0000007373 devstack@g-api.service[99910]: DEBUG glance.api.middleware.version_negotiation [None req-ce23b35a-00cd-4cb3-9bb6-57aa401abd5e tempest-TaggedBootDevicesTest-2018266848 tempest-TaggedBootDevicesTest-2018266848-project-member] Matched version: v2 {{(pid=99910) process_request /opt/stack/glance/glance/api/middleware/version_negotiation.py:69}}
Aug 16 15:53:36.423919 np0000007373 devstack@g-api.service[99910]: DEBUG glance.api.middleware.version_negotiation [None req-ce23b35a-00cd-4cb3-9bb6-57aa401abd5e tempest-TaggedBootDevicesTest-2018266848 tempest-TaggedBootDevicesTest-2018266848-project-member] new path /v2/schemas/image {{(pid=99910) process_request /opt/stack/glance/glance/api/middleware/version_negotiation.py:70}}
Aug 16 15:53:36.427496 np0000007373 devstack@g-api.service[99910]: [pid: 99910|app: 0|req: 15/38] 127.0.0.1 () {44 vars in 1051 bytes} [Sun Aug 16 15:53:36 2026] GET /v2/schemas/image => generated 6083 bytes in 5 msecs (HTTP/1.1 200) 4 headers in 158 bytes (1 switches on core 0)
Aug 16 15:53:36.465093 np0000007373 devstack@g-api.service[99911]: DEBUG glance.api.middleware.version_negotiation [None req-ce23b35a-00cd-4cb3-9bb6-57aa401abd5e tempest-TaggedBootDevicesTest-2018266848 tempest-TaggedBootDevicesTest-2018266848-project-member] Determining version of request: GET /v2/images/798d1a7c-bdcb-4d89-b114-470998b9da0f Accept: */* {{(pid=99911) process_request /opt/stack/glance/glance/api/middleware/version_negotiation.py:44}}
Aug 16 15:53:36.465337 np0000007373 devstack@g-api.service[99911]: DEBUG glance.api.middleware.version_negotiation [None req-ce23b35a-00cd-4cb3-9bb6-57aa401abd5e tempest-TaggedBootDevicesTest-2018266848 tempest-TaggedBootDevicesTest-2018266848-project-member] Using url versioning {{(pid=99911) process_request /opt/stack/glance/glance/api/middleware/version_negotiation.py:57}}
Aug 16 15:53:36.465578 np0000007373 devstack@g-api.service[99911]: DEBUG glance.api.middleware.version_negotiation [None req-ce23b35a-00cd-4cb3-9bb6-57aa401abd5e tempest-TaggedBootDevicesTest-2018266848 tempest-TaggedBootDevicesTest-2018266848-project-member] Matched version: v2 {{(pid=99911) process_request /opt/stack/glance/glance/api/middleware/version_negotiation.py:69}}
Aug 16 15:53:36.465736 np0000007373 devstack@g-api.service[99911]: DEBUG glance.api.middleware.version_negotiation [None req-ce23b35a-00cd-4cb3-9bb6-57aa401abd5e tempest-TaggedBootDevicesTest-2018266848 tempest-TaggedBootDevicesTest-2018266848-project-member] new path /v2/images/798d1a7c-bdcb-4d89-b114-470998b9da0f {{(pid=99911) process_request /opt/stack/glance/glance/api/middleware/version_negotiation.py:70}}
Aug 16 15:53:36.489028 np0000007373 devstack@g-api.service[99911]: [pid: 99911|app: 0|req: 17/39] 127.0.0.1 () {44 vars in 1111 bytes} [Sun Aug 16 15:53:36 2026] GET /v2/images/798d1a7c-bdcb-4d89-b114-470998b9da0f => generated 1044 bytes in 24 msecs (HTTP/1.1 200) 4 headers in 158 bytes (1 switches on core 0)
Aug 16 15:53:36.500588 np0000007373 devstack@g-api.service[99910]: DEBUG glance.api.middleware.version_negotiation [None req-ce23b35a-00cd-4cb3-9bb6-57aa401abd5e tempest-TaggedBootDevicesTest-2018266848 tempest-TaggedBootDevicesTest-2018266848-project-member] Determining version of request: GET /v2/images/798d1a7c-bdcb-4d89-b114-470998b9da0f/file Accept: */* {{(pid=99910) process_request /opt/stack/glance/glance/api/middleware/version_negotiation.py:44}}
Aug 16 15:53:36.501262 np0000007373 devstack@g-api.service[99910]: DEBUG glance.api.middleware.version_negotiation [None req-ce23b35a-00cd-4cb3-9bb6-57aa401abd5e tempest-TaggedBootDevicesTest-2018266848 tempest-TaggedBootDevicesTest-2018266848-project-member] Using url versioning {{(pid=99910) process_request /opt/stack/glance/glance/api/middleware/version_negotiation.py:57}}
Aug 16 15:53:36.501500 np0000007373 devstack@g-api.service[99910]: DEBUG glance.api.middleware.version_negotiation [None req-ce23b35a-00cd-4cb3-9bb6-57aa401abd5e tempest-TaggedBootDevicesTest-2018266848 tempest-TaggedBootDevicesTest-2018266848-project-member] Matched version: v2 {{(pid=99910) process_request /opt/stack/glance/glance/api/middleware/version_negotiation.py:69}}
Aug 16 15:53:36.501687 np0000007373 devstack@g-api.service[99910]: DEBUG glance.api.middleware.version_negotiation [None req-ce23b35a-00cd-4cb3-9bb6-57aa401abd5e tempest-TaggedBootDevicesTest-2018266848 tempest-TaggedBootDevicesTest-2018266848-project-member] new path /v2/images/798d1a7c-bdcb-4d89-b114-470998b9da0f/file {{(pid=99910) process_request /opt/stack/glance/glance/api/middleware/version_negotiation.py:70}}
Aug 16 15:53:36.519371 np0000007373 devstack@g-api.service[99910]: DEBUG glance.api.middleware.cache [None req-ce23b35a-00cd-4cb3-9bb6-57aa401abd5e tempest-TaggedBootDevicesTest-2018266848 tempest-TaggedBootDevicesTest-2018266848-project-member] Cache hit for image '798d1a7c-bdcb-4d89-b114-470998b9da0f' {{(pid=99910) process_request /opt/stack/glance/glance/api/middleware/cache.py:160}}
Aug 16 15:53:36.609955 np0000007373 devstack@g-api.service[99910]: [pid: 99910|app: 0|req: 16/40] 127.0.0.1 () {44 vars in 1121 bytes} [Sun Aug 16 15:53:36 2026] GET /v2/images/798d1a7c-bdcb-4d89-b114-470998b9da0f/file => generated 21692416 bytes in 109 msecs (HTTP/1.1 200) 5 headers in 217 bytes (340 switches on core 0)
Aug 16 15:53:36.756200 np0000007373 devstack@g-api.service[99909]: DEBUG swiftclient [None req-630d615c-1150-4ed1-9986-7a851c2f8028 tempest-AttachSCSIVolumeTestJSON-572509795 tempest-AttachSCSIVolumeTestJSON-572509795-project-admin] REQ: curl -i https://10.4.3.43:8080/v1/AUTH_9c8766d93a9046f9812a2ccbfa1773b7/glance -I -H "X-Auth-Token: gAAAAABqgd0A4k_8..." {{(pid=99909) http_log /opt/stack/data/venv/lib/python3.12/site-packages/swiftclient/client.py:160}}
Aug 16 15:53:36.756200 np0000007373 devstack@g-api.service[99909]: DEBUG swiftclient [None req-630d615c-1150-4ed1-9986-7a851c2f8028 tempest-AttachSCSIVolumeTestJSON-572509795 tempest-AttachSCSIVolumeTestJSON-572509795-project-admin] RESP STATUS: 204 No Content {{(pid=99909) http_log /opt/stack/data/venv/lib/python3.12/site-packages/swiftclient/client.py:161}}
Aug 16 15:53:36.756687 np0000007373 devstack@g-api.service[99909]: DEBUG swiftclient [None req-630d615c-1150-4ed1-9986-7a851c2f8028 tempest-AttachSCSIVolumeTestJSON-572509795 tempest-AttachSCSIVolumeTestJSON-572509795-project-admin] RESP HEADERS: {'Date': 'Sun, 16 Aug 2026 15:53:36 GMT', 'Server': 'Apache/2.4.58 (Ubuntu)', 'Content-Type': 'text/plain; charset=utf-8', 'X-Container-Object-Count': '3', 'X-Container-Bytes-Used': '64356352', 'X-Timestamp': '1786895486.51779', 'Last-Modified': 'Sun, 16 Aug 2026 15:51:27 GMT', 'Accept-Ranges': 'bytes', 'X-Storage-Policy': 'Policy-0', 'X-Container-Sharding': 'False', 'Vary': 'Accept', 'X-Trans-Id': 'txd10d94d752054c259352b-006a81dd00', 'X-Openstack-Request-Id': 'txd10d94d752054c259352b-006a81dd00', 'Connection': 'close'} {{(pid=99909) http_log /opt/stack/data/venv/lib/python3.12/site-packages/swiftclient/client.py:162}}
Aug 16 15:53:36.756772 np0000007373 devstack@g-api.service[99909]: DEBUG glance_store._drivers.swift.store [None req-630d615c-1150-4ed1-9986-7a851c2f8028 tempest-AttachSCSIVolumeTestJSON-572509795 tempest-AttachSCSIVolumeTestJSON-572509795-project-admin] Adding image object 'ec6d046d-6e96-47e9-b8ca-f20fd5d9de06' to Swift {{(pid=99909) add /opt/stack/data/venv/lib/python3.12/site-packages/glance_store/_drivers/swift/store.py:970}}
Aug 16 15:53:36.756833 np0000007373 devstack@g-api.service[99909]: DEBUG glance_store._drivers.swift.store [None req-630d615c-1150-4ed1-9986-7a851c2f8028 tempest-AttachSCSIVolumeTestJSON-572509795 tempest-AttachSCSIVolumeTestJSON-572509795-project-admin] Cannot determine image size because it is either not provided in the request or chunked-transfer encoding is used. Adding image as a segmented object to Swift. {{(pid=99909) add /opt/stack/data/venv/lib/python3.12/site-packages/glance_store/_drivers/swift/store.py:994}}
Aug 16 15:53:36.765708 np0000007373 devstack@g-api.service[99911]: DEBUG glance.api.middleware.version_negotiation [None req-ce23b35a-00cd-4cb3-9bb6-57aa401abd5e tempest-TaggedBootDevicesTest-2018266848 tempest-TaggedBootDevicesTest-2018266848-project-member] Determining version of request: GET /v2/images/798d1a7c-bdcb-4d89-b114-470998b9da0f Accept: */* {{(pid=99911) process_request /opt/stack/glance/glance/api/middleware/version_negotiation.py:44}}
Aug 16 15:53:36.765917 np0000007373 devstack@g-api.service[99911]: DEBUG glance.api.middleware.version_negotiation [None req-ce23b35a-00cd-4cb3-9bb6-57aa401abd5e tempest-TaggedBootDevicesTest-2018266848 tempest-TaggedBootDevicesTest-2018266848-project-member] Using url versioning {{(pid=99911) process_request /opt/stack/glance/glance/api/middleware/version_negotiation.py:57}}
Aug 16 15:53:36.766101 np0000007373 devstack@g-api.service[99911]: DEBUG glance.api.middleware.version_negotiation [None req-ce23b35a-00cd-4cb3-9bb6-57aa401abd5e tempest-TaggedBootDevicesTest-2018266848 tempest-TaggedBootDevicesTest-2018266848-project-member] Matched version: v2 {{(pid=99911) process_request /opt/stack/glance/glance/api/middleware/version_negotiation.py:69}}
Aug 16 15:53:36.766251 np0000007373 devstack@g-api.service[99911]: DEBUG glance.api.middleware.version_negotiation [None req-ce23b35a-00cd-4cb3-9bb6-57aa401abd5e tempest-TaggedBootDevicesTest-2018266848 tempest-TaggedBootDevicesTest-2018266848-project-member] new path /v2/images/798d1a7c-bdcb-4d89-b114-470998b9da0f {{(pid=99911) process_request /opt/stack/glance/glance/api/middleware/version_negotiation.py:70}}
Aug 16 15:53:36.770457 np0000007373 devstack@g-api.service[99909]: DEBUG oslo_utils.imageutils.format_inspector [None req-630d615c-1150-4ed1-9986-7a851c2f8028 tempest-AttachSCSIVolumeTestJSON-572509795 tempest-AttachSCSIVolumeTestJSON-572509795-project-admin] Format inspector for vmdk does not match, excluding from consideration (Signature KDMV not found: b'QFI\xfb') {{(pid=99909) _process_chunk /opt/stack/data/venv/lib/python3.12/site-packages/oslo_utils/imageutils/format_inspector.py:1758}}
Aug 16 15:53:36.774152 np0000007373 devstack@g-api.service[99909]: DEBUG oslo_utils.imageutils.format_inspector [None req-630d615c-1150-4ed1-9986-7a851c2f8028 tempest-AttachSCSIVolumeTestJSON-572509795 tempest-AttachSCSIVolumeTestJSON-572509795-project-admin] Format inspector for vhdx does not match, excluding from consideration (Region signature not found at 30000) {{(pid=99909) _process_chunk /opt/stack/data/venv/lib/python3.12/site-packages/oslo_utils/imageutils/format_inspector.py:1758}}
Aug 16 15:53:36.784631 np0000007373 devstack@g-api.service[99911]: [pid: 99911|app: 0|req: 18/41] 127.0.0.1 () {44 vars in 1111 bytes} [Sun Aug 16 15:53:36 2026] GET /v2/images/798d1a7c-bdcb-4d89-b114-470998b9da0f => generated 1044 bytes in 19 msecs (HTTP/1.1 200) 4 headers in 158 bytes (1 switches on core 0)
Aug 16 15:53:36.793823 np0000007373 devstack@g-api.service[99910]: DEBUG glance.api.middleware.version_negotiation [None req-ce23b35a-00cd-4cb3-9bb6-57aa401abd5e tempest-TaggedBootDevicesTest-2018266848 tempest-TaggedBootDevicesTest-2018266848-project-member] Determining version of request: GET /v2/schemas/image Accept: */* {{(pid=99910) process_request /opt/stack/glance/glance/api/middleware/version_negotiation.py:44}}
Aug 16 15:53:36.796088 np0000007373 devstack@g-api.service[99910]: DEBUG glance.api.middleware.version_negotiation [None req-ce23b35a-00cd-4cb3-9bb6-57aa401abd5e tempest-TaggedBootDevicesTest-2018266848 tempest-TaggedBootDevicesTest-2018266848-project-member] Using url versioning {{(pid=99910) process_request /opt/stack/glance/glance/api/middleware/version_negotiation.py:57}}
Aug 16 15:53:36.796444 np0000007373 devstack@g-api.service[99910]: DEBUG glance.api.middleware.version_negotiation [None req-ce23b35a-00cd-4cb3-9bb6-57aa401abd5e tempest-TaggedBootDevicesTest-2018266848 tempest-TaggedBootDevicesTest-2018266848-project-member] Matched version: v2 {{(pid=99910) process_request /opt/stack/glance/glance/api/middleware/version_negotiation.py:69}}
Aug 16 15:53:36.796962 np0000007373 devstack@g-api.service[99910]: DEBUG glance.api.middleware.version_negotiation [None req-ce23b35a-00cd-4cb3-9bb6-57aa401abd5e tempest-TaggedBootDevicesTest-2018266848 tempest-TaggedBootDevicesTest-2018266848-project-member] new path /v2/schemas/image {{(pid=99910) process_request /opt/stack/glance/glance/api/middleware/version_negotiation.py:70}}
Aug 16 15:53:36.800807 np0000007373 devstack@g-api.service[99910]: [pid: 99910|app: 0|req: 17/42] 127.0.0.1 () {44 vars in 1051 bytes} [Sun Aug 16 15:53:36 2026] GET /v2/schemas/image => generated 6083 bytes in 7 msecs (HTTP/1.1 200) 4 headers in 158 bytes (1 switches on core 0)
Aug 16 15:53:37.056912 np0000007373 devstack@g-api.service[99909]: DEBUG swiftclient [None req-630d615c-1150-4ed1-9986-7a851c2f8028 tempest-AttachSCSIVolumeTestJSON-572509795 tempest-AttachSCSIVolumeTestJSON-572509795-project-admin] REQ: curl -i https://10.4.3.43:8080/v1/AUTH_9c8766d93a9046f9812a2ccbfa1773b7/glance/ec6d046d-6e96-47e9-b8ca-f20fd5d9de06-00001 -X PUT -H "X-Auth-Token: gAAAAABqgd0A4k_8..." {{(pid=99909) http_log /opt/stack/data/venv/lib/python3.12/site-packages/swiftclient/client.py:160}}
Aug 16 15:53:37.057072 np0000007373 devstack@g-api.service[99909]: DEBUG swiftclient [None req-630d615c-1150-4ed1-9986-7a851c2f8028 tempest-AttachSCSIVolumeTestJSON-572509795 tempest-AttachSCSIVolumeTestJSON-572509795-project-admin] RESP STATUS: 201 Created {{(pid=99909) http_log /opt/stack/data/venv/lib/python3.12/site-packages/swiftclient/client.py:161}}
Aug 16 15:53:37.059873 np0000007373 devstack@g-api.service[99909]: DEBUG swiftclient [None req-630d615c-1150-4ed1-9986-7a851c2f8028 tempest-AttachSCSIVolumeTestJSON-572509795 tempest-AttachSCSIVolumeTestJSON-572509795-project-admin] RESP HEADERS: {'Date': 'Sun, 16 Aug 2026 15:53:37 GMT', 'Server': 'Apache/2.4.58 (Ubuntu)', 'Content-Type': 'text/html; charset=UTF-8', 'Content-Length': '0', 'Etag': '87617e24a5e30cb3b87fda8c0764838f', 'Last-Modified': 'Sun, 16 Aug 2026 15:53:37 GMT', 'X-Trans-Id': 'tx7f40a5fb5e134752b91ec-006a81dd00', 'X-Openstack-Request-Id': 'tx7f40a5fb5e134752b91ec-006a81dd00', 'Connection': 'close'} {{(pid=99909) http_log /opt/stack/data/venv/lib/python3.12/site-packages/swiftclient/client.py:162}}
Aug 16 15:53:37.059873 np0000007373 devstack@g-api.service[99909]: DEBUG glance_store._drivers.swift.store [None req-630d615c-1150-4ed1-9986-7a851c2f8028 tempest-AttachSCSIVolumeTestJSON-572509795 tempest-AttachSCSIVolumeTestJSON-572509795-project-admin] Wrote chunk ec6d046d-6e96-47e9-b8ca-f20fd5d9de06-00001 (1/?) of length 21692416 to Swift returning MD5 of content: 87617e24a5e30cb3b87fda8c0764838f {{(pid=99909) add /opt/stack/data/venv/lib/python3.12/site-packages/glance_store/_drivers/swift/store.py:1059}}
Aug 16 15:53:37.059873 np0000007373 devstack@g-api.service[99909]: DEBUG glance_store._drivers.swift.store [None req-630d615c-1150-4ed1-9986-7a851c2f8028 tempest-AttachSCSIVolumeTestJSON-572509795 tempest-AttachSCSIVolumeTestJSON-572509795-project-admin] Not writing zero-length chunk. {{(pid=99909) add /opt/stack/data/venv/lib/python3.12/site-packages/glance_store/_drivers/swift/store.py:1028}}
Aug 16 15:53:37.089944 np0000007373 devstack@g-api.service[99909]: DEBUG swiftclient [None req-630d615c-1150-4ed1-9986-7a851c2f8028 tempest-AttachSCSIVolumeTestJSON-572509795 tempest-AttachSCSIVolumeTestJSON-572509795-project-admin] REQ: curl -i https://10.4.3.43:8080/v1/AUTH_9c8766d93a9046f9812a2ccbfa1773b7/glance/ec6d046d-6e96-47e9-b8ca-f20fd5d9de06 -X PUT -H "X-Object-Manifest: glance/ec6d046d-6e96-47e9-b8ca-f20fd5d9de06-" -H "X-Auth-Token: gAAAAABqgd0A4k_8..." -H "Content-Length: 0" {{(pid=99909) http_log /opt/stack/data/venv/lib/python3.12/site-packages/swiftclient/client.py:160}}
Aug 16 15:53:37.090323 np0000007373 devstack@g-api.service[99909]: DEBUG swiftclient [None req-630d615c-1150-4ed1-9986-7a851c2f8028 tempest-AttachSCSIVolumeTestJSON-572509795 tempest-AttachSCSIVolumeTestJSON-572509795-project-admin] RESP STATUS: 201 Created {{(pid=99909) http_log /opt/stack/data/venv/lib/python3.12/site-packages/swiftclient/client.py:161}}
Aug 16 15:53:37.090656 np0000007373 devstack@g-api.service[99909]: DEBUG swiftclient [None req-630d615c-1150-4ed1-9986-7a851c2f8028 tempest-AttachSCSIVolumeTestJSON-572509795 tempest-AttachSCSIVolumeTestJSON-572509795-project-admin] RESP HEADERS: {'Date': 'Sun, 16 Aug 2026 15:53:37 GMT', 'Server': 'Apache/2.4.58 (Ubuntu)', 'Content-Type': 'text/html; charset=UTF-8', 'Content-Length': '0', 'Etag': 'd41d8cd98f00b204e9800998ecf8427e', 'Last-Modified': 'Sun, 16 Aug 2026 15:53:38 GMT', 'X-Trans-Id': 'tx4eaf52dd224342fb82932-006a81dd01', 'X-Openstack-Request-Id': 'tx4eaf52dd224342fb82932-006a81dd01', 'Connection': 'close'} {{(pid=99909) http_log /opt/stack/data/venv/lib/python3.12/site-packages/swiftclient/client.py:162}}
Aug 16 15:53:37.091268 np0000007373 devstack@g-api.service[99909]: INFO glance.location [None req-630d615c-1150-4ed1-9986-7a851c2f8028 tempest-AttachSCSIVolumeTestJSON-572509795 tempest-AttachSCSIVolumeTestJSON-572509795-project-admin] Image format matched and virtual size computed: 117440512
Aug 16 15:53:37.091674 np0000007373 devstack@g-api.service[99911]: DEBUG glance.api.middleware.version_negotiation [None req-ce23b35a-00cd-4cb3-9bb6-57aa401abd5e tempest-TaggedBootDevicesTest-2018266848 tempest-TaggedBootDevicesTest-2018266848-project-member] Determining version of request: GET /v2/images/798d1a7c-bdcb-4d89-b114-470998b9da0f Accept: */* {{(pid=99911) process_request /opt/stack/glance/glance/api/middleware/version_negotiation.py:44}}
Aug 16 15:53:37.092034 np0000007373 devstack@g-api.service[99911]: DEBUG glance.api.middleware.version_negotiation [None req-ce23b35a-00cd-4cb3-9bb6-57aa401abd5e tempest-TaggedBootDevicesTest-2018266848 tempest-TaggedBootDevicesTest-2018266848-project-member] Using url versioning {{(pid=99911) process_request /opt/stack/glance/glance/api/middleware/version_negotiation.py:57}}
Aug 16 15:53:37.092070 np0000007373 devstack@g-api.service[99911]: DEBUG glance.api.middleware.version_negotiation [None req-ce23b35a-00cd-4cb3-9bb6-57aa401abd5e tempest-TaggedBootDevicesTest-2018266848 tempest-TaggedBootDevicesTest-2018266848-project-member] Matched version: v2 {{(pid=99911) process_request /opt/stack/glance/glance/api/middleware/version_negotiation.py:69}}
Aug 16 15:53:37.092231 np0000007373 devstack@g-api.service[99911]: DEBUG glance.api.middleware.version_negotiation [None req-ce23b35a-00cd-4cb3-9bb6-57aa401abd5e tempest-TaggedBootDevicesTest-2018266848 tempest-TaggedBootDevicesTest-2018266848-project-member] new path /v2/images/798d1a7c-bdcb-4d89-b114-470998b9da0f {{(pid=99911) process_request /opt/stack/glance/glance/api/middleware/version_negotiation.py:70}}
Aug 16 15:53:37.130363 np0000007373 devstack@g-api.service[99909]: DEBUG glance_store.backend [None req-630d615c-1150-4ed1-9986-7a851c2f8028 tempest-AttachSCSIVolumeTestJSON-572509795 tempest-AttachSCSIVolumeTestJSON-572509795-project-admin] Attempting to import store swift {{(pid=99909) _load_store /opt/stack/data/venv/lib/python3.12/site-packages/glance_store/backend.py:215}}
Aug 16 15:53:37.132609 np0000007373 devstack@g-api.service[99909]: DEBUG glance_store.capabilities [None req-630d615c-1150-4ed1-9986-7a851c2f8028 tempest-AttachSCSIVolumeTestJSON-572509795 tempest-AttachSCSIVolumeTestJSON-572509795-project-admin] Store glance_store._drivers.swift.store.SingleTenantStore doesn't support updating dynamic storage capabilities. Please overwrite 'update_capabilities' method of the store to implement updating logics if needed. {{(pid=99909) update_capabilities /opt/stack/data/venv/lib/python3.12/site-packages/glance_store/capabilities.py:91}}
Aug 16 15:53:37.132755 np0000007373 devstack@g-api.service[99909]: DEBUG glance_store.driver [None req-630d615c-1150-4ed1-9986-7a851c2f8028 tempest-AttachSCSIVolumeTestJSON-572509795 tempest-AttachSCSIVolumeTestJSON-572509795-project-admin] Late loading location class glance_store._drivers.swift.store.StoreLocation {{(pid=99909) get_store_location_class /opt/stack/data/venv/lib/python3.12/site-packages/glance_store/driver.py:134}}
Aug 16 15:53:37.132905 np0000007373 devstack@g-api.service[99909]: DEBUG glance_store.location [None req-630d615c-1150-4ed1-9986-7a851c2f8028 tempest-AttachSCSIVolumeTestJSON-572509795 tempest-AttachSCSIVolumeTestJSON-572509795-project-admin] Registering scheme swift+https with {'store': , 'location_class': , 'store_entry': 'swift'} {{(pid=99909) register_scheme_map /opt/stack/data/venv/lib/python3.12/site-packages/glance_store/location.py:146}}
