Aug 16 15:50:58.690606 np0000007373 nova-scheduler[93616]: DEBUG cotyledon.oslo_config_glue [-] oslo_messaging_rabbit.rabbit_quorum_max_memory_length = 0 {{(pid=93616) log_opt_values /opt/stack/data/venv/lib/python3.12/site-packages/oslo_config/cfg.py:3560}}
Aug 16 15:50:58.690606 np0000007373 nova-scheduler[93616]: DEBUG cotyledon.oslo_config_glue [-] oslo_messaging_rabbit.rabbit_quorum_queue = False {{(pid=93616) log_opt_values /opt/stack/data/venv/lib/python3.12/site-packages/oslo_config/cfg.py:3560}}
Aug 16 15:50:58.690606 np0000007373 nova-scheduler[93616]: DEBUG cotyledon.oslo_config_glue [-] oslo_messaging_rabbit.rabbit_retry_backoff = 2 {{(pid=93616) log_opt_values /opt/stack/data/venv/lib/python3.12/site-packages/oslo_config/cfg.py:3560}}
Aug 16 15:50:58.690606 np0000007373 nova-scheduler[93616]: DEBUG cotyledon.oslo_config_glue [-] oslo_messaging_rabbit.rabbit_retry_interval = 1 {{(pid=93616) log_opt_values /opt/stack/data/venv/lib/python3.12/site-packages/oslo_config/cfg.py:3560}}
Aug 16 15:50:58.690606 np0000007373 nova-scheduler[93616]: DEBUG cotyledon.oslo_config_glue [-] oslo_messaging_rabbit.rabbit_stream_fanout = False {{(pid=93616) log_opt_values /opt/stack/data/venv/lib/python3.12/site-packages/oslo_config/cfg.py:3560}}
Aug 16 15:50:58.690606 np0000007373 nova-scheduler[93616]: DEBUG cotyledon.oslo_config_glue [-] oslo_messaging_rabbit.rabbit_transient_queues_ttl = 1800 {{(pid=93616) log_opt_values /opt/stack/data/venv/lib/python3.12/site-packages/oslo_config/cfg.py:3560}}
Aug 16 15:50:58.690606 np0000007373 nova-scheduler[93616]: DEBUG cotyledon.oslo_config_glue [-] oslo_messaging_rabbit.rabbit_transient_quorum_queue = False {{(pid=93616) log_opt_values /opt/stack/data/venv/lib/python3.12/site-packages/oslo_config/cfg.py:3560}}
Aug 16 15:50:58.690795 np0000007373 nova-scheduler[93616]: DEBUG cotyledon.oslo_config_glue [-] oslo_messaging_rabbit.rpc_conn_pool_size = 30 {{(pid=93616) log_opt_values /opt/stack/data/venv/lib/python3.12/site-packages/oslo_config/cfg.py:3560}}
Aug 16 15:50:58.690795 np0000007373 nova-scheduler[93616]: DEBUG cotyledon.oslo_config_glue [-] oslo_messaging_rabbit.ssl = False {{(pid=93616) log_opt_values /opt/stack/data/venv/lib/python3.12/site-packages/oslo_config/cfg.py:3560}}
Aug 16 15:50:58.690795 np0000007373 nova-scheduler[93616]: DEBUG cotyledon.oslo_config_glue [-] oslo_messaging_rabbit.ssl_ca_file = {{(pid=93616) log_opt_values /opt/stack/data/venv/lib/python3.12/site-packages/oslo_config/cfg.py:3560}}
Aug 16 15:50:58.690795 np0000007373 nova-scheduler[93616]: DEBUG cotyledon.oslo_config_glue [-] oslo_messaging_rabbit.ssl_cert_file = {{(pid=93616) log_opt_values /opt/stack/data/venv/lib/python3.12/site-packages/oslo_config/cfg.py:3560}}
Aug 16 15:50:58.690795 np0000007373 nova-scheduler[93616]: DEBUG cotyledon.oslo_config_glue [-] oslo_messaging_rabbit.ssl_enforce_fips_mode = False {{(pid=93616) log_opt_values /opt/stack/data/venv/lib/python3.12/site-packages/oslo_config/cfg.py:3560}}
Aug 16 15:50:58.690795 np0000007373 nova-scheduler[93616]: DEBUG cotyledon.oslo_config_glue [-] oslo_messaging_rabbit.ssl_enforce_hostname_verification = True {{(pid=93616) log_opt_values /opt/stack/data/venv/lib/python3.12/site-packages/oslo_config/cfg.py:3560}}
Aug 16 15:50:58.690795 np0000007373 nova-scheduler[93616]: DEBUG cotyledon.oslo_config_glue [-] oslo_messaging_rabbit.ssl_key_file = {{(pid=93616) log_opt_values /opt/stack/data/venv/lib/python3.12/site-packages/oslo_config/cfg.py:3560}}
Aug 16 15:50:58.690795 np0000007373 nova-scheduler[93616]: DEBUG cotyledon.oslo_config_glue [-] oslo_messaging_rabbit.ssl_version = {{(pid=93616) log_opt_values /opt/stack/data/venv/lib/python3.12/site-packages/oslo_config/cfg.py:3560}}
Aug 16 15:50:58.690795 np0000007373 nova-scheduler[93616]: DEBUG cotyledon.oslo_config_glue [-] oslo_messaging_rabbit.use_queue_manager = False {{(pid=93616) log_opt_values /opt/stack/data/venv/lib/python3.12/site-packages/oslo_config/cfg.py:3560}}
Aug 16 15:50:58.691033 np0000007373 nova-scheduler[93616]: DEBUG cotyledon.oslo_config_glue [-] oslo_messaging_notifications.driver = ['messagingv2'] {{(pid=93616) log_opt_values /opt/stack/data/venv/lib/python3.12/site-packages/oslo_config/cfg.py:3560}}
Aug 16 15:50:58.691033 np0000007373 nova-scheduler[93616]: DEBUG cotyledon.oslo_config_glue [-] oslo_messaging_notifications.retry = -1 {{(pid=93616) log_opt_values /opt/stack/data/venv/lib/python3.12/site-packages/oslo_config/cfg.py:3560}}
Aug 16 15:50:58.691033 np0000007373 nova-scheduler[93616]: DEBUG cotyledon.oslo_config_glue [-] oslo_messaging_notifications.topics = ['notifications'] {{(pid=93616) log_opt_values /opt/stack/data/venv/lib/python3.12/site-packages/oslo_config/cfg.py:3560}}
Aug 16 15:50:58.691033 np0000007373 nova-scheduler[93616]: DEBUG cotyledon.oslo_config_glue [-] oslo_messaging_notifications.transport_url = **** {{(pid=93616) log_opt_values /opt/stack/data/venv/lib/python3.12/site-packages/oslo_config/cfg.py:3560}}
Aug 16 15:50:58.691033 np0000007373 nova-scheduler[93616]: DEBUG cotyledon.oslo_config_glue [-] oslo_limit.auth_section = None {{(pid=93616) log_opt_values /opt/stack/data/venv/lib/python3.12/site-packages/oslo_config/cfg.py:3560}}
Aug 16 15:50:58.691033 np0000007373 nova-scheduler[93616]: DEBUG cotyledon.oslo_config_glue [-] oslo_limit.auth_type = None {{(pid=93616) log_opt_values /opt/stack/data/venv/lib/python3.12/site-packages/oslo_config/cfg.py:3560}}
Aug 16 15:50:58.691033 np0000007373 nova-scheduler[93616]: DEBUG cotyledon.oslo_config_glue [-] oslo_limit.cafile = None {{(pid=93616) log_opt_values /opt/stack/data/venv/lib/python3.12/site-packages/oslo_config/cfg.py:3560}}
Aug 16 15:50:58.691033 np0000007373 nova-scheduler[93616]: DEBUG cotyledon.oslo_config_glue [-] oslo_limit.certfile = None {{(pid=93616) log_opt_values /opt/stack/data/venv/lib/python3.12/site-packages/oslo_config/cfg.py:3560}}
Aug 16 15:50:58.691033 np0000007373 nova-scheduler[93616]: DEBUG cotyledon.oslo_config_glue [-] oslo_limit.collect_timing = False {{(pid=93616) log_opt_values /opt/stack/data/venv/lib/python3.12/site-packages/oslo_config/cfg.py:3560}}
Aug 16 15:50:58.691246 np0000007373 nova-scheduler[93616]: DEBUG cotyledon.oslo_config_glue [-] oslo_limit.connect_retries = None {{(pid=93616) log_opt_values /opt/stack/data/venv/lib/python3.12/site-packages/oslo_config/cfg.py:3560}}
Aug 16 15:50:58.691246 np0000007373 nova-scheduler[93616]: DEBUG cotyledon.oslo_config_glue [-] oslo_limit.connect_retry_delay = None {{(pid=93616) log_opt_values /opt/stack/data/venv/lib/python3.12/site-packages/oslo_config/cfg.py:3560}}
Aug 16 15:50:58.691246 np0000007373 nova-scheduler[93616]: DEBUG cotyledon.oslo_config_glue [-] oslo_limit.endpoint_id = None {{(pid=93616) log_opt_values /opt/stack/data/venv/lib/python3.12/site-packages/oslo_config/cfg.py:3560}}
Aug 16 15:50:58.691246 np0000007373 nova-scheduler[93616]: DEBUG cotyledon.oslo_config_glue [-] oslo_limit.endpoint_interface = public {{(pid=93616) log_opt_values /opt/stack/data/venv/lib/python3.12/site-packages/oslo_config/cfg.py:3560}}
Aug 16 15:50:58.691246 np0000007373 nova-scheduler[93616]: DEBUG cotyledon.oslo_config_glue [-] oslo_limit.endpoint_override = None {{(pid=93616) log_opt_values /opt/stack/data/venv/lib/python3.12/site-packages/oslo_config/cfg.py:3560}}
Aug 16 15:50:58.691246 np0000007373 nova-scheduler[93616]: DEBUG cotyledon.oslo_config_glue [-] oslo_limit.endpoint_region_name = None {{(pid=93616) log_opt_values /opt/stack/data/venv/lib/python3.12/site-packages/oslo_config/cfg.py:3560}}
Aug 16 15:50:58.691246 np0000007373 nova-scheduler[93616]: DEBUG cotyledon.oslo_config_glue [-] oslo_limit.endpoint_service_name = None {{(pid=93616) log_opt_values /opt/stack/data/venv/lib/python3.12/site-packages/oslo_config/cfg.py:3560}}
Aug 16 15:50:58.691246 np0000007373 nova-scheduler[93616]: DEBUG cotyledon.oslo_config_glue [-] oslo_limit.endpoint_service_type = None {{(pid=93616) log_opt_values /opt/stack/data/venv/lib/python3.12/site-packages/oslo_config/cfg.py:3560}}
Aug 16 15:50:58.691246 np0000007373 nova-scheduler[93616]: DEBUG cotyledon.oslo_config_glue [-] oslo_limit.insecure = False {{(pid=93616) log_opt_values /opt/stack/data/venv/lib/python3.12/site-packages/oslo_config/cfg.py:3560}}
Aug 16 15:50:58.691426 np0000007373 nova-scheduler[93616]: DEBUG cotyledon.oslo_config_glue [-] oslo_limit.keyfile = None {{(pid=93616) log_opt_values /opt/stack/data/venv/lib/python3.12/site-packages/oslo_config/cfg.py:3560}}
Aug 16 15:50:58.691426 np0000007373 nova-scheduler[93616]: DEBUG cotyledon.oslo_config_glue [-] oslo_limit.max_version = None {{(pid=93616) log_opt_values /opt/stack/data/venv/lib/python3.12/site-packages/oslo_config/cfg.py:3560}}
Aug 16 15:50:58.691426 np0000007373 nova-scheduler[93616]: DEBUG cotyledon.oslo_config_glue [-] oslo_limit.min_version = None {{(pid=93616) log_opt_values /opt/stack/data/venv/lib/python3.12/site-packages/oslo_config/cfg.py:3560}}
Aug 16 15:50:58.691426 np0000007373 nova-scheduler[93616]: DEBUG cotyledon.oslo_config_glue [-] oslo_limit.region_name = None {{(pid=93616) log_opt_values /opt/stack/data/venv/lib/python3.12/site-packages/oslo_config/cfg.py:3560}}
Aug 16 15:50:58.691426 np0000007373 nova-scheduler[93616]: DEBUG cotyledon.oslo_config_glue [-] oslo_limit.retriable_status_codes = None {{(pid=93616) log_opt_values /opt/stack/data/venv/lib/python3.12/site-packages/oslo_config/cfg.py:3560}}
Aug 16 15:50:58.691426 np0000007373 nova-scheduler[93616]: DEBUG cotyledon.oslo_config_glue [-] oslo_limit.service_name = None {{(pid=93616) log_opt_values /opt/stack/data/venv/lib/python3.12/site-packages/oslo_config/cfg.py:3560}}
Aug 16 15:50:58.691426 np0000007373 nova-scheduler[93616]: DEBUG cotyledon.oslo_config_glue [-] oslo_limit.service_type = None {{(pid=93616) log_opt_values /opt/stack/data/venv/lib/python3.12/site-packages/oslo_config/cfg.py:3560}}
Aug 16 15:50:58.691426 np0000007373 nova-scheduler[93616]: DEBUG cotyledon.oslo_config_glue [-] oslo_limit.split_loggers = False {{(pid=93616) log_opt_values /opt/stack/data/venv/lib/python3.12/site-packages/oslo_config/cfg.py:3560}}
Aug 16 15:50:58.691426 np0000007373 nova-scheduler[93616]: DEBUG cotyledon.oslo_config_glue [-] oslo_limit.status_code_retries = None {{(pid=93616) log_opt_values /opt/stack/data/venv/lib/python3.12/site-packages/oslo_config/cfg.py:3560}}
Aug 16 15:50:58.691599 np0000007373 nova-scheduler[93616]: DEBUG cotyledon.oslo_config_glue [-] oslo_limit.status_code_retry_delay = None {{(pid=93616) log_opt_values /opt/stack/data/venv/lib/python3.12/site-packages/oslo_config/cfg.py:3560}}
Aug 16 15:50:58.691599 np0000007373 nova-scheduler[93616]: DEBUG cotyledon.oslo_config_glue [-] oslo_limit.timeout = None {{(pid=93616) log_opt_values /opt/stack/data/venv/lib/python3.12/site-packages/oslo_config/cfg.py:3560}}
Aug 16 15:50:58.691599 np0000007373 nova-scheduler[93616]: DEBUG cotyledon.oslo_config_glue [-] oslo_limit.valid_interfaces = None {{(pid=93616) log_opt_values /opt/stack/data/venv/lib/python3.12/site-packages/oslo_config/cfg.py:3560}}
Aug 16 15:50:58.691599 np0000007373 nova-scheduler[93616]: DEBUG cotyledon.oslo_config_glue [-] oslo_limit.version = None {{(pid=93616) log_opt_values /opt/stack/data/venv/lib/python3.12/site-packages/oslo_config/cfg.py:3560}}
Aug 16 15:50:58.691599 np0000007373 nova-scheduler[93616]: DEBUG cotyledon.oslo_config_glue [-] oslo_reports.file_event_handler = None {{(pid=93616) log_opt_values /opt/stack/data/venv/lib/python3.12/site-packages/oslo_config/cfg.py:3560}}
Aug 16 15:50:58.691599 np0000007373 nova-scheduler[93616]: DEBUG cotyledon.oslo_config_glue [-] oslo_reports.file_event_handler_interval = 1 {{(pid=93616) log_opt_values /opt/stack/data/venv/lib/python3.12/site-packages/oslo_config/cfg.py:3560}}
Aug 16 15:50:58.691599 np0000007373 nova-scheduler[93616]: DEBUG cotyledon.oslo_config_glue [-] oslo_reports.log_dir = None {{(pid=93616) log_opt_values /opt/stack/data/venv/lib/python3.12/site-packages/oslo_config/cfg.py:3560}}
Aug 16 15:50:58.691599 np0000007373 nova-scheduler[93616]: DEBUG cotyledon.oslo_config_glue [-] ******************************************************************************** {{(pid=93616) log_opt_values /opt/stack/data/venv/lib/python3.12/site-packages/oslo_config/cfg.py:3567}}
Aug 16 15:50:58.691599 np0000007373 nova-scheduler[93616]: DEBUG cotyledon._service_worker [-] Run service ServiceWrapper(2) [93616] {{(pid=93616) wait_forever /opt/stack/data/venv/lib/python3.12/site-packages/cotyledon/_service_worker.py:218}}
Aug 16 15:50:58.691763 np0000007373 nova-scheduler[93616]: INFO nova.service [-] Starting scheduler node (version 33.1.0)
Aug 16 15:50:58.691763 np0000007373 nova-scheduler[93616]: INFO dbcounter [None req-043a9b73-35db-496c-9e66-7c059e209a0f None None] Registered counter for database nova_cell0
Aug 16 15:50:58.693234 np0000007373 nova-scheduler[93571]: DEBUG oslo_db.sqlalchemy.engines [None req-e105fd32-2ec3-461c-b3f7-97b2b064fe61 None None] MySQL server mode set to STRICT_TRANS_TABLES,STRICT_ALL_TABLES,NO_ZERO_IN_DATE,NO_ZERO_DATE,ERROR_FOR_DIVISION_BY_ZERO,TRADITIONAL,NO_ENGINE_SUBSTITUTION {{(pid=93571) _check_effective_sql_mode /opt/stack/data/venv/lib/python3.12/site-packages/oslo_db/sqlalchemy/engines.py:325}}
Aug 16 15:50:58.697511 np0000007373 nova-scheduler[93576]: DEBUG oslo_db.sqlalchemy.engines [None req-d8c21f4c-d5e9-4080-9831-58536552f8c2 None None] MySQL server mode set to STRICT_TRANS_TABLES,STRICT_ALL_TABLES,NO_ZERO_IN_DATE,NO_ZERO_DATE,ERROR_FOR_DIVISION_BY_ZERO,TRADITIONAL,NO_ENGINE_SUBSTITUTION {{(pid=93576) _check_effective_sql_mode /opt/stack/data/venv/lib/python3.12/site-packages/oslo_db/sqlalchemy/engines.py:325}}
Aug 16 15:50:58.704372 np0000007373 nova-scheduler[93571]: DEBUG dbcounter [-] [93571] Writer thread running {{(pid=93571) stat_writer /opt/stack/data/venv/lib/python3.12/site-packages/dbcounter.py:102}}
Aug 16 15:50:58.709098 np0000007373 nova-scheduler[93576]: DEBUG dbcounter [-] [93576] Writer thread running {{(pid=93576) stat_writer /opt/stack/data/venv/lib/python3.12/site-packages/dbcounter.py:102}}
Aug 16 15:50:58.723008 np0000007373 nova-scheduler[93571]: DEBUG nova.service [None req-e105fd32-2ec3-461c-b3f7-97b2b064fe61 None None] Creating RPC server for service: nova-scheduler on topic: scheduler {{(pid=93571) start /opt/stack/nova/nova/service.py:262}}
Aug 16 15:50:58.723150 np0000007373 nova-scheduler[93616]: DEBUG oslo_db.sqlalchemy.engines [None req-043a9b73-35db-496c-9e66-7c059e209a0f None None] MySQL server mode set to STRICT_TRANS_TABLES,STRICT_ALL_TABLES,NO_ZERO_IN_DATE,NO_ZERO_DATE,ERROR_FOR_DIVISION_BY_ZERO,TRADITIONAL,NO_ENGINE_SUBSTITUTION {{(pid=93616) _check_effective_sql_mode /opt/stack/data/venv/lib/python3.12/site-packages/oslo_db/sqlalchemy/engines.py:325}}
Aug 16 15:50:58.727845 np0000007373 nova-scheduler[93576]: DEBUG nova.service [None req-d8c21f4c-d5e9-4080-9831-58536552f8c2 None None] Creating RPC server for service: nova-scheduler on topic: scheduler {{(pid=93576) start /opt/stack/nova/nova/service.py:262}}
Aug 16 15:50:58.732675 np0000007373 nova-scheduler[93616]: DEBUG dbcounter [-] [93616] Writer thread running {{(pid=93616) stat_writer /opt/stack/data/venv/lib/python3.12/site-packages/dbcounter.py:102}}
Aug 16 15:50:58.735819 np0000007373 nova-scheduler[93616]: DEBUG nova.service [None req-043a9b73-35db-496c-9e66-7c059e209a0f None None] Creating RPC server for service: nova-scheduler on topic: scheduler {{(pid=93616) start /opt/stack/nova/nova/service.py:262}}
Aug 16 15:50:58.744841 np0000007373 nova-scheduler[93571]: DEBUG nova.service [None req-e105fd32-2ec3-461c-b3f7-97b2b064fe61 None None] Join ServiceGroup membership for this service scheduler {{(pid=93571) start /opt/stack/nova/nova/service.py:288}}
Aug 16 15:50:58.745023 np0000007373 nova-scheduler[93571]: DEBUG nova.servicegroup.drivers.db [None req-e105fd32-2ec3-461c-b3f7-97b2b064fe61 None None] DB_Driver: join new ServiceGroup member np0000007373 to the scheduler group, service = {{(pid=93571) join /opt/stack/nova/nova/servicegroup/drivers/db.py:44}}
Aug 16 15:50:58.748727 np0000007373 nova-scheduler[93576]: DEBUG nova.service [None req-d8c21f4c-d5e9-4080-9831-58536552f8c2 None None] Join ServiceGroup membership for this service scheduler {{(pid=93576) start /opt/stack/nova/nova/service.py:288}}
Aug 16 15:50:58.748919 np0000007373 nova-scheduler[93576]: DEBUG nova.servicegroup.drivers.db [None req-d8c21f4c-d5e9-4080-9831-58536552f8c2 None None] DB_Driver: join new ServiceGroup member np0000007373 to the scheduler group, service = {{(pid=93576) join /opt/stack/nova/nova/servicegroup/drivers/db.py:44}}
Aug 16 15:50:58.750800 np0000007373 nova-scheduler[93616]: DEBUG nova.service [None req-043a9b73-35db-496c-9e66-7c059e209a0f None None] Join ServiceGroup membership for this service scheduler {{(pid=93616) start /opt/stack/nova/nova/service.py:288}}
Aug 16 15:50:58.750974 np0000007373 nova-scheduler[93616]: DEBUG nova.servicegroup.drivers.db [None req-043a9b73-35db-496c-9e66-7c059e209a0f None None] DB_Driver: join new ServiceGroup member np0000007373 to the scheduler group, service = {{(pid=93616) join /opt/stack/nova/nova/servicegroup/drivers/db.py:44}}
Aug 16 15:51:03.764970 np0000007373 nova-scheduler[93571]: DEBUG oslo.service.backend._threading.loopingcall [-] Fixed interval looping call 'nova.servicegroup.drivers.db.DbDriver._report_state' sleeping for 119.98 seconds {{(pid=93571) _run_loop /opt/stack/data/venv/lib/python3.12/site-packages/oslo_service/backend/_threading/loopingcall.py:125}}
Aug 16 15:51:03.765754 np0000007373 nova-scheduler[93576]: DEBUG oslo.service.backend._threading.loopingcall [-] Fixed interval looping call 'nova.servicegroup.drivers.db.DbDriver._report_state' sleeping for 119.99 seconds {{(pid=93576) _run_loop /opt/stack/data/venv/lib/python3.12/site-packages/oslo_service/backend/_threading/loopingcall.py:125}}
Aug 16 15:51:03.771456 np0000007373 nova-scheduler[93616]: DEBUG oslo.service.backend._threading.loopingcall [-] Fixed interval looping call 'nova.servicegroup.drivers.db.DbDriver._report_state' sleeping for 119.98 seconds {{(pid=93616) _run_loop /opt/stack/data/venv/lib/python3.12/site-packages/oslo_service/backend/_threading/loopingcall.py:125}}
Aug 16 15:51:07.349330 np0000007373 nova-scheduler[92371]: DEBUG dbcounter [-] [92371] Writing DB stats nova_api:SELECT=3 {{(pid=92371) stat_writer /opt/stack/data/venv/lib/python3.12/site-packages/dbcounter.py:115}}
Aug 16 15:51:07.470436 np0000007373 nova-scheduler[92371]: DEBUG dbcounter [-] [92371] Writing DB stats nova_cell0:SELECT=1 {{(pid=92371) stat_writer /opt/stack/data/venv/lib/python3.12/site-packages/dbcounter.py:115}}
Aug 16 15:51:07.471059 np0000007373 nova-scheduler[92371]: DEBUG dbcounter [-] [92371] Writing DB stats nova_cell1:SELECT=1 {{(pid=92371) stat_writer /opt/stack/data/venv/lib/python3.12/site-packages/dbcounter.py:115}}
Aug 16 15:51:13.758716 np0000007373 nova-scheduler[93571]: DEBUG dbcounter [-] [93571] Writing DB stats nova_cell0:SELECT=4,nova_cell0:INSERT=1,nova_cell0:UPDATE=1 {{(pid=93571) stat_writer /opt/stack/data/venv/lib/python3.12/site-packages/dbcounter.py:115}}
Aug 16 15:51:13.763557 np0000007373 nova-scheduler[93616]: DEBUG dbcounter [-] [93616] Writing DB stats nova_cell0:SELECT=3 {{(pid=93616) stat_writer /opt/stack/data/venv/lib/python3.12/site-packages/dbcounter.py:115}}
Aug 16 15:51:13.763949 np0000007373 nova-scheduler[93576]: DEBUG dbcounter [-] [93576] Writing DB stats nova_cell0:SELECT=5,nova_cell0:INSERT=1,nova_cell0:UPDATE=1 {{(pid=93576) stat_writer /opt/stack/data/venv/lib/python3.12/site-packages/dbcounter.py:115}}
Aug 16 15:51:18.747371 np0000007373 nova-scheduler[93571]: DEBUG oslo.service.backend._threading.loopingcall [None req-52fe291c-0811-4496-ad50-c5a469d9c4d2 None None] Dynamic interval looping call 'nova.service.Service.periodic_tasks' sleeping for 60.00 seconds {{(pid=93571) _run_loop /opt/stack/data/venv/lib/python3.12/site-packages/oslo_service/backend/_threading/loopingcall.py:125}}
Aug 16 15:51:36.750645 np0000007373 nova-scheduler[93576]: DEBUG oslo.service.backend._threading.loopingcall [None req-2e9a6a09-2a56-43f7-b6f5-2d285e47549e None None] Dynamic interval looping call 'nova.service.Service.periodic_tasks' sleeping for 60.00 seconds {{(pid=93576) _run_loop /opt/stack/data/venv/lib/python3.12/site-packages/oslo_service/backend/_threading/loopingcall.py:125}}
Aug 16 15:51:54.752726 np0000007373 nova-scheduler[93616]: DEBUG oslo.service.backend._threading.loopingcall [None req-2767f14c-ac0f-4189-9ea9-06cee68ff8bc None None] Dynamic interval looping call 'nova.service.Service.periodic_tasks' sleeping for 60.00 seconds {{(pid=93616) _run_loop /opt/stack/data/venv/lib/python3.12/site-packages/oslo_service/backend/_threading/loopingcall.py:125}}
Aug 16 15:52:18.747864 np0000007373 nova-scheduler[93571]: DEBUG oslo.service.backend._threading.loopingcall [None req-52fe291c-0811-4496-ad50-c5a469d9c4d2 None None] Dynamic interval looping call 'nova.service.Service.periodic_tasks' sleeping for 60.00 seconds {{(pid=93571) _run_loop /opt/stack/data/venv/lib/python3.12/site-packages/oslo_service/backend/_threading/loopingcall.py:125}}
Aug 16 15:52:36.751111 np0000007373 nova-scheduler[93576]: DEBUG oslo.service.backend._threading.loopingcall [None req-2e9a6a09-2a56-43f7-b6f5-2d285e47549e None None] Dynamic interval looping call 'nova.service.Service.periodic_tasks' sleeping for 60.00 seconds {{(pid=93576) _run_loop /opt/stack/data/venv/lib/python3.12/site-packages/oslo_service/backend/_threading/loopingcall.py:125}}
Aug 16 15:52:54.753090 np0000007373 nova-scheduler[93616]: DEBUG oslo.service.backend._threading.loopingcall [None req-2767f14c-ac0f-4189-9ea9-06cee68ff8bc None None] Dynamic interval looping call 'nova.service.Service.periodic_tasks' sleeping for 60.00 seconds {{(pid=93616) _run_loop /opt/stack/data/venv/lib/python3.12/site-packages/oslo_service/backend/_threading/loopingcall.py:125}}
Aug 16 15:53:03.758768 np0000007373 nova-scheduler[93571]: DEBUG oslo.service.backend._threading.loopingcall [-] Fixed interval looping call 'nova.servicegroup.drivers.db.DbDriver._report_state' sleeping for 119.99 seconds {{(pid=93571) _run_loop /opt/stack/data/venv/lib/python3.12/site-packages/oslo_service/backend/_threading/loopingcall.py:125}}
Aug 16 15:53:03.760757 np0000007373 nova-scheduler[93616]: DEBUG oslo.service.backend._threading.loopingcall [-] Fixed interval looping call 'nova.servicegroup.drivers.db.DbDriver._report_state' sleeping for 119.99 seconds {{(pid=93616) _run_loop /opt/stack/data/venv/lib/python3.12/site-packages/oslo_service/backend/_threading/loopingcall.py:125}}
Aug 16 15:53:03.761928 np0000007373 nova-scheduler[93576]: DEBUG oslo.service.backend._threading.loopingcall [-] Fixed interval looping call 'nova.servicegroup.drivers.db.DbDriver._report_state' sleeping for 119.99 seconds {{(pid=93576) _run_loop /opt/stack/data/venv/lib/python3.12/site-packages/oslo_service/backend/_threading/loopingcall.py:125}}
Aug 16 15:53:13.751665 np0000007373 nova-scheduler[93571]: DEBUG dbcounter [-] [93571] Writing DB stats nova_cell0:SELECT=1,nova_cell0:UPDATE=1 {{(pid=93571) stat_writer /opt/stack/data/venv/lib/python3.12/site-packages/dbcounter.py:115}}
Aug 16 15:53:13.758534 np0000007373 nova-scheduler[93576]: DEBUG dbcounter [-] [93576] Writing DB stats nova_cell0:SELECT=1 {{(pid=93576) stat_writer /opt/stack/data/venv/lib/python3.12/site-packages/dbcounter.py:115}}
Aug 16 15:53:13.760015 np0000007373 nova-scheduler[93616]: DEBUG dbcounter [-] [93616] Writing DB stats nova_cell0:SELECT=1,nova_cell0:UPDATE=1 {{(pid=93616) stat_writer /opt/stack/data/venv/lib/python3.12/site-packages/dbcounter.py:115}}
Aug 16 15:53:18.748382 np0000007373 nova-scheduler[93571]: DEBUG oslo.service.backend._threading.loopingcall [None req-52fe291c-0811-4496-ad50-c5a469d9c4d2 None None] Dynamic interval looping call 'nova.service.Service.periodic_tasks' sleeping for 60.00 seconds {{(pid=93571) _run_loop /opt/stack/data/venv/lib/python3.12/site-packages/oslo_service/backend/_threading/loopingcall.py:125}}
Aug 16 15:53:36.753375 np0000007373 nova-scheduler[93576]: DEBUG oslo.service.backend._threading.loopingcall [None req-2e9a6a09-2a56-43f7-b6f5-2d285e47549e None None] Dynamic interval looping call 'nova.service.Service.periodic_tasks' sleeping for 60.00 seconds {{(pid=93576) _run_loop /opt/stack/data/venv/lib/python3.12/site-packages/oslo_service/backend/_threading/loopingcall.py:125}}
Aug 16 15:53:37.903030 np0000007373 nova-scheduler[93571]: DEBUG nova.scheduler.manager [None req-1d64ef1d-2b31-45a8-a1fa-0e55f8faa33e tempest-AttachVolumeTestJSON-502666946 tempest-AttachVolumeTestJSON-502666946-project-member] Starting to schedule for instances: ['229dc14c-f795-4008-b77e-14aa8f98eb40'] {{(pid=93571) select_destinations /opt/stack/nova/nova/scheduler/manager.py:197}}
Aug 16 15:53:37.905863 np0000007373 nova-scheduler[93571]: DEBUG nova.scheduler.request_filter [None req-1d64ef1d-2b31-45a8-a1fa-0e55f8faa33e tempest-AttachVolumeTestJSON-502666946 tempest-AttachVolumeTestJSON-502666946-project-member] compute_status_filter request filter added forbidden trait COMPUTE_STATUS_DISABLED {{(pid=93571) compute_status_filter /opt/stack/nova/nova/scheduler/request_filter.py:253}}
Aug 16 15:53:37.905863 np0000007373 nova-scheduler[93571]: DEBUG nova.scheduler.request_filter [None req-1d64ef1d-2b31-45a8-a1fa-0e55f8faa33e tempest-AttachVolumeTestJSON-502666946 tempest-AttachVolumeTestJSON-502666946-project-member] Request filter 'compute_status_filter' took 0.0 seconds {{(pid=93571) wrapper /opt/stack/nova/nova/scheduler/request_filter.py:46}}
Aug 16 15:53:37.905863 np0000007373 nova-scheduler[93571]: DEBUG nova.scheduler.request_filter [None req-1d64ef1d-2b31-45a8-a1fa-0e55f8faa33e tempest-AttachVolumeTestJSON-502666946 tempest-AttachVolumeTestJSON-502666946-project-member] Request filter 'accelerators_filter' took 0.0 seconds {{(pid=93571) wrapper /opt/stack/nova/nova/scheduler/request_filter.py:46}}
Aug 16 15:53:37.905863 np0000007373 nova-scheduler[93571]: DEBUG nova.scheduler.request_filter [None req-1d64ef1d-2b31-45a8-a1fa-0e55f8faa33e tempest-AttachVolumeTestJSON-502666946 tempest-AttachVolumeTestJSON-502666946-project-member] Request filter 'packed_virtqueue_filter' took 0.0 seconds {{(pid=93571) wrapper /opt/stack/nova/nova/scheduler/request_filter.py:46}}
Aug 16 15:53:37.907008 np0000007373 nova-scheduler[93571]: DEBUG nova.scheduler.request_filter [None req-1d64ef1d-2b31-45a8-a1fa-0e55f8faa33e tempest-AttachVolumeTestJSON-502666946 tempest-AttachVolumeTestJSON-502666946-project-member] Request filter 'remote_managed_ports_filter' took 0.0 seconds {{(pid=93571) wrapper /opt/stack/nova/nova/scheduler/request_filter.py:46}}
Aug 16 15:53:37.909243 np0000007373 nova-scheduler[93571]: DEBUG nova.scheduler.request_filter [None req-1d64ef1d-2b31-45a8-a1fa-0e55f8faa33e tempest-AttachVolumeTestJSON-502666946 tempest-AttachVolumeTestJSON-502666946-project-member] ephemeral_encryption_filter skipped {{(pid=93571) ephemeral_encryption_filter /opt/stack/nova/nova/scheduler/request_filter.py:426}}
Aug 16 15:53:37.909243 np0000007373 nova-scheduler[93571]: DEBUG nova.scheduler.request_filter [None req-1d64ef1d-2b31-45a8-a1fa-0e55f8faa33e tempest-AttachVolumeTestJSON-502666946 tempest-AttachVolumeTestJSON-502666946-project-member] virtio_sound_filter skipped {{(pid=93571) virtio_sound_filter /opt/stack/nova/nova/scheduler/request_filter.py:460}}
Aug 16 15:53:37.910019 np0000007373 nova-scheduler[93571]: DEBUG nova.scheduler.request_filter [None req-1d64ef1d-2b31-45a8-a1fa-0e55f8faa33e tempest-AttachVolumeTestJSON-502666946 tempest-AttachVolumeTestJSON-502666946-project-member] tpm_secret_security_filter skipped {{(pid=93571) tpm_secret_security_filter /opt/stack/nova/nova/scheduler/request_filter.py:477}}
Aug 16 15:53:38.805898 np0000007373 nova-scheduler[93571]: INFO nova.utils [None req-1d64ef1d-2b31-45a8-a1fa-0e55f8faa33e tempest-AttachVolumeTestJSON-502666946 tempest-AttachVolumeTestJSON-502666946-project-member] The cell worker thread pool ForkProcess-1.cell_worker is initialized
Aug 16 15:53:38.806258 np0000007373 nova-scheduler[93571]: DEBUG oslo_concurrency.lockutils [None req-1d64ef1d-2b31-45a8-a1fa-0e55f8faa33e tempest-AttachVolumeTestJSON-502666946 tempest-AttachVolumeTestJSON-502666946-project-member] Acquiring lock "7760e402-115e-4638-8c1d-137836c24b53" by "nova.context.set_target_cell..get_or_set_cached_cell_and_set_connections" {{(pid=93571) inner /opt/stack/data/venv/lib/python3.12/site-packages/oslo_concurrency/lockutils.py:512}}
Aug 16 15:53:38.807364 np0000007373 nova-scheduler[93571]: DEBUG oslo_concurrency.lockutils [None req-1d64ef1d-2b31-45a8-a1fa-0e55f8faa33e tempest-AttachVolumeTestJSON-502666946 tempest-AttachVolumeTestJSON-502666946-project-member] Lock "7760e402-115e-4638-8c1d-137836c24b53" acquired by "nova.context.set_target_cell..get_or_set_cached_cell_and_set_connections" :: waited 0.000s {{(pid=93571) inner /opt/stack/data/venv/lib/python3.12/site-packages/oslo_concurrency/lockutils.py:525}}
Aug 16 15:53:38.809014 np0000007373 nova-scheduler[93571]: DEBUG oslo_concurrency.lockutils [None req-1d64ef1d-2b31-45a8-a1fa-0e55f8faa33e tempest-AttachVolumeTestJSON-502666946 tempest-AttachVolumeTestJSON-502666946-project-member] Lock "7760e402-115e-4638-8c1d-137836c24b53" "released" by "nova.context.set_target_cell..get_or_set_cached_cell_and_set_connections" :: held 0.002s {{(pid=93571) inner /opt/stack/data/venv/lib/python3.12/site-packages/oslo_concurrency/lockutils.py:544}}
Aug 16 15:53:38.811171 np0000007373 nova-scheduler[93571]: INFO dbcounter [None req-1d64ef1d-2b31-45a8-a1fa-0e55f8faa33e tempest-AttachVolumeTestJSON-502666946 tempest-AttachVolumeTestJSON-502666946-project-member] Registered counter for database nova_cell1
Aug 16 15:53:38.856059 np0000007373 nova-scheduler[93571]: DEBUG oslo_db.sqlalchemy.engines [None req-1d64ef1d-2b31-45a8-a1fa-0e55f8faa33e tempest-AttachVolumeTestJSON-502666946 tempest-AttachVolumeTestJSON-502666946-project-member] MySQL server mode set to STRICT_TRANS_TABLES,STRICT_ALL_TABLES,NO_ZERO_IN_DATE,NO_ZERO_DATE,ERROR_FOR_DIVISION_BY_ZERO,TRADITIONAL,NO_ENGINE_SUBSTITUTION {{(pid=93571) _check_effective_sql_mode /opt/stack/data/venv/lib/python3.12/site-packages/oslo_db/sqlalchemy/engines.py:325}}
Aug 16 15:53:38.862839 np0000007373 nova-scheduler[93571]: DEBUG dbcounter [-] [93571] Writer thread running {{(pid=93571) stat_writer /opt/stack/data/venv/lib/python3.12/site-packages/dbcounter.py:102}}
Aug 16 15:53:38.874458 np0000007373 nova-scheduler[93571]: DEBUG oslo_db.sqlalchemy.engines [None req-1d64ef1d-2b31-45a8-a1fa-0e55f8faa33e tempest-AttachVolumeTestJSON-502666946 tempest-AttachVolumeTestJSON-502666946-project-member] Parent process 92371 forked (93571) with an open database connection, which is being discarded and recreated. {{(pid=93571) checkout /opt/stack/data/venv/lib/python3.12/site-packages/oslo_db/sqlalchemy/engines.py:402}}
Aug 16 15:53:38.915403 np0000007373 nova-scheduler[93571]: DEBUG dbcounter [-] [93571] Writer thread running {{(pid=93571) stat_writer /opt/stack/data/venv/lib/python3.12/site-packages/dbcounter.py:102}}
Aug 16 15:53:38.920703 np0000007373 nova-scheduler[93571]: DEBUG oslo_concurrency.lockutils [None req-1d64ef1d-2b31-45a8-a1fa-0e55f8faa33e tempest-AttachVolumeTestJSON-502666946 tempest-AttachVolumeTestJSON-502666946-project-member] Acquiring lock "7760e402-115e-4638-8c1d-137836c24b53" by "nova.context.set_target_cell..get_or_set_cached_cell_and_set_connections" {{(pid=93571) inner /opt/stack/data/venv/lib/python3.12/site-packages/oslo_concurrency/lockutils.py:512}}
Aug 16 15:53:38.920703 np0000007373 nova-scheduler[93571]: DEBUG oslo_concurrency.lockutils [None req-1d64ef1d-2b31-45a8-a1fa-0e55f8faa33e tempest-AttachVolumeTestJSON-502666946 tempest-AttachVolumeTestJSON-502666946-project-member] Lock "7760e402-115e-4638-8c1d-137836c24b53" acquired by "nova.context.set_target_cell..get_or_set_cached_cell_and_set_connections" :: waited 0.000s {{(pid=93571) inner /opt/stack/data/venv/lib/python3.12/site-packages/oslo_concurrency/lockutils.py:525}}
Aug 16 15:53:38.920703 np0000007373 nova-scheduler[93571]: DEBUG oslo_concurrency.lockutils [None req-1d64ef1d-2b31-45a8-a1fa-0e55f8faa33e tempest-AttachVolumeTestJSON-502666946 tempest-AttachVolumeTestJSON-502666946-project-member] Lock "7760e402-115e-4638-8c1d-137836c24b53" "released" by "nova.context.set_target_cell..get_or_set_cached_cell_and_set_connections" :: held 0.000s {{(pid=93571) inner /opt/stack/data/venv/lib/python3.12/site-packages/oslo_concurrency/lockutils.py:544}}
Aug 16 15:53:38.923530 np0000007373 nova-scheduler[93571]: DEBUG oslo_concurrency.lockutils [None req-1d64ef1d-2b31-45a8-a1fa-0e55f8faa33e tempest-AttachVolumeTestJSON-502666946 tempest-AttachVolumeTestJSON-502666946-project-member] Acquiring lock "np0000007373-np0000007373" by "nova.scheduler.host_manager.HostState.update.._locked_update" {{(pid=93571) inner /opt/stack/data/venv/lib/python3.12/site-packages/oslo_concurrency/lockutils.py:512}}
Aug 16 15:53:38.923724 np0000007373 nova-scheduler[93571]: DEBUG oslo_concurrency.lockutils [None req-1d64ef1d-2b31-45a8-a1fa-0e55f8faa33e tempest-AttachVolumeTestJSON-502666946 tempest-AttachVolumeTestJSON-502666946-project-member] Lock "np0000007373-np0000007373" acquired by "nova.scheduler.host_manager.HostState.update.._locked_update" :: waited 0.000s {{(pid=93571) inner /opt/stack/data/venv/lib/python3.12/site-packages/oslo_concurrency/lockutils.py:525}}
Aug 16 15:53:38.924971 np0000007373 nova-scheduler[93571]: DEBUG nova.scheduler.host_manager [None req-1d64ef1d-2b31-45a8-a1fa-0e55f8faa33e tempest-AttachVolumeTestJSON-502666946 tempest-AttachVolumeTestJSON-502666946-project-member] Update host state from compute node: ComputeNode(cpu_allocation_ratio=4.0,cpu_info='{"arch": "x86_64", "model": "EPYC-Milan", "vendor": "AMD", "topology": {"cells": 1, "sockets": 16, "cores": 1, "threads": 1}, "maxphysaddr": {"mode": "emulate", "bits": 40}, "features": ["clflushopt", "pse", "aes", "rdctl-no", "pat", "vgif", "amd-ssbd", "cmov", "tsc-deadline", "vpclmulqdq", "arat", "spec-ctrl", "lahf_lm", "sse4a", "sse", "mds-no", "3dnowprefetch", "v-vmsave-vmload", "lfence-always-serializing", "mmx", "ssbd", "xgetbv1", "sep", "mmxext", "mce", "ssse3", "svm", "pclmuldq", "clwb", "pdpe1gb", "pae", "skip-l1dfl-vmentry", "topoext", "tsc_adjust", "umip", "fpu", "de", "tsc", "sse4.2", "lbrv", "cr8legacy", "clzero", "xsaveopt", "msr", "pause-filter", "xsave", "rdseed", "npt", "cx8", "null-sel-clr-base", "syscall", "misalignsse", "mtrr", "svme-addr-chk", "abm", "pni", "ibpb", "pfthreshold", "sha-ni", "tsc-scale", "fsrm", "cx16", "amd-psfd", "vme", "sse2", "no-nested-data-bp", "perfctr_core", "x2apic", "fma", "erms", "popcnt", "lm", "wbnoinvd", "gds-no", "cmp_legacy", "xsaveerptr", "sse4.1", "pku", "vaes", "pse36", "rdtscp", "flushbyasid", "hypervisor", "pschange-mc-no", "pcid", "smap", "xsavec", "f16c", "clflush", "avx", "smep", "bmi1", "pge", "rdpid", "adx", "virt-ssbd", "vmcb-clean", "stibp-always-on", "bmi2", "fxsr_opt", "avx2", "invpcid", "fsgsbase", "nx", "fxsr", "ibrs", "rdrand", "mca", "xsaves", "arch-capabilities", "stibp", "apic", "amd-stibp", "osvw", "nrip-save", "movbe"]}',created_at=2026-08-16T15:51:19Z,current_workload=0,deleted=False,deleted_at=None,disk_allocation_ratio=1.0,disk_available_least=73,free_disk_gb=95,free_ram_mb=62765,host='np0000007373',host_ip=10.4.3.43,hypervisor_hostname='np0000007373',hypervisor_type='QEMU',hypervisor_version=8002002,id=1,local_gb=95,local_gb_used=0,mapped=1,memory_mb=63277,memory_mb_used=512,metrics='[]',numa_topology='{"nova_object.name": "NUMATopology", "nova_object.namespace": "nova", "nova_object.version": "1.2", "nova_object.data": {"cells": [{"nova_object.name": "NUMACell", "nova_object.namespace": "nova", "nova_object.version": "1.5", "nova_object.data": {"id": 0, "cpuset": [0, 1, 2, 3, 4, 5, 6, 7, 8, 9, 10, 11, 12, 13, 14, 15], "pcpuset": [0, 1, 2, 3, 4, 5, 6, 7, 8, 9, 10, 11, 12, 13, 14, 15], "memory": 63277, "cpu_usage": 0, "memory_usage": 0, "pinned_cpus": [], "siblings": [[6], [12], [2], [15], [5], [11], [8], [14], [4], [1], [7], [10], [0], [13], [3], [9]], "mempages": [{"nova_object.name": "NUMAPagesTopology", "nova_object.namespace": "nova", "nova_object.version": "1.1", "nova_object.data": {"size_kb": 4, "total": 16177929, "used": 0, "reserved": 0}, "nova_object.changes": ["total", "reserved", "used", "size_kb"]}, {"nova_object.name": "NUMAPagesTopology", "nova_object.namespace": "nova", "nova_object.version": "1.1", "nova_object.data": {"size_kb": 2048, "total": 41, "used": 0, "reserved": 0}, "nova_object.changes": ["total", "reserved", "used", "size_kb"]}, {"nova_object.name": "NUMAPagesTopology", "nova_object.namespace": "nova", "nova_object.version": "1.1", "nova_object.data": {"size_kb": 1048576, "total": 0, "used": 0, "reserved": 0}, "nova_object.changes": ["total", "reserved", "used", "size_kb"]}], "network_metadata": {"nova_object.name": "NetworkMetadata", "nova_object.namespace": "nova", "nova_object.version": "1.0", "nova_object.data": {"physnets": [], "tunneled": false}, "nova_object.changes": ["tunneled", "physnets"]}, "socket": null}, "nova_object.changes": ["id", "cpu_usage", "cpuset", "mempages", "network_metadata", "memory", "socket", "pinned_cpus", "siblings", "memory_usage", "pcpuset"]}]}, "nova_object.changes": ["cells"]}',pci_device_pools=PciDevicePoolList,ram_allocation_ratio=1.0,running_vms=0,service_id=2,stats={failed_builds='0',uptime=' 15:53:07 up 14 min, 2 users, load average: 1.60, 1.41, 0.80
Aug 16 15:53:38.924971 np0000007373 nova-scheduler[93571]: '},supported_hv_specs=[HVSpec,HVSpec,HVSpec,HVSpec,HVSpec,HVSpec,HVSpec,HVSpec,HVSpec,HVSpec,HVSpec,HVSpec,HVSpec,HVSpec,HVSpec,HVSpec,HVSpec,HVSpec,HVSpec,HVSpec,HVSpec,HVSpec,HVSpec,HVSpec,HVSpec],updated_at=2026-08-16T15:53:08Z,uuid=ed73da3c-8da8-45f6-b3ba-e23b8f08861e,vcpus=16,vcpus_used=0) {{(pid=93571) _locked_update /opt/stack/nova/nova/scheduler/host_manager.py:168}}
Aug 16 15:53:38.926149 np0000007373 nova-scheduler[93571]: DEBUG nova.scheduler.host_manager [None req-1d64ef1d-2b31-45a8-a1fa-0e55f8faa33e tempest-AttachVolumeTestJSON-502666946 tempest-AttachVolumeTestJSON-502666946-project-member] Update host state with aggregates: [] {{(pid=93571) _locked_update /opt/stack/nova/nova/scheduler/host_manager.py:171}}
Aug 16 15:53:38.926149 np0000007373 nova-scheduler[93571]: DEBUG nova.scheduler.host_manager [None req-1d64ef1d-2b31-45a8-a1fa-0e55f8faa33e tempest-AttachVolumeTestJSON-502666946 tempest-AttachVolumeTestJSON-502666946-project-member] Update host state with service dict: {'id': 2, 'uuid': 'd68f6d7d-9dd5-415d-a54b-18a6c868aaa7', 'host': 'np0000007373', 'binary': 'nova-compute', 'topic': 'compute', 'report_count': 2, 'disabled': False, 'disabled_reason': None, 'last_seen_up': datetime.datetime(2026, 8, 16, 15, 53, 25, tzinfo=datetime.timezone.utc), 'forced_down': False, 'version': 72, 'created_at': datetime.datetime(2026, 8, 16, 15, 51, 19, tzinfo=datetime.timezone.utc), 'updated_at': datetime.datetime(2026, 8, 16, 15, 53, 25, tzinfo=datetime.timezone.utc), 'deleted_at': None, 'deleted': False} {{(pid=93571) _locked_update /opt/stack/nova/nova/scheduler/host_manager.py:174}}
Aug 16 15:53:38.926149 np0000007373 nova-scheduler[93571]: DEBUG nova.scheduler.host_manager [None req-1d64ef1d-2b31-45a8-a1fa-0e55f8faa33e tempest-AttachVolumeTestJSON-502666946 tempest-AttachVolumeTestJSON-502666946-project-member] Update host state with instances: [] {{(pid=93571) _locked_update /opt/stack/nova/nova/scheduler/host_manager.py:177}}
Aug 16 15:53:38.926866 np0000007373 nova-scheduler[93571]: DEBUG oslo_concurrency.lockutils [None req-1d64ef1d-2b31-45a8-a1fa-0e55f8faa33e tempest-AttachVolumeTestJSON-502666946 tempest-AttachVolumeTestJSON-502666946-project-member] Lock "np0000007373-np0000007373" "released" by "nova.scheduler.host_manager.HostState.update.._locked_update" :: held 0.003s {{(pid=93571) inner /opt/stack/data/venv/lib/python3.12/site-packages/oslo_concurrency/lockutils.py:544}}
Aug 16 15:53:38.929178 np0000007373 nova-scheduler[93571]: DEBUG nova.filters [None req-1d64ef1d-2b31-45a8-a1fa-0e55f8faa33e tempest-AttachVolumeTestJSON-502666946 tempest-AttachVolumeTestJSON-502666946-project-member] Starting with 1 host(s) {{(pid=93571) get_filtered_objects /opt/stack/nova/nova/filters.py:70}}
Aug 16 15:53:38.930629 np0000007373 nova-scheduler[93571]: DEBUG nova.filters [None req-1d64ef1d-2b31-45a8-a1fa-0e55f8faa33e tempest-AttachVolumeTestJSON-502666946 tempest-AttachVolumeTestJSON-502666946-project-member] Filter ComputeFilter returned 1 host(s) {{(pid=93571) get_filtered_objects /opt/stack/nova/nova/filters.py:102}}
Aug 16 15:53:38.930629 np0000007373 nova-scheduler[93571]: DEBUG nova.filters [None req-1d64ef1d-2b31-45a8-a1fa-0e55f8faa33e tempest-AttachVolumeTestJSON-502666946 tempest-AttachVolumeTestJSON-502666946-project-member] Filter ComputeCapabilitiesFilter returned 1 host(s) {{(pid=93571) get_filtered_objects /opt/stack/nova/nova/filters.py:102}}
Aug 16 15:53:38.930629 np0000007373 nova-scheduler[93571]: DEBUG nova.filters [None req-1d64ef1d-2b31-45a8-a1fa-0e55f8faa33e tempest-AttachVolumeTestJSON-502666946 tempest-AttachVolumeTestJSON-502666946-project-member] Filter ImagePropertiesFilter returned 1 host(s) {{(pid=93571) get_filtered_objects /opt/stack/nova/nova/filters.py:102}}
Aug 16 15:53:38.930629 np0000007373 nova-scheduler[93571]: DEBUG nova.filters [None req-1d64ef1d-2b31-45a8-a1fa-0e55f8faa33e tempest-AttachVolumeTestJSON-502666946 tempest-AttachVolumeTestJSON-502666946-project-member] Filter ServerGroupAntiAffinityFilter returned 1 host(s) {{(pid=93571) get_filtered_objects /opt/stack/nova/nova/filters.py:102}}
Aug 16 15:53:38.930629 np0000007373 nova-scheduler[93571]: DEBUG nova.filters [None req-1d64ef1d-2b31-45a8-a1fa-0e55f8faa33e tempest-AttachVolumeTestJSON-502666946 tempest-AttachVolumeTestJSON-502666946-project-member] Filter ServerGroupAffinityFilter returned 1 host(s) {{(pid=93571) get_filtered_objects /opt/stack/nova/nova/filters.py:102}}
Aug 16 15:53:38.930629 np0000007373 nova-scheduler[93571]: DEBUG nova.filters [None req-1d64ef1d-2b31-45a8-a1fa-0e55f8faa33e tempest-AttachVolumeTestJSON-502666946 tempest-AttachVolumeTestJSON-502666946-project-member] Filter SameHostFilter returned 1 host(s) {{(pid=93571) get_filtered_objects /opt/stack/nova/nova/filters.py:102}}
Aug 16 15:53:38.930976 np0000007373 nova-scheduler[93571]: DEBUG nova.filters [None req-1d64ef1d-2b31-45a8-a1fa-0e55f8faa33e tempest-AttachVolumeTestJSON-502666946 tempest-AttachVolumeTestJSON-502666946-project-member] Filter DifferentHostFilter returned 1 host(s) {{(pid=93571) get_filtered_objects /opt/stack/nova/nova/filters.py:102}}
Aug 16 15:53:38.930976 np0000007373 nova-scheduler[93571]: DEBUG nova.scheduler.manager [None req-1d64ef1d-2b31-45a8-a1fa-0e55f8faa33e tempest-AttachVolumeTestJSON-502666946 tempest-AttachVolumeTestJSON-502666946-project-member] Filtered [(np0000007373, np0000007373) ram: 62765MB disk: 74752MB io_ops: 0 instances: 0, allocation_candidates: 1] {{(pid=93571) _get_sorted_hosts /opt/stack/nova/nova/scheduler/manager.py:730}}
Aug 16 15:53:38.931232 np0000007373 nova-scheduler[93571]: DEBUG nova.scheduler.manager [None req-1d64ef1d-2b31-45a8-a1fa-0e55f8faa33e tempest-AttachVolumeTestJSON-502666946 tempest-AttachVolumeTestJSON-502666946-project-member] Weighed [WeighedHost [host: (np0000007373, np0000007373) ram: 62765MB disk: 74752MB io_ops: 0 instances: 0, allocation_candidates: 1, weight: 0.0]] {{(pid=93571) _get_sorted_hosts /opt/stack/nova/nova/scheduler/manager.py:752}}
Aug 16 15:53:38.931533 np0000007373 nova-scheduler[93571]: DEBUG nova.scheduler.utils [None req-1d64ef1d-2b31-45a8-a1fa-0e55f8faa33e tempest-AttachVolumeTestJSON-502666946 tempest-AttachVolumeTestJSON-502666946-project-member] Attempting to claim resources in the placement API for instance 229dc14c-f795-4008-b77e-14aa8f98eb40 {{(pid=93571) claim_resources /opt/stack/nova/nova/scheduler/utils.py:1345}}
Aug 16 15:53:39.125198 np0000007373 nova-scheduler[93571]: DEBUG nova.scheduler.manager [None req-1d64ef1d-2b31-45a8-a1fa-0e55f8faa33e tempest-AttachVolumeTestJSON-502666946 tempest-AttachVolumeTestJSON-502666946-project-member] [instance: 229dc14c-f795-4008-b77e-14aa8f98eb40] Selected host: (np0000007373, np0000007373) ram: 62765MB disk: 74752MB io_ops: 0 instances: 0, allocation_candidates: 1 {{(pid=93571) _consume_selected_host /opt/stack/nova/nova/scheduler/manager.py:612}}
Aug 16 15:53:39.125537 np0000007373 nova-scheduler[93571]: DEBUG oslo_concurrency.lockutils [None req-1d64ef1d-2b31-45a8-a1fa-0e55f8faa33e tempest-AttachVolumeTestJSON-502666946 tempest-AttachVolumeTestJSON-502666946-project-member] Acquiring lock "np0000007373-np0000007373" by "nova.scheduler.host_manager.HostState.consume_from_request.._locked" {{(pid=93571) inner /opt/stack/data/venv/lib/python3.12/site-packages/oslo_concurrency/lockutils.py:512}}
Aug 16 15:53:39.125774 np0000007373 nova-scheduler[93571]: DEBUG oslo_concurrency.lockutils [None req-1d64ef1d-2b31-45a8-a1fa-0e55f8faa33e tempest-AttachVolumeTestJSON-502666946 tempest-AttachVolumeTestJSON-502666946-project-member] Lock "np0000007373-np0000007373" acquired by "nova.scheduler.host_manager.HostState.consume_from_request.._locked" :: waited 0.000s {{(pid=93571) inner /opt/stack/data/venv/lib/python3.12/site-packages/oslo_concurrency/lockutils.py:525}}
Aug 16 15:53:39.126007 np0000007373 nova-scheduler[93571]: DEBUG oslo_concurrency.lockutils [None req-1d64ef1d-2b31-45a8-a1fa-0e55f8faa33e tempest-AttachVolumeTestJSON-502666946 tempest-AttachVolumeTestJSON-502666946-project-member] Lock "np0000007373-np0000007373" "released" by "nova.scheduler.host_manager.HostState.consume_from_request.._locked" :: held 0.000s {{(pid=93571) inner /opt/stack/data/venv/lib/python3.12/site-packages/oslo_concurrency/lockutils.py:544}}
Aug 16 15:53:41.157899 np0000007373 nova-scheduler[93576]: DEBUG nova.scheduler.manager [None req-100c76a4-24aa-443c-8848-49be456f872b tempest-AttachSCSIVolumeTestJSON-1558327447 tempest-AttachSCSIVolumeTestJSON-1558327447-project-member] Starting to schedule for instances: ['3f3aca44-512c-4843-a632-cc035fae19d2'] {{(pid=93576) select_destinations /opt/stack/nova/nova/scheduler/manager.py:197}}
Aug 16 15:53:41.158622 np0000007373 nova-scheduler[93576]: DEBUG nova.scheduler.request_filter [None req-100c76a4-24aa-443c-8848-49be456f872b tempest-AttachSCSIVolumeTestJSON-1558327447 tempest-AttachSCSIVolumeTestJSON-1558327447-project-member] compute_status_filter request filter added forbidden trait COMPUTE_STATUS_DISABLED {{(pid=93576) compute_status_filter /opt/stack/nova/nova/scheduler/request_filter.py:253}}
Aug 16 15:53:41.158753 np0000007373 nova-scheduler[93576]: DEBUG nova.scheduler.request_filter [None req-100c76a4-24aa-443c-8848-49be456f872b tempest-AttachSCSIVolumeTestJSON-1558327447 tempest-AttachSCSIVolumeTestJSON-1558327447-project-member] Request filter 'compute_status_filter' took 0.0 seconds {{(pid=93576) wrapper /opt/stack/nova/nova/scheduler/request_filter.py:46}}
Aug 16 15:53:41.160639 np0000007373 nova-scheduler[93576]: DEBUG nova.scheduler.request_filter [None req-100c76a4-24aa-443c-8848-49be456f872b tempest-AttachSCSIVolumeTestJSON-1558327447 tempest-AttachSCSIVolumeTestJSON-1558327447-project-member] Request filter 'accelerators_filter' took 0.0 seconds {{(pid=93576) wrapper /opt/stack/nova/nova/scheduler/request_filter.py:46}}
Aug 16 15:53:41.160639 np0000007373 nova-scheduler[93576]: DEBUG nova.scheduler.request_filter [None req-100c76a4-24aa-443c-8848-49be456f872b tempest-AttachSCSIVolumeTestJSON-1558327447 tempest-AttachSCSIVolumeTestJSON-1558327447-project-member] Request filter 'packed_virtqueue_filter' took 0.0 seconds {{(pid=93576) wrapper /opt/stack/nova/nova/scheduler/request_filter.py:46}}
Aug 16 15:53:41.162001 np0000007373 nova-scheduler[93576]: DEBUG nova.scheduler.request_filter [None req-100c76a4-24aa-443c-8848-49be456f872b tempest-AttachSCSIVolumeTestJSON-1558327447 tempest-AttachSCSIVolumeTestJSON-1558327447-project-member] Request filter 'remote_managed_ports_filter' took 0.0 seconds {{(pid=93576) wrapper /opt/stack/nova/nova/scheduler/request_filter.py:46}}
Aug 16 15:53:41.162001 np0000007373 nova-scheduler[93576]: DEBUG nova.scheduler.request_filter [None req-100c76a4-24aa-443c-8848-49be456f872b tempest-AttachSCSIVolumeTestJSON-1558327447 tempest-AttachSCSIVolumeTestJSON-1558327447-project-member] ephemeral_encryption_filter skipped {{(pid=93576) ephemeral_encryption_filter /opt/stack/nova/nova/scheduler/request_filter.py:426}}
Aug 16 15:53:41.162001 np0000007373 nova-scheduler[93576]: DEBUG nova.scheduler.request_filter [None req-100c76a4-24aa-443c-8848-49be456f872b tempest-AttachSCSIVolumeTestJSON-1558327447 tempest-AttachSCSIVolumeTestJSON-1558327447-project-member] virtio_sound_filter skipped {{(pid=93576) virtio_sound_filter /opt/stack/nova/nova/scheduler/request_filter.py:460}}
Aug 16 15:53:41.162185 np0000007373 nova-scheduler[93576]: DEBUG nova.scheduler.request_filter [None req-100c76a4-24aa-443c-8848-49be456f872b tempest-AttachSCSIVolumeTestJSON-1558327447 tempest-AttachSCSIVolumeTestJSON-1558327447-project-member] tpm_secret_security_filter skipped {{(pid=93576) tpm_secret_security_filter /opt/stack/nova/nova/scheduler/request_filter.py:477}}
Aug 16 15:53:41.286181 np0000007373 nova-scheduler[93576]: INFO nova.utils [None req-100c76a4-24aa-443c-8848-49be456f872b tempest-AttachSCSIVolumeTestJSON-1558327447 tempest-AttachSCSIVolumeTestJSON-1558327447-project-member] The cell worker thread pool ForkProcess-2.cell_worker is initialized
